Build Information
Failed to build AppsOnAir-AppLink, reference main (f947f1), with Swift 6.4 for tvOS using Xcode 27.0 on 27 Sep 2026 00:58:21 UTC.
Build Command
No build command. This typically means the build failed at an early stage where we determine the build command.Build Log
========================================
RunAll
========================================
Builder version: 5.1.0
Interrupt handler set up.
========================================
Checkout
========================================
Clone URL: https://github.com/apps-on-air/AppsOnAir-iOS-AppLink.git
Reference: main
Initialized empty Git repository in /Users/admin/builder/spi-builder-workspace/.git/
From https://github.com/apps-on-air/AppsOnAir-iOS-AppLink
* branch main -> FETCH_HEAD
* [new branch] main -> origin/main
HEAD is now at f947f1a Merge pull request #53 from apps-on-air/release/v2.0.2
Cloned https://github.com/apps-on-air/AppsOnAir-iOS-AppLink.git
Revision (git rev-parse @):
f947f1a6a201a2e929a9908f9d2defd41ca1ac8c
SUCCESS checkout https://github.com/apps-on-air/AppsOnAir-iOS-AppLink.git at main
========================================
Build
========================================
Selected platform: tvOS
Swift version: 6.4
Building package at path: $PWD
https://github.com/apps-on-air/AppsOnAir-iOS-AppLink.git
Command line invocation:
/Applications/Xcode-27.0.0-Release.Candidate.app/Contents/Developer/usr/bin/xcodebuild -IDEClonedSourcePackagesDirPathOverride=/Users/admin/builder/spi-builder-workspace/.dependencies -resolvePackageDependencies
2026-09-26 20:58:20.725 xcodebuild[525:2998] Writing error result bundle to /var/folders/xq/y_g06wb113726d38xsyx71_h0000gn/T/ResultBundle_2026-26-09_20-58-0020.xcresult
xcodebuild: error: '_Pods.xcodeproj' does not exist.
Command line invocation:
/Applications/Xcode-27.0.0-Release.Candidate.app/Contents/Developer/usr/bin/xcodebuild -IDEClonedSourcePackagesDirPathOverride=/Users/admin/builder/spi-builder-workspace/.dependencies -resolvePackageDependencies
2026-09-26 20:58:21.782 xcodebuild[535:3075] Writing error result bundle to /var/folders/xq/y_g06wb113726d38xsyx71_h0000gn/T/ResultBundle_2026-26-09_20-58-0021.xcresult
xcodebuild: error: '_Pods.xcodeproj' does not exist.
BUILD FAILURE 6.4 tvOS