The Swift Package Index logo.Swift Package Index

Build Information

Failed to build GoogleCloudChronicleV1, reference main (18af6c), with Swift 6.2 for Android on 11 Oct 2026 16:04:35 UTC.

Build Command

bash -c docker run --pull=always --rm -v "checkouts-54344843-1":/host -w "$PWD" -e JAVA_HOME="/root/.sdkman/candidates/java/current" -e SPI_BUILD="1" -e SPI_PROCESSING="1" registry.gitlab.com/saguaro1/spi-images:android-6.2-latest swift build --swift-sdk aarch64-unknown-linux-android28 2>&1

Build Log

========================================
RunAll
========================================
Builder version: 5.1.1
Interrupt handler set up.
========================================
Checkout
========================================
Clone URL: https://github.com/googleapis/swift-google-cloud-chronicle-v1.git
Reference: main
Initialized empty Git repository in /host/spi-builder-workspace/.git/
hint: Using 'master' as the name for the initial branch. This default branch name
hint: is subject to change. To configure the initial branch name to use in all
hint: of your new repositories, which will suppress this warning, call:
hint:
hint: 	git config --global init.defaultBranch <name>
hint:
hint: Names commonly chosen instead of 'master' are 'main', 'trunk' and
hint: 'development'. The just-created branch can be renamed via this command:
hint:
hint: 	git branch -m <name>
From https://github.com/googleapis/swift-google-cloud-chronicle-v1
 * branch            main       -> FETCH_HEAD
 * [new branch]      main       -> origin/main
HEAD is now at 18af6c8 chore: release circa 2026-10-07 (#1382)
Cloned https://github.com/googleapis/swift-google-cloud-chronicle-v1.git
Revision (git rev-parse @):
18af6c8128fda9d2ed6f9725a6b7591a712c0412
SPI manifest file found: $PWD/.spi.yml
SUCCESS checkout https://github.com/googleapis/swift-google-cloud-chronicle-v1.git at main
========================================
Build
========================================
Selected platform:         android
Swift version:             6.2
Building package at path:  $PWD
https://github.com/googleapis/swift-google-cloud-chronicle-v1.git
Running build ...
bash -c docker run --pull=always --rm -v "checkouts-54344843-1":/host -w "$PWD" -e JAVA_HOME="/root/.sdkman/candidates/java/current" -e SPI_BUILD="1" -e SPI_PROCESSING="1" registry.gitlab.com/saguaro1/spi-images:android-6.2-latest swift build --swift-sdk aarch64-unknown-linux-android28 2>&1
android-6.2-latest: Pulling from saguaro1/spi-images
Digest: sha256:a839c9ce201f1dacc8eb056626ec7ab0a1c6d53d7b77c83feda395f4507c51be
Status: Image is up to date for registry.gitlab.com/saguaro1/spi-images:android-6.2-latest
Fetching https://github.com/googleapis/swift-google-wkt
Fetching https://github.com/apple/swift-log
Fetching https://github.com/googleapis/swift-google-rpc
Fetching https://github.com/googleapis/swift-google-gax
Fetching https://github.com/googleapis/swift-google-auth
Fetching https://github.com/googleapis/swift-google-longrunning
[1/422] Fetching swift-google-rpc
[28/1445] Fetching swift-google-rpc, swift-google-wkt
[317/3193] Fetching swift-google-rpc, swift-google-wkt, swift-google-gax
[335/3812] Fetching swift-google-rpc, swift-google-wkt, swift-google-gax, swift-google-longrunning
[447/12069] Fetching swift-google-rpc, swift-google-wkt, swift-google-gax, swift-google-longrunning, swift-log
Fetched https://github.com/googleapis/swift-google-longrunning from cache (0.52s)
[3039/11450] Fetching swift-google-rpc, swift-google-wkt, swift-google-gax, swift-log
Fetching https://github.com/googleapis/swift-google-api
[4524/12473] Fetching swift-google-rpc, swift-google-wkt, swift-google-gax, swift-log, swift-google-auth
Fetched https://github.com/googleapis/swift-google-gax from cache (0.61s)
Fetched https://github.com/googleapis/swift-google-rpc from cache (0.61s)
Fetched https://github.com/googleapis/swift-google-auth from cache (0.61s)
Fetching https://github.com/googleapis/swift-google-type
Fetched https://github.com/googleapis/swift-google-wkt from cache (0.68s)
Fetched https://github.com/apple/swift-log from cache (0.68s)
[1/1063] Fetching swift-google-api
[576/1500] Fetching swift-google-api, swift-google-type
Fetched https://github.com/googleapis/swift-google-api from cache (0.48s)
Fetched https://github.com/googleapis/swift-google-type from cache (0.39s)
Computing version for https://github.com/googleapis/swift-google-wkt
Computed https://github.com/googleapis/swift-google-wkt at 0.5.0 (1.18s)
Fetching https://github.com/swift-extras/swift-extras-base64
[1/954] Fetching swift-extras-base64
Fetched https://github.com/swift-extras/swift-extras-base64 from cache (0.42s)
Computing version for https://github.com/googleapis/swift-google-type
Computed https://github.com/googleapis/swift-google-type at 0.5.0 (0.61s)
Computing version for https://github.com/googleapis/swift-google-rpc
Computed https://github.com/googleapis/swift-google-rpc at 0.5.0 (0.22s)
Computing version for https://github.com/googleapis/swift-google-longrunning
Computed https://github.com/googleapis/swift-google-longrunning at 0.5.0 (0.20s)
Computing version for https://github.com/googleapis/swift-google-gax
Computed https://github.com/googleapis/swift-google-gax at 0.5.0 (0.19s)
Fetching https://github.com/swift-server/async-http-client.git
Fetching https://github.com/apple/swift-nio
[1/16464] Fetching async-http-client
[16465/102838] Fetching async-http-client, swift-nio
Fetched https://github.com/swift-server/async-http-client.git from cache (4.31s)
Fetched https://github.com/apple/swift-nio from cache (4.34s)
Computing version for https://github.com/googleapis/swift-google-auth
Computed https://github.com/googleapis/swift-google-auth at 0.5.0 (4.50s)
Fetching https://github.com/vapor/jwt-kit.git
Fetching https://github.com/apple/swift-system.git
[1/7241] Fetching swift-system
[870/17495] Fetching swift-system, jwt-kit
Fetched https://github.com/apple/swift-system.git from cache (0.92s)
Fetched https://github.com/vapor/jwt-kit.git from cache (0.93s)
Computing version for https://github.com/googleapis/swift-google-api
Computed https://github.com/googleapis/swift-google-api at 0.5.0 (1.10s)
Computing version for https://github.com/swift-extras/swift-extras-base64
Computed https://github.com/swift-extras/swift-extras-base64 at 1.2.0 (0.18s)
Computing version for https://github.com/swift-server/async-http-client.git
Computed https://github.com/swift-server/async-http-client.git at 1.36.2 (0.19s)
Fetching https://github.com/apple/swift-configuration.git
Fetching https://github.com/apple/swift-service-context.git
Fetching https://github.com/apple/swift-algorithms.git
Fetching https://github.com/apple/swift-nio-transport-services.git
Fetching https://github.com/apple/swift-atomics.git
Fetching https://github.com/apple/swift-nio-extras.git
[1/2867] Fetching swift-nio-transport-services
[2/4756] Fetching swift-nio-transport-services, swift-atomics
[154/8684] Fetching swift-nio-transport-services, swift-atomics, swift-configuration
[1293/10185] Fetching swift-nio-transport-services, swift-atomics, swift-configuration, swift-service-context
[2256/16888] Fetching swift-nio-transport-services, swift-atomics, swift-configuration, swift-service-context, swift-nio-extras
[11131/23052] Fetching swift-nio-transport-services, swift-atomics, swift-configuration, swift-service-context, swift-nio-extras, swift-algorithms
Fetched https://github.com/apple/swift-atomics.git from cache (0.57s)
Fetching https://github.com/apple/swift-nio-http2.git
Fetched https://github.com/apple/swift-nio-extras.git from cache (0.64s)
Fetching https://github.com/apple/swift-distributed-tracing.git
Fetched https://github.com/apple/swift-nio-transport-services.git from cache (0.67s)
Fetching https://github.com/apple/swift-nio-ssl.git
Fetched https://github.com/apple/swift-configuration.git from cache (0.67s)
Fetched https://github.com/apple/swift-algorithms.git from cache (0.67s)
Fetched https://github.com/apple/swift-service-context.git from cache (0.67s)
[1/6551] Fetching swift-distributed-tracing
[2/23422] Fetching swift-distributed-tracing, swift-nio-ssl
[2838/35716] Fetching swift-distributed-tracing, swift-nio-ssl, swift-nio-http2
Fetched https://github.com/apple/swift-distributed-tracing.git from cache (0.59s)
[4730/29165] Fetching swift-nio-ssl, swift-nio-http2
Fetched https://github.com/apple/swift-nio-http2.git from cache (1.38s)
Fetched https://github.com/apple/swift-nio-ssl.git from cache (1.91s)
Computing version for https://github.com/apple/swift-service-context.git
Computed https://github.com/apple/swift-service-context.git at 1.3.0 (2.89s)
Computing version for https://github.com/apple/swift-algorithms.git
Computed https://github.com/apple/swift-algorithms.git at 1.2.1 (1.77s)
Fetching https://github.com/apple/swift-numerics.git
[1/6733] Fetching swift-numerics
Fetched https://github.com/apple/swift-numerics.git from cache (0.55s)
Computing version for https://github.com/apple/swift-log
Computed https://github.com/apple/swift-log at 1.16.1 (0.73s)
Computing version for https://github.com/apple/swift-distributed-tracing.git
Computed https://github.com/apple/swift-distributed-tracing.git at 1.5.0 (0.22s)
Computing version for https://github.com/apple/swift-atomics.git
Computed https://github.com/apple/swift-atomics.git at 1.3.1 (0.21s)
Computing version for https://github.com/apple/swift-numerics.git
Computed https://github.com/apple/swift-numerics.git at 1.1.1 (0.15s)
Computing version for https://github.com/apple/swift-nio
Computed https://github.com/apple/swift-nio at 2.104.0 (0.35s)
Fetching https://github.com/apple/swift-collections.git
[1/28703] Fetching swift-collections
Fetched https://github.com/apple/swift-collections.git from cache (1.35s)
Computing version for https://github.com/apple/swift-configuration.git
Computed https://github.com/apple/swift-configuration.git at 1.2.2 (2.60s)
Fetching https://github.com/swift-server/swift-service-lifecycle
[29/2867] Fetching swift-service-lifecycle
Fetched https://github.com/swift-server/swift-service-lifecycle from cache (0.51s)
Computing version for https://github.com/apple/swift-nio-transport-services.git
Computed https://github.com/apple/swift-nio-transport-services.git at 1.28.0 (0.85s)
Computing version for https://github.com/swift-server/swift-service-lifecycle
Computed https://github.com/swift-server/swift-service-lifecycle at 2.12.1 (0.29s)
Fetching https://github.com/apple/swift-async-algorithms.git
[1/6820] Fetching swift-async-algorithms
Fetched https://github.com/apple/swift-async-algorithms.git from cache (0.61s)
Computing version for https://github.com/apple/swift-async-algorithms.git
Computed https://github.com/apple/swift-async-algorithms.git at 1.1.7 (1.03s)
Computing version for https://github.com/apple/swift-collections.git
Computed https://github.com/apple/swift-collections.git at 1.7.2 (0.45s)
Computing version for https://github.com/apple/swift-nio-http2.git
Computed https://github.com/apple/swift-nio-http2.git at 1.46.0 (0.31s)
Computing version for https://github.com/vapor/jwt-kit.git
Computed https://github.com/vapor/jwt-kit.git at 5.7.1 (0.34s)
Fetching https://github.com/apple/swift-crypto.git
[1/18629] Fetching swift-crypto
Fetching https://github.com/apple/swift-certificates.git
Fetched https://github.com/apple/swift-crypto.git from cache (1.80s)
[1/7613] Fetching swift-certificates
Fetched https://github.com/apple/swift-certificates.git from cache (0.71s)
Computing version for https://github.com/apple/swift-crypto.git
Computed https://github.com/apple/swift-crypto.git at 4.5.2 (3.59s)
Fetching https://github.com/apple/swift-asn1.git
[1/2009] Fetching swift-asn1
Fetched https://github.com/apple/swift-asn1.git from cache (1.29s)
Computing version for https://github.com/apple/swift-asn1.git
Computed https://github.com/apple/swift-asn1.git at 1.7.3 (2.33s)
Computing version for https://github.com/apple/swift-certificates.git
Computed https://github.com/apple/swift-certificates.git at 1.21.0 (0.89s)
Computing version for https://github.com/apple/swift-nio-ssl.git
Computed https://github.com/apple/swift-nio-ssl.git at 2.37.5 (1.16s)
Computing version for https://github.com/apple/swift-system.git
Computed https://github.com/apple/swift-system.git at 1.8.1 (1.10s)
Computing version for https://github.com/apple/swift-nio-extras.git
Computed https://github.com/apple/swift-nio-extras.git at 1.35.1 (1.21s)
Fetching https://github.com/apple/swift-http-types.git
Fetching https://github.com/apple/swift-http-structured-headers.git
[1/1253] Fetching swift-http-structured-headers
[1254/3192] Fetching swift-http-structured-headers, swift-http-types
Fetched https://github.com/apple/swift-http-structured-headers.git from cache (2.07s)
Fetched https://github.com/apple/swift-http-types.git from cache (2.07s)
Computing version for https://github.com/apple/swift-http-structured-headers.git
Computed https://github.com/apple/swift-http-structured-headers.git at 1.7.0 (3.00s)
Computing version for https://github.com/apple/swift-http-types.git
Computed https://github.com/apple/swift-http-types.git at 1.8.0 (0.56s)
Creating working copy for https://github.com/googleapis/swift-google-auth
Working copy of https://github.com/googleapis/swift-google-auth resolved at 0.5.0
Creating working copy for https://github.com/apple/swift-configuration.git
Working copy of https://github.com/apple/swift-configuration.git resolved at 1.2.2
Creating working copy for https://github.com/apple/swift-numerics.git
Working copy of https://github.com/apple/swift-numerics.git resolved at 1.1.1
Creating working copy for https://github.com/swift-extras/swift-extras-base64
Working copy of https://github.com/swift-extras/swift-extras-base64 resolved at 1.2.0
Creating working copy for https://github.com/vapor/jwt-kit.git
Working copy of https://github.com/vapor/jwt-kit.git resolved at 5.7.1
Creating working copy for https://github.com/googleapis/swift-google-gax
Working copy of https://github.com/googleapis/swift-google-gax resolved at 0.5.0
Creating working copy for https://github.com/apple/swift-nio
Working copy of https://github.com/apple/swift-nio resolved at 2.104.0
Creating working copy for https://github.com/apple/swift-atomics.git
Working copy of https://github.com/apple/swift-atomics.git resolved at 1.3.1
Creating working copy for https://github.com/googleapis/swift-google-wkt
Working copy of https://github.com/googleapis/swift-google-wkt resolved at 0.5.0
Creating working copy for https://github.com/apple/swift-algorithms.git
Working copy of https://github.com/apple/swift-algorithms.git resolved at 1.2.1
Creating working copy for https://github.com/apple/swift-distributed-tracing.git
Working copy of https://github.com/apple/swift-distributed-tracing.git resolved at 1.5.0
Creating working copy for https://github.com/apple/swift-async-algorithms.git
Working copy of https://github.com/apple/swift-async-algorithms.git resolved at 1.1.7
Creating working copy for https://github.com/swift-server/swift-service-lifecycle
Working copy of https://github.com/swift-server/swift-service-lifecycle resolved at 2.12.1
Creating working copy for https://github.com/googleapis/swift-google-type
Working copy of https://github.com/googleapis/swift-google-type resolved at 0.5.0
Creating working copy for https://github.com/apple/swift-http-structured-headers.git
Working copy of https://github.com/apple/swift-http-structured-headers.git resolved at 1.7.0
Creating working copy for https://github.com/apple/swift-nio-http2.git
Working copy of https://github.com/apple/swift-nio-http2.git resolved at 1.46.0
Creating working copy for https://github.com/apple/swift-nio-ssl.git
Working copy of https://github.com/apple/swift-nio-ssl.git resolved at 2.37.5
Creating working copy for https://github.com/apple/swift-certificates.git
Working copy of https://github.com/apple/swift-certificates.git resolved at 1.21.0
Creating working copy for https://github.com/apple/swift-log
Working copy of https://github.com/apple/swift-log resolved at 1.16.1
Creating working copy for https://github.com/apple/swift-service-context.git
Working copy of https://github.com/apple/swift-service-context.git resolved at 1.3.0
Creating working copy for https://github.com/apple/swift-nio-transport-services.git
Working copy of https://github.com/apple/swift-nio-transport-services.git resolved at 1.28.0
Creating working copy for https://github.com/apple/swift-asn1.git
Working copy of https://github.com/apple/swift-asn1.git resolved at 1.7.3
Creating working copy for https://github.com/swift-server/async-http-client.git
Working copy of https://github.com/swift-server/async-http-client.git resolved at 1.36.2
Creating working copy for https://github.com/apple/swift-nio-extras.git
Working copy of https://github.com/apple/swift-nio-extras.git resolved at 1.35.1
Creating working copy for https://github.com/apple/swift-collections.git
Working copy of https://github.com/apple/swift-collections.git resolved at 1.7.2
Creating working copy for https://github.com/apple/swift-system.git
Working copy of https://github.com/apple/swift-system.git resolved at 1.8.1
Creating working copy for https://github.com/apple/swift-http-types.git
Working copy of https://github.com/apple/swift-http-types.git resolved at 1.8.0
Creating working copy for https://github.com/apple/swift-crypto.git
Working copy of https://github.com/apple/swift-crypto.git resolved at 4.5.2
Creating working copy for https://github.com/googleapis/swift-google-rpc
Working copy of https://github.com/googleapis/swift-google-rpc resolved at 0.5.0
Creating working copy for https://github.com/googleapis/swift-google-api
Working copy of https://github.com/googleapis/swift-google-api resolved at 0.5.0
Creating working copy for https://github.com/googleapis/swift-google-longrunning
Working copy of https://github.com/googleapis/swift-google-longrunning resolved at 0.5.0
Building for debugging...
[0/1496] Compiling asn_pack.cc
[0/1496] Compiling a_i2d_fp.cc
[0/1496] Compiling posix_time.cc
[0/1496] Compiling f_int.cc
[0/1496] Compiling f_string.cc
[0/1496] Compiling tasn_enc.cc
[6/1496] Write sources
[57/1496] Compiling _AtomicsShims.c
[58/1496] Write sources
[194/1496] Compiling SimpleFIPS202.c
[195/1496] Compiling KeccakSponge.c
[196/1496] Compiling CXKCPShims shims.c
[197/1496] Compiling CNIOWindows shim.c
[198/1496] Compiling KeccakHash.c
[199/1496] Compiling CNIOWindows WSAStartup.c
[200/1496] Compiling CNIOWASI CNIOWASI.c
[201/1496] Compiling CNIOOpenBSD shim.c
[202/1496] Compiling CNIOPosix event_loop_id.c
[203/1496] Compiling CNIOLinux liburing_shims.c
[204/1496] Compiling KeccakP-1600-opt64.c
[205/1496] Compiling CNIOLLHTTP c_nio_http.c
[206/1496] Compiling CNIOLLHTTP c_nio_llhttp.c
[207/1496] Compiling CNIOFreeBSD shim.c
[208/1496] Compiling CNIOLLHTTP c_nio_api.c
[209/1496] Compiling CNIOExtrasZlib zutil.c
[210/1496] Compiling CSystem shims.c
[211/1496] Compiling CNIOExtrasZlib inftrees.c
[212/1496] Compiling CNIOExtrasZlib trees.c
[213/1496] Compiling CNIOExtrasZlib inflate.c
[214/1496] Compiling CNIOExtrasZlib inffast.c
[215/1496] Compiling CNIOLinux shim.c
[216/1496] Compiling CNIODarwin shim.c
[217/1496] Compiling CNIOExtrasZlib crc32.c
[218/1496] Compiling CNIOExtrasZlib deflate.c
[219/1496] Compiling CNIOExtrasZlib adler32.c
[220/1496] Compiling fiat_p256_adx_mul.S
[220/1496] Compiling fiat_p256_adx_sqr.S
[220/1496] Compiling fiat_curve25519_adx_square.S
[223/1496] Compiling fiat_curve25519_adx_mul.S
[224/1496] Compiling a_gentm.cc
[225/1496] Compiling tasn_dec.cc
[226/1496] Compiling CNIOBoringSSLShims shims.c
[227/1496] Compiling tls_method.cc
[228/1496] Compiling tls_record.cc
[229/1496] Compiling tls13_client.cc
[230/1496] Compiling tls13_server.cc
[231/1496] Compiling tls13_enc.cc
[232/1496] Compiling tls13_both.cc
[233/1496] Compiling t1_enc.cc
[234/1496] Compiling ssl_stat.cc
[235/1496] Compiling ssl_versions.cc
[236/1496] Compiling ssl_transcript.cc
[237/1496] Compiling ssl_x509.cc
[238/1496] Compiling _NumericsShims _NumericsShims.c
[239/1496] Write swift-version--11D90AFD9DD3AB2.txt
[240/1496] Compiling ssl_key_share.cc
[241/1496] Compiling ssl_lib.cc
[242/1496] Compiling ssl_privkey.cc
[243/1504] Compiling ssl_file.cc
[244/1541] Compiling ssl_session.cc
[245/1558] Compiling ssl_cert.cc
[246/1561] Compiling ssl_credential.cc
[247/1572] Compiling ssl_cipher.cc
[249/1583] Emitting module RealModule
[250/1584] Compiling RealModule RealFunctions.swift
[251/1584] Compiling _NIOBase64 Base64.swift
[252/1584] Emitting module _NIOBase64
[254/1585] Compiling Logging SwiftLogNoOpLogHandler.swift
[255/1585] Compiling Logging Locks.swift
[256/1585] Compiling Logging LogEvent.swift
[257/1585] Compiling Logging LogHandler.swift
[258/1585] Compiling Logging MultiplexLogHandler.swift
[263/1590] Compiling _NIODataStructures PriorityQueue.swift
[264/1590] Compiling Logging LoggingSystem.swift
[265/1590] Compiling ServiceContextModule ServiceContext.swift
[266/1590] Emitting module ServiceContextModule
[267/1591] Compiling RealModule Real.swift
[268/1591] Compiling RealModule Float80+Real.swift
[269/1591] Compiling _NIODataStructures _TinyArray.swift
[270/1591] Compiling Logging StreamLogHandler.swift
[271/1591] Compiling SwiftASN1 TimeUtilities.swift
[272/1591] Compiling SwiftASN1 UTCTime.swift
[273/1591] Compiling SwiftASN1 ASN1.swift
[274/1591] Compiling SwiftASN1 BER.swift
[275/1591] Compiling SwiftASN1 ASN1Any.swift
[276/1591] Compiling Logging Logger+With.swift
[277/1591] Compiling Logging Logger.swift
[278/1591] Compiling RealModule RelaxedArithmetic.swift
[279/1591] Compiling RealModule Float16+Real.swift
[280/1592] Emitting module _CertificateInternals
[281/1592] Compiling _CertificateInternals _TinyArray.swift
[282/1597] Emitting module _NIODataStructures
[283/1601] Compiling _NIODataStructures Heap.swift
[284/1611] Compiling InternalCollectionsUtilities Debugging.swift
[285/1611] Compiling InternalCollectionsUtilities Descriptions.swift
[287/1623] Compiling Logging Logger+Attributes.swift
[288/1623] Emitting module Logging
[289/1623] Compiling InternalCollectionsUtilities FixedWidthInteger+roundUpToPowerOfTwo.swift
[290/1623] Compiling InternalCollectionsUtilities Integer rank.swift
[292/1623] Compiling ServiceContextModule ServiceContextKey.swift
[294/1625] Wrapping AST for _NIOBase64 for debugging
[295/1630] Wrapping AST for _NIODataStructures for debugging
[297/1630] Compiling InternalCollectionsUtilities RandomAccessCollection+Offsets.swift
[298/1630] Compiling InternalCollectionsUtilities Span+Extras.swift
[299/1630] Compiling InternalCollectionsUtilities UnsafeMutablePointer+Extras.swift
[300/1630] Compiling InternalCollectionsUtilities UnsafeMutableRawBufferPointer+Extras.swift
[301/1630] Compiling InternalCollectionsUtilities UnsafePointer+Extras.swift
[301/1633] Wrapping AST for _CertificateInternals for debugging
[302/1633] Wrapping AST for ServiceContextModule for debugging
[304/1639] Compiling InternalCollectionsUtilities BorrowingIteratorProtocol+Equality.swift
[305/1639] Compiling InternalCollectionsUtilities BorrowingIteratorProtocol+Extras.swift
[307/1639] Wrapping AST for RealModule for debugging
[309/1639] Compiling InternalCollectionsUtilities UnsafeRawBufferPointer+Extras.swift
[310/1639] Compiling InternalCollectionsUtilities _SortedCollection.swift
[311/1639] Compiling InternalCollectionsUtilities _UniqueCollection.swift
[312/1639] Compiling Instrumentation NoOpInstrument.swift
[313/1639] Compiling Instrumentation MultiplexInstrument.swift
[314/1639] Emitting module Instrumentation
[315/1639] Emitting module InternalCollectionsUtilities
[316/1639] Compiling SwiftASN1 DER.swift
[317/1639] Compiling SwiftASN1 Errors.swift
[320/1639] Compiling InternalCollectionsUtilities UInt+first and last set bit.swift
[321/1639] Compiling InternalCollectionsUtilities UInt+reversed.swift
[322/1639] Compiling InternalCollectionsUtilities Iterable+CopyContents.swift
[323/1639] Compiling InternalCollectionsUtilities Iterable+Equality.swift
[324/1639] Compiling InternalCollectionsUtilities LifetimeOverride.swift
[325/1639] Compiling InternalCollectionsUtilities MutableRef.swift
[326/1639] Compiling SystemPackage SystemString.swift
[327/1639] Compiling SystemPackage Util+StringArray.swift
[328/1639] Compiling SystemPackage Util.swift
[329/1639] Compiling SystemPackage UtilConsumers.swift
[330/1639] Compiling SystemPackage WinSDK+Overlay.swift
[332/1639] Compiling InternalCollectionsUtilities MutableSpan+Extras.swift
[333/1639] Compiling InternalCollectionsUtilities OutputSpan+Extras.swift
[342/1639] Compiling InternalCollectionsUtilities TemporaryAllocation.swift
[343/1639] Compiling InternalCollectionsUtilities _UnsafeBitSet+Index.swift
[344/1639] Compiling InternalCollectionsUtilities _UnsafeBitSet+_Word.swift
[345/1639] Compiling InternalCollectionsUtilities _UnsafeBitSet.swift
[346/1639] Compiling InternalCollectionsUtilities UnsafeBufferPointer+Extras.swift
[347/1639] Compiling InternalCollectionsUtilities UnsafeMutableBufferPointer+Extras.swift
[348/1640] Compiling ssl_asn1.cc
[349/1644] Compiling ssl_buffer.cc
[351/1644] Emitting module SpanPreview
[352/1644] Compiling SpanPreview MutableSpan+InputSpanHelpers.swift
[353/1644] Compiling SpanPreview OutputSpan+InputSpanHelpers.swift
[354/1644] Compiling SpanPreview InputSpan.swift
[355/1645] Wrapping AST for InternalCollectionsUtilities for debugging
[357/1645] Compiling Logging MetadataProvider.swift
[357/1645] Compiling ssl_aead_ctx.cc
[364/1645] Emitting module SystemPackage
[365/1680] Compiling DequeModule Deque+CustomReflectable.swift
[366/1680] Compiling DequeModule Deque+Descriptions.swift
[367/1683] Compiling DequeModule Deque+Codable.swift
[368/1683] Compiling DequeModule Deque+Collection.swift
[369/1687] Compiling DequeModule Deque+Equatable.swift
[370/1687] Compiling DequeModule Deque+ExpressibleByArrayLiteral.swift
[371/1687] Compiling DequeModule UniqueDeque+Deprecations.swift
[372/1687] Compiling DequeModule UniqueDeque+Descriptions.swift
[373/1687] Compiling DequeModule UniqueDeque+Equatable.swift
[374/1687] Compiling DequeModule UniqueDeque+Hashable.swift
[375/1687] Compiling DequeModule RigidDeque+Descriptions.swift
[376/1687] Compiling DequeModule RigidDeque+Testing.swift
[377/1687] Compiling DequeModule RigidDeque.swift
[378/1687] Compiling DequeModule UniqueDeque+Append.swift
[379/1687] Compiling DequeModule UniqueDeque+Initializers.swift
[380/1687] Compiling DequeModule UniqueDeque+Insertions.swift
[381/1687] Compiling DequeModule UniqueDeque+Iterable.swift
[382/1687] Compiling DequeModule UniqueDeque+Prepend.swift
[383/1687] Compiling DequeModule UniqueDeque+Removals.swift
[384/1687] Compiling DequeModule UniqueDeque+Consumption.swift
[385/1687] Compiling DequeModule UniqueDeque+ContainerOperations.swift
[386/1688] Compiling DequeModule RigidDeque+ContainerOperations.swift
[387/1688] Compiling DequeModule RigidDeque+Deprecations.swift
[388/1688] Compiling DequeModule RigidDeque+Prepend.swift
[389/1688] Compiling DequeModule RigidDeque+Removals.swift
[390/1688] Compiling DequeModule RigidDeque+Replacements.swift
[391/1689] Compiling DequeModule Deque+Testing.swift
[392/1689] Compiling DequeModule Deque._Storage.swift
[393/1689] Compiling DequeModule Deque._UnsafeHandle.swift
[396/1689] Emitting module SwiftASN1
[401/1690] Compiling Instrumentation InstrumentationSystem.swift
[402/1690] Compiling Instrumentation Locks.swift
[404/1690] Compiling Instrumentation Instrument.swift
[404/1691] Wrapping AST for SpanPreview for debugging
[406/1691] Wrapping AST for SystemPackage for debugging
[407/1691] Wrapping AST for Logging for debugging
[408/1691] Wrapping AST for SwiftASN1 for debugging
[409/1691] Wrapping AST for Instrumentation for debugging
[410/1699] Compiling s3_lib.cc
[423/1704] Compiling DequeModule _DequeBuffer.swift
[424/1704] Compiling DequeModule _DequeBufferHeader.swift
[425/1704] Compiling DequeModule RigidDeque+Append.swift
[426/1704] Compiling DequeModule RigidDeque+Consumption.swift
[429/1704] Compiling Tracing NoOpTracer.swift
[430/1704] Compiling Tracing InstrumentationSystem+Tracing.swift
[432/1705] Compiling DequeModule RigidDeque+Equatable.swift
[433/1705] Compiling DequeModule RigidDeque+Hashable.swift
[434/1705] Compiling DequeModule RigidDeque+Initializers.swift
[435/1705] Compiling DequeModule RigidDeque+Insertions.swift
[436/1705] Compiling DequeModule RigidDeque+Iterable.swift
[442/1705] Compiling s3_pkt.cc
[443/1705] Compiling Tracing WithTracer.swift
[445/1705] Compiling Tracing TracingTime.swift
[446/1705] Emitting module Tracing
[447/1705] Compiling Tracing TracerProtocol.swift
[448/1705] Compiling Tracing TracerProtocol+Legacy.swift
[449/1705] Compiling Tracing Tracer.swift
[450/1705] Compiling Tracing SpanProtocol.swift
[451/1706] Compiling s3_both.cc
[459/1706] Compiling DequeModule Deque+Extras.swift
[460/1706] Compiling DequeModule Deque+Hashable.swift
[464/1706] Compiling DequeModule Deque.swift
[464/1706] Wrapping AST for Tracing for debugging
[465/1706] Compiling handshake_server.cc
[466/1706] Compiling handshake_client.cc
[467/1706] Compiling handshake.cc
[468/1706] Compiling dtls_method.cc
[469/1706] Compiling handoff.cc
[470/1706] Compiling extensions.cc
[472/1706] Compiling ExtrasBase64 Base64+Span.swift
[473/1706] Compiling ExtrasBase64 Base32.swift
[474/1706] Compiling ExtrasBase64 Base64.swift
[475/1706] Compiling ExtrasBase64 Base32+Span.swift
[476/1706] Compiling DequeModule UniqueDeque+Replacements.swift
[477/1706] Compiling DequeModule UniqueDeque.swift
[478/1706] Compiling DequeModule _DequeSlot.swift
[479/1706] Compiling DequeModule _UnsafeDequeHandle.swift
[480/1706] Compiling DequeModule _UnsafeDequeSegments.swift
[481/1706] Emitting module DequeModule
[482/1707] Compiling d1_pkt.cc
[483/1707] Wrapping AST for DequeModule for debugging
[484/1720] Compiling dtls_record.cc
[485/1750] Compiling d1_srtp.cc
[486/1750] Compiling md5-x86_64-linux.S
[487/1750] Compiling md5-x86_64-apple.S
[488/1750] Compiling encrypted_client_hello.cc
[489/1750] Compiling md5-586-linux.S
[490/1750] Compiling md5-586-apple.S
[491/1750] Compiling chacha20_poly1305_x86_64-linux.S
[492/1750] Compiling chacha20_poly1305_x86_64-apple.S
[493/1750] Compiling chacha20_poly1305_armv8-win.S
[495/1750] Emitting module ExtrasBase64
[495/1751] Compiling chacha20_poly1305_armv8-apple.S
[497/1751] Compiling d1_lib.cc
[498/1751] Compiling chacha-x86_64-linux.S
[499/1751] Compiling chacha20_poly1305_armv8-linux.S
[500/1751] Compiling d1_both.cc
[501/1751] Compiling chacha-x86_64-apple.S
[502/1751] Wrapping AST for ExtrasBase64 for debugging
[503/1769] Compiling chacha-x86-linux.S
[504/1782] Compiling chacha-x86-apple.S
[505/1782] Compiling chacha-armv8-win.S
[506/1782] Compiling chacha-armv8-apple.S
[507/1782] Compiling chacha-armv8-linux.S
[508/1782] Compiling chacha-armv4-linux.S
[509/1782] Compiling aes128gcmsiv-x86_64-apple.S
[510/1782] Compiling err_data.cc
[511/1782] Compiling aes128gcmsiv-x86_64-linux.S
[512/1782] Compiling x86_64-mont5-apple.S
[513/1782] Compiling x86_64-mont5-linux.S
[514/1782] Compiling x86_64-mont-linux.S
[515/1782] Compiling x86_64-mont-apple.S
[516/1782] Compiling x86-mont-linux.S
[517/1782] Compiling vpaes-x86_64-linux.S
[518/1782] Compiling bio_ssl.cc
[519/1782] Compiling x86-mont-apple.S
[520/1782] Compiling vpaes-x86_64-apple.S
[521/1782] Compiling vpaes-x86-linux.S
[522/1782] Compiling vpaes-armv8-win.S
[524/1782] Emitting module Configuration
[524/1787] Compiling vpaes-x86-apple.S
[525/1787] Compiling vpaes-armv8-apple.S
[526/1787] Compiling vpaes-armv8-linux.S
[527/1787] Compiling sha512-x86_64-linux.S
[528/1787] Compiling sha512-armv8-win.S
[529/1787] Compiling vpaes-armv7-linux.S
[530/1787] Compiling sha512-x86_64-apple.S
[531/1787] Compiling sha512-armv8-linux.S
[532/1787] Compiling sha512-armv8-apple.S
[533/1787] Compiling sha512-586-linux.S
[534/1787] Compiling sha512-armv4-linux.S
[535/1787] Compiling sha512-586-apple.S
[536/1787] Compiling sha256-x86_64-linux.S
[537/1787] Compiling sha256-armv8-win.S
[538/1787] Compiling sha256-armv8-apple.S
[539/1787] Compiling sha256-x86_64-apple.S
[540/1787] Compiling sha256-armv8-linux.S
[541/1787] Compiling sha256-586-linux.S
[541/1787] Compiling sha256-armv4-linux.S
[543/1787] Compiling sha256-586-apple.S
[544/1787] Compiling sha1-x86_64-linux.S
[545/1787] Compiling sha1-armv8-win.S
[546/1787] Compiling sha1-x86_64-apple.S
[547/1787] Compiling sha1-armv8-apple.S
[548/1787] Compiling sha1-armv4-large-linux.S
[549/1787] Compiling sha1-armv8-linux.S
[550/1787] Compiling sha1-586-linux.S
[551/1787] Compiling rdrand-x86_64-linux.S
[552/1787] Compiling sha1-586-apple.S
[552/1787] Compiling rdrand-x86_64-apple.S
[554/1787] Compiling rsaz-avx2-apple.S
[555/1787] Compiling rsaz-avx2-linux.S
[556/1787] Compiling p256_beeu-x86_64-asm-linux.S
[557/1787] Compiling p256_beeu-x86_64-asm-apple.S
[558/1787] Compiling p256_beeu-armv8-asm-linux.S
[559/1787] Compiling p256_beeu-armv8-asm-win.S
[560/1787] Compiling p256_beeu-armv8-asm-apple.S
[561/1787] Compiling p256-x86_64-asm-linux.S
[562/1787] Compiling p256-x86_64-asm-apple.S
[563/1787] Compiling p256-armv8-asm-win.S
[564/1787] Compiling ghashv8-armv8-linux.S
[565/1787] Compiling ghashv8-armv8-win.S
[566/1787] Compiling p256-armv8-asm-apple.S
[568/1787] Compiling GoogleWKT WKTUInt64Value.swift
[569/1787] Compiling GoogleWKT WKTFloatValue.swift
[570/1787] Compiling GoogleWKT WKTInt32Value.swift
[571/1787] Compiling GoogleWKT WKTInt64Value.swift
[572/1787] Compiling GoogleWKT WKTRecursive.swift
[573/1787] Compiling GoogleWKT UnknownFields.swift
[573/1787] Compiling p256-armv8-asm-linux.S
[574/1787] Compiling ghashv8-armv8-apple.S
[575/1787] Compiling ghashv8-armv7-linux.S
[576/1787] Compiling ghash-x86_64-apple.S
[577/1787] Compiling ghash-x86-linux.S
[578/1787] Compiling ghash-x86_64-linux.S
[579/1787] Compiling ghash-x86-apple.S
[580/1787] Compiling ghash-ssse3-x86_64-linux.S
[581/1787] Compiling ghash-ssse3-x86-linux.S
[582/1787] Compiling ghash-ssse3-x86_64-apple.S
[582/1787] Compiling ghash-ssse3-x86-apple.S
[584/1787] Compiling ghash-neon-armv8-win.S
[585/1787] Compiling ghash-neon-armv8-linux.S
[586/1787] Compiling ghash-armv4-linux.S
[587/1787] Compiling ghash-neon-armv8-apple.S
[588/1787] Compiling co-586-linux.S
[588/1787] Compiling co-586-apple.S
[590/1787] Compiling bn-armv8-win.S
[591/1787] Compiling bsaes-armv7-linux.S
[592/1787] Compiling bn-armv8-linux.S
[593/1787] Compiling bn-armv8-apple.S
[594/1787] Compiling armv8-mont-win.S
[594/1787] Compiling bn-586-linux.S
[596/1787] Compiling bn-586-apple.S
[597/1787] Compiling armv8-mont-apple.S
[598/1787] Compiling armv8-mont-linux.S
[599/1787] Compiling aesv8-gcm-armv8-win.S
[600/1787] Compiling aesv8-gcm-armv8-apple.S
[601/1787] Compiling aesv8-gcm-armv8-linux.S
[602/1787] Compiling aesv8-armv8-linux.S
[603/1787] Compiling armv4-mont-linux.S
[604/1787] Compiling aesv8-armv8-win.S
[605/1787] Compiling aesv8-armv8-apple.S
[606/1787] Compiling aesni-x86_64-linux.S
[607/1787] Compiling aesni-x86-linux.S
[608/1787] Compiling aesni-x86_64-apple.S
[609/1787] Compiling aesv8-armv7-linux.S
[610/1787] Compiling aesni-gcm-x86_64-linux.S
[611/1787] Compiling aesni-x86-apple.S
[612/1787] Compiling aesni-gcm-x86_64-apple.S
[613/1787] Compiling aes-gcm-avx2-x86_64-linux.S
[614/1787] Compiling aes-gcm-avx10-x86_64-linux.S
[615/1787] Compiling aes-gcm-avx2-x86_64-apple.S
[616/1787] Compiling aes-gcm-avx10-x86_64-apple.S
[617/1787] Compiling x_req.cc
[619/1787] Compiling Configuration CombineLatestManyStorage.swift
[620/1787] Compiling Configuration AsyncSequences.swift
[621/1787] Compiling Configuration FoundationExtensions.swift
[622/1787] Compiling Configuration Span.swift
[623/1787] Compiling Configuration ConfigBytesFromStringDecoder.swift
[624/1787] Compiling GoogleWKT WKTAny.swift
[625/1787] Compiling GoogleWKT WKTAnyError.swift
[626/1787] Compiling GoogleWKT WKTBoolValue.swift
[627/1787] Compiling GoogleWKT WKTBytesValue.swift
[628/1787] Compiling GoogleWKT WKTField.swift
[629/1787] Compiling GoogleWKT WKTMethod.swift
[630/1787] Compiling GoogleWKT WKTMixin.swift
[631/1787] Compiling GoogleWKT WKTOption.swift
[632/1787] Compiling GoogleWKT WKTValue.swift
[633/1787] Compiling GoogleWKT WKTApi.swift
[634/1787] Compiling GoogleWKT WKTEnum.swift
[635/1787] Compiling GoogleWKT WKTEnumValue.swift
[636/1787] Compiling GoogleWKT AnyPackable.swift
[637/1787] Compiling GoogleWKT DecodeToDefault.swift
[638/1787] Compiling GoogleWKT DiscoveryBase64.swift
[639/1787] Compiling GoogleWKT ProtoJSONDecoder.swift
[640/1787] Compiling GoogleWKT ProtoJSONEncoder.swift
[641/1787] Compiling GoogleWKT WKTDoubleValue.swift
[642/1787] Compiling Configuration JSONSnapshot.swift
[643/1787] Compiling Configuration PropertyListSnapshot.swift
[644/1787] Compiling Configuration ReloadingFileProvider.swift
[645/1787] Compiling Configuration ReloadingFileProviderMetrics.swift
[646/1787] Compiling Configuration YAMLSnapshot.swift
[647/1787] Compiling Configuration InMemoryProvider.swift
[648/1787] Compiling Configuration MutableInMemoryProvider.swift
[649/1787] Compiling Configuration ConfigProvider+Operators.swift
[650/1787] Compiling Configuration KeyMappingProvider.swift
[651/1787] Compiling Configuration SecretsSpecifier.swift
[652/1787] Compiling Configuration AsyncCombineLatestManySequence.swift
[653/1787] Compiling Configuration CombineLatestManyStateMachine.swift
[663/1791] Compiling GoogleWKT WKTDuration.swift
[664/1791] Compiling GoogleWKT WKTEmpty.swift
[665/1791] Compiling GoogleWKT WKTFieldMask.swift
[665/1791] Compiling x_x509a.cc
[667/1791] Emitting module GoogleWKT
[667/1791] Compiling x_sig.cc
[674/1791] Compiling GoogleWKT WKTStringValue.swift
[675/1791] Compiling GoogleWKT WKTTimestamp.swift
[676/1791] Compiling GoogleWKT WKTUInt32Value.swift
[681/1791] Compiling x_val.cc
[682/1791] Compiling x_spki.cc
[684/1791] Compiling GoogleWKT WKTSourceContext.swift
[685/1791] Compiling GoogleWKT WKTSyntax.swift
[686/1791] Compiling GoogleWKT WKTType.swift
[687/1791] Compiling GoogleWKT PackageVersion.swift
[687/1791] Compiling x_x509.cc
[700/1793] Compiling x_pubkey.cc
[702/1793] Compiling x_exten.cc
[703/1822] Compiling x_name.cc
[704/1826] Compiling x_crl.cc
[705/1871] Wrapping AST for GoogleWKT for debugging
[706/1896] Wrapping AST for Configuration for debugging
[708/1896] Compiling GoogleApi BackendRule.swift
[709/1896] Compiling GoogleApi BatchingConfigProto.swift
[710/1896] Compiling GoogleApi BatchingDescriptorProto.swift
[711/1896] Compiling GoogleApi ClientLibraryOrganization.swift
[712/1896] Compiling GoogleApi ClientLibrarySettings.swift
[712/1898] Compiling x_attrib.cc
[714/1898] Emitting module GoogleRpc
[715/1898] Compiling GoogleApi ClientLibraryDestination.swift
[716/1900] Compiling x_all.cc
[718/1900] Compiling GoogleApi BatchingSettingsProto.swift
[719/1900] Compiling GoogleApi Billing.swift
[720/1900] Compiling GoogleApi ChangeType.swift
[722/1900] Compiling GoogleRpc Status.swift
[723/1900] Compiling GoogleApi ConfigChange.swift
[730/1900] Compiling GoogleApi AuthenticationRule.swift
[731/1900] Compiling GoogleApi Backend.swift
[732/1900] Compiling GoogleApi AuthRequirement.swift
[733/1900] Compiling GoogleApi Authentication.swift
[733/1900] Compiling x_algor.cc
[735/1900] Compiling GoogleApi Advice.swift
[736/1900] Compiling GoogleApi AuthProvider.swift
[739/1900] Compiling x509spki.cc
[741/1900] Compiling GoogleType TimeOfDay.swift
[742/1900] Compiling GoogleType TimeZone.swift
[743/1900] Emitting module GoogleType
[747/1901] Compiling GoogleRpc RetryInfo.swift
[750/1902] Wrapping AST for GoogleType for debugging
[751/1902] Compiling x509rset.cc
[752/1902] Wrapping AST for GoogleRpc for debugging
[754/1902] Emitting module GoogleApi
[754/1911] Compiling x509name.cc
[755/1911] Compiling x509_txt.cc
[756/1911] Compiling x509cset.cc
[757/1911] Compiling x509_vpm.cc
[758/1911] Compiling x509_trs.cc
[759/1911] Compiling x509_v3.cc
[761/1911] Compiling GoogleApi LogDescriptor.swift
[762/1911] Compiling GoogleApi Logging.swift
[763/1911] Compiling GoogleApi MethodPolicy.swift
[764/1911] Compiling GoogleApi MethodSettings.swift
[765/1911] Compiling GoogleApi Metric.swift
[766/1911] Compiling GoogleApi MetricDescriptor.swift
[767/1911] Compiling GoogleApi MetricRule.swift
[768/1911] Compiling GoogleApi MonitoredResource.swift
[769/1911] Compiling GoogleApi MonitoredResourceDescriptor.swift
[770/1911] Compiling GoogleApi MonitoredResourceMetadata.swift
[770/1911] Compiling x509_ext.cc
[771/1911] Compiling x509_vfy.cc
[773/1911] Compiling GoogleApi Quota.swift
[774/1911] Compiling GoogleApi QuotaLimit.swift
[775/1911] Compiling GoogleApi ResourceDescriptor.swift
[776/1911] Compiling GoogleApi ResourceReference.swift
[777/1911] Compiling GoogleApi RoutingParameter.swift
[778/1911] Compiling GoogleApi RoutingRule.swift
[779/1911] Compiling GoogleApi RubySettings.swift
[780/1911] Compiling GoogleApi SelectiveGapicGeneration.swift
[781/1911] Compiling GoogleApi Service.swift
[782/1911] Compiling GoogleApi Monitoring.swift
[783/1911] Compiling GoogleApi NodeSettings.swift
[784/1911] Compiling GoogleApi OAuthRequirements.swift
[785/1911] Compiling GoogleApi PackageVersion.swift
[786/1911] Compiling GoogleApi Page.swift
[787/1911] Compiling GoogleApi PhpSettings.swift
[788/1911] Compiling GoogleApi ProjectProperties.swift
[789/1911] Compiling GoogleApi Property.swift
[790/1911] Compiling GoogleApi Publishing.swift
[791/1911] Compiling GoogleApi PythonSettings.swift
[791/1911] Compiling x509_req.cc
[792/1911] Compiling x509_def.cc
[793/1911] Compiling x509_obj.cc
[795/1911] Compiling GoogleApi FieldPolicy.swift
[796/1911] Compiling GoogleApi FlowControlLimitExceededBehaviorProto.swift
[797/1911] Compiling GoogleApi GoSettings.swift
[798/1911] Compiling GoogleApi Http.swift
[799/1911] Compiling GoogleApi HttpBody.swift
[800/1911] Compiling GoogleApi HttpRule.swift
[801/1911] Compiling GoogleApi JavaSettings.swift
[802/1911] Compiling GoogleApi JwtLocation.swift
[803/1911] Compiling GoogleApi LabelDescriptor.swift
[804/1911] Compiling GoogleApi LaunchStage.swift
[804/1911] Compiling x509_lu.cc
[805/1911] Compiling x509_cmp.cc
[806/1911] Compiling x509_d2.cc
[807/1911] Compiling x509_set.cc
[819/1911] Compiling GoogleApi SourceInfo.swift
[820/1911] Compiling GoogleApi SystemParameter.swift
[821/1911] Compiling GoogleApi SystemParameterRule.swift
[822/1911] Compiling GoogleApi SystemParameters.swift
[823/1911] Compiling GoogleApi TypeReference.swift
[824/1911] Compiling GoogleApi Usage.swift
[825/1911] Compiling GoogleApi UsageRule.swift
[826/1911] Compiling GoogleApi Visibility.swift
[827/1911] Compiling GoogleApi VisibilityRule.swift
[837/1911] Compiling GoogleApi Control.swift
[838/1911] Compiling GoogleApi CppSettings.swift
[839/1911] Compiling GoogleApi CustomHttpPattern.swift
[840/1911] Compiling GoogleApi Distribution.swift
[841/1911] Compiling GoogleApi Documentation.swift
[842/1911] Compiling GoogleApi DocumentationRule.swift
[843/1911] Compiling GoogleApi DotnetSettings.swift
[844/1911] Compiling GoogleApi Endpoint.swift
[845/1911] Compiling GoogleApi ErrorReason.swift
[846/1911] Compiling GoogleApi FieldBehavior.swift
[847/1911] Compiling GoogleApi FieldInfo.swift
[848/1912] Compiling x509.cc
[849/1912] Wrapping AST for GoogleApi for debugging
[850/1912] Compiling v3_prn.cc
[851/1912] Compiling x509_att.cc
[852/1912] Compiling v3_skey.cc
[853/1912] Compiling v3_pmaps.cc
[854/1912] Compiling v3_utl.cc
[855/1912] Compiling v3_ncons.cc
[855/1912] Compiling v3_lib.cc
[857/1912] Compiling v3_ocsp.cc
[858/1912] Compiling v3_purp.cc
[859/1912] Compiling v3_enum.cc
[860/1912] Compiling v3_info.cc
[861/1912] Compiling v3_pcons.cc
[862/1912] Compiling v3_ia5.cc
[863/1912] Compiling v3_int.cc
[864/1912] Compiling v3_genn.cc
[865/1912] Compiling v3_crld.cc
[866/1912] Compiling v3_bcons.cc
[867/1912] Compiling v3_extku.cc
[868/1912] Compiling v3_conf.cc
[869/1912] Compiling v3_cpols.cc
[870/1912] Compiling v3_alt.cc
[871/1912] Compiling v3_bitst.cc
[872/1912] Compiling t_crl.cc
[873/1912] Compiling t_req.cc
[874/1912] Compiling v3_akeya.cc
[875/1912] Compiling v3_akey.cc
[876/1912] Compiling t_x509a.cc
[877/1912] Compiling i2d_pr.cc
[878/1912] Compiling name_print.cc
[879/1912] Compiling t_x509.cc
[880/1912] Compiling rsa_pss.cc
[881/1912] Compiling by_file.cc
[882/1912] Compiling by_dir.cc
[883/1912] Compiling policy.cc
[884/1912] Compiling algorithm.cc
[885/1912] Compiling a_sign.cc
[886/1912] Compiling asn1_gen.cc
[887/1912] Compiling a_digest.cc
[888/1912] Compiling trust_token.cc
[889/1912] Compiling voprf.cc
[890/1912] Compiling thread_win.cc
[891/1912] Compiling a_verify.cc
[892/1912] Compiling thread_none.cc
[893/1912] Compiling thread.cc
[894/1912] Compiling thread_pthread.cc
[895/1912] Compiling pmbtoken.cc
[896/1912] Compiling siphash.cc
[897/1912] Compiling stack.cc
[898/1912] Compiling slhdsa.cc
[899/1912] Compiling spake2plus.cc
[900/1912] Compiling sha1.cc
[901/1912] Compiling sha512.cc
[902/1912] Compiling refcount.cc
[903/1912] Compiling sha256.cc
[904/1912] Compiling windows.cc
[905/1912] Compiling rsa_print.cc
[906/1912] Compiling rc4.cc
[907/1912] Compiling rsa_extra.cc
[908/1912] Compiling trusty.cc
[909/1912] Compiling rsa_crypt.cc
[910/1912] Compiling passive.cc
[911/1912] Compiling rand.cc
[912/1912] Compiling urandom.cc
[913/1912] Compiling rsa_asn1.cc
[914/1912] Compiling poly1305_arm_asm.S
[915/1912] Compiling getentropy.cc
[916/1912] Compiling ios.cc
[917/1912] Compiling poly1305_vec.cc
[918/1912] Compiling forkunsafe.cc
[919/1912] Compiling deterministic.cc
[920/1912] Compiling fork_detect.cc
[921/1912] Compiling pool.cc
[922/1912] Compiling poly1305_arm.cc
[923/1912] Compiling pkcs7.cc
[924/1912] Compiling poly1305.cc
[925/1912] Compiling pkcs7_x509.cc
[926/1912] Compiling p5_pbev2.cc
[927/1912] Compiling pkcs8.cc
[928/1912] Compiling pkcs8_x509.cc
[929/1912] Compiling pem_oth.cc
[930/1912] Compiling pem_xaux.cc
[931/1912] Compiling obj_xref.cc
[932/1912] Compiling pem_x509.cc
[933/1912] Compiling pem_pk8.cc
[933/1912] Compiling pem_pkey.cc
[935/1912] Compiling mlkem.cc
[936/1912] Compiling pem_lib.cc
[937/1912] Compiling mem.cc
[938/1912] Compiling lhash.cc
[939/1912] Compiling pem_info.cc
[940/1912] Compiling mldsa.cc
[941/1912] Compiling md5.cc
[942/1912] Compiling poly_rq_mul.S
[943/1912] Compiling fips_shared_support.cc
[944/1912] Compiling kyber.cc
[945/1912] Compiling md4.cc
[946/1912] Compiling pem_all.cc
[947/1912] Compiling obj.cc
[948/1912] Compiling ex_data.cc
[949/1912] Compiling hrss.cc
[950/1912] Compiling p_x25519.cc
[951/1912] Compiling print.cc
[952/1912] Compiling p_x25519_asn1.cc
[953/1912] Compiling sign.cc
[954/1912] Compiling scrypt.cc
[955/1912] Compiling pbkdf.cc
[956/1912] Compiling hpke.cc
[957/1912] Compiling p_ed25519.cc
[958/1912] Compiling p_ec_asn1.cc
[959/1912] Compiling p_rsa.cc
[960/1912] Compiling p_ec.cc
[961/1912] Compiling p_rsa_asn1.cc
[961/1912] Compiling p_hkdf.cc
[963/1912] Compiling p_dh_asn1.cc
[963/1912] Compiling p_ed25519_asn1.cc
[965/1912] Compiling p_dsa_asn1.cc
[966/1912] Compiling evp_ctx.cc
[967/1912] Compiling p_dh.cc
[968/1912] Compiling engine.cc
[969/1912] Compiling evp_asn1.cc
[970/1912] Compiling hash_to_curve.cc
[971/1912] Compiling ec_derive.cc
[972/1912] Compiling ecdsa_asn1.cc
[973/1912] Compiling evp.cc
[974/1912] Compiling ecdh.cc
[975/1912] Compiling dsa.cc
[976/1912] Compiling ec_asn1.cc
[977/1912] Compiling err.cc
[978/1912] Compiling params.cc
[979/1912] Compiling dh_asn1.cc
[980/1912] Compiling x25519-asm-arm.S
[981/1912] Compiling curve25519_64_adx.cc
[982/1912] Compiling dsa_asn1.cc
[983/1912] Compiling curve25519.cc
[984/1912] Compiling crypto.cc
[985/1912] Compiling digest_extra.cc
[986/1912] Compiling des.cc
[987/1912] Compiling spake25519.cc
[988/1912] Compiling cpu_intel.cc
[989/1912] Compiling cpu_aarch64_sysreg.cc
[990/1912] Compiling cpu_arm_freebsd.cc
[991/1912] Compiling cpu_arm_linux.cc
[992/1912] Compiling cpu_aarch64_win.cc
[993/1912] Compiling cpu_aarch64_fuchsia.cc
[994/1912] Compiling cpu_aarch64_openbsd.cc
[995/1912] Compiling bcm.cc
[996/1912] Compiling cpu_aarch64_apple.cc
[997/1912] Compiling conf.cc
[998/1912] Compiling get_cipher.cc
[999/1912] Compiling e_tls.cc
[1000/1912] Compiling e_des.cc
[1001/1912] Compiling cpu_aarch64_linux.cc
[1002/1912] Compiling e_chacha20poly1305.cc
[1003/1912] Compiling e_rc4.cc
[1004/1912] Compiling tls_cbc.cc
[1005/1912] Compiling e_rc2.cc
[1006/1912] Compiling e_aesgcmsiv.cc
[1007/1912] Compiling e_null.cc
[1008/1912] Compiling derive_key.cc
[1009/1912] Compiling e_aesctrhmac.cc
[1010/1912] Compiling ber.cc
[1011/1912] Compiling chacha.cc
[1012/1912] Compiling unicode.cc
[1013/1912] Compiling convert.cc
[1014/1912] Compiling buf.cc
[1015/1912] Compiling cbb.cc
[1016/1912] Compiling socket.cc
[1017/1912] Compiling bn_asn1.cc
[1018/1912] Compiling socket_helper.cc
[1019/1912] Compiling printf.cc
[1020/1912] Compiling blake2.cc
[1021/1912] Compiling hexdump.cc
[1022/1912] Compiling file.cc
[1023/1912] Compiling cbs.cc
[1024/1912] Compiling asn1_compat.cc
[1025/1912] Compiling pair.cc
[1026/1912] Compiling base64.cc
[1027/1912] Compiling errno.cc
[1028/1912] Compiling tasn_typ.cc
[1029/1912] Compiling fd.cc
[1030/1912] Compiling bio_mem.cc
[1031/1912] Compiling tasn_utl.cc
[1032/1912] Compiling connect.cc
[1033/1912] Compiling bio.cc
[1034/1912] Compiling tasn_new.cc
[1035/1912] Compiling tasn_enc.cc
[1036/1912] Compiling f_int.cc
[1037/1912] Compiling tasn_fre.cc
[1038/1912] Compiling tasn_dec.cc
[1039/1912] Compiling posix_time.cc
[1040/1912] Compiling asn1_par.cc
[1041/1912] Compiling asn1_lib.cc
[1042/1912] Compiling a_utctm.cc
[1043/1912] Compiling asn_pack.cc
[1044/1912] Compiling f_string.cc
[1045/1912] Compiling a_octet.cc
[1046/1912] Compiling a_mbstr.cc
[1047/1912] Compiling a_strnid.cc
[1048/1912] Compiling a_int.cc
[1049/1912] Compiling a_type.cc
[1050/1912] Compiling a_i2d_fp.cc
[1051/1912] Compiling a_strex.cc
[1052/1912] Compiling a_time.cc
[1053/1912] Compiling a_d2i_fp.cc
[1054/1912] Compiling CGoogleGaxCRC32C CGoogleGaxCRC32C.c
[1055/1912] Compiling a_object.cc
[1056/1912] Compiling fiat_p256_adx_sqr.S
[1057/1912] Compiling fiat_p256_adx_mul.S
[1058/1912] Compiling fiat_curve25519_adx_square.S
[1059/1912] Compiling a_bitstr.cc
[1060/1912] Compiling a_dup.cc
[1061/1912] Compiling md5-x86_64-linux.S
[1062/1912] Compiling fiat_curve25519_adx_mul.S
[1063/1912] Compiling md5-586-apple.S
[1064/1912] Compiling md5-586-linux.S
[1065/1912] Compiling md5-x86_64-apple.S
[1066/1912] Compiling chacha20_poly1305_x86_64-linux.S
[1067/1912] Compiling chacha20_poly1305_x86_64-apple.S
[1068/1912] Compiling chacha20_poly1305_armv8-win.S
[1069/1912] Compiling chacha20_poly1305_armv8-linux.S
[1070/1912] Compiling chacha20_poly1305_armv8-apple.S
[1071/1912] Compiling chacha-x86_64-apple.S
[1072/1912] Compiling chacha-x86_64-linux.S
[1073/1912] Compiling a_gentm.cc
[1074/1912] Compiling chacha-x86-apple.S
[1075/1912] Compiling chacha-x86-linux.S
[1076/1912] Compiling chacha-armv8-apple.S
[1077/1912] Compiling chacha-armv8-linux.S
[1078/1912] Compiling chacha-armv4-linux.S
[1079/1912] Compiling chacha-armv8-win.S
[1080/1912] Compiling aes128gcmsiv-x86_64-apple.S
[1081/1912] Compiling aes128gcmsiv-x86_64-linux.S
[1082/1912] Compiling x86_64-mont5-linux.S
[1083/1912] Compiling x86_64-mont5-apple.S
[1084/1912] Compiling x86_64-mont-apple.S
[1085/1912] Compiling x86_64-mont-linux.S
[1086/1912] Compiling x86-mont-linux.S
[1087/1912] Compiling x86-mont-apple.S
[1088/1912] Compiling a_bool.cc
[1089/1912] Compiling vpaes-x86_64-apple.S
[1090/1912] Compiling vpaes-x86-linux.S
[1091/1912] Compiling vpaes-x86_64-linux.S
[1092/1912] Compiling err_data.cc
[1093/1912] Compiling vpaes-armv8-win.S
[1094/1912] Compiling vpaes-armv8-apple.S
[1095/1912] Compiling vpaes-x86-apple.S
[1096/1912] Compiling vpaes-armv8-linux.S
[1097/1912] Compiling vpaes-armv7-linux.S
[1098/1912] Compiling sha512-armv8-win.S
[1098/1912] Compiling sha512-x86_64-apple.S
[1100/1912] Compiling CCryptoBoringSSLShims shims.c
[1101/1912] Compiling sha512-x86_64-linux.S
[1102/1912] Compiling sha512-armv8-apple.S
[1103/1912] Compiling sha512-586-apple.S
[1104/1912] Compiling sha512-586-linux.S
[1105/1912] Compiling sha512-armv8-linux.S
[1106/1912] Compiling sha512-armv4-linux.S
[1107/1912] Compiling sha256-x86_64-linux.S
[1108/1912] Compiling sha256-armv8-win.S
[1109/1912] Compiling sha256-x86_64-apple.S
[1110/1912] Compiling sha256-armv4-linux.S
[1111/1912] Compiling sha256-586-apple.S
[1112/1912] Compiling sha256-armv8-apple.S
[1113/1912] Compiling sha256-586-linux.S
[1114/1912] Compiling sha1-x86_64-linux.S
[1115/1912] Compiling sha1-x86_64-apple.S
[1116/1912] Compiling sha256-armv8-linux.S
[1117/1912] Compiling sha1-armv8-win.S
[1118/1912] Compiling sha1-armv8-apple.S
[1119/1912] Compiling sha1-armv8-linux.S
[1120/1912] Compiling sha1-armv4-large-linux.S
[1121/1912] Compiling sha1-586-apple.S
[1122/1912] Compiling sha1-586-linux.S
[1123/1912] Compiling rdrand-x86_64-linux.S
[1124/1912] Compiling rsaz-avx2-apple.S
[1125/1912] Compiling rsaz-avx2-linux.S
[1126/1912] Compiling p256_beeu-x86_64-asm-linux.S
[1127/1912] Compiling rdrand-x86_64-apple.S
[1128/1912] Compiling p256_beeu-x86_64-asm-apple.S
[1129/1912] Compiling p256-armv8-asm-win.S
[1130/1912] Compiling p256_beeu-armv8-asm-apple.S
[1131/1912] Compiling p256_beeu-armv8-asm-win.S
[1131/1912] Compiling p256-x86_64-asm-linux.S
[1133/1912] Compiling p256_beeu-armv8-asm-linux.S
[1134/1912] Compiling p256-x86_64-asm-apple.S
[1135/1912] Compiling p256-armv8-asm-apple.S
[1136/1912] Compiling p256-armv8-asm-linux.S
[1137/1912] Compiling ghashv8-armv8-win.S
[1138/1912] Compiling ghashv8-armv7-linux.S
[1139/1912] Compiling ghashv8-armv8-linux.S
[1140/1912] Compiling ghash-x86_64-linux.S
[1141/1912] Compiling ghashv8-armv8-apple.S
[1142/1912] Compiling ghash-x86-linux.S
[1143/1912] Compiling ghash-x86_64-apple.S
[1144/1912] Compiling ghash-ssse3-x86_64-apple.S
[1145/1912] Compiling ghash-ssse3-x86-linux.S
[1146/1912] Compiling ghash-ssse3-x86_64-linux.S
[1147/1912] Compiling ghash-ssse3-x86-apple.S
[1148/1912] Compiling ghash-x86-apple.S
[1149/1912] Compiling ghash-neon-armv8-apple.S
[1150/1912] Compiling ghash-neon-armv8-linux.S
[1151/1912] Compiling ghash-neon-armv8-win.S
[1152/1912] Compiling ghash-armv4-linux.S
[1153/1912] Compiling co-586-apple.S
[1154/1912] Compiling co-586-linux.S
[1155/1912] Compiling bn-armv8-win.S
[1156/1912] Compiling bsaes-armv7-linux.S
[1157/1912] Compiling bn-586-linux.S
[1157/1912] Compiling bn-armv8-linux.S
[1159/1912] Compiling bn-armv8-apple.S
[1160/1912] Compiling bn-586-apple.S
[1161/1912] Compiling armv8-mont-linux.S
[1162/1912] Compiling armv8-mont-win.S
[1163/1912] Compiling armv8-mont-apple.S
[1163/1912] Compiling armv4-mont-linux.S
[1165/1912] Compiling aesv8-gcm-armv8-win.S
[1166/1912] Compiling aesv8-armv8-win.S
[1167/1912] Compiling aesv8-gcm-armv8-apple.S
[1168/1912] Compiling aesv8-gcm-armv8-linux.S
[1169/1912] Compiling aesv8-armv8-linux.S
[1170/1912] Compiling aesv8-armv8-apple.S
[1171/1912] Compiling aesv8-armv7-linux.S
[1172/1912] Compiling aesni-x86_64-apple.S
[1173/1912] Compiling aesni-x86_64-linux.S
[1174/1912] Compiling aesni-x86-linux.S
[1175/1912] Compiling aesni-x86-apple.S
[1176/1912] Compiling aesni-gcm-x86_64-linux.S
[1177/1912] Compiling aesni-gcm-x86_64-apple.S
[1178/1912] Compiling aes-gcm-avx512-x86_64-apple.S
[1179/1912] Compiling aes-gcm-avx2-x86_64-apple.S
[1180/1912] Compiling aes-gcm-avx512-x86_64-linux.S
[1181/1912] Compiling aes-gcm-avx2-x86_64-linux.S
[1182/1912] Compiling x_req.cc
[1183/1912] Compiling x_sig.cc
[1184/1912] Compiling x_spki.cc
[1185/1912] Compiling xwing.cc
[1186/1912] Compiling x_x509a.cc
[1187/1912] Compiling x_pubkey.cc
[1188/1912] Compiling x_x509.cc
[1189/1912] Compiling c-nioatomics.c
[1190/1912] Compiling x_attrib.cc
[1191/1912] Compiling c-atomics.c
[1192/1912] Compiling x_name.cc
[1193/1912] Compiling x_all.cc
[1194/1912] Compiling x_exten.cc
[1195/1912] Compiling x_algor.cc
[1196/1912] Compiling x_crl.cc
[1197/1912] Compiling x509spki.cc
[1198/1912] Compiling x509_vpm.cc
[1198/1912] Compiling x509cset.cc
[1200/1912] Compiling x509rset.cc
[1201/1912] Compiling x509name.cc
[1202/1912] Compiling x509_v3.cc
[1203/1912] Compiling x509_vfy.cc
[1204/1912] Compiling x509_set.cc
[1205/1912] Compiling x509_txt.cc
[1206/1919] Compiling x509_obj.cc
[1208/1919] Compiling NIOConcurrencyHelpers NIOLockedValueBox.swift
[1208/1919] Compiling x509_req.cc
[1209/1919] Compiling x509_trs.cc
[1211/1919] Compiling NIOConcurrencyHelpers NIOThreadPoolWorkAvailable.swift
[1211/1919] Compiling x509_lu.cc
[1213/1919] Emitting module NIOConcurrencyHelpers
[1214/1919] Compiling NIOConcurrencyHelpers NIOLock.swift
[1214/1919] Compiling x509_ext.cc
[1216/1919] Compiling NIOConcurrencyHelpers lock.swift
[1216/1919] Compiling x509_d2.cc
[1217/1919] Compiling x509_def.cc
[1219/1919] Compiling NIOConcurrencyHelpers atomics.swift
[1220/1919] Compiling NIOConcurrencyHelpers NIOAtomic.swift
[1220/1919] Compiling x509.cc
[1222/1920] Compiling x509_cmp.cc
[1223/1920] Compiling v3_utl.cc
[1224/1920] Compiling v3_prn.cc
[1225/1920] Wrapping AST for NIOConcurrencyHelpers for debugging
[1226/1920] Compiling v3_pmaps.cc
[1227/1920] Compiling v3_purp.cc
[1228/1920] Compiling x509_att.cc
[1229/1920] Compiling v3_skey.cc
[1230/1920] Compiling v3_pcons.cc
[1231/1920] Compiling v3_ocsp.cc
[1232/1920] Compiling v3_ncons.cc
[1233/1920] Compiling v3_lib.cc
[1234/1920] Compiling v3_info.cc
[1235/1920] Compiling v3_int.cc
[1236/1920] Compiling v3_genn.cc
[1237/1920] Compiling v3_ia5.cc
[1238/1920] Compiling v3_bcons.cc
[1239/1920] Compiling v3_enum.cc
[1240/1920] Compiling v3_extku.cc
[1241/1920] Compiling v3_crld.cc
[1242/1920] Compiling v3_bitst.cc
[1243/1920] Compiling v3_akey.cc
[1244/1920] Compiling v3_conf.cc
[1245/1920] Compiling v3_cpols.cc
[1246/1920] Compiling v3_alt.cc
[1247/1920] Compiling t_x509.cc
[1248/1920] Compiling v3_akeya.cc
[1249/1920] Compiling policy.cc
[1250/1920] Compiling t_req.cc
[1251/1920] Compiling t_x509a.cc
[1252/1920] Compiling rsa_pss.cc
[1253/1920] Compiling name_print.cc
[1254/1920] Compiling i2d_pr.cc
[1255/1920] Compiling t_crl.cc
[1256/1920] Compiling by_dir.cc
[1256/1920] Compiling asn1_gen.cc
[1258/1920] Compiling algorithm.cc
[1259/1920] Compiling a_verify.cc
[1260/1920] Compiling a_sign.cc
[1261/1920] Compiling by_file.cc
[1262/1920] Compiling thread_none.cc
[1263/1920] Compiling thread_win.cc
[1264/1920] Compiling a_digest.cc
[1265/1920] Compiling thread_pthread.cc
[1266/1920] Compiling voprf.cc
[1267/1920] Compiling thread.cc
[1268/1920] Compiling trust_token.cc
[1269/1920] Compiling pmbtoken.cc
[1270/1920] Compiling slhdsa.cc
[1271/1920] Compiling stack.cc
[1272/1920] Compiling sha256.cc
[1273/1920] Compiling spake2plus.cc
[1274/1920] Compiling rsa_extra.cc
[1275/1920] Compiling siphash.cc
[1276/1920] Compiling sha512.cc
[1277/1920] Compiling sha1.cc
[1278/1920] Compiling rc4.cc
[1279/1920] Compiling rsa_print.cc
[1280/1920] Compiling urandom.cc
[1281/1920] Compiling rsa_crypt.cc
[1282/1920] Compiling rsa_asn1.cc
[1283/1920] Compiling refcount.cc
[1284/1920] Compiling windows.cc
[1285/1920] Compiling ios.cc
[1286/1920] Compiling getentropy.cc
[1287/1920] Compiling forkunsafe.cc
[1288/1920] Compiling poly1305_arm_asm.S
[1289/1920] Compiling trusty.cc
[1290/1920] Compiling rand.cc
[1291/1920] Compiling poly1305_vec.cc
[1292/1920] Compiling passive.cc
[1293/1920] Compiling pool.cc
[1294/1920] Compiling poly1305_arm.cc
[1295/1920] Compiling fork_detect.cc
[1296/1920] Compiling deterministic.cc
[1297/1920] Compiling poly1305.cc
[1298/1920] Compiling pkcs8.cc
[1299/1920] Compiling pem_pkey.cc
[1300/1920] Compiling pkcs7.cc
[1301/1920] Compiling p5_pbev2.cc
[1302/1920] Compiling pkcs7_x509.cc
[1303/1920] Compiling pkcs8_x509.cc
[1304/1920] Compiling pem_xaux.cc
[1305/1920] Compiling pem_x509.cc
[1306/1920] Compiling mlkem.cc
[1307/1920] Compiling obj_xref.cc
[1308/1920] Compiling pem_pk8.cc
[1309/1920] Compiling pem_lib.cc
[1310/1920] Compiling pem_info.cc
[1311/1920] Compiling pem_oth.cc
[1312/1920] Compiling mem.cc
[1313/1920] Compiling obj.cc
[1314/1920] Compiling poly_rq_mul.S
[1315/1920] Compiling md5.cc
[1316/1920] Compiling mldsa.cc
[1317/1920] Compiling fips_shared_support.cc
[1318/1920] Compiling pem_all.cc
[1319/1920] Compiling lhash.cc
[1320/1920] Compiling hrss.cc
[1321/1920] Compiling md4.cc
[1322/1920] Compiling fuzzer_mode.cc
[1323/1920] Compiling ex_data.cc
[1324/1920] Compiling kyber.cc
[1325/1920] Compiling hpke.cc
[1326/1920] Compiling sign.cc
[1327/1920] Compiling pbkdf.cc
[1328/1920] Compiling p_rsa_asn1.cc
[1329/1920] Compiling scrypt.cc
[1330/1920] Compiling p_x25519.cc
[1331/1920] Compiling print.cc
[1332/1920] Compiling p_x25519_asn1.cc
[1333/1920] Compiling p_hkdf.cc
[1334/1920] Compiling p_ed25519_asn1.cc
[1335/1920] Compiling p_rsa.cc
[1336/1920] Compiling p_ec.cc
[1337/1920] Compiling p_dsa_asn1.cc
[1338/1920] Compiling p_ed25519.cc
[1339/1920] Compiling p_ec_asn1.cc
[1340/1920] Compiling p_dh.cc
[1341/1920] Compiling p_dh_asn1.cc
[1342/1920] Compiling err.cc
[1343/1920] Compiling evp_ctx.cc
[1344/1920] Compiling ecdsa_p1363.cc
[1345/1920] Compiling evp_asn1.cc
[1346/1920] Compiling evp.cc
[1347/1920] Compiling engine.cc
[1348/1920] Compiling hash_to_curve.cc
[1349/1920] Compiling ec_derive.cc
[1350/1920] Compiling ecdh.cc
[1351/1920] Compiling ecdsa_asn1.cc
[1352/1920] Compiling ec_asn1.cc
[1353/1920] Compiling dsa.cc
[1354/1920] Compiling des.cc
[1355/1920] Compiling spake25519.cc
[1356/1920] Compiling x25519-asm-arm.S
[1357/1920] Compiling dsa_asn1.cc
[1358/1920] Compiling params.cc
[1359/1920] Compiling cpu_intel.cc
[1360/1920] Compiling digest_extra.cc
[1361/1920] Compiling dh_asn1.cc
[1362/1920] Compiling cpu_arm_freebsd.cc
[1363/1920] Compiling curve25519_64_adx.cc
[1364/1920] Compiling curve25519.cc
[1365/1920] Compiling cpu_arm_linux.cc
[1366/1920] Compiling cpu_aarch64_openbsd.cc
[1367/1920] Compiling cpu_aarch64_win.cc
[1368/1920] Compiling crypto.cc
[1369/1920] Compiling cpu_aarch64_linux.cc
[1370/1920] Compiling cpu_aarch64_fuchsia.cc
[1371/1920] Compiling cpu_aarch64_sysreg.cc
[1372/1920] Compiling cpu_aarch64_apple.cc
[1373/1920] Compiling get_cipher.cc
[1374/1920] Compiling tls_cbc.cc
[1375/1920] Compiling e_rc4.cc
[1376/1920] Compiling e_tls.cc
[1377/1920] Compiling conf.cc
[1378/1920] Compiling e_des.cc
[1379/1920] Compiling e_rc2.cc
[1380/1920] Compiling cms.cc
[1381/1920] Compiling e_chacha20poly1305.cc
[1382/1920] Compiling e_aesgcmsiv.cc
[1383/1920] Compiling e_null.cc
[1384/1920] Compiling e_aeseax.cc
[1385/1920] Compiling e_aesctrhmac.cc
[1386/1920] Compiling derive_key.cc
[1387/1920] Compiling chacha.cc
[1388/1920] Compiling ber.cc
[1389/1920] Compiling unicode.cc
[1390/1920] Compiling buf.cc
[1391/1920] Compiling asn1_compat.cc
[1392/1920] Compiling sqrt.cc
[1392/1920] Compiling cbs.cc
[1394/1920] Compiling bn_asn1.cc
[1395/1920] Compiling cbb.cc
[1396/1920] Compiling exponentiation.cc
[1397/1920] Compiling pair.cc
[1398/1920] Compiling div.cc
[1399/1920] Compiling file.cc
[1400/1920] Compiling blake2.cc
[1401/1920] Compiling hexdump.cc
[1402/1920] Compiling convert.cc
[1403/1920] Compiling printf.cc
[1404/1920] Compiling bio_mem.cc
[1405/1920] Compiling base64.cc
[1406/1920] Compiling errno.cc
[1407/1920] Compiling fd.cc
[1408/1920] Compiling bio.cc
[1409/1920] Compiling asn1_par.cc
[1410/1920] Compiling tasn_typ.cc
[1411/1920] Compiling tasn_utl.cc
[1412/1920] Compiling tasn_fre.cc
[1413/1920] Compiling a_strex.cc
[1414/1920] Compiling tasn_new.cc
[1415/1920] Compiling asn1_lib.cc
[1416/1920] Compiling a_utctm.cc
[1417/1920] Compiling a_time.cc
[1418/1920] Compiling a_octet.cc
[1419/1920] Compiling a_strnid.cc
[1420/1920] Compiling a_type.cc
[1421/1920] Compiling a_object.cc
[1422/1920] Compiling a_int.cc
[1423/1920] Compiling CAsyncHTTPClient CAsyncHTTPClient.c
[1424/1920] Write sources
[1433/1920] Compiling a_dup.cc
[1434/1920] Write sources
[1435/1938] Compiling a_d2i_fp.cc
[1436/1963] Compiling a_mbstr.cc
[1437/1963] Compiling a_bool.cc
[1438/1963] Compiling aes.cc
[1440/1963] Compiling Algorithms RandomSample.swift
[1441/1963] Compiling Algorithms Reductions.swift
[1442/1965] Compiling Algorithms Grouped.swift
[1443/1965] Compiling Algorithms Indexed.swift
[1444/1965] Compiling Algorithms Intersperse.swift
[1445/1965] Compiling Algorithms Joined.swift
[1446/1965] Compiling Algorithms Keyed.swift
[1447/1965] Compiling Algorithms MinMax.swift
[1448/1965] Compiling Algorithms Chunked.swift
[1449/1965] Compiling Algorithms Combinations.swift
[1450/1965] Compiling Algorithms FlattenCollection.swift
[1451/1965] Compiling Algorithms Compacted.swift
[1452/1965] Compiling Algorithms Cycle.swift
[1453/1965] Compiling Algorithms EitherSequence.swift
[1453/1965] Compiling bcm.cc
[1455/1965] Compiling Atomics IntegerOperations.swift
[1456/1965] Compiling Atomics Unmanaged extensions.swift
[1456/1965] Compiling a_bitstr.cc
[1461/1973] Compiling Algorithms FirstNonNil.swift
[1462/1976] Compiling Algorithms Split.swift
[1463/1976] Compiling Algorithms Stride.swift
[1464/1976] Compiling Algorithms Suffix.swift
[1468/1976] Compiling Algorithms Trim.swift
[1469/1976] Compiling Algorithms Unique.swift
[1470/1976] Compiling Algorithms Windows.swift
[1472/1976] Compiling Algorithms Permutations.swift
[1473/1976] Compiling Algorithms Product.swift
[1477/1976] Compiling Algorithms AdjacentPairs.swift
[1478/1976] Compiling Algorithms Chain.swift
[1481/1976] Compiling CryptoBoringWrapper RandomBytes.swift
[1482/1976] Emitting module CryptoBoringWrapper
[1487/1976] Compiling CryptoBoringWrapper BoringSSLAEAD.swift
[1488/1976] Compiling CryptoBoringWrapper ArbitraryPrecisionInteger.swift
[1489/1976] Compiling CryptoBoringWrapper EllipticCurve.swift
[1490/1976] Compiling CryptoBoringWrapper CryptoKitErrors_boring.swift
[1491/1976] Compiling CryptoBoringWrapper EllipticCurvePoint.swift
[1492/1976] Compiling CryptoBoringWrapper FiniteFieldArithmeticContext.swift
[1493/1977] Wrapping AST for CryptoBoringWrapper for debugging
[1498/2061] Emitting module Atomics
[1499/2062] Emitting module Algorithms
[1501/2063] Wrapping AST for Atomics for debugging
[1502/2127] Wrapping AST for Algorithms for debugging
[1504/2127] Compiling NIOCore NIOCoreSendableMetatype.swift
[1505/2127] Compiling NIOCore NIODecodedAsyncSequence.swift
[1506/2127] Compiling NIOCore NIOLoopBound.swift
[1507/2127] Compiling NIOCore NIOPooledRecvBufferAllocator.swift
[1508/2127] Compiling NIOCore NIOScheduledCallback.swift
[1509/2127] Compiling NIOCore NIOSendable.swift
[1510/2127] Compiling NIOCore NIOSplitLinesMessageDecoder.swift
[1511/2127] Compiling NIOCore NIOTransportAccessibleChannelCore.swift
[1512/2127] Compiling NIOCore RecvByteBufferAllocator.swift
[1513/2135] Compiling NIOCore IPProtocol.swift
[1514/2135] Compiling NIOCore IntegerBitPacking.swift
[1515/2135] Compiling NIOCore IntegerTypes.swift
[1516/2135] Compiling NIOCore Interfaces.swift
[1517/2135] Compiling NIOCore Linux.swift
[1518/2135] Compiling NIOCore MarkedCircularBuffer.swift
[1519/2135] Compiling NIOCore MulticastChannel.swift
[1520/2135] Compiling NIOCore NIOAny.swift
[1521/2135] Compiling NIOCore NIOCloseOnErrorHandler.swift
[1522/2135] Compiling NIOCore EventLoopFuture+Deprecated.swift
[1523/2135] Compiling NIOCore EventLoopFuture+WithEventLoop.swift
[1524/2135] Compiling NIOCore EventLoopFuture.swift
[1537/2135] Compiling NIOCore FileDescriptor.swift
[1538/2135] Compiling NIOCore FileHandle.swift
[1539/2135] Compiling NIOCore FileRegion.swift
[1540/2135] Compiling NIOCore GlobalSingletons.swift
[1541/2135] Compiling NIOCore IO.swift
[1542/2135] Compiling NIOCore IOData.swift
[1543/2146] Compiling NIOCore CircularBuffer.swift
[1544/2146] Compiling NIOCore Codec.swift
[1545/2146] Compiling NIOCore ConvenienceOptionSupport.swift
[1546/2146] Compiling NIOCore DeadChannel.swift
[1547/2146] Compiling NIOCore DispatchQueue+WithFuture.swift
[1548/2146] Compiling NIOCore EventLoop+Deprecated.swift
[1549/2146] Compiling NIOCore EventLoop+SerialExecutor.swift
[1550/2146] Compiling NIOCore EventLoop.swift
[1551/2146] Compiling NIOCore EventLoopFuture+AssumeIsolated.swift
[1552/2146] Compiling NIOCore ByteBuffer-multi-int.swift
[1553/2146] Compiling NIOCore ByteBuffer-quicBinaryEncodingStrategy.swift
[1554/2146] Compiling NIOCore ByteBuffer-views.swift
[1555/2146] Compiling Crypto MACFunctions.swift
[1556/2146] Compiling Crypto MessageAuthenticationCode.swift
[1557/2146] Compiling Crypto AES.swift
[1558/2146] Compiling Crypto ECDSASignature_boring.swift
[1559/2146] Compiling Crypto ECDSA_boring.swift
[1560/2146] Compiling Crypto EdDSA_boring.swift
[1561/2146] Compiling Crypto MLDSA_boring.swift
[1562/2146] Compiling Crypto MLDSA_wrapper.swift
[1563/2146] Compiling Crypto ECDSA.swift
[1564/2146] Compiling Crypto Ed25519.swift
[1565/2146] Compiling Crypto MLDSA.swift
[1569/2146] Compiling NIOCore SingleStepByteToMessageDecoder.swift
[1570/2146] Compiling NIOCore SocketAddresses.swift
[1571/2146] Compiling NIOCore SocketOptionProvider.swift
[1572/2146] Compiling NIOCore SystemCallHelpers.swift
[1573/2146] Compiling NIOCore TimeAmount+Duration.swift
[1574/2146] Compiling NIOCore TypeAssistedChannelHandler.swift
[1575/2146] Compiling NIOCore UniversalBootstrapSupport.swift
[1576/2146] Compiling NIOCore Utilities.swift
[1577/2146] Compiling Crypto HMAC.swift
[1578/2146] Emitting module Crypto
[1579/2146] Compiling NIOCore Channel.swift
[1580/2146] Compiling NIOCore ChannelHandler.swift
[1581/2146] Compiling NIOCore ChannelHandlers.swift
[1582/2146] Compiling NIOCore ChannelInvoker.swift
[1583/2146] Compiling NIOCore ChannelOption.swift
[1584/2146] Compiling NIOCore ChannelPipeline.swift
[1585/2146] Compiling NIOCore AddressedEnvelope.swift
[1586/2146] Compiling NIOCore AsyncAwaitSupport.swift
[1587/2146] Compiling NIOCore AsyncChannel.swift
[1588/2146] Compiling NIOCore AsyncChannelHandler.swift
[1589/2146] Compiling NIOCore AsyncChannelInboundStream.swift
[1590/2146] Compiling NIOCore AsyncChannelOutboundWriter.swift
[1591/2146] Compiling NIOCore NIOAsyncSequenceProducer.swift
[1592/2146] Compiling NIOCore NIOAsyncSequenceProducerStrategies.swift
[1593/2146] Compiling NIOCore NIOAsyncWriter.swift
[1594/2146] Compiling NIOCore NIOThrowingAsyncSequenceProducer.swift
[1595/2146] Compiling NIOCore BSDSocketAPI.swift
[1596/2146] Compiling NIOCore ByteBuffer-aux.swift
[1597/2146] Compiling NIOCore ByteBuffer-binaryEncodedLengthPrefix.swift
[1598/2146] Compiling NIOCore ByteBuffer-conversions.swift
[1599/2146] Compiling NIOCore ByteBuffer-core.swift
[1600/2146] Compiling NIOCore ByteBuffer-hex.swift
[1601/2146] Compiling NIOCore ByteBuffer-int.swift
[1602/2146] Compiling NIOCore ByteBuffer-lengthPrefix.swift
[1624/2146] Compiling Crypto Signature.swift
[1625/2146] Compiling Crypto CryptoKitErrors_boring.swift
[1626/2146] Compiling Crypto Optional+withUnsafeBytes_boring.swift
[1627/2146] Compiling Crypto RNG_boring.swift
[1628/2146] Compiling Crypto SafeCompare_boring.swift
[1629/2146] Compiling Crypto Zeroization_boring.swift
[1630/2146] Compiling Crypto _CryptoModuleAnchor.swift
[1631/2146] Compiling Crypto PrettyBytes.swift
[1632/2146] Compiling Crypto SafeCompare.swift
[1633/2146] Compiling Crypto SecureBytes.swift
[1634/2146] Compiling Crypto Zeroization.swift
[1635/2147] Wrapping AST for Crypto for debugging
[1645/2209] Compiling CryptoExtras PKCS8DERRepresentation.swift
[1646/2209] Compiling CryptoExtras PKCS8PrivateKey.swift
[1647/2209] Compiling CryptoExtras RFC8410AlgorithmIdentifier.swift
[1648/2209] Compiling CryptoExtras ECToolbox_boring.swift
[1649/2209] Compiling CryptoExtras ECToolbox.swift
[1650/2209] Compiling CryptoExtras HashToField.swift
[1651/2209] Compiling CryptoExtras KDF.swift
[1652/2209] Compiling CryptoExtras PBKDF2_boring.swift
[1653/2209] Compiling CryptoExtras PBKDF2_commoncrypto.swift
[1654/2217] Compiling CryptoExtras Data+Extensions.swift
[1655/2217] Compiling CryptoExtras DigestType.swift
[1656/2217] Compiling CryptoExtras Error.swift
[1657/2217] Compiling CryptoExtras I2OSP.swift
[1658/2217] Compiling CryptoExtras IntegerEncoding.swift
[1659/2217] Compiling CryptoExtras PEMDocument.swift
[1660/2217] Compiling CryptoExtras PrettyBytes.swift
[1661/2217] Compiling CryptoExtras SubjectPublicKeyInfo.swift
[1662/2217] Compiling CryptoExtras ARCServer.swift
[1663/2217] Compiling CryptoExtras ChaCha20CTR_boring.swift
[1664/2217] Compiling CryptoExtras ChaCha20CTR.swift
[1665/2217] Compiling CryptoExtras BoringSSLSHA512256Context.swift
[1666/2217] Compiling CryptoExtras BoringSSLSHA512256HashFunction.swift
[1667/2217] Compiling CryptoExtras SHA512256.swift
[1668/2217] Compiling CryptoExtras SHA512256Digest.swift
[1669/2217] Compiling CryptoExtras Curve25519+PEM.swift
[1670/2217] Compiling CryptoExtras ObjectIdentifier.swift
[1671/2217] Emitting module CryptoExtras
[1672/2217] Compiling CryptoExtras ThreadOps.swift
[1673/2217] Compiling CryptoExtras ThreadPosix.swift
[1674/2217] Compiling CryptoExtras ThreadSpecific.swift
[1675/2217] Compiling CryptoExtras ThreadWindows.swift
[1676/2217] Compiling CryptoExtras DLEQ.swift
[1677/2217] Compiling CryptoExtras Prover.swift
[1678/2217] Compiling CryptoExtras Verifier.swift
[1679/2217] Compiling CryptoExtras ZKPToolbox.swift
[1680/2217] Compiling CryptoExtras AES_CBC.swift
[1681/2217] Compiling CryptoExtras AES_CFB.swift
[1682/2217] Compiling CryptoExtras AES_CTR.swift
[1683/2217] Compiling CryptoExtras AES_GCM_SIV.swift
[1684/2217] Compiling CryptoExtras Block Function.swift
[1685/2217] Compiling CryptoExtras AES_CBC_boring.swift
[1686/2217] Compiling CryptoExtras AES_CFB_boring.swift
[1687/2217] Compiling CryptoExtras AES_CTR_boring.swift
[1688/2217] Compiling CryptoExtras AES_GCM_SIV_boring.swift
[1689/2217] Compiling CryptoExtras CMAC.swift
[1690/2217] Compiling CryptoExtras ARC+API.swift
[1691/2217] Compiling CryptoExtras ARC.swift
[1692/2217] Compiling CryptoExtras ARCCredential.swift
[1693/2217] Compiling CryptoExtras ARCEncoding.swift
[1694/2217] Compiling CryptoExtras ARCPrecredential.swift
[1695/2217] Compiling CryptoExtras ARCPresentation.swift
[1696/2217] Compiling CryptoExtras ARCRequest.swift
[1697/2217] Compiling CryptoExtras ARCResponse.swift
[1698/2217] Compiling CryptoExtras BoringSSLPassphraseCallbackManager.swift
[1699/2217] Compiling CryptoExtras RSA+BlindSigning.swift
[1700/2217] Compiling CryptoExtras RSA.swift
[1701/2217] Compiling CryptoExtras RSA_boring.swift
[1702/2217] Compiling CryptoExtras Reexport.swift
[1703/2217] Compiling CryptoExtras Zeroization_boring.swift
[1704/2217] Compiling CryptoExtras BoringSSLHelpers.swift
[1705/2217] Compiling CryptoExtras CryptoKitErrors_boring.swift
[1706/2217] Compiling CryptoExtras PBKDF2.swift
[1707/2217] Compiling CryptoExtras Scrypt_boring.swift
[1708/2217] Compiling CryptoExtras Scrypt.swift
[1709/2217] Compiling CryptoExtras OPRF.swift
[1710/2217] Compiling CryptoExtras OPRFClient.swift
[1711/2217] Compiling CryptoExtras OPRFServer.swift
[1712/2217] Compiling CryptoExtras VOPRF+API.swift
[1713/2217] Compiling CryptoExtras VOPRFClient.swift
[1714/2217] Compiling CryptoExtras VOPRFServer.swift
[1715/2218] Wrapping AST for CryptoExtras for debugging
[1717/2220] Emitting module _CryptoExtras
[1718/2220] Compiling _CryptoExtras Exports.swift
[1746/2221] Wrapping AST for _CryptoExtras for debugging
[1748/2316] Emitting module NIOCore
[1749/2320] Wrapping AST for NIOCore for debugging
[1751/2374] Compiling NIOFoundationEssentialsCompat Codable+ByteBuffer.swift
[1752/2374] Compiling NIOEmbedded AsyncTestingEventLoop.swift
[1753/2374] Emitting module NIOFoundationEssentialsCompat
[1754/2374] Compiling NIOFoundationEssentialsCompat ByteBuffer-foundation.swift
[1756/2375] Compiling NIOEmbedded Embedded.swift
[1756/2375] Wrapping AST for NIOFoundationEssentialsCompat for debugging
[1758/2375] Emitting module NIOEmbedded
[1759/2375] Compiling NIOEmbedded AsyncTestingChannel.swift
[1760/2376] Wrapping AST for NIOEmbedded for debugging
[1762/2376] Compiling X509 OneOfPolicies.swift
[1763/2376] Compiling X509 PolicyBuilder.swift
[1764/2376] Compiling X509 BasicConstraintsPolicy.swift
[1765/2376] Compiling X509 DNSNames.swift
[1766/2376] Compiling X509 ExpiryPolicy.swift
[1767/2376] Compiling X509 IPConstraints.swift
[1768/2376] Compiling X509 NameConstraintsPolicy.swift
[1769/2376] Compiling X509 RFC5280Policy.swift
[1770/2376] Compiling X509 URIConstraints.swift
[1771/2376] Compiling X509 VersionPolicy.swift
[1772/2376] Compiling X509 ServerIdentityPolicy.swift
[1773/2376] Compiling X509 TrustRootLoading.swift
[1774/2376] Compiling X509 UnverifiedChain.swift
[1775/2389] Compiling X509 PKCS8PrivateKey.swift
[1776/2389] Compiling X509 PromiseAndFuture.swift
[1777/2389] Compiling X509 RDNAttribute.swift
[1778/2389] Compiling X509 RandomNumberGenerator+bytes.swift
[1779/2389] Compiling X509 RelativeDistinguishedName.swift
[1780/2389] Compiling X509 SEC1PrivateKey.swift
[1781/2389] Compiling X509 SecKeyWrapper.swift
[1782/2389] Compiling X509 Signature.swift
[1783/2389] Compiling X509 SignatureAlgorithm.swift
[1784/2389] Compiling X509 AllOfPolicies.swift
[1785/2389] Compiling X509 AnyPolicy.swift
[1786/2389] Compiling X509 CertificateStore.swift
[1787/2389] Compiling X509 CustomCertificateStore.swift
[1788/2389] Compiling NIOPosix BSDSocketAPICommon.swift
[1789/2389] Compiling NIOPosix BSDSocketAPIPosix.swift
[1790/2389] Compiling NIOPosix BSDSocketAPIWindows.swift
[1791/2389] Compiling NIOPosix BaseSocket.swift
[1792/2389] Compiling NIOPosix BaseSocketChannel+AccessibleTransport.swift
[1793/2389] Compiling NIOPosix BaseSocketChannel+SocketOptionProvider.swift
[1794/2389] Compiling NIOPosix BaseSocketChannel.swift
[1795/2389] Compiling NIOPosix BaseStreamSocketChannel.swift
[1796/2389] Compiling NIOPosix Bootstrap.swift
[1797/2389] Compiling NIOPosix ControlMessage.swift
[1798/2389] Compiling NIOPosix DatagramVectorReadManager.swift
[1799/2389] Compiling NIOPosix Errors+Any.swift
[1800/2389] Compiling NIOPosix FileDescriptor.swift
[1801/2389] Compiling NIOPosix GetaddrinfoResolver.swift
[1802/2389] Compiling NIOPosix HappyEyeballs.swift
[1803/2389] Compiling NIOPosix IO.swift
[1804/2389] Compiling NIOPosix IntegerBitPacking.swift
[1805/2389] Compiling NIOPosix IntegerTypes.swift
[1806/2389] Compiling NIOPosix Linux.swift
[1807/2389] Compiling NIOPosix LinuxCPUSet.swift
[1808/2389] Compiling NIOPosix LinuxUring.swift
[1809/2389] Compiling NIOPosix MultiThreadedEventLoopGroup.swift
[1810/2389] Compiling NIOPosix NIOPosixSendableMetatype.swift
[1811/2389] Compiling NIOPosix NIORandomizedDNSResolver.swift
[1812/2389] Compiling NIOPosix NIOThreadPool.swift
[1813/2389] Compiling NIOPosix NonBlockingFileIO.swift
[1814/2389] Compiling NIOPosix PendingDatagramWritesManager.swift
[1815/2389] Compiling NIOPosix PendingWritesManager.swift
[1816/2389] Compiling X509 OCSPExtensionID.swift
[1817/2389] Compiling X509 OCSPNonce.swift
[1818/2389] Compiling X509 OCSPPolicy.swift
[1819/2389] Compiling X509 OCSPRequest.swift
[1820/2389] Compiling X509 OCSPResponse.swift
[1821/2389] Compiling X509 OCSPResponseBytes.swift
[1822/2389] Compiling X509 OCSPResponseData.swift
[1823/2389] Compiling X509 OCSPResponseStatus.swift
[1824/2389] Compiling X509 OCSPSignature.swift
[1825/2389] Compiling X509 OCSPSingleRequest.swift
[1826/2389] Compiling X509 OCSPSingleResponse.swift
[1827/2389] Compiling X509 OCSPTBSRequest.swift
[1828/2389] Compiling X509 OCSPVersion.swift
[1829/2389] Compiling NIOPosix SelectorWSAPoll.swift
[1830/2389] Compiling NIOPosix ServerSocket.swift
[1831/2389] Compiling NIOPosix Socket.swift
[1832/2389] Compiling NIOPosix SocketChannel.swift
[1833/2389] Compiling NIOPosix SocketProtocols.swift
[1834/2389] Compiling NIOPosix StructuredConcurrencyHelpers.swift
[1835/2389] Compiling NIOPosix System.swift
[1836/2389] Compiling X509 Lock.swift
[1837/2389] Compiling X509 LockedValueBox.swift
[1838/2389] Compiling X509 BasicOCSPResponse.swift
[1839/2389] Compiling X509 DirectoryString.swift
[1840/2389] Compiling X509 OCSPCertID.swift
[1841/2389] Compiling X509 OCSPCertStatus.swift
[1842/2389] Compiling NIOPosix PipeChannel.swift
[1843/2389] Compiling NIOPosix PipePair.swift
[1844/2389] Compiling NIOPosix Pool.swift
[1845/2389] Compiling NIOPosix PosixSingletons+ConcurrencyTakeOver.swift
[1846/2389] Compiling NIOPosix PosixSingletons.swift
[1847/2389] Compiling NIOPosix RawSocketBootstrap.swift
[1848/2389] Compiling NIOPosix Resolver.swift
[1849/2389] Compiling NIOPosix Selectable.swift
[1850/2389] Compiling NIOPosix SelectableChannel.swift
[1851/2389] Compiling NIOPosix SelectableEventLoop.swift
[1852/2389] Compiling NIOPosix SelectorEpoll.swift
[1853/2389] Compiling NIOPosix SelectorGeneric.swift
[1854/2389] Compiling NIOPosix SelectorKqueue.swift
[1855/2389] Compiling NIOPosix SelectorUring.swift
[1884/2396] Emitting module NIOPosix
[1885/2396] Compiling NIOPosix Thread.swift
[1886/2396] Compiling NIOPosix ThreadPosix.swift
[1887/2396] Compiling NIOPosix ThreadWindows.swift
[1888/2396] Compiling NIOPosix Utilities.swift
[1889/2396] Compiling NIOPosix VsockAddress.swift
[1890/2396] Compiling NIOPosix VsockChannelEvents.swift
[1891/2396] Compiling NIOPosix Windows.swift
[1913/2397] Wrapping AST for NIOPosix for debugging
[1915/2399] Emitting module NIO
[1916/2399] Compiling NIO Exports.swift
[1918/2400] Emitting module X509
[1918/2400] Wrapping AST for NIO for debugging
[1920/2439] Compiling NIOFoundationCompat Exports.swift
[1921/2439] Compiling NIOFoundationCompat WaitSpinningRunLoop.swift
[1922/2439] Compiling NIOFoundationCompat JSONSerialization+ByteBuffer.swift
[1923/2439] Compiling NIOTLS TLSEvents.swift
[1924/2439] Emitting module NIOFoundationCompat
[1925/2439] Compiling NIOTLS ApplicationProtocolNegotiationHandler.swift
[1926/2440] Emitting module NIOTLS
[1927/2440] Wrapping AST for NIOFoundationCompat for debugging
[1929/2440] Compiling NIOTLS NIOTypedApplicationProtocolNegotiationHandler.swift
[1930/2440] Compiling NIOTLS SNIHandler.swift
[1931/2440] Compiling NIOTLS ProtocolNegotiationHandlerStateMachine.swift
[1932/2441] Compiling NIOHTTP1 HTTPServerProtocolErrorHandler.swift
[1933/2441] Compiling NIOHTTP1 HTTPHeaderValidator.swift
[1934/2441] Compiling NIOHTTP1 HTTPHeaders+Validation.swift
[1935/2441] Compiling NIOHTTP1 HTTPPipelineSetup.swift
[1936/2442] Compiling NIOHTTP1 HTTPEncoder.swift
[1937/2442] Compiling NIOHTTP1 HTTPServerPipelineHandler.swift
[1938/2442] Compiling NIOSOCKS SOCKSResponse.swift
[1939/2442] Compiling NIOSOCKS ClientStateMachine.swift
[1940/2442] Compiling NIOSOCKS SelectedAuthenticationMethod.swift
[1942/2442] Compiling NIOHTTP1 ByteCollectionUtils.swift
[1943/2442] Compiling NIOHTTP1 HTTPDecoder.swift
[1944/2442] Emitting module NIOSOCKS
[1944/2442] Wrapping AST for NIOTLS for debugging
[1946/2472] Compiling NIOSOCKS ServerStateMachine.swift
[1947/2473] Wrapping AST for NIOSOCKS for debugging
[1949/2473] Compiling NIOSSL FreeBSDCABundle.swift
[1950/2473] Compiling NIOSSL IdentityVerification.swift
[1951/2473] Compiling NIOSSL LinuxCABundle.swift
[1952/2473] Compiling NIOSSL NIOSSLClientHandler.swift
[1953/2473] Compiling NIOSSL NIOSSLHandler+Configuration.swift
[1954/2475] Compiling NIOSSL ObjectIdentifier.swift
[1955/2475] Compiling NIOSSL PosixPort.swift
[1956/2475] Compiling NIOSSL SSLConnection.swift
[1957/2475] Compiling NIOSSL NIOSSLServerHandler.swift
[1958/2475] Compiling NIOHTTP1 NIOTypedHTTPServerUpgradeHandler.swift
[1959/2475] Compiling NIOHTTP1 NIOTypedHTTPServerUpgraderStateMachine.swift
[1960/2475] Compiling X509 ValidatedCertificateChain.swift
[1961/2475] Compiling X509 VerificationDiagnostic.swift
[1962/2475] Compiling X509 Verifier.swift
[1963/2475] Compiling X509 VerifierPolicy.swift
[1964/2475] Compiling X509 AlgorithmIdentifier.swift
[1965/2475] Compiling X509 ECDSASignature.swift
[1966/2475] Compiling X509 RSAPKCS1PublicKey.swift
[1967/2475] Compiling X509 SubjectPublicKeyInfo.swift
[1968/2475] Compiling X509 TBSCertificate.swift
[1969/2475] Compiling X509 Time.swift
[1970/2475] Compiling X509 TimeCalculations.swift
[1971/2475] Compiling X509 Validity.swift
[1972/2475] Compiling X509 X509SendableMetatype.swift
[1973/2476] Wrapping AST for X509 for debugging
[1975/2543] Compiling JWTKit LocaleClaim.swift
[1976/2543] Compiling JWTKit NotBeforeClaim.swift
[1977/2543] Compiling JWTKit EdDSASigner.swift
[1978/2543] Compiling JWTKit JWTKeyCollection+EdDSA.swift
[1979/2543] Compiling JWTKit MLDSAType.swift
[1980/2543] Compiling JWTKit JWTKeyCollection+UnsecuredNone.swift
[1981/2543] Compiling JWTKit UnsecuredNoneSigner.swift
[1982/2543] Compiling JWTKit JWTKeyCollection+RSA.swift
[1983/2543] Compiling JWTKit RSA.swift
[1984/2543] Compiling JWTKit RSAError.swift
[1985/2543] Compiling JWTKit RSASigner.swift
[1986/2543] Compiling JWTKit Base64URL.swift
[1987/2543] Compiling JWTKit CryptoSigner.swift
[1988/2552] Emitting module NIOHTTP1
[1989/2552] Compiling JWTKit ECDSASigningAlgorithm.swift
[1990/2552] Compiling JWTKit JWTKeyCollection+ECDSA.swift
[1991/2552] Compiling JWTKit P256+CurveType.swift
[1992/2553] Wrapping AST for NIOHTTP1 for debugging
[1994/2570] Compiling JWTKit JWTSerializer.swift
[1995/2570] Compiling JWTKit JWTSigner.swift
[1996/2570] Compiling JWTKit JWTKeyCollection+MLDSA.swift
[1997/2570] Compiling JWTKit MLDSA.swift
[1998/2570] Compiling JWTKit MLDSA65+MLDSAKey.swift
[1999/2570] Compiling JWTKit MLDSA87+MLDSAKey.swift
[2000/2570] Compiling JWTKit MLDSAError.swift
[2001/2570] Compiling JWTKit MLDSAKey.swift
[2002/2570] Compiling JWTKit MLDSASigner.swift
[2003/2570] Compiling JWTKit JWTAlgorithm.swift
[2004/2570] Compiling JWTKit JWTError.swift
[2005/2570] Compiling JWTKit JWTHeader+CommonFields.swift
[2006/2570] Compiling JWTKit JWTHeader.swift
[2007/2570] Compiling JWTKit JWTHeaderField.swift
[2008/2570] Compiling JWTKit JWTKeyCollection.swift
[2009/2570] Compiling JWTKit JWTParser+MandatoryVerificationFields.swift
[2010/2570] Compiling JWTKit JWTParser.swift
[2011/2570] Compiling JWTKit JWTPayload.swift
[2012/2570] Emitting module NIOSSL
[2013/2574] Compiling NIOSSL TLSConfiguration.swift
[2014/2574] Compiling NIOSSL UniversalBootstrapSupport.swift
[2015/2574] Compiling NIOSSL UnsafeKeyAndChainTarget.swift
[2016/2574] Compiling JWTKit JWTKeyCollection+HMAC.swift
[2017/2574] Compiling JWTKit Insecure.swift
[2018/2574] Compiling JWTKit JWK.swift
[2019/2574] Compiling JWTKit JWKIdentifier.swift
[2020/2574] Compiling JWTKit JWKS.swift
[2021/2574] Compiling JWTKit JWKSigner.swift
[2022/2574] Compiling NIOHPACK DynamicHeaderTable.swift
[2023/2574] Compiling NIOHPACK HPACKDecoder.swift
[2024/2574] Compiling NIOHPACK HPACKEncoder.swift
[2025/2574] Compiling NIOHPACK HPACKErrors.swift
[2026/2574] Compiling NIOHPACK HPACKHeader.swift
[2027/2574] Compiling NIOHPACK HeaderTables.swift
[2028/2574] Compiling JWTKit EdDSACurve.swift
[2029/2574] Compiling JWTKit EdDSAError.swift
[2034/2574] Compiling JWTKit SubjectClaim.swift
[2035/2574] Compiling JWTKit TenantIDClaim.swift
[2036/2574] Compiling JWTKit ECDSA.swift
[2037/2574] Compiling JWTKit ECDSACurve.swift
[2038/2574] Compiling JWTKit ECDSACurveType.swift
[2039/2574] Compiling JWTKit ECDSAError.swift
[2040/2574] Compiling JWTKit ECDSAKeyTypes.swift
[2041/2574] Compiling JWTKit ECDSASigner.swift
[2042/2574] Compiling JWTKit AudienceClaim.swift
[2043/2574] Compiling JWTKit BoolClaim.swift
[2044/2574] Compiling JWTKit ExpirationClaim.swift
[2045/2574] Compiling JWTKit GoogleHostedDomainClaim.swift
[2046/2574] Compiling JWTKit IDClaim.swift
[2047/2574] Compiling JWTKit IssuedAtClaim.swift
[2048/2574] Compiling JWTKit IssuerClaim.swift
[2049/2574] Compiling JWTKit JWTClaim.swift
[2050/2574] Compiling JWTKit JWTMultiValueClaim.swift
[2051/2574] Compiling NIOSSL Zeroization.swift
[2060/2574] Compiling NIOHPACK IntegerCoding.swift
[2061/2575] Emitting module NIOHPACK
[2064/2575] Emitting module NIOHTTPCompression
[2065/2575] Compiling NIOHPACK IndexedHeaderTable.swift
[2066/2575] Compiling NIOHTTPCompression HTTPCompression.swift
[2067/2575] Compiling NIOHTTPCompression HTTPDecompressor.swift
[2068/2575] Compiling NIOHTTPCompression HTTPDecompression.swift
[2069/2575] Emitting module JWTKit
[2070/2575] Compiling NIOHPACK HuffmanCoding.swift
[2071/2575] Compiling NIOHPACK HuffmanTables.swift
[2072/2575] Compiling NIOHPACK StaticHeaderTable.swift
[2073/2575] Compiling NIOHTTPCompression HTTPResponseCompressor.swift
[2074/2575] Compiling NIOHTTPCompression HTTPRequestCompressor.swift
[2096/2576] Wrapping AST for NIOHTTPCompression for debugging
[2102/2577] Wrapping AST for NIOHPACK for debugging
[2104/2640] Compiling JWTKit CustomizedJSONCoders.swift
[2105/2640] Compiling JWTKit Utilities.swift
[2106/2640] Compiling JWTKit AppleIdentityToken.swift
[2107/2640] Compiling JWTKit FirebaseAuthIdentityToken.swift
[2108/2640] Compiling JWTKit GoogleIdentityToken.swift
[2109/2640] Compiling JWTKit MicrosoftIdentityToken.swift
[2110/2640] Compiling JWTKit EmptyPolicy.swift
[2111/2640] Compiling JWTKit ValidationTimePayload.swift
[2112/2640] Compiling JWTKit X5CVerifier.swift
[2114/2641] Compiling NIOHTTP2 SendingGoawayState.swift
[2115/2641] Compiling NIOHTTP2 SendingHeadersState.swift
[2116/2641] Compiling NIOHTTP2 SendingPushPromiseState.swift
[2117/2641] Compiling NIOHTTP2 SendingRstStreamState.swift
[2118/2642] Wrapping AST for JWTKit for debugging
[2119/2642] Wrapping AST for NIOSSL for debugging
[2121/2642] Compiling NIOHTTP2 HasFlowControlWindows.swift
[2122/2642] Compiling NIOHTTP2 HasLocalSettings.swift
[2123/2642] Compiling NIOHTTP2 HasRemoteSettings.swift
[2124/2642] Compiling NIOHTTP2 LocallyQuiescingState.swift
[2125/2642] Compiling NIOHTTP2 QuiescingState.swift
[2126/2642] Compiling NIOHTTP2 RemotelyQuiescingState.swift
[2127/2642] Compiling NIOHTTP2 SendAndReceiveGoawayState.swift
[2128/2642] Compiling NIOHTTP2 StateMachineResult.swift
[2129/2642] Compiling NIOHTTP2 ContentLengthVerifier.swift
[2130/2650] Emitting module NIOHTTP2
[2131/2650] Compiling NIOHTTP2 NIOHTTP2ServerConnectionManagementHandler.swift
[2132/2650] Compiling NIOHTTP2 StreamChannelFlowController.swift
[2133/2650] Compiling NIOHTTP2 StreamChannelList.swift
[2134/2650] Compiling NIOHTTP2 StreamMap.swift
[2135/2650] Compiling NIOHTTP2 StreamStateMachine.swift
[2136/2650] Compiling NIOHTTP2 Timer.swift
[2137/2650] Compiling NIOHTTP2 UnsafeTransfer.swift
[2138/2650] Compiling NIOHTTP2 WatermarkedFlowController.swift
[2139/2650] Compiling NIOHTTP2 HTTP2StreamMultiplexer.swift
[2140/2650] Compiling NIOHTTP2 HTTP2ToHTTP1Codec.swift
[2141/2650] Compiling NIOHTTP2 HTTP2UserEvents.swift
[2142/2650] Compiling NIOHTTP2 InboundEventBuffer.swift
[2143/2650] Compiling NIOHTTP2 InboundWindowManager.swift
[2144/2650] Compiling NIOHTTP2 MultiplexerAbstractChannel.swift
[2145/2650] Compiling NIOHTTP2 NIOHTTP2FrameDelegate.swift
[2146/2650] Compiling NIOHTTP2 NIOHTTP2ServerConnectionManagementHandler+StateMachine.swift
[2147/2650] Compiling NIOHTTP2 HTTP2ChannelHandler+InlineStreamMultiplexer.swift
[2148/2650] Compiling NIOHTTP2 HTTP2ChannelHandler.swift
[2149/2650] Compiling NIOHTTP2 HTTP2CommonInboundStreamMultiplexer.swift
[2150/2650] Compiling NIOHTTP2 HTTP2ConnectionStateChange.swift
[2151/2650] Compiling NIOHTTP2 HTTP2Error.swift
[2152/2650] Compiling NIOHTTP2 HTTP2ErrorCode.swift
[2153/2650] Compiling NIOHTTP2 HTTP2FlowControlWindow.swift
[2154/2650] Compiling NIOHTTP2 HTTP2Frame.swift
[2155/2650] Compiling NIOHTTP2 HTTP2FrameEncoder.swift
[2156/2650] Compiling NIOHTTP2 HTTP2FrameParser.swift
[2157/2650] Compiling NIOHTTP2 HTTP2PingData.swift
[2158/2650] Compiling NIOHTTP2 HTTP2PipelineHelpers.swift
[2159/2650] Compiling NIOHTTP2 HTTP2Settings.swift
[2160/2650] Compiling NIOHTTP2 HTTP2Stream.swift
[2161/2650] Compiling NIOHTTP2 HTTP2StreamChannel+OutboundStreamMultiplexer.swift
[2162/2650] Compiling NIOHTTP2 HTTP2StreamChannel.swift
[2163/2650] Compiling NIOHTTP2 HTTP2StreamDelegate.swift
[2164/2650] Compiling NIOHTTP2 HTTP2StreamID.swift
[2165/2650] Compiling NIOHTTP2 ConnectionStateMachine.swift
[2166/2650] Compiling NIOHTTP2 ConnectionStreamsState.swift
[2167/2650] Compiling NIOHTTP2 MayReceiveFrames.swift
[2168/2650] Compiling NIOHTTP2 ReceivingDataState.swift
[2169/2650] Compiling NIOHTTP2 ReceivingGoAwayState.swift
[2170/2650] Compiling NIOHTTP2 ReceivingHeadersState.swift
[2171/2650] Compiling NIOHTTP2 ReceivingPushPromiseState.swift
[2172/2650] Compiling NIOHTTP2 ReceivingRstStreamState.swift
[2173/2650] Compiling NIOHTTP2 ReceivingWindowUpdateState.swift
[2174/2650] Compiling NIOHTTP2 MaySendFrames.swift
[2175/2650] Compiling NIOHTTP2 SendingDataState.swift
[2180/2650] Compiling NIOHTTP2 SendingWindowUpdateState.swift
[2181/2650] Compiling NIOHTTP2 HTTP2SettingsState.swift
[2182/2650] Compiling NIOHTTP2 HasExtendedConnectSettings.swift
[2183/2650] Compiling NIOHTTP2 DOSHeuristics.swift
[2184/2650] Compiling NIOHTTP2 Error+Any.swift
[2185/2650] Compiling NIOHTTP2 ConcurrentStreamBuffer.swift
[2186/2650] Compiling NIOHTTP2 ControlFrameBuffer.swift
[2187/2650] Compiling NIOHTTP2 OutboundFlowControlBuffer.swift
[2188/2650] Compiling NIOHTTP2 OutboundFrameBuffer.swift
[2189/2650] Compiling NIOHTTP2 GlitchesMonitor.swift
[2190/2650] Compiling NIOHTTP2 HPACKHeaders+Validation.swift
[2191/2650] Compiling NIOHTTP2 HTTP2ChannelHandler+InboundStreamMultiplexer.swift
[2192/2651] Wrapping AST for NIOHTTP2 for debugging
[2194/2715] Compiling AsyncHTTPClient HTTPClientResponse.swift
[2195/2715] Compiling AsyncHTTPClient SingleIteratorPrecondition.swift
[2196/2715] Compiling AsyncHTTPClient Transaction+StateMachine.swift
[2197/2715] Compiling AsyncHTTPClient Transaction.swift
[2198/2715] Compiling AsyncHTTPClient Base64.swift
[2199/2715] Compiling AsyncHTTPClient BasicAuth.swift
[2200/2715] Compiling AsyncHTTPClient BestEffortHashableTLSConfiguration.swift
[2201/2715] Compiling AsyncHTTPClient Configuration+BrowserLike.swift
[2202/2715] Compiling AsyncHTTPClient ConnectionPool.swift
[2203/2723] Compiling AsyncHTTPClient AnyAsyncSequence.swift
[2204/2723] Compiling AsyncHTTPClient AnyAsyncSequenceProucerDelete.swift
[2205/2723] Compiling AsyncHTTPClient AsyncLazySequence.swift
[2206/2723] Compiling AsyncHTTPClient HTTPClient+execute.swift
[2207/2723] Compiling AsyncHTTPClient HTTPClient+shutdown.swift
[2208/2723] Compiling AsyncHTTPClient HTTPClient+tracing.swift
[2209/2723] Compiling AsyncHTTPClient HTTPClientRequest+Prepared.swift
[2210/2723] Compiling AsyncHTTPClient HTTPClientRequest+auth.swift
[2211/2723] Compiling AsyncHTTPClient HTTPClientRequest.swift
[2212/2723] Compiling AsyncHTTPClient RequestValidation.swift
[2213/2723] Compiling AsyncHTTPClient SSLContextCache.swift
[2214/2723] Compiling AsyncHTTPClient Scheme.swift
[2215/2723] Compiling AsyncHTTPClient Singleton.swift
[2216/2723] Compiling AsyncHTTPClient StringConvertibleInstances.swift
[2217/2723] Compiling AsyncHTTPClient StructuredConcurrencyHelpers.swift
[2218/2723] Compiling AsyncHTTPClient TracingSupport.swift
[2219/2723] Compiling AsyncHTTPClient Utils.swift
[2220/2723] Compiling AsyncHTTPClient LRUCache.swift
[2221/2723] Compiling AsyncHTTPClient NIOLoopBound+Execute.swift
[2222/2723] Compiling AsyncHTTPClient NWErrorHandler.swift
[2223/2723] Compiling AsyncHTTPClient NWWaitingHandler.swift
[2224/2723] Compiling AsyncHTTPClient TLSConfiguration.swift
[2225/2723] Compiling AsyncHTTPClient RedirectState.swift
[2226/2723] Compiling AsyncHTTPClient RequestBag+StateMachine.swift
[2227/2723] Compiling AsyncHTTPClient RequestBag+Tracing.swift
[2228/2723] Compiling AsyncHTTPClient RequestBag.swift
[2229/2723] Compiling AsyncHTTPClient RequestOptions.swift
[2230/2723] Compiling AsyncHTTPClient HTTPConnectionPool+Backoff.swift
[2231/2723] Compiling AsyncHTTPClient HTTPConnectionPool+HTTP1Connections.swift
[2232/2723] Compiling AsyncHTTPClient HTTPConnectionPool+HTTP1StateMachine.swift
[2233/2723] Compiling AsyncHTTPClient HTTPConnectionPool+HTTP2Connections.swift
[2234/2723] Compiling AsyncHTTPClient HTTPConnectionPool+HTTP2StateMachine.swift
[2235/2723] Compiling AsyncHTTPClient HTTPConnectionPool+RequestQueue.swift
[2236/2723] Compiling AsyncHTTPClient HTTPConnectionPool+StateMachine.swift
[2237/2723] Compiling AsyncHTTPClient ConnectionTarget.swift
[2238/2723] Compiling AsyncHTTPClient HTTPConnectionEvent.swift
[2239/2723] Compiling AsyncHTTPClient HTTPConnectionPool+Factory.swift
[2240/2723] Compiling AsyncHTTPClient HTTPConnectionPool+Manager.swift
[2241/2723] Compiling AsyncHTTPClient HTTPConnectionPool.swift
[2242/2723] Compiling AsyncHTTPClient HTTPExecutableRequest.swift
[2243/2723] Compiling AsyncHTTPClient HTTPRequestStateMachine+Demand.swift
[2244/2723] Compiling AsyncHTTPClient HTTPRequestStateMachine.swift
[2245/2723] Compiling AsyncHTTPClient RequestBodyLength.swift
[2246/2723] Compiling AsyncHTTPClient RequestFramingMetadata.swift
[2247/2723] Emitting module AsyncHTTPClient
[2248/2723] Compiling AsyncHTTPClient DeconstructedURL.swift
[2249/2723] Compiling AsyncHTTPClient FileDownloadDelegate.swift
[2250/2723] Compiling AsyncHTTPClient FoundationExtensions.swift
[2251/2723] Compiling AsyncHTTPClient HTTPClient+HTTPCookie.swift
[2252/2723] Compiling AsyncHTTPClient HTTPClient+Proxy.swift
[2253/2723] Compiling AsyncHTTPClient HTTPClient+StructuredConcurrency.swift
[2254/2723] Compiling AsyncHTTPClient HTTPClient.swift
[2255/2723] Compiling AsyncHTTPClient HTTPClientConfiguration+SwiftConfiguration.swift
[2256/2723] Compiling AsyncHTTPClient HTTPHandler.swift
[2257/2723] Compiling AsyncHTTPClient HTTP1ProxyConnectHandler.swift
[2258/2723] Compiling AsyncHTTPClient SOCKSEventsHandler.swift
[2259/2723] Compiling AsyncHTTPClient TLSEventsHandler.swift
[2260/2723] Compiling AsyncHTTPClient HTTP1ClientChannelHandler.swift
[2261/2723] Compiling AsyncHTTPClient HTTP1Connection.swift
[2262/2723] Compiling AsyncHTTPClient HTTP1ConnectionStateMachine.swift
[2263/2723] Compiling AsyncHTTPClient HTTP2ClientRequestHandler.swift
[2264/2723] Compiling AsyncHTTPClient HTTP2Connection.swift
[2265/2723] Compiling AsyncHTTPClient HTTP2IdleHandler.swift
[2266/2724] Wrapping AST for AsyncHTTPClient for debugging
[2268/2747] Compiling GoogleAuth UserAccountData.swift
[2269/2747] Compiling GoogleAuth UserAccountTokenProvider.swift
[2270/2747] Compiling GoogleAuth UserCredentials.swift
[2271/2750] Emitting module GoogleAuth
[2272/2750] Compiling GoogleAuth ADC.swift
[2273/2750] Compiling GoogleAuth ADCPath.swift
[2274/2750] Compiling GoogleAuth ADCResolver.swift
[2275/2750] Compiling GoogleAuth AuthHeaders.swift
[2276/2750] Compiling GoogleAuth CredentialParserRegistry.swift
[2277/2750] Compiling GoogleAuth Credentials.swift
[2278/2750] Compiling GoogleAuth CredentialsError.swift
[2279/2750] Compiling GoogleAuth SubjectTokenProvider.swift
[2280/2750] Compiling GoogleAuth MDSAccessTokenProvider.swift
[2281/2750] Compiling GoogleAuth MDSCredentials.swift
[2282/2750] Compiling GoogleAuth AnonymousCredentials.swift
[2283/2750] Compiling GoogleAuth ApiKeyCredentials.swift
[2284/2750] Compiling GoogleAuth ExternalAccountCredentials.swift
[2285/2750] Compiling GoogleAuth AuthHTTPClient.swift
[2286/2750] Compiling GoogleAuth AuthHTTPError.swift
[2287/2750] Compiling GoogleAuth RetryEngine.swift
[2288/2750] Compiling GoogleAuth ServiceAccountCredentials.swift
[2289/2750] Compiling GoogleAuth ServiceAccountData.swift
[2290/2750] Compiling GoogleAuth ServiceAccountTokenProvider.swift
[2291/2750] Compiling GoogleAuth STSHandler.swift
[2292/2750] Compiling GoogleAuth TokenCache.swift
[2293/2750] Compiling GoogleAuth PackageVersion.swift
[2294/2751] Wrapping AST for GoogleAuth for debugging
[2296/2809] Compiling GoogleGax ContinueOnIO.swift
[2297/2809] Compiling GoogleGax CredentialsProtocol.swift
[2298/2809] Compiling GoogleGax ErrorWrapper.swift
[2299/2809] Compiling GoogleGax ExponentialBackoff+BackoffPolicy.swift
[2300/2809] Compiling GoogleGax ExponentialBackoff+PollingBackoffPolicy.swift
[2301/2809] Compiling GoogleGax ExponentialBackoff.swift
[2302/2809] Compiling GoogleGax HTTPClient.swift
[2303/2809] Compiling GoogleGax HTTPClientHolder.swift
[2304/2817] Compiling GoogleGax RequestOptions.swift
[2305/2817] Compiling GoogleGax RetryLoop.swift
[2306/2817] Compiling GoogleGax RetryPolicy.swift
[2307/2817] Compiling GoogleGax RetryResult.swift
[2308/2817] Compiling GoogleGax RetryState.swift
[2309/2817] Compiling GoogleGax RetryThrottler.swift
[2310/2817] Compiling GoogleGax RetryThrottlerError.swift
[2311/2817] Compiling GoogleGax RoutingMatcher.swift
[2312/2817] Compiling GoogleGax Pagination.swift
/host/spi-builder-workspace/.build/checkouts/swift-google-gax/Sources/GoogleGax/Pagination.swift:44:22: error: cannot convert '@Sendable (String) async throws -> (response: ResponseType, items: [Item], nextToken: String)' to 'nonisolated(nonsending) @Sendable (String) async throws -> (response: ResponseType, items: [Item], nextToken: String)' because crossing of an isolation boundary requires parameter and result types to conform to 'Sendable' protocol
 42 |   ) where ResponseType: _PaginatedResponse<Item> {
 43 |     self.initialPageToken = initialPageToken ?? ""
 44 |     self.fetchPage = { token in
    |                      |- error: cannot convert '@Sendable (String) async throws -> (response: ResponseType, items: [Item], nextToken: String)' to 'nonisolated(nonsending) @Sendable (String) async throws -> (response: ResponseType, items: [Item], nextToken: String)' because crossing of an isolation boundary requires parameter and result types to conform to 'Sendable' protocol
    |                      `- note: type 'Item' does not conform to 'Sendable' protocol
 45 |       let response = try await listRpc(token)
 46 |       return (response, response._getPaginatedItems(), response._nextPageToken())
[2313/2817] Compiling GoogleGax PollingBackoffPolicy.swift
/host/spi-builder-workspace/.build/checkouts/swift-google-gax/Sources/GoogleGax/Pagination.swift:44:22: error: cannot convert '@Sendable (String) async throws -> (response: ResponseType, items: [Item], nextToken: String)' to 'nonisolated(nonsending) @Sendable (String) async throws -> (response: ResponseType, items: [Item], nextToken: String)' because crossing of an isolation boundary requires parameter and result types to conform to 'Sendable' protocol
 42 |   ) where ResponseType: _PaginatedResponse<Item> {
 43 |     self.initialPageToken = initialPageToken ?? ""
 44 |     self.fetchPage = { token in
    |                      |- error: cannot convert '@Sendable (String) async throws -> (response: ResponseType, items: [Item], nextToken: String)' to 'nonisolated(nonsending) @Sendable (String) async throws -> (response: ResponseType, items: [Item], nextToken: String)' because crossing of an isolation boundary requires parameter and result types to conform to 'Sendable' protocol
    |                      `- note: type 'Item' does not conform to 'Sendable' protocol
 45 |       let response = try await listRpc(token)
 46 |       return (response, response._getPaginatedItems(), response._nextPageToken())
[2314/2817] Compiling GoogleGax PollingErrorPolicy.swift
/host/spi-builder-workspace/.build/checkouts/swift-google-gax/Sources/GoogleGax/Pagination.swift:44:22: error: cannot convert '@Sendable (String) async throws -> (response: ResponseType, items: [Item], nextToken: String)' to 'nonisolated(nonsending) @Sendable (String) async throws -> (response: ResponseType, items: [Item], nextToken: String)' because crossing of an isolation boundary requires parameter and result types to conform to 'Sendable' protocol
 42 |   ) where ResponseType: _PaginatedResponse<Item> {
 43 |     self.initialPageToken = initialPageToken ?? ""
 44 |     self.fetchPage = { token in
    |                      |- error: cannot convert '@Sendable (String) async throws -> (response: ResponseType, items: [Item], nextToken: String)' to 'nonisolated(nonsending) @Sendable (String) async throws -> (response: ResponseType, items: [Item], nextToken: String)' because crossing of an isolation boundary requires parameter and result types to conform to 'Sendable' protocol
    |                      `- note: type 'Item' does not conform to 'Sendable' protocol
 45 |       let response = try await listRpc(token)
 46 |       return (response, response._getPaginatedItems(), response._nextPageToken())
[2315/2817] Compiling GoogleGax PollingResult.swift
/host/spi-builder-workspace/.build/checkouts/swift-google-gax/Sources/GoogleGax/Pagination.swift:44:22: error: cannot convert '@Sendable (String) async throws -> (response: ResponseType, items: [Item], nextToken: String)' to 'nonisolated(nonsending) @Sendable (String) async throws -> (response: ResponseType, items: [Item], nextToken: String)' because crossing of an isolation boundary requires parameter and result types to conform to 'Sendable' protocol
 42 |   ) where ResponseType: _PaginatedResponse<Item> {
 43 |     self.initialPageToken = initialPageToken ?? ""
 44 |     self.fetchPage = { token in
    |                      |- error: cannot convert '@Sendable (String) async throws -> (response: ResponseType, items: [Item], nextToken: String)' to 'nonisolated(nonsending) @Sendable (String) async throws -> (response: ResponseType, items: [Item], nextToken: String)' because crossing of an isolation boundary requires parameter and result types to conform to 'Sendable' protocol
    |                      `- note: type 'Item' does not conform to 'Sendable' protocol
 45 |       let response = try await listRpc(token)
 46 |       return (response, response._getPaginatedItems(), response._nextPageToken())
[2316/2817] Compiling GoogleGax PollingState.swift
/host/spi-builder-workspace/.build/checkouts/swift-google-gax/Sources/GoogleGax/Pagination.swift:44:22: error: cannot convert '@Sendable (String) async throws -> (response: ResponseType, items: [Item], nextToken: String)' to 'nonisolated(nonsending) @Sendable (String) async throws -> (response: ResponseType, items: [Item], nextToken: String)' because crossing of an isolation boundary requires parameter and result types to conform to 'Sendable' protocol
 42 |   ) where ResponseType: _PaginatedResponse<Item> {
 43 |     self.initialPageToken = initialPageToken ?? ""
 44 |     self.fetchPage = { token in
    |                      |- error: cannot convert '@Sendable (String) async throws -> (response: ResponseType, items: [Item], nextToken: String)' to 'nonisolated(nonsending) @Sendable (String) async throws -> (response: ResponseType, items: [Item], nextToken: String)' because crossing of an isolation boundary requires parameter and result types to conform to 'Sendable' protocol
    |                      `- note: type 'Item' does not conform to 'Sendable' protocol
 45 |       let response = try await listRpc(token)
 46 |       return (response, response._getPaginatedItems(), response._nextPageToken())
[2317/2817] Compiling GoogleGax ProtobufConversionError.swift
/host/spi-builder-workspace/.build/checkouts/swift-google-gax/Sources/GoogleGax/Pagination.swift:44:22: error: cannot convert '@Sendable (String) async throws -> (response: ResponseType, items: [Item], nextToken: String)' to 'nonisolated(nonsending) @Sendable (String) async throws -> (response: ResponseType, items: [Item], nextToken: String)' because crossing of an isolation boundary requires parameter and result types to conform to 'Sendable' protocol
 42 |   ) where ResponseType: _PaginatedResponse<Item> {
 43 |     self.initialPageToken = initialPageToken ?? ""
 44 |     self.fetchPage = { token in
    |                      |- error: cannot convert '@Sendable (String) async throws -> (response: ResponseType, items: [Item], nextToken: String)' to 'nonisolated(nonsending) @Sendable (String) async throws -> (response: ResponseType, items: [Item], nextToken: String)' because crossing of an isolation boundary requires parameter and result types to conform to 'Sendable' protocol
    |                      `- note: type 'Item' does not conform to 'Sendable' protocol
 45 |       let response = try await listRpc(token)
 46 |       return (response, response._getPaginatedItems(), response._nextPageToken())
[2318/2817] Compiling GoogleGax QueryParameter.swift
/host/spi-builder-workspace/.build/checkouts/swift-google-gax/Sources/GoogleGax/Pagination.swift:44:22: error: cannot convert '@Sendable (String) async throws -> (response: ResponseType, items: [Item], nextToken: String)' to 'nonisolated(nonsending) @Sendable (String) async throws -> (response: ResponseType, items: [Item], nextToken: String)' because crossing of an isolation boundary requires parameter and result types to conform to 'Sendable' protocol
 42 |   ) where ResponseType: _PaginatedResponse<Item> {
 43 |     self.initialPageToken = initialPageToken ?? ""
 44 |     self.fetchPage = { token in
    |                      |- error: cannot convert '@Sendable (String) async throws -> (response: ResponseType, items: [Item], nextToken: String)' to 'nonisolated(nonsending) @Sendable (String) async throws -> (response: ResponseType, items: [Item], nextToken: String)' because crossing of an isolation boundary requires parameter and result types to conform to 'Sendable' protocol
    |                      `- note: type 'Item' does not conform to 'Sendable' protocol
 45 |       let response = try await listRpc(token)
 46 |       return (response, response._getPaginatedItems(), response._nextPageToken())
[2319/2817] Compiling GoogleGax RequestError.swift
/host/spi-builder-workspace/.build/checkouts/swift-google-gax/Sources/GoogleGax/Pagination.swift:44:22: error: cannot convert '@Sendable (String) async throws -> (response: ResponseType, items: [Item], nextToken: String)' to 'nonisolated(nonsending) @Sendable (String) async throws -> (response: ResponseType, items: [Item], nextToken: String)' because crossing of an isolation boundary requires parameter and result types to conform to 'Sendable' protocol
 42 |   ) where ResponseType: _PaginatedResponse<Item> {
 43 |     self.initialPageToken = initialPageToken ?? ""
 44 |     self.fetchPage = { token in
    |                      |- error: cannot convert '@Sendable (String) async throws -> (response: ResponseType, items: [Item], nextToken: String)' to 'nonisolated(nonsending) @Sendable (String) async throws -> (response: ResponseType, items: [Item], nextToken: String)' because crossing of an isolation boundary requires parameter and result types to conform to 'Sendable' protocol
    |                      `- note: type 'Item' does not conform to 'Sendable' protocol
 45 |       let response = try await listRpc(token)
 46 |       return (response, response._getPaginatedItems(), response._nextPageToken())
[2320/2817] Compiling GoogleGax LimitedAttemptCount+PollingErrorPolicy.swift
[2321/2817] Compiling GoogleGax LimitedAttemptCount+RetryPolicy.swift
[2322/2817] Compiling GoogleGax LimitedAttemptCount.swift
[2323/2817] Compiling GoogleGax LimitedElapsedTime+PollingErrorPolicy.swift
[2324/2817] Compiling GoogleGax LimitedElapsedTime+RetryPolicy.swift
[2325/2817] Compiling GoogleGax LimitedElapsedTime.swift
[2326/2817] Compiling GoogleGax LongRunningOperations.swift
[2327/2817] Compiling GoogleGax NeverRetry.swift
[2328/2817] Emitting module GoogleGax
[2329/2817] Compiling GoogleGax BaseRetryPolicy.swift
[2330/2817] Compiling GoogleGax BindingError.swift
[2331/2817] Compiling GoogleGax CRC32C.swift
[2332/2817] Compiling GoogleGax CircuitBreaker.swift
[2333/2817] Compiling GoogleGax ClientError.swift
[2334/2817] Compiling GoogleGax ClientOptions.swift
[2335/2817] Compiling GoogleGax ContinueOnIO+PollingErrorPolicy.swift
[2336/2817] Compiling GoogleGax ContinueOnIO+RetryPolicy.swift
[2337/2817] Compiling GoogleGax AIP194+PollingErrorPolicy.swift
[2338/2817] Compiling GoogleGax AIP194+RetryPolicy.swift
[2339/2817] Compiling GoogleGax AIP194.swift
[2340/2817] Compiling GoogleGax AdaptiveThrottler.swift
[2341/2817] Compiling GoogleGax AlwaysPoll.swift
[2342/2817] Compiling GoogleGax AlwaysRetry.swift
[2343/2817] Compiling GoogleGax ApiClientHeader.swift
[2344/2817] Compiling GoogleGax BackoffPolicy.swift
[2345/2817] Compiling GoogleGax BasePollingErrorPolicy.swift
[2346/2817] Compiling GoogleGax HTTPClientProtocol.swift
[2347/2817] Compiling GoogleGax HTTPClientRequest.swift
[2348/2817] Compiling GoogleGax HTTPClientResponse.swift
[2349/2817] Compiling GoogleGax HTTPHeaders.swift
[2350/2817] Compiling GoogleGax HTTPResponseBody.swift
[2351/2817] Compiling GoogleGax HeaderNames.swift
[2352/2817] Compiling GoogleGax Host.swift
[2353/2817] Compiling GoogleGax InProgressResult.swift
[2354/2817] Compiling GoogleGax ServiceError.swift
[2355/2817] Compiling GoogleGax StatusDetail.swift
[2356/2817] Compiling GoogleGax StrictIdempotency.swift
[2357/2817] Compiling GoogleGax ThrottleResult.swift
[2358/2817] Compiling GoogleGax TooManyRequests+PollingErrorPolicy.swift
[2359/2817] Compiling GoogleGax TooManyRequests+RetryPolicy.swift
[2360/2817] Compiling GoogleGax TooManyRequests.swift
[2361/2817] Compiling GoogleGax PackageVersion.swift
BUILD FAILURE 6.2 android