Build Information
Failed to build FocusKit, reference main (c9aac0), with Swift 6.4 for watchOS using Xcode 27.0 on 24 Sep 2026 18:50:26 UTC.
Build Command
env DEVELOPER_DIR=/Applications/Xcode-27.0.0-Release.Candidate.app xcrun xcodebuild -IDEClonedSourcePackagesDirPathOverride=$PWD/.dependencies -skipMacroValidation -skipPackagePluginValidation -derivedDataPath $PWD/.derivedData build -scheme FocusKit-Package -destination generic/platform=watchOSBuild Log
========================================
RunAll
========================================
Builder version: 5.1.0
Interrupt handler set up.
========================================
Checkout
========================================
Clone URL: https://github.com/isonka/FocusKit.git
Reference: main
Initialized empty Git repository in /Users/admin/builder/spi-builder-workspace/.git/
From https://github.com/isonka/FocusKit
* branch main -> FETCH_HEAD
* [new branch] main -> origin/main
HEAD is now at c9aac07 Fix test issues
Cloned https://github.com/isonka/FocusKit.git
Revision (git rev-parse @):
c9aac0756a0aba2b56a302b1c6d545986566c8c6
SUCCESS checkout https://github.com/isonka/FocusKit.git at main
========================================
Build
========================================
Selected platform: watchOS
Swift version: 6.4
Building package at path: $PWD
https://github.com/isonka/FocusKit.git
Command line invocation:
/Applications/Xcode-27.0.0-Release.Candidate.app/Contents/Developer/usr/bin/xcodebuild -IDEClonedSourcePackagesDirPathOverride=/Users/admin/builder/spi-builder-workspace/.dependencies -resolvePackageDependencies
Resolve Package Graph
Resolve Package Graph
Resolved source packages:
FocusKit: /Users/admin/builder/spi-builder-workspace
resolved source packages: FocusKit
2026-09-24 14:49:41.157 xcodebuild[529:3035] [MT] IDERunDestination: Supported platforms for the buildables in the current scheme is empty.
{
"dependencies" : [
],
"manifest_display_name" : "FocusKit",
"name" : "FocusKit",
"path" : "/Users/admin/builder/spi-builder-workspace",
"platforms" : [
{
"name" : "ios",
"version" : "17.0"
}
],
"products" : [
{
"name" : "FocusKit",
"targets" : [
"FocusKit"
],
"type" : {
"library" : [
"automatic"
]
}
},
{
"name" : "FocusKitBlocking",
"targets" : [
"FocusKitBlocking"
],
"type" : {
"library" : [
"automatic"
]
}
}
],
"targets" : [
{
"c99name" : "FocusKitTests",
"module_type" : "SwiftTarget",
"name" : "FocusKitTests",
"path" : "Tests/FocusKitTests",
"sources" : [
"FocusConfigurationTests.swift",
"FocusSchedulerTests.swift",
"FocusSessionTests.swift",
"FocusStatisticsTests.swift",
"FocusTimerTests.swift"
],
"target_dependencies" : [
"FocusKit"
],
"type" : "test"
},
{
"c99name" : "FocusKitBlocking",
"module_type" : "SwiftTarget",
"name" : "FocusKitBlocking",
"path" : "Sources/FocusKitBlocking",
"product_memberships" : [
"FocusKitBlocking"
],
"sources" : [
"BlockingConfiguration.swift",
"FocusAuthorizationCenter.swift",
"FocusBlocker.swift"
],
"target_dependencies" : [
"FocusKit"
],
"type" : "library"
},
{
"c99name" : "FocusKit",
"module_type" : "SwiftTarget",
"name" : "FocusKit",
"path" : "Sources/FocusKit",
"product_memberships" : [
"FocusKit",
"FocusKitBlocking"
],
"sources" : [
"FocusConfiguration.swift",
"FocusError.swift",
"FocusKit.swift",
"FocusScheduler.swift",
"FocusSession.swift",
"FocusStatistics.swift",
"FocusStore.swift",
"FocusTimer.swift"
],
"type" : "library"
}
],
"tools_version" : "5.9"
}
{
"workspace" : {
"name" : "FocusKit",
"schemes" : [
"FocusKit",
"FocusKit-Package",
"FocusKitBlocking"
]
}
}
2026-09-24 14:50:13.157 xcodebuild[626:3839] [MT] IDERunDestination: Supported platforms for the buildables in the current scheme is empty.
Running build ...
env DEVELOPER_DIR=/Applications/Xcode-27.0.0-Release.Candidate.app xcrun xcodebuild -IDEClonedSourcePackagesDirPathOverride=$PWD/.dependencies -skipMacroValidation -skipPackagePluginValidation -derivedDataPath $PWD/.derivedData build -scheme FocusKit-Package -destination generic/platform=watchOS
Command line invocation:
/Applications/Xcode-27.0.0-Release.Candidate.app/Contents/Developer/usr/bin/xcodebuild -IDEClonedSourcePackagesDirPathOverride=/Users/admin/builder/spi-builder-workspace/.dependencies -skipMacroValidation -skipPackagePluginValidation -derivedDataPath /Users/admin/builder/spi-builder-workspace/.derivedData build -scheme FocusKit-Package -destination generic/platform=watchOS
Resolve Package Graph
Resolved source packages:
FocusKit: /Users/admin/builder/spi-builder-workspace
ComputePackagePrebuildTargetDependencyGraph
Prepare packages
CreateBuildRequest
SendProjectDescription
CreateBuildOperation
ComputeTargetDependencyGraph
note: Building targets in dependency order
note: Target dependency graph (4 targets)
Target 'FocusKitBlocking-product' in project 'FocusKit'
➜ Explicit dependency on target 'FocusKitBlocking' in project 'FocusKit'
➜ Explicit dependency on target 'FocusKit' in project 'FocusKit'
Target 'FocusKitBlocking' in project 'FocusKit'
➜ Explicit dependency on target 'FocusKit' in project 'FocusKit'
Target 'FocusKit-product' in project 'FocusKit'
➜ Explicit dependency on target 'FocusKit' in project 'FocusKit'
Target 'FocusKit' in project 'FocusKit' (no dependencies)
GatherProvisioningInputs
CreateBuildDescription
ExecuteExternalTool /Applications/Xcode-27.0.0-Release.Candidate.app/Contents/Developer/Toolchains/XcodeDefault.xctoolchain/usr/bin/clang -v -E -dM -isysroot /Applications/Xcode-27.0.0-Release.Candidate.app/Contents/Developer/Platforms/WatchOS.platform/Developer/SDKs/WatchOS27.0.sdk -x c -c /dev/null
ExecuteExternalTool /Applications/Xcode-27.0.0-Release.Candidate.app/Contents/Developer/Toolchains/XcodeDefault.xctoolchain/usr/bin/swiftc --version
ExecuteExternalTool /Applications/Xcode-27.0.0-Release.Candidate.app/Contents/Developer/Toolchains/XcodeDefault.xctoolchain/usr/bin/ld -version_details
Build description signature: aa15858bb53c9d660d97a869a2cb359a
Build description path: /Users/admin/builder/spi-builder-workspace/.derivedData/Build/Intermediates.noindex/XCBuildData/aa15858bb53c9d660d97a869a2cb359a.xcbuilddata
CreateBuildDirectory /Users/admin/builder/spi-builder-workspace/.derivedData/SDKExplicitPrecompiledModules
cd /Users/admin/builder/spi-builder-workspace/.swiftpm/xcode
builtin-create-build-directory /Users/admin/builder/spi-builder-workspace/.derivedData/SDKExplicitPrecompiledModules
CreateBuildDirectory /Users/admin/builder/spi-builder-workspace/.derivedData/Build/Products
cd /Users/admin/builder/spi-builder-workspace/.swiftpm/xcode
builtin-create-build-directory /Users/admin/builder/spi-builder-workspace/.derivedData/Build/Products
CreateBuildDirectory /Users/admin/builder/spi-builder-workspace/.derivedData/CompilationCache.noindex
cd /Users/admin/builder/spi-builder-workspace/.swiftpm/xcode
builtin-create-build-directory /Users/admin/builder/spi-builder-workspace/.derivedData/CompilationCache.noindex
CreateBuildDirectory /Users/admin/builder/spi-builder-workspace/.derivedData/Build/Intermediates.noindex
cd /Users/admin/builder/spi-builder-workspace/.swiftpm/xcode
builtin-create-build-directory /Users/admin/builder/spi-builder-workspace/.derivedData/Build/Intermediates.noindex
CreateBuildDirectory /Users/admin/builder/spi-builder-workspace/.derivedData/ModuleCache.noindex
cd /Users/admin/builder/spi-builder-workspace/.swiftpm/xcode
builtin-create-build-directory /Users/admin/builder/spi-builder-workspace/.derivedData/ModuleCache.noindex
ClangStatCache /Applications/Xcode-27.0.0-Release.Candidate.app/Contents/Developer/Toolchains/XcodeDefault.xctoolchain/usr/bin/clang-stat-cache /Applications/Xcode-27.0.0-Release.Candidate.app/Contents/Developer/Platforms/WatchOS.platform/Developer/SDKs/WatchOS27.0.sdk /Users/admin/builder/spi-builder-workspace/.derivedData/SDKStatCaches.noindex/watchos27.0-24R360-e829b21a6f8c9b70876ba0858053c04477534ef55a1706bf4c1112bbb242f0a2.sdkstatcache
cd /Users/admin/builder/spi-builder-workspace/.swiftpm/xcode
/Applications/Xcode-27.0.0-Release.Candidate.app/Contents/Developer/Toolchains/XcodeDefault.xctoolchain/usr/bin/clang-stat-cache /Applications/Xcode-27.0.0-Release.Candidate.app/Contents/Developer/Platforms/WatchOS.platform/Developer/SDKs/WatchOS27.0.sdk -o /Users/admin/builder/spi-builder-workspace/.derivedData/SDKStatCaches.noindex/watchos27.0-24R360-e829b21a6f8c9b70876ba0858053c04477534ef55a1706bf4c1112bbb242f0a2.sdkstatcache
CreateBuildDirectory /Users/admin/builder/spi-builder-workspace/.derivedData/Build/Products/Debug-watchos
cd /Users/admin/builder/spi-builder-workspace/.swiftpm/xcode
builtin-create-build-directory /Users/admin/builder/spi-builder-workspace/.derivedData/Build/Products/Debug-watchos
CreateBuildDirectory /Users/admin/builder/spi-builder-workspace/.derivedData/Build/Intermediates.noindex/SwiftExplicitPrecompiledModules
cd /Users/admin/builder/spi-builder-workspace/.swiftpm/xcode
builtin-create-build-directory /Users/admin/builder/spi-builder-workspace/.derivedData/Build/Intermediates.noindex/SwiftExplicitPrecompiledModules
CreateBuildDirectory /Users/admin/builder/spi-builder-workspace/.derivedData/Build/Intermediates.noindex/ExplicitPrecompiledModules
cd /Users/admin/builder/spi-builder-workspace/.swiftpm/xcode
builtin-create-build-directory /Users/admin/builder/spi-builder-workspace/.derivedData/Build/Intermediates.noindex/ExplicitPrecompiledModules
CreateBuildDirectory /Users/admin/builder/spi-builder-workspace/.derivedData/Build/Intermediates.noindex/PrecompiledHeaders
cd /Users/admin/builder/spi-builder-workspace/.swiftpm/xcode
builtin-create-build-directory /Users/admin/builder/spi-builder-workspace/.derivedData/Build/Intermediates.noindex/PrecompiledHeaders
CreateBuildDirectory /Users/admin/builder/spi-builder-workspace/.derivedData/Build/Intermediates.noindex/EagerLinkingTBDs/Debug-watchos
cd /Users/admin/builder/spi-builder-workspace/.swiftpm/xcode
builtin-create-build-directory /Users/admin/builder/spi-builder-workspace/.derivedData/Build/Intermediates.noindex/EagerLinkingTBDs/Debug-watchos
CreateBuildDirectory /Users/admin/builder/spi-builder-workspace/.derivedData/Build/Products/Debug-watchos/PackageFrameworks
cd /Users/admin/builder/spi-builder-workspace/.swiftpm/xcode
builtin-create-build-directory /Users/admin/builder/spi-builder-workspace/.derivedData/Build/Products/Debug-watchos/PackageFrameworks
WriteAuxiliaryFile /Users/admin/builder/spi-builder-workspace/.derivedData/Build/Intermediates.noindex/FocusKit.build/Debug-watchos/FocusKit-t.build/Objects-normal/arm64_32/FocusKit.SwiftFileList (in target 'FocusKit' from project 'FocusKit')
cd /Users/admin/builder/spi-builder-workspace
write-file /Users/admin/builder/spi-builder-workspace/.derivedData/Build/Intermediates.noindex/FocusKit.build/Debug-watchos/FocusKit-t.build/Objects-normal/arm64_32/FocusKit.SwiftFileList
WriteAuxiliaryFile /Users/admin/builder/spi-builder-workspace/.derivedData/Build/Intermediates.noindex/FocusKit.build/Debug-watchos/FocusKit-t.build/Objects-normal/arm64_32/FocusKit-OutputFileMap.json (in target 'FocusKit' from project 'FocusKit')
cd /Users/admin/builder/spi-builder-workspace
write-file /Users/admin/builder/spi-builder-workspace/.derivedData/Build/Intermediates.noindex/FocusKit.build/Debug-watchos/FocusKit-t.build/Objects-normal/arm64_32/FocusKit-OutputFileMap.json
WriteAuxiliaryFile /Users/admin/builder/spi-builder-workspace/.derivedData/Build/Intermediates.noindex/FocusKit.build/Debug-watchos/FocusKit-t.build/Objects-normal/arm64_32/FocusKit.LinkFileList (in target 'FocusKit' from project 'FocusKit')
cd /Users/admin/builder/spi-builder-workspace
write-file /Users/admin/builder/spi-builder-workspace/.derivedData/Build/Intermediates.noindex/FocusKit.build/Debug-watchos/FocusKit-t.build/Objects-normal/arm64_32/FocusKit.LinkFileList
WriteAuxiliaryFile /Users/admin/builder/spi-builder-workspace/.derivedData/Build/Intermediates.noindex/FocusKit.build/Debug-watchos/FocusKit-t.build/Objects-normal/arm64_32/FocusKit_const_extract_protocols.json (in target 'FocusKit' from project 'FocusKit')
cd /Users/admin/builder/spi-builder-workspace
write-file /Users/admin/builder/spi-builder-workspace/.derivedData/Build/Intermediates.noindex/FocusKit.build/Debug-watchos/FocusKit-t.build/Objects-normal/arm64_32/FocusKit_const_extract_protocols.json
WriteAuxiliaryFile /Users/admin/builder/spi-builder-workspace/.derivedData/Build/Intermediates.noindex/FocusKit.build/Debug-watchos/FocusKit-t.build/Objects-normal/arm64_32/FocusKit.SwiftConstValuesFileList (in target 'FocusKit' from project 'FocusKit')
cd /Users/admin/builder/spi-builder-workspace
write-file /Users/admin/builder/spi-builder-workspace/.derivedData/Build/Intermediates.noindex/FocusKit.build/Debug-watchos/FocusKit-t.build/Objects-normal/arm64_32/FocusKit.SwiftConstValuesFileList
WriteAuxiliaryFile /Users/admin/builder/spi-builder-workspace/.derivedData/Build/Intermediates.noindex/FocusKit.build/Debug-watchos/FocusKit-t.build/Objects-normal/arm64/FocusKit.SwiftFileList (in target 'FocusKit' from project 'FocusKit')
cd /Users/admin/builder/spi-builder-workspace
write-file /Users/admin/builder/spi-builder-workspace/.derivedData/Build/Intermediates.noindex/FocusKit.build/Debug-watchos/FocusKit-t.build/Objects-normal/arm64/FocusKit.SwiftFileList
WriteAuxiliaryFile /Users/admin/builder/spi-builder-workspace/.derivedData/Build/Intermediates.noindex/FocusKit.build/Debug-watchos/FocusKit-t.build/Objects-normal/arm64/FocusKit.SwiftConstValuesFileList (in target 'FocusKit' from project 'FocusKit')
cd /Users/admin/builder/spi-builder-workspace
write-file /Users/admin/builder/spi-builder-workspace/.derivedData/Build/Intermediates.noindex/FocusKit.build/Debug-watchos/FocusKit-t.build/Objects-normal/arm64/FocusKit.SwiftConstValuesFileList
WriteAuxiliaryFile /Users/admin/builder/spi-builder-workspace/.derivedData/Build/Intermediates.noindex/FocusKit.build/Debug-watchos/FocusKit-t.build/Objects-normal/arm64/FocusKit_const_extract_protocols.json (in target 'FocusKit' from project 'FocusKit')
cd /Users/admin/builder/spi-builder-workspace
write-file /Users/admin/builder/spi-builder-workspace/.derivedData/Build/Intermediates.noindex/FocusKit.build/Debug-watchos/FocusKit-t.build/Objects-normal/arm64/FocusKit_const_extract_protocols.json
WriteAuxiliaryFile /Users/admin/builder/spi-builder-workspace/.derivedData/Build/Intermediates.noindex/FocusKit.build/Debug-watchos/FocusKitBlocking-t.build/Objects-normal/arm64_32/FocusKitBlocking_const_extract_protocols.json (in target 'FocusKitBlocking' from project 'FocusKit')
cd /Users/admin/builder/spi-builder-workspace
write-file /Users/admin/builder/spi-builder-workspace/.derivedData/Build/Intermediates.noindex/FocusKit.build/Debug-watchos/FocusKitBlocking-t.build/Objects-normal/arm64_32/FocusKitBlocking_const_extract_protocols.json
WriteAuxiliaryFile /Users/admin/builder/spi-builder-workspace/.derivedData/Build/Intermediates.noindex/FocusKit.build/Debug-watchos/FocusKitBlocking-t.build/Objects-normal/arm64_32/FocusKitBlocking.SwiftFileList (in target 'FocusKitBlocking' from project 'FocusKit')
cd /Users/admin/builder/spi-builder-workspace
write-file /Users/admin/builder/spi-builder-workspace/.derivedData/Build/Intermediates.noindex/FocusKit.build/Debug-watchos/FocusKitBlocking-t.build/Objects-normal/arm64_32/FocusKitBlocking.SwiftFileList
WriteAuxiliaryFile /Users/admin/builder/spi-builder-workspace/.derivedData/Build/Intermediates.noindex/FocusKit.build/Debug-watchos/FocusKitBlocking-t.build/Objects-normal/arm64_32/FocusKitBlocking.SwiftConstValuesFileList (in target 'FocusKitBlocking' from project 'FocusKit')
cd /Users/admin/builder/spi-builder-workspace
write-file /Users/admin/builder/spi-builder-workspace/.derivedData/Build/Intermediates.noindex/FocusKit.build/Debug-watchos/FocusKitBlocking-t.build/Objects-normal/arm64_32/FocusKitBlocking.SwiftConstValuesFileList
WriteAuxiliaryFile /Users/admin/builder/spi-builder-workspace/.derivedData/Build/Intermediates.noindex/FocusKit.build/Debug-watchos/FocusKitBlocking-t.build/Objects-normal/arm64_32/FocusKitBlocking.LinkFileList (in target 'FocusKitBlocking' from project 'FocusKit')
cd /Users/admin/builder/spi-builder-workspace
write-file /Users/admin/builder/spi-builder-workspace/.derivedData/Build/Intermediates.noindex/FocusKit.build/Debug-watchos/FocusKitBlocking-t.build/Objects-normal/arm64_32/FocusKitBlocking.LinkFileList
WriteAuxiliaryFile /Users/admin/builder/spi-builder-workspace/.derivedData/Build/Intermediates.noindex/FocusKit.build/Debug-watchos/FocusKitBlocking-t.build/Objects-normal/arm64_32/FocusKitBlocking-OutputFileMap.json (in target 'FocusKitBlocking' from project 'FocusKit')
cd /Users/admin/builder/spi-builder-workspace
write-file /Users/admin/builder/spi-builder-workspace/.derivedData/Build/Intermediates.noindex/FocusKit.build/Debug-watchos/FocusKitBlocking-t.build/Objects-normal/arm64_32/FocusKitBlocking-OutputFileMap.json
WriteAuxiliaryFile /Users/admin/builder/spi-builder-workspace/.derivedData/Build/Intermediates.noindex/FocusKit.build/Debug-watchos/FocusKitBlocking-t.build/Objects-normal/arm64/FocusKitBlocking_const_extract_protocols.json (in target 'FocusKitBlocking' from project 'FocusKit')
cd /Users/admin/builder/spi-builder-workspace
write-file /Users/admin/builder/spi-builder-workspace/.derivedData/Build/Intermediates.noindex/FocusKit.build/Debug-watchos/FocusKitBlocking-t.build/Objects-normal/arm64/FocusKitBlocking_const_extract_protocols.json
WriteAuxiliaryFile /Users/admin/builder/spi-builder-workspace/.derivedData/Build/Intermediates.noindex/FocusKit.build/Debug-watchos/FocusKitBlocking-t.build/Objects-normal/arm64/FocusKitBlocking.SwiftFileList (in target 'FocusKitBlocking' from project 'FocusKit')
cd /Users/admin/builder/spi-builder-workspace
write-file /Users/admin/builder/spi-builder-workspace/.derivedData/Build/Intermediates.noindex/FocusKit.build/Debug-watchos/FocusKitBlocking-t.build/Objects-normal/arm64/FocusKitBlocking.SwiftFileList
WriteAuxiliaryFile /Users/admin/builder/spi-builder-workspace/.derivedData/Build/Intermediates.noindex/FocusKit.build/Debug-watchos/FocusKitBlocking-t.build/Objects-normal/arm64/FocusKitBlocking.SwiftConstValuesFileList (in target 'FocusKitBlocking' from project 'FocusKit')
cd /Users/admin/builder/spi-builder-workspace
write-file /Users/admin/builder/spi-builder-workspace/.derivedData/Build/Intermediates.noindex/FocusKit.build/Debug-watchos/FocusKitBlocking-t.build/Objects-normal/arm64/FocusKitBlocking.SwiftConstValuesFileList
WriteAuxiliaryFile /Users/admin/builder/spi-builder-workspace/.derivedData/Build/Intermediates.noindex/FocusKit.build/Debug-watchos/FocusKitBlocking-t.build/Objects-normal/arm64/FocusKitBlocking.LinkFileList (in target 'FocusKitBlocking' from project 'FocusKit')
cd /Users/admin/builder/spi-builder-workspace
write-file /Users/admin/builder/spi-builder-workspace/.derivedData/Build/Intermediates.noindex/FocusKit.build/Debug-watchos/FocusKitBlocking-t.build/Objects-normal/arm64/FocusKitBlocking.LinkFileList
WriteAuxiliaryFile /Users/admin/builder/spi-builder-workspace/.derivedData/Build/Intermediates.noindex/FocusKit.build/Debug-watchos/FocusKitBlocking-t.build/Objects-normal/arm64/FocusKitBlocking-OutputFileMap.json (in target 'FocusKitBlocking' from project 'FocusKit')
cd /Users/admin/builder/spi-builder-workspace
write-file /Users/admin/builder/spi-builder-workspace/.derivedData/Build/Intermediates.noindex/FocusKit.build/Debug-watchos/FocusKitBlocking-t.build/Objects-normal/arm64/FocusKitBlocking-OutputFileMap.json
WriteAuxiliaryFile /Users/admin/builder/spi-builder-workspace/.derivedData/Build/Intermediates.noindex/FocusKit.build/Debug-watchos/FocusKitBlocking-t.build/FocusKitBlocking.modulemap (in target 'FocusKitBlocking' from project 'FocusKit')
cd /Users/admin/builder/spi-builder-workspace
write-file /Users/admin/builder/spi-builder-workspace/.derivedData/Build/Intermediates.noindex/FocusKit.build/Debug-watchos/FocusKitBlocking-t.build/FocusKitBlocking.modulemap
WriteAuxiliaryFile /Users/admin/builder/spi-builder-workspace/.derivedData/Build/Intermediates.noindex/FocusKit.build/Debug-watchos/FocusKitBlocking-t.build/FocusKitBlocking.DependencyStaticMetadataFileList (in target 'FocusKitBlocking' from project 'FocusKit')
cd /Users/admin/builder/spi-builder-workspace
write-file /Users/admin/builder/spi-builder-workspace/.derivedData/Build/Intermediates.noindex/FocusKit.build/Debug-watchos/FocusKitBlocking-t.build/FocusKitBlocking.DependencyStaticMetadataFileList
WriteAuxiliaryFile /Users/admin/builder/spi-builder-workspace/.derivedData/Build/Intermediates.noindex/FocusKit.build/Debug-watchos/FocusKitBlocking-t.build/FocusKitBlocking.DependencyMetadataFileList (in target 'FocusKitBlocking' from project 'FocusKit')
cd /Users/admin/builder/spi-builder-workspace
write-file /Users/admin/builder/spi-builder-workspace/.derivedData/Build/Intermediates.noindex/FocusKit.build/Debug-watchos/FocusKitBlocking-t.build/FocusKitBlocking.DependencyMetadataFileList
WriteAuxiliaryFile /Users/admin/builder/spi-builder-workspace/.derivedData/Build/Intermediates.noindex/FocusKit.build/Debug-watchos/FocusKit-t.build/Objects-normal/arm64/FocusKit.LinkFileList (in target 'FocusKit' from project 'FocusKit')
cd /Users/admin/builder/spi-builder-workspace
write-file /Users/admin/builder/spi-builder-workspace/.derivedData/Build/Intermediates.noindex/FocusKit.build/Debug-watchos/FocusKit-t.build/Objects-normal/arm64/FocusKit.LinkFileList
WriteAuxiliaryFile /Users/admin/builder/spi-builder-workspace/.derivedData/Build/Intermediates.noindex/FocusKit.build/Debug-watchos/FocusKit-t.build/Objects-normal/arm64/FocusKit-OutputFileMap.json (in target 'FocusKit' from project 'FocusKit')
cd /Users/admin/builder/spi-builder-workspace
write-file /Users/admin/builder/spi-builder-workspace/.derivedData/Build/Intermediates.noindex/FocusKit.build/Debug-watchos/FocusKit-t.build/Objects-normal/arm64/FocusKit-OutputFileMap.json
WriteAuxiliaryFile /Users/admin/builder/spi-builder-workspace/.derivedData/Build/Intermediates.noindex/FocusKit.build/Debug-watchos/FocusKit-t.build/FocusKit.modulemap (in target 'FocusKit' from project 'FocusKit')
cd /Users/admin/builder/spi-builder-workspace
write-file /Users/admin/builder/spi-builder-workspace/.derivedData/Build/Intermediates.noindex/FocusKit.build/Debug-watchos/FocusKit-t.build/FocusKit.modulemap
WriteAuxiliaryFile /Users/admin/builder/spi-builder-workspace/.derivedData/Build/Intermediates.noindex/FocusKit.build/Debug-watchos/FocusKit-t.build/FocusKit.DependencyStaticMetadataFileList (in target 'FocusKit' from project 'FocusKit')
cd /Users/admin/builder/spi-builder-workspace
write-file /Users/admin/builder/spi-builder-workspace/.derivedData/Build/Intermediates.noindex/FocusKit.build/Debug-watchos/FocusKit-t.build/FocusKit.DependencyStaticMetadataFileList
WriteAuxiliaryFile /Users/admin/builder/spi-builder-workspace/.derivedData/Build/Intermediates.noindex/FocusKit.build/Debug-watchos/FocusKit-t.build/FocusKit.DependencyMetadataFileList (in target 'FocusKit' from project 'FocusKit')
cd /Users/admin/builder/spi-builder-workspace
write-file /Users/admin/builder/spi-builder-workspace/.derivedData/Build/Intermediates.noindex/FocusKit.build/Debug-watchos/FocusKit-t.build/FocusKit.DependencyMetadataFileList
Copy /Users/admin/builder/spi-builder-workspace/.derivedData/Build/Intermediates.noindex/GeneratedModuleMaps-watchos/FocusKitBlocking.modulemap /Users/admin/builder/spi-builder-workspace/.derivedData/Build/Intermediates.noindex/FocusKit.build/Debug-watchos/FocusKitBlocking-t.build/FocusKitBlocking.modulemap (in target 'FocusKitBlocking' from project 'FocusKit')
cd /Users/admin/builder/spi-builder-workspace
builtin-copy -exclude .DS_Store -exclude CVS -exclude .svn -exclude .git -exclude .hg -resolve-src-symlinks /Users/admin/builder/spi-builder-workspace/.derivedData/Build/Intermediates.noindex/FocusKit.build/Debug-watchos/FocusKitBlocking-t.build/FocusKitBlocking.modulemap /Users/admin/builder/spi-builder-workspace/.derivedData/Build/Intermediates.noindex/GeneratedModuleMaps-watchos
Copy /Users/admin/builder/spi-builder-workspace/.derivedData/Build/Intermediates.noindex/GeneratedModuleMaps-watchos/FocusKit.modulemap /Users/admin/builder/spi-builder-workspace/.derivedData/Build/Intermediates.noindex/FocusKit.build/Debug-watchos/FocusKit-t.build/FocusKit.modulemap (in target 'FocusKit' from project 'FocusKit')
cd /Users/admin/builder/spi-builder-workspace
builtin-copy -exclude .DS_Store -exclude CVS -exclude .svn -exclude .git -exclude .hg -resolve-src-symlinks /Users/admin/builder/spi-builder-workspace/.derivedData/Build/Intermediates.noindex/FocusKit.build/Debug-watchos/FocusKit-t.build/FocusKit.modulemap /Users/admin/builder/spi-builder-workspace/.derivedData/Build/Intermediates.noindex/GeneratedModuleMaps-watchos
SwiftDriver FocusKit normal arm64 com.apple.xcode.tools.swift.compiler (in target 'FocusKit' from project 'FocusKit')
cd /Users/admin/builder/spi-builder-workspace/.swiftpm/xcode
builtin-SwiftDriver -- /Applications/Xcode-27.0.0-Release.Candidate.app/Contents/Developer/Toolchains/XcodeDefault.xctoolchain/usr/bin/swiftc -parse-as-library -module-name FocusKit -Onone @/Users/admin/builder/spi-builder-workspace/.derivedData/Build/Intermediates.noindex/FocusKit.build/Debug-watchos/FocusKit-t.build/Objects-normal/arm64/FocusKit.SwiftFileList -DSWIFT_PACKAGE -DDEBUG -DSWIFT_MODULE_RESOURCE_BUNDLE_UNAVAILABLE -DXcode -enable-experimental-feature StrictConcurrency -plugin-path /Applications/Xcode-27.0.0-Release.Candidate.app/Contents/Developer/Toolchains/XcodeDefault.xctoolchain/usr/lib/swift/host/plugins/testing -enable-experimental-feature DebugDescriptionMacro -sdk /Applications/Xcode-27.0.0-Release.Candidate.app/Contents/Developer/Platforms/WatchOS.platform/Developer/SDKs/WatchOS27.0.sdk -target arm64-apple-watchos10.0 -g -module-cache-path /Users/admin/builder/spi-builder-workspace/.derivedData/ModuleCache.noindex -Xfrontend -serialize-debugging-options -profile-coverage-mapping -profile-generate -enable-testing -index-store-path /Users/admin/builder/spi-builder-workspace/.derivedData/Index.noindex/DataStore -Xcc -D_LIBCPP_HARDENING_MODE\=_LIBCPP_HARDENING_MODE_DEBUG -swift-version 5 -I /Users/admin/builder/spi-builder-workspace/.derivedData/Build/Products/Debug-watchos -Isystem /Applications/Xcode-27.0.0-Release.Candidate.app/Contents/Developer/Platforms/WatchOS.platform/Developer/usr/lib -F /Users/admin/builder/spi-builder-workspace/.derivedData/Build/Products/Debug-watchos -F /Applications/Xcode-27.0.0-Release.Candidate.app/Contents/Developer/Platforms/WatchOS.platform/Developer/Library/Frameworks -F /Applications/Xcode-27.0.0-Release.Candidate.app/Contents/Developer/Platforms/WatchOS.platform/Developer/SDKs/WatchOS27.0.sdk/Developer/Library/Frameworks -c -j10 -enable-batch-mode -incremental -Xcc -ivfsstatcache -Xcc /Users/admin/builder/spi-builder-workspace/.derivedData/SDKStatCaches.noindex/watchos27.0-24R360-e829b21a6f8c9b70876ba0858053c04477534ef55a1706bf4c1112bbb242f0a2.sdkstatcache -output-file-map /Users/admin/builder/spi-builder-workspace/.derivedData/Build/Intermediates.noindex/FocusKit.build/Debug-watchos/FocusKit-t.build/Objects-normal/arm64/FocusKit-OutputFileMap.json -save-temps -no-color-diagnostics -explicit-module-build -module-cache-path /Users/admin/builder/spi-builder-workspace/.derivedData/Build/Intermediates.noindex/SwiftExplicitPrecompiledModules -clang-scanner-module-cache-path /Users/admin/builder/spi-builder-workspace/.derivedData/ModuleCache.noindex -sdk-module-cache-path /Users/admin/builder/spi-builder-workspace/.derivedData/SDKExplicitPrecompiledModules -emit-dependencies -emit-module -emit-module-path /Users/admin/builder/spi-builder-workspace/.derivedData/Build/Intermediates.noindex/FocusKit.build/Debug-watchos/FocusKit-t.build/Objects-normal/arm64/FocusKit.swiftmodule -serialize-diagnostics -dependency-scan-serialize-diagnostics-path /Users/admin/builder/spi-builder-workspace/.derivedData/Build/Intermediates.noindex/FocusKit.build/Debug-watchos/FocusKit-t.build/Objects-normal/arm64/FocusKit-dependency-scan.dia -validate-clang-modules-once -clang-build-session-file /Users/admin/builder/spi-builder-workspace/.derivedData/ModuleCache.noindex/Session.modulevalidation -Xcc -fmodules-prune-interval\=86400 -Xcc -fmodules-prune-after\=345600 -package-name spi_builder_workspace -emit-const-values -const-gather-protocols-list /Users/admin/builder/spi-builder-workspace/.derivedData/Build/Intermediates.noindex/FocusKit.build/Debug-watchos/FocusKit-t.build/Objects-normal/arm64/FocusKit_const_extract_protocols.json -Xcc -I/Users/admin/builder/spi-builder-workspace/.derivedData/Build/Products/Debug-watchos/include -Xcc -I/Users/admin/builder/spi-builder-workspace/.derivedData/Build/Intermediates.noindex/FocusKit.build/Debug-watchos/FocusKit-t.build/DerivedSources-normal/arm64 -Xcc -I/Users/admin/builder/spi-builder-workspace/.derivedData/Build/Intermediates.noindex/FocusKit.build/Debug-watchos/FocusKit-t.build/DerivedSources/arm64 -Xcc -I/Users/admin/builder/spi-builder-workspace/.derivedData/Build/Intermediates.noindex/FocusKit.build/Debug-watchos/FocusKit-t.build/DerivedSources -Xcc -DSWIFT_PACKAGE -Xcc -DDEBUG\=1 -emit-objc-header -emit-objc-header-path /Users/admin/builder/spi-builder-workspace/.derivedData/Build/Intermediates.noindex/FocusKit.build/Debug-watchos/FocusKit-t.build/Objects-normal/arm64/FocusKit-Swift.h -working-directory /Users/admin/builder/spi-builder-workspace/.swiftpm/xcode -experimental-emit-module-separately -disable-cmo
SwiftDriver FocusKit normal arm64_32 com.apple.xcode.tools.swift.compiler (in target 'FocusKit' from project 'FocusKit')
cd /Users/admin/builder/spi-builder-workspace/.swiftpm/xcode
builtin-SwiftDriver -- /Applications/Xcode-27.0.0-Release.Candidate.app/Contents/Developer/Toolchains/XcodeDefault.xctoolchain/usr/bin/swiftc -parse-as-library -module-name FocusKit -Onone @/Users/admin/builder/spi-builder-workspace/.derivedData/Build/Intermediates.noindex/FocusKit.build/Debug-watchos/FocusKit-t.build/Objects-normal/arm64_32/FocusKit.SwiftFileList -DSWIFT_PACKAGE -DDEBUG -DSWIFT_MODULE_RESOURCE_BUNDLE_UNAVAILABLE -DXcode -enable-experimental-feature StrictConcurrency -plugin-path /Applications/Xcode-27.0.0-Release.Candidate.app/Contents/Developer/Toolchains/XcodeDefault.xctoolchain/usr/lib/swift/host/plugins/testing -enable-experimental-feature DebugDescriptionMacro -sdk /Applications/Xcode-27.0.0-Release.Candidate.app/Contents/Developer/Platforms/WatchOS.platform/Developer/SDKs/WatchOS27.0.sdk -target arm64_32-apple-watchos10.0 -g -module-cache-path /Users/admin/builder/spi-builder-workspace/.derivedData/ModuleCache.noindex -Xfrontend -serialize-debugging-options -profile-coverage-mapping -profile-generate -enable-testing -index-store-path /Users/admin/builder/spi-builder-workspace/.derivedData/Index.noindex/DataStore -Xcc -D_LIBCPP_HARDENING_MODE\=_LIBCPP_HARDENING_MODE_DEBUG -swift-version 5 -I /Users/admin/builder/spi-builder-workspace/.derivedData/Build/Products/Debug-watchos -Isystem /Applications/Xcode-27.0.0-Release.Candidate.app/Contents/Developer/Platforms/WatchOS.platform/Developer/usr/lib -F /Users/admin/builder/spi-builder-workspace/.derivedData/Build/Products/Debug-watchos -F /Applications/Xcode-27.0.0-Release.Candidate.app/Contents/Developer/Platforms/WatchOS.platform/Developer/Library/Frameworks -F /Applications/Xcode-27.0.0-Release.Candidate.app/Contents/Developer/Platforms/WatchOS.platform/Developer/SDKs/WatchOS27.0.sdk/Developer/Library/Frameworks -c -j10 -enable-batch-mode -incremental -Xcc -ivfsstatcache -Xcc /Users/admin/builder/spi-builder-workspace/.derivedData/SDKStatCaches.noindex/watchos27.0-24R360-e829b21a6f8c9b70876ba0858053c04477534ef55a1706bf4c1112bbb242f0a2.sdkstatcache -output-file-map /Users/admin/builder/spi-builder-workspace/.derivedData/Build/Intermediates.noindex/FocusKit.build/Debug-watchos/FocusKit-t.build/Objects-normal/arm64_32/FocusKit-OutputFileMap.json -save-temps -no-color-diagnostics -explicit-module-build -module-cache-path /Users/admin/builder/spi-builder-workspace/.derivedData/Build/Intermediates.noindex/SwiftExplicitPrecompiledModules -clang-scanner-module-cache-path /Users/admin/builder/spi-builder-workspace/.derivedData/ModuleCache.noindex -sdk-module-cache-path /Users/admin/builder/spi-builder-workspace/.derivedData/SDKExplicitPrecompiledModules -emit-dependencies -emit-module -emit-module-path /Users/admin/builder/spi-builder-workspace/.derivedData/Build/Intermediates.noindex/FocusKit.build/Debug-watchos/FocusKit-t.build/Objects-normal/arm64_32/FocusKit.swiftmodule -serialize-diagnostics -dependency-scan-serialize-diagnostics-path /Users/admin/builder/spi-builder-workspace/.derivedData/Build/Intermediates.noindex/FocusKit.build/Debug-watchos/FocusKit-t.build/Objects-normal/arm64_32/FocusKit-dependency-scan.dia -validate-clang-modules-once -clang-build-session-file /Users/admin/builder/spi-builder-workspace/.derivedData/ModuleCache.noindex/Session.modulevalidation -Xcc -fmodules-prune-interval\=86400 -Xcc -fmodules-prune-after\=345600 -package-name spi_builder_workspace -emit-const-values -const-gather-protocols-list /Users/admin/builder/spi-builder-workspace/.derivedData/Build/Intermediates.noindex/FocusKit.build/Debug-watchos/FocusKit-t.build/Objects-normal/arm64_32/FocusKit_const_extract_protocols.json -Xcc -I/Users/admin/builder/spi-builder-workspace/.derivedData/Build/Products/Debug-watchos/include -Xcc -I/Users/admin/builder/spi-builder-workspace/.derivedData/Build/Intermediates.noindex/FocusKit.build/Debug-watchos/FocusKit-t.build/DerivedSources-normal/arm64_32 -Xcc -I/Users/admin/builder/spi-builder-workspace/.derivedData/Build/Intermediates.noindex/FocusKit.build/Debug-watchos/FocusKit-t.build/DerivedSources/arm64_32 -Xcc -I/Users/admin/builder/spi-builder-workspace/.derivedData/Build/Intermediates.noindex/FocusKit.build/Debug-watchos/FocusKit-t.build/DerivedSources -Xcc -DSWIFT_PACKAGE -Xcc -DDEBUG\=1 -emit-objc-header -emit-objc-header-path /Users/admin/builder/spi-builder-workspace/.derivedData/Build/Intermediates.noindex/FocusKit.build/Debug-watchos/FocusKit-t.build/Objects-normal/arm64_32/FocusKit-Swift.h -working-directory /Users/admin/builder/spi-builder-workspace/.swiftpm/xcode -experimental-emit-module-separately -disable-cmo
SwiftExplicitDependencyGeneratePcm arm64_32 /Users/admin/builder/spi-builder-workspace/.derivedData/SDKExplicitPrecompiledModules/_AvailabilityInternal-244WAN3Z1QBT7PIA64EZEFY1R.pcm
SwiftExplicitDependencyGeneratePcm arm64_32 /Users/admin/builder/spi-builder-workspace/.derivedData/SDKExplicitPrecompiledModules/_Builtin_stddef-H44EFHQX6XSS5MZ7QP6YJZ76.pcm
SwiftExplicitDependencyGeneratePcm arm64_32 /Users/admin/builder/spi-builder-workspace/.derivedData/SDKExplicitPrecompiledModules/ptrauth-BFXF358ME5AK535N5A9Z766WU.pcm
SwiftExplicitDependencyGeneratePcm arm64 /Users/admin/builder/spi-builder-workspace/.derivedData/SDKExplicitPrecompiledModules/_Builtin_stddef-1FU30Y8SWFB7OUUHMJQH5J6FM.pcm
SwiftExplicitDependencyGeneratePcm arm64_32 /Users/admin/builder/spi-builder-workspace/.derivedData/SDKExplicitPrecompiledModules/_Builtin_float-6KO8O3PEWRCA4WC6PPLOYO6WJ.pcm
SwiftExplicitDependencyGeneratePcm arm64 /Users/admin/builder/spi-builder-workspace/.derivedData/SDKExplicitPrecompiledModules/_SwiftConcurrencyShims-659N52XSKR5F0QSB880BH2FJR.pcm
SwiftExplicitDependencyGeneratePcm arm64_32 /Users/admin/builder/spi-builder-workspace/.derivedData/SDKExplicitPrecompiledModules/_SwiftConcurrencyShims-6RTBPQ03V7BM9SPRK8SUE055H.pcm
SwiftExplicitDependencyGeneratePcm arm64_32 /Users/admin/builder/spi-builder-workspace/.derivedData/SDKExplicitPrecompiledModules/DeveloperToolsSupport-DZU5G1OCMNWU0AQRULIFHUJ1Z.pcm
SwiftExplicitDependencyGeneratePcm arm64 /Users/admin/builder/spi-builder-workspace/.derivedData/SDKExplicitPrecompiledModules/ptrcheck-AIF0NDOYZ8ORBNHQAQR5NNB8M.pcm
SwiftExplicitDependencyGeneratePcm arm64 /Users/admin/builder/spi-builder-workspace/.derivedData/SDKExplicitPrecompiledModules/SwiftShims-4MXFZPV6FEB0XBYXCGPWAMQGL.pcm
SwiftExplicitDependencyGeneratePcm arm64_32 /Users/admin/builder/spi-builder-workspace/.derivedData/SDKExplicitPrecompiledModules/_Builtin_stdarg-D305JG44A2WPI6CJY37X3QJE8.pcm
SwiftExplicitDependencyGeneratePcm arm64 /Users/admin/builder/spi-builder-workspace/.derivedData/SDKExplicitPrecompiledModules/DeveloperToolsSupport-E7CNISCB36UE8XQ9IOHK9XDX1.pcm
SwiftExplicitDependencyGeneratePcm arm64_32 /Users/admin/builder/spi-builder-workspace/.derivedData/SDKExplicitPrecompiledModules/ptrcheck-7ELIH9BTIGVKX3UBITM9N72WD.pcm
SwiftExplicitDependencyGeneratePcm arm64 /Users/admin/builder/spi-builder-workspace/.derivedData/SDKExplicitPrecompiledModules/_Builtin_stdarg-A7UU8LE6MP85SM26YO7PBZNUQ.pcm
SwiftExplicitDependencyGeneratePcm arm64_32 /Users/admin/builder/spi-builder-workspace/.derivedData/SDKExplicitPrecompiledModules/SwiftShims-9CQQGWTSNTN9EB5NSHDWUJICH.pcm
SwiftExplicitDependencyGeneratePcm arm64 /Users/admin/builder/spi-builder-workspace/.derivedData/SDKExplicitPrecompiledModules/ptrauth-3TZ9WJCGLYD25HQPWH4968ONX.pcm
SwiftExplicitDependencyGeneratePcm arm64 /Users/admin/builder/spi-builder-workspace/.derivedData/SDKExplicitPrecompiledModules/_AvailabilityInternal-BUNV3UXM65NT37THI4W1AM0SF.pcm
SwiftExplicitDependencyGeneratePcm arm64 /Users/admin/builder/spi-builder-workspace/.derivedData/SDKExplicitPrecompiledModules/_Builtin_float-C0CW5Q4HGBQYKE77TC42IAFB5.pcm
SwiftExplicitDependencyGeneratePcm arm64_32 /Users/admin/builder/spi-builder-workspace/.derivedData/SDKExplicitPrecompiledModules/_Builtin_stdbool-A967K8W8YUYEC9SN52KJ7OO88.pcm
SwiftExplicitDependencyGeneratePcm arm64 /Users/admin/builder/spi-builder-workspace/.derivedData/SDKExplicitPrecompiledModules/_Builtin_stdbool-83J96QSOFE9VX04AAS6310UAE.pcm
SwiftExplicitDependencyGeneratePcm arm64_32 /Users/admin/builder/spi-builder-workspace/.derivedData/SDKExplicitPrecompiledModules/_DarwinFoundation1-2GWF9RFMPLQW4PDHS3NARVI3G.pcm
SwiftExplicitDependencyGeneratePcm arm64 /Users/admin/builder/spi-builder-workspace/.derivedData/SDKExplicitPrecompiledModules/_DarwinFoundation1-7SPX3MD0HMP55E4OLNCPNDQ53.pcm
SwiftExplicitDependencyGeneratePcm arm64_32 /Users/admin/builder/spi-builder-workspace/.derivedData/SDKExplicitPrecompiledModules/_DarwinFoundation2-9MY8GOSYRO0M9MKNXF6D3MBNK.pcm
SwiftExplicitDependencyGeneratePcm arm64_32 /Users/admin/builder/spi-builder-workspace/.derivedData/SDKExplicitPrecompiledModules/_Builtin_limits-3VKBU2AFTD65PAJZ5CJ3LHFM2.pcm
SwiftExplicitDependencyGeneratePcm arm64 /Users/admin/builder/spi-builder-workspace/.derivedData/SDKExplicitPrecompiledModules/_DarwinFoundation2-D0XAPJU49S5E9XMKYOFGSTB1Q.pcm
SwiftExplicitDependencyGeneratePcm arm64 /Users/admin/builder/spi-builder-workspace/.derivedData/SDKExplicitPrecompiledModules/_Builtin_limits-9GWPA2B0H20DYUNYHYCWKABJG.pcm
SwiftExplicitDependencyGeneratePcm arm64_32 /Users/admin/builder/spi-builder-workspace/.derivedData/SDKExplicitPrecompiledModules/sys_types-8TLLMW08ZJWDGIIPKOYFGHHZW.pcm
SwiftExplicitDependencyGeneratePcm arm64_32 /Users/admin/builder/spi-builder-workspace/.derivedData/SDKExplicitPrecompiledModules/_Builtin_stdint-1HMXWI3V0V4TXHRWZOMZGZ80Y.pcm
SwiftExplicitDependencyGeneratePcm arm64_32 /Users/admin/builder/spi-builder-workspace/.derivedData/SDKExplicitPrecompiledModules/_Builtin_tgmath-23PGCKURCQILXMK0MYZRYDCOU.pcm
SwiftExplicitDependencyGeneratePcm arm64_32 /Users/admin/builder/spi-builder-workspace/.derivedData/SDKExplicitPrecompiledModules/string_h-BFVLUQUSBZWYMLCU9QI7VZALW.pcm
SwiftExplicitDependencyGeneratePcm arm64 /Users/admin/builder/spi-builder-workspace/.derivedData/SDKExplicitPrecompiledModules/string_h-E6PRXK75PHIPCZFWOFCQ3QBMK.pcm
SwiftExplicitDependencyGeneratePcm arm64 /Users/admin/builder/spi-builder-workspace/.derivedData/SDKExplicitPrecompiledModules/sys_types-2KXQLI78OUCDP779AE68GZJ2.pcm
SwiftExplicitDependencyGeneratePcm arm64 /Users/admin/builder/spi-builder-workspace/.derivedData/SDKExplicitPrecompiledModules/_Builtin_stdint-8XMILLJZEGRN2XG7XZUXZ5RLX.pcm
SwiftExplicitDependencyGeneratePcm arm64 /Users/admin/builder/spi-builder-workspace/.derivedData/SDKExplicitPrecompiledModules/_Builtin_tgmath-8NQ96OZ0YHXEC24JI95P01UF8.pcm
SwiftExplicitDependencyGeneratePcm arm64_32 /Users/admin/builder/spi-builder-workspace/.derivedData/SDKExplicitPrecompiledModules/_DarwinFoundation3-3DUTYQDQSD9HUAAVY947NMWOI.pcm
SwiftExplicitDependencyGeneratePcm arm64_32 /Users/admin/builder/spi-builder-workspace/.derivedData/SDKExplicitPrecompiledModules/_Builtin_intrinsics-196IIAKDQVU42DLOZP9OQCV76.pcm
SwiftExplicitDependencyGeneratePcm arm64_32 /Users/admin/builder/spi-builder-workspace/.derivedData/SDKExplicitPrecompiledModules/_Builtin_stdatomic-1TY035TURL76BF2U98PZPPZRX.pcm
SwiftExplicitDependencyGeneratePcm arm64 /Users/admin/builder/spi-builder-workspace/.derivedData/SDKExplicitPrecompiledModules/_DarwinFoundation3-B97LRG0E9GON2NUE65TVG81HU.pcm
SwiftExplicitDependencyGeneratePcm arm64 /Users/admin/builder/spi-builder-workspace/.derivedData/SDKExplicitPrecompiledModules/_Builtin_stdatomic-7JEFA3KBJJJN6TKJWY3OG1VG5.pcm
SwiftExplicitDependencyGeneratePcm arm64 /Users/admin/builder/spi-builder-workspace/.derivedData/SDKExplicitPrecompiledModules/_Builtin_intrinsics-75960HIPCIYA06IUW8FIIPQT.pcm
SwiftExplicitDependencyGeneratePcm arm64_32 /Users/admin/builder/spi-builder-workspace/.derivedData/SDKExplicitPrecompiledModules/_Builtin_inttypes-D2KPCR4PEX9AQA33NGLUT5SBR.pcm
SwiftExplicitDependencyGeneratePcm arm64 /Users/admin/builder/spi-builder-workspace/.derivedData/SDKExplicitPrecompiledModules/_Builtin_inttypes-3UQSCM7WNM9EK4HZML8TY5J3D.pcm
SwiftExplicitDependencyGeneratePcm arm64_32 /Users/admin/builder/spi-builder-workspace/.derivedData/SDKExplicitPrecompiledModules/Darwin-3FVT1SKLN2ZQ5RVOABMTQBB34.pcm
SwiftExplicitDependencyGeneratePcm arm64 /Users/admin/builder/spi-builder-workspace/.derivedData/SDKExplicitPrecompiledModules/Darwin-3984OXKFNSPE77NT743WK8SEX.pcm
SwiftExplicitDependencyGeneratePcm arm64_32 /Users/admin/builder/spi-builder-workspace/.derivedData/SDKExplicitPrecompiledModules/simd-21UNWYOBUZI1LVSQ99S1XBLMO.pcm
SwiftExplicitDependencyGeneratePcm arm64 /Users/admin/builder/spi-builder-workspace/.derivedData/SDKExplicitPrecompiledModules/simd-EH08NODU6574T74ZKU61VP9BW.pcm
SwiftExplicitDependencyGeneratePcm arm64_32 /Users/admin/builder/spi-builder-workspace/.derivedData/SDKExplicitPrecompiledModules/ObjectiveC-6IJNELR2E80E7LUKESVCP2KET.pcm
SwiftExplicitDependencyGeneratePcm arm64_32 /Users/admin/builder/spi-builder-workspace/.derivedData/SDKExplicitPrecompiledModules/MachO-56838ZJ0NC1EBAJ0O6O8QMPDX.pcm
SwiftExplicitDependencyGeneratePcm arm64 /Users/admin/builder/spi-builder-workspace/.derivedData/SDKExplicitPrecompiledModules/MachO-2U90NNSAQILBNBPS1SA4F8TYP.pcm
SwiftExplicitDependencyGeneratePcm arm64 /Users/admin/builder/spi-builder-workspace/.derivedData/SDKExplicitPrecompiledModules/ObjectiveC-72IVD3VS2RS8Q28D9PIMY0KQP.pcm
SwiftExplicitDependencyGeneratePcm arm64_32 /Users/admin/builder/spi-builder-workspace/.derivedData/SDKExplicitPrecompiledModules/os_object-5YWTC6L4756IWSTPGXS5NM0D0.pcm
SwiftExplicitDependencyGeneratePcm arm64 /Users/admin/builder/spi-builder-workspace/.derivedData/SDKExplicitPrecompiledModules/os_object-3SDKD7F87FTZ26OON37DRYT6O.pcm
SwiftExplicitDependencyGeneratePcm arm64_32 /Users/admin/builder/spi-builder-workspace/.derivedData/SDKExplicitPrecompiledModules/os_workgroup-5JHTPDMNBUNHLJI8LPHKQK1JK.pcm
SwiftExplicitDependencyGeneratePcm arm64 /Users/admin/builder/spi-builder-workspace/.derivedData/SDKExplicitPrecompiledModules/os_workgroup-89GG5G7YC2D0ZTK6AZXXQ20DH.pcm
SwiftExplicitDependencyGeneratePcm arm64_32 /Users/admin/builder/spi-builder-workspace/.derivedData/SDKExplicitPrecompiledModules/Spatial-CWVWNML3T0NXVHZDKVLD3X1YZ.pcm
SwiftExplicitDependencyGeneratePcm arm64 /Users/admin/builder/spi-builder-workspace/.derivedData/SDKExplicitPrecompiledModules/Spatial-44FJGYXFAT2AQAW9Z6T7YS02U.pcm
SwiftExplicitDependencyGeneratePcm arm64_32 /Users/admin/builder/spi-builder-workspace/.derivedData/SDKExplicitPrecompiledModules/Dispatch-2P62F1T4XV63S4P99TUDTOK2Q.pcm
SwiftExplicitDependencyGeneratePcm arm64 /Users/admin/builder/spi-builder-workspace/.derivedData/SDKExplicitPrecompiledModules/Dispatch-1NLJOVAK60XP0DUB05XA59EIM.pcm
SwiftExplicitDependencyGeneratePcm arm64_32 /Users/admin/builder/spi-builder-workspace/.derivedData/SDKExplicitPrecompiledModules/XPC-81Y45QFY96XYYFCW2GT6FY8S4.pcm
SwiftExplicitDependencyGeneratePcm arm64_32 /Users/admin/builder/spi-builder-workspace/.derivedData/SDKExplicitPrecompiledModules/CoreFoundation-8E6Y4BA3EXYKUGJ24GT9LGV3N.pcm
SwiftExplicitDependencyGeneratePcm arm64 /Users/admin/builder/spi-builder-workspace/.derivedData/SDKExplicitPrecompiledModules/CoreFoundation-8T2L24YC5NU7WO6WQJWRY7W08.pcm
SwiftExplicitDependencyGeneratePcm arm64 /Users/admin/builder/spi-builder-workspace/.derivedData/SDKExplicitPrecompiledModules/XPC-40DR0X1DHKGCV4J1IOLFS8MOU.pcm
SwiftExplicitDependencyGeneratePcm arm64_32 /Users/admin/builder/spi-builder-workspace/.derivedData/SDKExplicitPrecompiledModules/os-E5IGB442IA6SBB25TTCOLK2OC.pcm
SwiftExplicitDependencyGeneratePcm arm64 /Users/admin/builder/spi-builder-workspace/.derivedData/SDKExplicitPrecompiledModules/os-5DIL6Z9LFIGLMZAHM7X2T5435.pcm
SwiftExplicitDependencyGeneratePcm arm64 /Users/admin/builder/spi-builder-workspace/.derivedData/SDKExplicitPrecompiledModules/Security-6RZ6YBRU8WCUHRFFRVUK5WKMM.pcm
SwiftExplicitDependencyGeneratePcm arm64 /Users/admin/builder/spi-builder-workspace/.derivedData/SDKExplicitPrecompiledModules/CoreGraphics-DWNZ73GEH98SBJXZ7DEXB420K.pcm
SwiftExplicitDependencyGeneratePcm arm64_32 /Users/admin/builder/spi-builder-workspace/.derivedData/SDKExplicitPrecompiledModules/CoreGraphics-9FDXYX6BKBUT6TJ2VF819E7T5.pcm
SwiftExplicitDependencyGeneratePcm arm64_32 /Users/admin/builder/spi-builder-workspace/.derivedData/SDKExplicitPrecompiledModules/Security-D7TOWF88VWF67TB9HAFP5UWB1.pcm
SwiftExplicitDependencyGeneratePcm arm64 /Users/admin/builder/spi-builder-workspace/.derivedData/SDKExplicitPrecompiledModules/Foundation-DLBKUSGXN8QHAT8W0OARR9S8A.pcm
SwiftExplicitDependencyGeneratePcm arm64_32 /Users/admin/builder/spi-builder-workspace/.derivedData/SDKExplicitPrecompiledModules/Foundation-BJ2VQGI3OGR34500MEQ1VKHPH.pcm
SwiftExplicitDependencyGeneratePcm arm64 /Users/admin/builder/spi-builder-workspace/.derivedData/SDKExplicitPrecompiledModules/CoreVideo-8MRR5MNWUOAW2DBPGUQ8FKK4.pcm
SwiftExplicitDependencyGeneratePcm arm64_32 /Users/admin/builder/spi-builder-workspace/.derivedData/SDKExplicitPrecompiledModules/CoreText-C9X2REPZN2V5BSU4G80FCETDR.pcm
SwiftExplicitDependencyGeneratePcm arm64_32 /Users/admin/builder/spi-builder-workspace/.derivedData/SDKExplicitPrecompiledModules/CoreVideo-2P8HI0403J99LBDPKNFJ5D4DL.pcm
SwiftExplicitDependencyGeneratePcm arm64 /Users/admin/builder/spi-builder-workspace/.derivedData/SDKExplicitPrecompiledModules/CoreText-970YJN6NIYGK1316L35Z0O8QT.pcm
SwiftExplicitDependencyGeneratePcm arm64 /Users/admin/builder/spi-builder-workspace/.derivedData/SDKExplicitPrecompiledModules/UserNotifications-ARAH8MEQ0C2L0FBO39HITJMAO.pcm
SwiftExplicitDependencyGeneratePcm arm64 /Users/admin/builder/spi-builder-workspace/.derivedData/SDKExplicitPrecompiledModules/CoreTransferable-9PPG3SLJ55T4LITIFYX2M0NOZ.pcm
SwiftExplicitDependencyGeneratePcm arm64 /Users/admin/builder/spi-builder-workspace/.derivedData/SDKExplicitPrecompiledModules/QuartzCore-94KFMWNOU7ZLUZNB4T5DLZC9D.pcm
SwiftExplicitDependencyGeneratePcm arm64 /Users/admin/builder/spi-builder-workspace/.derivedData/SDKExplicitPrecompiledModules/UIUtilities-IR7RNW23VAUKYI9MLCS9NL9A.pcm
SwiftExplicitDependencyGeneratePcm arm64 /Users/admin/builder/spi-builder-workspace/.derivedData/SDKExplicitPrecompiledModules/Accessibility-27QMG6ZQ1NKYTNBYFPM1XKNFC.pcm
SwiftExplicitDependencyGeneratePcm arm64 /Users/admin/builder/spi-builder-workspace/.derivedData/SDKExplicitPrecompiledModules/OSLog-B7VGO357Y3GJG35TST7DKDSI3.pcm
SwiftExplicitDependencyGeneratePcm arm64 /Users/admin/builder/spi-builder-workspace/.derivedData/SDKExplicitPrecompiledModules/_LocationEssentials-5ZZDGDXB6HLQUC72SJW7YJ7MK.pcm
SwiftExplicitDependencyGeneratePcm arm64 /Users/admin/builder/spi-builder-workspace/.derivedData/SDKExplicitPrecompiledModules/Symbols-3EFABTJ9L5PQDJ7RQCYQWEJMM.pcm
SwiftExplicitDependencyGeneratePcm arm64 /Users/admin/builder/spi-builder-workspace/.derivedData/SDKExplicitPrecompiledModules/UniformTypeIdentifiers-8L08Q8DQJV8C4AW84YVGFGTRN.pcm
SwiftExplicitDependencyGeneratePcm arm64 /Users/admin/builder/spi-builder-workspace/.derivedData/SDKExplicitPrecompiledModules/DataDetection-7BNVI1SZW5ISQL5SX4WL2X7I5.pcm
SwiftExplicitDependencyGeneratePcm arm64_32 /Users/admin/builder/spi-builder-workspace/.derivedData/SDKExplicitPrecompiledModules/UniformTypeIdentifiers-CJZ3NTHPSBH4XWX5EVOG56UZS.pcm
SwiftExplicitDependencyGeneratePcm arm64_32 /Users/admin/builder/spi-builder-workspace/.derivedData/SDKExplicitPrecompiledModules/UserNotifications-6TBN8TEAKO014N1T2QD926XED.pcm
SwiftExplicitDependencyGeneratePcm arm64 /Users/admin/builder/spi-builder-workspace/.derivedData/SDKExplicitPrecompiledModules/CoreLocation-ACKJ9K7ABI14F97Y46Y6SRR17.pcm
SwiftExplicitDependencyGeneratePcm arm64_32 /Users/admin/builder/spi-builder-workspace/.derivedData/SDKExplicitPrecompiledModules/_LocationEssentials-AQ1OL9QKC3LQLY5CNSRM1HB53.pcm
SwiftExplicitDependencyGeneratePcm arm64_32 /Users/admin/builder/spi-builder-workspace/.derivedData/SDKExplicitPrecompiledModules/DataDetection-U9BF7WHFVA6BZGFXXXP272PS.pcm
SwiftExplicitDependencyGeneratePcm arm64_32 /Users/admin/builder/spi-builder-workspace/.derivedData/SDKExplicitPrecompiledModules/Symbols-1H97WMG76HU94F5VGJR19PXFY.pcm
SwiftExplicitDependencyGeneratePcm arm64_32 /Users/admin/builder/spi-builder-workspace/.derivedData/SDKExplicitPrecompiledModules/CoreTransferable-5D4IR6X37682FPHJ5CBPTKQV6.pcm
SwiftExplicitDependencyGeneratePcm arm64_32 /Users/admin/builder/spi-builder-workspace/.derivedData/SDKExplicitPrecompiledModules/QuartzCore-6375NPYACK5NYVHPMC1QQ8MC2.pcm
SwiftExplicitDependencyGeneratePcm arm64_32 /Users/admin/builder/spi-builder-workspace/.derivedData/SDKExplicitPrecompiledModules/UIUtilities-9YFVNIMRC5HRVOIARNWHP1E3H.pcm
SwiftExplicitDependencyGeneratePcm arm64_32 /Users/admin/builder/spi-builder-workspace/.derivedData/SDKExplicitPrecompiledModules/Accessibility-F385OMZ5GYBUY5O4QAJB4NRII.pcm
SwiftExplicitDependencyGeneratePcm arm64 /Users/admin/builder/spi-builder-workspace/.derivedData/SDKExplicitPrecompiledModules/SwiftUICore-C1DST1IX2Z0PTH5SJJZ1IULRB.pcm
SwiftExplicitDependencyGeneratePcm arm64_32 /Users/admin/builder/spi-builder-workspace/.derivedData/SDKExplicitPrecompiledModules/OSLog-D9AVFY0KWO7RVBIQ73CBIJVCN.pcm
SwiftExplicitDependencyGeneratePcm arm64_32 /Users/admin/builder/spi-builder-workspace/.derivedData/SDKExplicitPrecompiledModules/CoreLocation-8XU5YMYM4P11RQMYCQAG65ITK.pcm
SwiftExplicitDependencyGeneratePcm arm64 /Users/admin/builder/spi-builder-workspace/.derivedData/SDKExplicitPrecompiledModules/CoreMotion-6RD5K48QT1F4L9CATNFD2O7YB.pcm
SwiftExplicitDependencyGeneratePcm arm64_32 /Users/admin/builder/spi-builder-workspace/.derivedData/SDKExplicitPrecompiledModules/SwiftUICore-3Q7WLRD8MR9R3NGIPUBQCP6F6.pcm
SwiftExplicitDependencyGeneratePcm arm64_32 /Users/admin/builder/spi-builder-workspace/.derivedData/SDKExplicitPrecompiledModules/CoreMotion-1XGTVTE5PP32UHME8AC63TL6.pcm
SwiftExplicitDependencyGeneratePcm arm64 /Users/admin/builder/spi-builder-workspace/.derivedData/SDKExplicitPrecompiledModules/UIKit-27R3P1YMV4C6JLDT661G3MRIA.pcm
SwiftExplicitDependencyGeneratePcm arm64_32 /Users/admin/builder/spi-builder-workspace/.derivedData/SDKExplicitPrecompiledModules/UIKit-6PPV7YPZ89CZPHYAP072QH8B6.pcm
SwiftEmitModule normal arm64 Emitting\ module\ for\ FocusKit (in target 'FocusKit' from project 'FocusKit')
SwiftCompile normal arm64 (in target 'FocusKit' from project 'FocusKit')
cd /Users/admin/builder/spi-builder-workspace/.swiftpm/xcode
SwiftCompile normal arm64 Compiling\ FocusSession.swift /Users/admin/builder/spi-builder-workspace/Sources/FocusKit/FocusSession.swift (in target 'FocusKit' from project 'FocusKit')
SwiftCompile normal arm64 /Users/admin/builder/spi-builder-workspace/Sources/FocusKit/FocusSession.swift (in target 'FocusKit' from project 'FocusKit')
cd /Users/admin/builder/spi-builder-workspace/.swiftpm/xcode
builtin-SwiftPerFileCompile FocusSession.swift
SwiftCompile normal arm64 Compiling\ FocusScheduler.swift /Users/admin/builder/spi-builder-workspace/Sources/FocusKit/FocusScheduler.swift (in target 'FocusKit' from project 'FocusKit')
SwiftCompile normal arm64 /Users/admin/builder/spi-builder-workspace/Sources/FocusKit/FocusScheduler.swift (in target 'FocusKit' from project 'FocusKit')
cd /Users/admin/builder/spi-builder-workspace/.swiftpm/xcode
builtin-SwiftPerFileCompile FocusScheduler.swift
SwiftCompile normal arm64 Compiling\ FocusTimer.swift /Users/admin/builder/spi-builder-workspace/Sources/FocusKit/FocusTimer.swift (in target 'FocusKit' from project 'FocusKit')
SwiftCompile normal arm64 /Users/admin/builder/spi-builder-workspace/Sources/FocusKit/FocusTimer.swift (in target 'FocusKit' from project 'FocusKit')
cd /Users/admin/builder/spi-builder-workspace/.swiftpm/xcode
builtin-SwiftPerFileCompile FocusTimer.swift
/Users/admin/builder/spi-builder-workspace/Sources/FocusKit/FocusTimer.swift:116:30: error: 'UIApplication' is unavailable in watchOS
114 | let center = NotificationCenter.default
115 | let bgObserver = center.addObserver(
116 | forName: UIApplication.willResignActiveNotification,
| `- error: 'UIApplication' is unavailable in watchOS
117 | object: nil,
118 | queue: nil
/Applications/Xcode-27.0.0-Release.Candidate.app/Contents/Developer/Platforms/WatchOS.platform/Developer/SDKs/WatchOS27.0.sdk/System/Library/Frameworks/UIKit.framework/Headers/UIApplication.h:85:12: note: 'UIApplication' has been explicitly marked unavailable here
83 |
84 | UIKIT_EXTERN API_AVAILABLE(ios(2.0)) API_UNAVAILABLE(watchos) NS_SWIFT_UI_ACTOR
85 | @interface UIApplication : UIResponder
| `- note: 'UIApplication' has been explicitly marked unavailable here
86 |
87 | @property(class, nonatomic, readonly) UIApplication *sharedApplication NS_EXTENSION_UNAVAILABLE_IOS("Use view controller based solutions where appropriate instead.");
/Users/admin/builder/spi-builder-workspace/Sources/FocusKit/FocusTimer.swift:116:44: error: 'willResignActiveNotification' is unavailable in watchOS
114 | let center = NotificationCenter.default
115 | let bgObserver = center.addObserver(
116 | forName: UIApplication.willResignActiveNotification,
| `- error: 'willResignActiveNotification' is unavailable in watchOS
117 | object: nil,
118 | queue: nil
/Applications/Xcode-27.0.0-Release.Candidate.app/Contents/Developer/Platforms/WatchOS.platform/Developer/SDKs/WatchOS27.0.sdk/System/Library/Frameworks/UIKit.framework/Headers/UIApplication.h:574:39: note: 'willResignActiveNotification' has been explicitly marked unavailable here
572 | UIKIT_EXTERN NSNotificationName const UIApplicationDidFinishLaunchingNotification API_UNAVAILABLE(watchos) NS_SWIFT_NONISOLATED;
573 | UIKIT_EXTERN NSNotificationName const UIApplicationDidBecomeActiveNotification API_UNAVAILABLE(watchos) NS_SWIFT_NONISOLATED;
574 | UIKIT_EXTERN NSNotificationName const UIApplicationWillResignActiveNotification API_UNAVAILABLE(watchos) NS_SWIFT_NONISOLATED;
| `- note: 'willResignActiveNotification' has been explicitly marked unavailable here
575 | UIKIT_EXTERN NSNotificationName const UIApplicationDidReceiveMemoryWarningNotification API_UNAVAILABLE(watchos) NS_SWIFT_NONISOLATED;
576 | UIKIT_EXTERN NSNotificationName const UIApplicationWillTerminateNotification API_UNAVAILABLE(watchos) NS_SWIFT_NONISOLATED;
/Users/admin/builder/spi-builder-workspace/Sources/FocusKit/FocusTimer.swift:123:30: error: 'UIApplication' is unavailable in watchOS
121 | }
122 | let fgObserver = center.addObserver(
123 | forName: UIApplication.didBecomeActiveNotification,
| `- error: 'UIApplication' is unavailable in watchOS
124 | object: nil,
125 | queue: nil
/Applications/Xcode-27.0.0-Release.Candidate.app/Contents/Developer/Platforms/WatchOS.platform/Developer/SDKs/WatchOS27.0.sdk/System/Library/Frameworks/UIKit.framework/Headers/UIApplication.h:85:12: note: 'UIApplication' has been explicitly marked unavailable here
83 |
84 | UIKIT_EXTERN API_AVAILABLE(ios(2.0)) API_UNAVAILABLE(watchos) NS_SWIFT_UI_ACTOR
85 | @interface UIApplication : UIResponder
| `- note: 'UIApplication' has been explicitly marked unavailable here
86 |
87 | @property(class, nonatomic, readonly) UIApplication *sharedApplication NS_EXTENSION_UNAVAILABLE_IOS("Use view controller based solutions where appropriate instead.");
SwiftCompile normal arm64 Compiling\ FocusStatistics.swift /Users/admin/builder/spi-builder-workspace/Sources/FocusKit/FocusStatistics.swift (in target 'FocusKit' from project 'FocusKit')
SwiftCompile normal arm64 /Users/admin/builder/spi-builder-workspace/Sources/FocusKit/FocusStatistics.swift (in target 'FocusKit' from project 'FocusKit')
cd /Users/admin/builder/spi-builder-workspace/.swiftpm/xcode
builtin-SwiftPerFileCompile FocusStatistics.swift
SwiftCompile normal arm64 Compiling\ FocusStore.swift /Users/admin/builder/spi-builder-workspace/Sources/FocusKit/FocusStore.swift (in target 'FocusKit' from project 'FocusKit')
SwiftCompile normal arm64 /Users/admin/builder/spi-builder-workspace/Sources/FocusKit/FocusStore.swift (in target 'FocusKit' from project 'FocusKit')
cd /Users/admin/builder/spi-builder-workspace/.swiftpm/xcode
builtin-SwiftPerFileCompile FocusStore.swift
SwiftCompile normal arm64 Compiling\ FocusKit.swift /Users/admin/builder/spi-builder-workspace/Sources/FocusKit/FocusKit.swift (in target 'FocusKit' from project 'FocusKit')
SwiftCompile normal arm64 /Users/admin/builder/spi-builder-workspace/Sources/FocusKit/FocusKit.swift (in target 'FocusKit' from project 'FocusKit')
cd /Users/admin/builder/spi-builder-workspace/.swiftpm/xcode
builtin-SwiftPerFileCompile FocusKit.swift
SwiftCompile normal arm64 Compiling\ FocusError.swift /Users/admin/builder/spi-builder-workspace/Sources/FocusKit/FocusError.swift (in target 'FocusKit' from project 'FocusKit')
SwiftCompile normal arm64 /Users/admin/builder/spi-builder-workspace/Sources/FocusKit/FocusError.swift (in target 'FocusKit' from project 'FocusKit')
cd /Users/admin/builder/spi-builder-workspace/.swiftpm/xcode
builtin-SwiftPerFileCompile FocusError.swift
SwiftCompile normal arm64 Compiling\ FocusConfiguration.swift /Users/admin/builder/spi-builder-workspace/Sources/FocusKit/FocusConfiguration.swift (in target 'FocusKit' from project 'FocusKit')
SwiftCompile normal arm64 /Users/admin/builder/spi-builder-workspace/Sources/FocusKit/FocusConfiguration.swift (in target 'FocusKit' from project 'FocusKit')
cd /Users/admin/builder/spi-builder-workspace/.swiftpm/xcode
builtin-SwiftPerFileCompile FocusConfiguration.swift
SwiftEmitModule normal arm64_32 Emitting\ module\ for\ FocusKit (in target 'FocusKit' from project 'FocusKit')
SwiftCompile normal arm64_32 (in target 'FocusKit' from project 'FocusKit')
cd /Users/admin/builder/spi-builder-workspace/.swiftpm/xcode
SwiftCompile normal arm64_32 Compiling\ FocusStore.swift /Users/admin/builder/spi-builder-workspace/Sources/FocusKit/FocusStore.swift (in target 'FocusKit' from project 'FocusKit')
SwiftCompile normal arm64_32 /Users/admin/builder/spi-builder-workspace/Sources/FocusKit/FocusStore.swift (in target 'FocusKit' from project 'FocusKit')
cd /Users/admin/builder/spi-builder-workspace/.swiftpm/xcode
builtin-SwiftPerFileCompile FocusStore.swift
SwiftDriverJobDiscovery normal arm64 Emitting module for FocusKit (in target 'FocusKit' from project 'FocusKit')
SwiftDriver\ Compilation\ Requirements FocusKit normal arm64 com.apple.xcode.tools.swift.compiler (in target 'FocusKit' from project 'FocusKit')
cd /Users/admin/builder/spi-builder-workspace/.swiftpm/xcode
builtin-Swift-Compilation-Requirements -- /Applications/Xcode-27.0.0-Release.Candidate.app/Contents/Developer/Toolchains/XcodeDefault.xctoolchain/usr/bin/swiftc -parse-as-library -module-name FocusKit -Onone @/Users/admin/builder/spi-builder-workspace/.derivedData/Build/Intermediates.noindex/FocusKit.build/Debug-watchos/FocusKit-t.build/Objects-normal/arm64/FocusKit.SwiftFileList -DSWIFT_PACKAGE -DDEBUG -DSWIFT_MODULE_RESOURCE_BUNDLE_UNAVAILABLE -DXcode -enable-experimental-feature StrictConcurrency -plugin-path /Applications/Xcode-27.0.0-Release.Candidate.app/Contents/Developer/Toolchains/XcodeDefault.xctoolchain/usr/lib/swift/host/plugins/testing -enable-experimental-feature DebugDescriptionMacro -sdk /Applications/Xcode-27.0.0-Release.Candidate.app/Contents/Developer/Platforms/WatchOS.platform/Developer/SDKs/WatchOS27.0.sdk -target arm64-apple-watchos10.0 -g -module-cache-path /Users/admin/builder/spi-builder-workspace/.derivedData/ModuleCache.noindex -Xfrontend -serialize-debugging-options -profile-coverage-mapping -profile-generate -enable-testing -index-store-path /Users/admin/builder/spi-builder-workspace/.derivedData/Index.noindex/DataStore -Xcc -D_LIBCPP_HARDENING_MODE\=_LIBCPP_HARDENING_MODE_DEBUG -swift-version 5 -I /Users/admin/builder/spi-builder-workspace/.derivedData/Build/Products/Debug-watchos -Isystem /Applications/Xcode-27.0.0-Release.Candidate.app/Contents/Developer/Platforms/WatchOS.platform/Developer/usr/lib -F /Users/admin/builder/spi-builder-workspace/.derivedData/Build/Products/Debug-watchos -F /Applications/Xcode-27.0.0-Release.Candidate.app/Contents/Developer/Platforms/WatchOS.platform/Developer/Library/Frameworks -F /Applications/Xcode-27.0.0-Release.Candidate.app/Contents/Developer/Platforms/WatchOS.platform/Developer/SDKs/WatchOS27.0.sdk/Developer/Library/Frameworks -c -j10 -enable-batch-mode -incremental -Xcc -ivfsstatcache -Xcc /Users/admin/builder/spi-builder-workspace/.derivedData/SDKStatCaches.noindex/watchos27.0-24R360-e829b21a6f8c9b70876ba0858053c04477534ef55a1706bf4c1112bbb242f0a2.sdkstatcache -output-file-map /Users/admin/builder/spi-builder-workspace/.derivedData/Build/Intermediates.noindex/FocusKit.build/Debug-watchos/FocusKit-t.build/Objects-normal/arm64/FocusKit-OutputFileMap.json -save-temps -no-color-diagnostics -explicit-module-build -module-cache-path /Users/admin/builder/spi-builder-workspace/.derivedData/Build/Intermediates.noindex/SwiftExplicitPrecompiledModules -clang-scanner-module-cache-path /Users/admin/builder/spi-builder-workspace/.derivedData/ModuleCache.noindex -sdk-module-cache-path /Users/admin/builder/spi-builder-workspace/.derivedData/SDKExplicitPrecompiledModules -emit-dependencies -emit-module -emit-module-path /Users/admin/builder/spi-builder-workspace/.derivedData/Build/Intermediates.noindex/FocusKit.build/Debug-watchos/FocusKit-t.build/Objects-normal/arm64/FocusKit.swiftmodule -serialize-diagnostics -dependency-scan-serialize-diagnostics-path /Users/admin/builder/spi-builder-workspace/.derivedData/Build/Intermediates.noindex/FocusKit.build/Debug-watchos/FocusKit-t.build/Objects-normal/arm64/FocusKit-dependency-scan.dia -validate-clang-modules-once -clang-build-session-file /Users/admin/builder/spi-builder-workspace/.derivedData/ModuleCache.noindex/Session.modulevalidation -Xcc -fmodules-prune-interval\=86400 -Xcc -fmodules-prune-after\=345600 -package-name spi_builder_workspace -emit-const-values -const-gather-protocols-list /Users/admin/builder/spi-builder-workspace/.derivedData/Build/Intermediates.noindex/FocusKit.build/Debug-watchos/FocusKit-t.build/Objects-normal/arm64/FocusKit_const_extract_protocols.json -Xcc -I/Users/admin/builder/spi-builder-workspace/.derivedData/Build/Products/Debug-watchos/include -Xcc -I/Users/admin/builder/spi-builder-workspace/.derivedData/Build/Intermediates.noindex/FocusKit.build/Debug-watchos/FocusKit-t.build/DerivedSources-normal/arm64 -Xcc -I/Users/admin/builder/spi-builder-workspace/.derivedData/Build/Intermediates.noindex/FocusKit.build/Debug-watchos/FocusKit-t.build/DerivedSources/arm64 -Xcc -I/Users/admin/builder/spi-builder-workspace/.derivedData/Build/Intermediates.noindex/FocusKit.build/Debug-watchos/FocusKit-t.build/DerivedSources -Xcc -DSWIFT_PACKAGE -Xcc -DDEBUG\=1 -emit-objc-header -emit-objc-header-path /Users/admin/builder/spi-builder-workspace/.derivedData/Build/Intermediates.noindex/FocusKit.build/Debug-watchos/FocusKit-t.build/Objects-normal/arm64/FocusKit-Swift.h -working-directory /Users/admin/builder/spi-builder-workspace/.swiftpm/xcode -experimental-emit-module-separately -disable-cmo
SwiftDriverJobDiscovery normal arm64_32 Emitting module for FocusKit (in target 'FocusKit' from project 'FocusKit')
SwiftDriver\ Compilation\ Requirements FocusKit normal arm64_32 com.apple.xcode.tools.swift.compiler (in target 'FocusKit' from project 'FocusKit')
cd /Users/admin/builder/spi-builder-workspace/.swiftpm/xcode
builtin-Swift-Compilation-Requirements -- /Applications/Xcode-27.0.0-Release.Candidate.app/Contents/Developer/Toolchains/XcodeDefault.xctoolchain/usr/bin/swiftc -parse-as-library -module-name FocusKit -Onone @/Users/admin/builder/spi-builder-workspace/.derivedData/Build/Intermediates.noindex/FocusKit.build/Debug-watchos/FocusKit-t.build/Objects-normal/arm64_32/FocusKit.SwiftFileList -DSWIFT_PACKAGE -DDEBUG -DSWIFT_MODULE_RESOURCE_BUNDLE_UNAVAILABLE -DXcode -enable-experimental-feature StrictConcurrency -plugin-path /Applications/Xcode-27.0.0-Release.Candidate.app/Contents/Developer/Toolchains/XcodeDefault.xctoolchain/usr/lib/swift/host/plugins/testing -enable-experimental-feature DebugDescriptionMacro -sdk /Applications/Xcode-27.0.0-Release.Candidate.app/Contents/Developer/Platforms/WatchOS.platform/Developer/SDKs/WatchOS27.0.sdk -target arm64_32-apple-watchos10.0 -g -module-cache-path /Users/admin/builder/spi-builder-workspace/.derivedData/ModuleCache.noindex -Xfrontend -serialize-debugging-options -profile-coverage-mapping -profile-generate -enable-testing -index-store-path /Users/admin/builder/spi-builder-workspace/.derivedData/Index.noindex/DataStore -Xcc -D_LIBCPP_HARDENING_MODE\=_LIBCPP_HARDENING_MODE_DEBUG -swift-version 5 -I /Users/admin/builder/spi-builder-workspace/.derivedData/Build/Products/Debug-watchos -Isystem /Applications/Xcode-27.0.0-Release.Candidate.app/Contents/Developer/Platforms/WatchOS.platform/Developer/usr/lib -F /Users/admin/builder/spi-builder-workspace/.derivedData/Build/Products/Debug-watchos -F /Applications/Xcode-27.0.0-Release.Candidate.app/Contents/Developer/Platforms/WatchOS.platform/Developer/Library/Frameworks -F /Applications/Xcode-27.0.0-Release.Candidate.app/Contents/Developer/Platforms/WatchOS.platform/Developer/SDKs/WatchOS27.0.sdk/Developer/Library/Frameworks -c -j10 -enable-batch-mode -incremental -Xcc -ivfsstatcache -Xcc /Users/admin/builder/spi-builder-workspace/.derivedData/SDKStatCaches.noindex/watchos27.0-24R360-e829b21a6f8c9b70876ba0858053c04477534ef55a1706bf4c1112bbb242f0a2.sdkstatcache -output-file-map /Users/admin/builder/spi-builder-workspace/.derivedData/Build/Intermediates.noindex/FocusKit.build/Debug-watchos/FocusKit-t.build/Objects-normal/arm64_32/FocusKit-OutputFileMap.json -save-temps -no-color-diagnostics -explicit-module-build -module-cache-path /Users/admin/builder/spi-builder-workspace/.derivedData/Build/Intermediates.noindex/SwiftExplicitPrecompiledModules -clang-scanner-module-cache-path /Users/admin/builder/spi-builder-workspace/.derivedData/ModuleCache.noindex -sdk-module-cache-path /Users/admin/builder/spi-builder-workspace/.derivedData/SDKExplicitPrecompiledModules -emit-dependencies -emit-module -emit-module-path /Users/admin/builder/spi-builder-workspace/.derivedData/Build/Intermediates.noindex/FocusKit.build/Debug-watchos/FocusKit-t.build/Objects-normal/arm64_32/FocusKit.swiftmodule -serialize-diagnostics -dependency-scan-serialize-diagnostics-path /Users/admin/builder/spi-builder-workspace/.derivedData/Build/Intermediates.noindex/FocusKit.build/Debug-watchos/FocusKit-t.build/Objects-normal/arm64_32/FocusKit-dependency-scan.dia -validate-clang-modules-once -clang-build-session-file /Users/admin/builder/spi-builder-workspace/.derivedData/ModuleCache.noindex/Session.modulevalidation -Xcc -fmodules-prune-interval\=86400 -Xcc -fmodules-prune-after\=345600 -package-name spi_builder_workspace -emit-const-values -const-gather-protocols-list /Users/admin/builder/spi-builder-workspace/.derivedData/Build/Intermediates.noindex/FocusKit.build/Debug-watchos/FocusKit-t.build/Objects-normal/arm64_32/FocusKit_const_extract_protocols.json -Xcc -I/Users/admin/builder/spi-builder-workspace/.derivedData/Build/Products/Debug-watchos/include -Xcc -I/Users/admin/builder/spi-builder-workspace/.derivedData/Build/Intermediates.noindex/FocusKit.build/Debug-watchos/FocusKit-t.build/DerivedSources-normal/arm64_32 -Xcc -I/Users/admin/builder/spi-builder-workspace/.derivedData/Build/Intermediates.noindex/FocusKit.build/Debug-watchos/FocusKit-t.build/DerivedSources/arm64_32 -Xcc -I/Users/admin/builder/spi-builder-workspace/.derivedData/Build/Intermediates.noindex/FocusKit.build/Debug-watchos/FocusKit-t.build/DerivedSources -Xcc -DSWIFT_PACKAGE -Xcc -DDEBUG\=1 -emit-objc-header -emit-objc-header-path /Users/admin/builder/spi-builder-workspace/.derivedData/Build/Intermediates.noindex/FocusKit.build/Debug-watchos/FocusKit-t.build/Objects-normal/arm64_32/FocusKit-Swift.h -working-directory /Users/admin/builder/spi-builder-workspace/.swiftpm/xcode -experimental-emit-module-separately -disable-cmo
Copy /Users/admin/builder/spi-builder-workspace/.derivedData/Build/Products/Debug-watchos/FocusKit.swiftmodule/arm64-apple-watchos.swiftmodule /Users/admin/builder/spi-builder-workspace/.derivedData/Build/Intermediates.noindex/FocusKit.build/Debug-watchos/FocusKit-t.build/Objects-normal/arm64/FocusKit.swiftmodule (in target 'FocusKit' from project 'FocusKit')
cd /Users/admin/builder/spi-builder-workspace
builtin-copy -exclude .DS_Store -exclude CVS -exclude .svn -exclude .git -exclude .hg -resolve-src-symlinks -rename /Users/admin/builder/spi-builder-workspace/.derivedData/Build/Intermediates.noindex/FocusKit.build/Debug-watchos/FocusKit-t.build/Objects-normal/arm64/FocusKit.swiftmodule /Users/admin/builder/spi-builder-workspace/.derivedData/Build/Products/Debug-watchos/FocusKit.swiftmodule/arm64-apple-watchos.swiftmodule
SwiftMergeGeneratedHeaders /Users/admin/builder/spi-builder-workspace/.derivedData/Build/Intermediates.noindex/GeneratedModuleMaps-watchos/FocusKit-Swift.h /Users/admin/builder/spi-builder-workspace/.derivedData/Build/Intermediates.noindex/FocusKit.build/Debug-watchos/FocusKit-t.build/Objects-normal/arm64/FocusKit-Swift.h /Users/admin/builder/spi-builder-workspace/.derivedData/Build/Intermediates.noindex/FocusKit.build/Debug-watchos/FocusKit-t.build/Objects-normal/arm64_32/FocusKit-Swift.h (in target 'FocusKit' from project 'FocusKit')
cd /Users/admin/builder/spi-builder-workspace
builtin-swiftHeaderTool -arch arm64 /Users/admin/builder/spi-builder-workspace/.derivedData/Build/Intermediates.noindex/FocusKit.build/Debug-watchos/FocusKit-t.build/Objects-normal/arm64/FocusKit-Swift.h -arch arm64_32 /Users/admin/builder/spi-builder-workspace/.derivedData/Build/Intermediates.noindex/FocusKit.build/Debug-watchos/FocusKit-t.build/Objects-normal/arm64_32/FocusKit-Swift.h -o /Users/admin/builder/spi-builder-workspace/.derivedData/Build/Intermediates.noindex/GeneratedModuleMaps-watchos/FocusKit-Swift.h
Copy /Users/admin/builder/spi-builder-workspace/.derivedData/Build/Products/Debug-watchos/FocusKit.swiftmodule/arm64_32-apple-watchos.swiftmodule /Users/admin/builder/spi-builder-workspace/.derivedData/Build/Intermediates.noindex/FocusKit.build/Debug-watchos/FocusKit-t.build/Objects-normal/arm64_32/FocusKit.swiftmodule (in target 'FocusKit' from project 'FocusKit')
cd /Users/admin/builder/spi-builder-workspace
builtin-copy -exclude .DS_Store -exclude CVS -exclude .svn -exclude .git -exclude .hg -resolve-src-symlinks -rename /Users/admin/builder/spi-builder-workspace/.derivedData/Build/Intermediates.noindex/FocusKit.build/Debug-watchos/FocusKit-t.build/Objects-normal/arm64_32/FocusKit.swiftmodule /Users/admin/builder/spi-builder-workspace/.derivedData/Build/Products/Debug-watchos/FocusKit.swiftmodule/arm64_32-apple-watchos.swiftmodule
Copy /Users/admin/builder/spi-builder-workspace/.derivedData/Build/Products/Debug-watchos/FocusKit.swiftmodule/arm64_32-apple-watchos.swiftdoc /Users/admin/builder/spi-builder-workspace/.derivedData/Build/Intermediates.noindex/FocusKit.build/Debug-watchos/FocusKit-t.build/Objects-normal/arm64_32/FocusKit.swiftdoc (in target 'FocusKit' from project 'FocusKit')
cd /Users/admin/builder/spi-builder-workspace
builtin-copy -exclude .DS_Store -exclude CVS -exclude .svn -exclude .git -exclude .hg -resolve-src-symlinks -rename /Users/admin/builder/spi-builder-workspace/.derivedData/Build/Intermediates.noindex/FocusKit.build/Debug-watchos/FocusKit-t.build/Objects-normal/arm64_32/FocusKit.swiftdoc /Users/admin/builder/spi-builder-workspace/.derivedData/Build/Products/Debug-watchos/FocusKit.swiftmodule/arm64_32-apple-watchos.swiftdoc
Copy /Users/admin/builder/spi-builder-workspace/.derivedData/Build/Products/Debug-watchos/FocusKit.swiftmodule/arm64_32-apple-watchos.abi.json /Users/admin/builder/spi-builder-workspace/.derivedData/Build/Intermediates.noindex/FocusKit.build/Debug-watchos/FocusKit-t.build/Objects-normal/arm64_32/FocusKit.abi.json (in target 'FocusKit' from project 'FocusKit')
cd /Users/admin/builder/spi-builder-workspace
builtin-copy -exclude .DS_Store -exclude CVS -exclude .svn -exclude .git -exclude .hg -resolve-src-symlinks -rename /Users/admin/builder/spi-builder-workspace/.derivedData/Build/Intermediates.noindex/FocusKit.build/Debug-watchos/FocusKit-t.build/Objects-normal/arm64_32/FocusKit.abi.json /Users/admin/builder/spi-builder-workspace/.derivedData/Build/Products/Debug-watchos/FocusKit.swiftmodule/arm64_32-apple-watchos.abi.json
Copy /Users/admin/builder/spi-builder-workspace/.derivedData/Build/Products/Debug-watchos/FocusKit.swiftmodule/arm64-apple-watchos.swiftdoc /Users/admin/builder/spi-builder-workspace/.derivedData/Build/Intermediates.noindex/FocusKit.build/Debug-watchos/FocusKit-t.build/Objects-normal/arm64/FocusKit.swiftdoc (in target 'FocusKit' from project 'FocusKit')
cd /Users/admin/builder/spi-builder-workspace
builtin-copy -exclude .DS_Store -exclude CVS -exclude .svn -exclude .git -exclude .hg -resolve-src-symlinks -rename /Users/admin/builder/spi-builder-workspace/.derivedData/Build/Intermediates.noindex/FocusKit.build/Debug-watchos/FocusKit-t.build/Objects-normal/arm64/FocusKit.swiftdoc /Users/admin/builder/spi-builder-workspace/.derivedData/Build/Products/Debug-watchos/FocusKit.swiftmodule/arm64-apple-watchos.swiftdoc
Copy /Users/admin/builder/spi-builder-workspace/.derivedData/Build/Products/Debug-watchos/FocusKit.swiftmodule/arm64-apple-watchos.abi.json /Users/admin/builder/spi-builder-workspace/.derivedData/Build/Intermediates.noindex/FocusKit.build/Debug-watchos/FocusKit-t.build/Objects-normal/arm64/FocusKit.abi.json (in target 'FocusKit' from project 'FocusKit')
cd /Users/admin/builder/spi-builder-workspace
builtin-copy -exclude .DS_Store -exclude CVS -exclude .svn -exclude .git -exclude .hg -resolve-src-symlinks -rename /Users/admin/builder/spi-builder-workspace/.derivedData/Build/Intermediates.noindex/FocusKit.build/Debug-watchos/FocusKit-t.build/Objects-normal/arm64/FocusKit.abi.json /Users/admin/builder/spi-builder-workspace/.derivedData/Build/Products/Debug-watchos/FocusKit.swiftmodule/arm64-apple-watchos.abi.json
Copy /Users/admin/builder/spi-builder-workspace/.derivedData/Build/Products/Debug-watchos/FocusKit.swiftmodule/Project/arm64_32-apple-watchos.swiftsourceinfo /Users/admin/builder/spi-builder-workspace/.derivedData/Build/Intermediates.noindex/FocusKit.build/Debug-watchos/FocusKit-t.build/Objects-normal/arm64_32/FocusKit.swiftsourceinfo (in target 'FocusKit' from project 'FocusKit')
cd /Users/admin/builder/spi-builder-workspace
builtin-copy -exclude .DS_Store -exclude CVS -exclude .svn -exclude .git -exclude .hg -resolve-src-symlinks -rename /Users/admin/builder/spi-builder-workspace/.derivedData/Build/Intermediates.noindex/FocusKit.build/Debug-watchos/FocusKit-t.build/Objects-normal/arm64_32/FocusKit.swiftsourceinfo /Users/admin/builder/spi-builder-workspace/.derivedData/Build/Products/Debug-watchos/FocusKit.swiftmodule/Project/arm64_32-apple-watchos.swiftsourceinfo
Copy /Users/admin/builder/spi-builder-workspace/.derivedData/Build/Products/Debug-watchos/FocusKit.swiftmodule/Project/arm64-apple-watchos.swiftsourceinfo /Users/admin/builder/spi-builder-workspace/.derivedData/Build/Intermediates.noindex/FocusKit.build/Debug-watchos/FocusKit-t.build/Objects-normal/arm64/FocusKit.swiftsourceinfo (in target 'FocusKit' from project 'FocusKit')
cd /Users/admin/builder/spi-builder-workspace
builtin-copy -exclude .DS_Store -exclude CVS -exclude .svn -exclude .git -exclude .hg -resolve-src-symlinks -rename /Users/admin/builder/spi-builder-workspace/.derivedData/Build/Intermediates.noindex/FocusKit.build/Debug-watchos/FocusKit-t.build/Objects-normal/arm64/FocusKit.swiftsourceinfo /Users/admin/builder/spi-builder-workspace/.derivedData/Build/Products/Debug-watchos/FocusKit.swiftmodule/Project/arm64-apple-watchos.swiftsourceinfo
SwiftCompile normal arm64_32 Compiling\ FocusKit.swift /Users/admin/builder/spi-builder-workspace/Sources/FocusKit/FocusKit.swift (in target 'FocusKit' from project 'FocusKit')
SwiftCompile normal arm64_32 /Users/admin/builder/spi-builder-workspace/Sources/FocusKit/FocusKit.swift (in target 'FocusKit' from project 'FocusKit')
cd /Users/admin/builder/spi-builder-workspace/.swiftpm/xcode
builtin-SwiftPerFileCompile FocusKit.swift
SwiftDriverJobDiscovery normal arm64 Compiling FocusKit.swift (in target 'FocusKit' from project 'FocusKit')
SwiftCompile normal arm64_32 Compiling\ FocusStatistics.swift /Users/admin/builder/spi-builder-workspace/Sources/FocusKit/FocusStatistics.swift (in target 'FocusKit' from project 'FocusKit')
SwiftCompile normal arm64_32 /Users/admin/builder/spi-builder-workspace/Sources/FocusKit/FocusStatistics.swift (in target 'FocusKit' from project 'FocusKit')
cd /Users/admin/builder/spi-builder-workspace/.swiftpm/xcode
builtin-SwiftPerFileCompile FocusStatistics.swift
SwiftDriverJobDiscovery normal arm64 Compiling FocusScheduler.swift (in target 'FocusKit' from project 'FocusKit')
SwiftCompile normal arm64_32 Compiling\ FocusScheduler.swift /Users/admin/builder/spi-builder-workspace/Sources/FocusKit/FocusScheduler.swift (in target 'FocusKit' from project 'FocusKit')
SwiftCompile normal arm64_32 /Users/admin/builder/spi-builder-workspace/Sources/FocusKit/FocusScheduler.swift (in target 'FocusKit' from project 'FocusKit')
cd /Users/admin/builder/spi-builder-workspace/.swiftpm/xcode
builtin-SwiftPerFileCompile FocusScheduler.swift
SwiftCompile normal arm64_32 Compiling\ FocusSession.swift /Users/admin/builder/spi-builder-workspace/Sources/FocusKit/FocusSession.swift (in target 'FocusKit' from project 'FocusKit')
SwiftCompile normal arm64_32 /Users/admin/builder/spi-builder-workspace/Sources/FocusKit/FocusSession.swift (in target 'FocusKit' from project 'FocusKit')
cd /Users/admin/builder/spi-builder-workspace/.swiftpm/xcode
builtin-SwiftPerFileCompile FocusSession.swift
SwiftDriverJobDiscovery normal arm64 Compiling FocusError.swift (in target 'FocusKit' from project 'FocusKit')
SwiftDriverJobDiscovery normal arm64_32 Compiling FocusKit.swift (in target 'FocusKit' from project 'FocusKit')
SwiftCompile normal arm64_32 Compiling\ FocusConfiguration.swift /Users/admin/builder/spi-builder-workspace/Sources/FocusKit/FocusConfiguration.swift (in target 'FocusKit' from project 'FocusKit')
SwiftCompile normal arm64_32 /Users/admin/builder/spi-builder-workspace/Sources/FocusKit/FocusConfiguration.swift (in target 'FocusKit' from project 'FocusKit')
cd /Users/admin/builder/spi-builder-workspace/.swiftpm/xcode
builtin-SwiftPerFileCompile FocusConfiguration.swift
SwiftCompile normal arm64_32 Compiling\ FocusTimer.swift /Users/admin/builder/spi-builder-workspace/Sources/FocusKit/FocusTimer.swift (in target 'FocusKit' from project 'FocusKit')
/Users/admin/builder/spi-builder-workspace/Sources/FocusKit/FocusTimer.swift:116:30: error: 'UIApplication' is unavailable in watchOS
114 | let center = NotificationCenter.default
115 | let bgObserver = center.addObserver(
116 | forName: UIApplication.willResignActiveNotification,
| `- error: 'UIApplication' is unavailable in watchOS
117 | object: nil,
118 | queue: nil
/Applications/Xcode-27.0.0-Release.Candidate.app/Contents/Developer/Platforms/WatchOS.platform/Developer/SDKs/WatchOS27.0.sdk/System/Library/Frameworks/UIKit.framework/Headers/UIApplication.h:85:12: note: 'UIApplication' has been explicitly marked unavailable here
83 |
84 | UIKIT_EXTERN API_AVAILABLE(ios(2.0)) API_UNAVAILABLE(watchos) NS_SWIFT_UI_ACTOR
85 | @interface UIApplication : UIResponder
| `- note: 'UIApplication' has been explicitly marked unavailable here
86 |
87 | @property(class, nonatomic, readonly) UIApplication *sharedApplication NS_EXTENSION_UNAVAILABLE_IOS("Use view controller based solutions where appropriate instead.");
/Users/admin/builder/spi-builder-workspace/Sources/FocusKit/FocusTimer.swift:116:44: error: 'willResignActiveNotification' is unavailable in watchOS
114 | let center = NotificationCenter.default
115 | let bgObserver = center.addObserver(
116 | forName: UIApplication.willResignActiveNotification,
| `- error: 'willResignActiveNotification' is unavailable in watchOS
117 | object: nil,
118 | queue: nil
/Applications/Xcode-27.0.0-Release.Candidate.app/Contents/Developer/Platforms/WatchOS.platform/Developer/SDKs/WatchOS27.0.sdk/System/Library/Frameworks/UIKit.framework/Headers/UIApplication.h:574:39: note: 'willResignActiveNotification' has been explicitly marked unavailable here
572 | UIKIT_EXTERN NSNotificationName const UIApplicationDidFinishLaunchingNotification API_UNAVAILABLE(watchos) NS_SWIFT_NONISOLATED;
573 | UIKIT_EXTERN NSNotificationName const UIApplicationDidBecomeActiveNotification API_UNAVAILABLE(watchos) NS_SWIFT_NONISOLATED;
574 | UIKIT_EXTERN NSNotificationName const UIApplicationWillResignActiveNotification API_UNAVAILABLE(watchos) NS_SWIFT_NONISOLATED;
| `- note: 'willResignActiveNotification' has been explicitly marked unavailable here
575 | UIKIT_EXTERN NSNotificationName const UIApplicationDidReceiveMemoryWarningNotification API_UNAVAILABLE(watchos) NS_SWIFT_NONISOLATED;
576 | UIKIT_EXTERN NSNotificationName const UIApplicationWillTerminateNotification API_UNAVAILABLE(watchos) NS_SWIFT_NONISOLATED;
/Users/admin/builder/spi-builder-workspace/Sources/FocusKit/FocusTimer.swift:123:30: error: 'UIApplication' is unavailable in watchOS
121 | }
122 | let fgObserver = center.addObserver(
123 | forName: UIApplication.didBecomeActiveNotification,
| `- error: 'UIApplication' is unavailable in watchOS
124 | object: nil,
125 | queue: nil
/Applications/Xcode-27.0.0-Release.Candidate.app/Contents/Developer/Platforms/WatchOS.platform/Developer/SDKs/WatchOS27.0.sdk/System/Library/Frameworks/UIKit.framework/Headers/UIApplication.h:85:12: note: 'UIApplication' has been explicitly marked unavailable here
83 |
84 | UIKIT_EXTERN API_AVAILABLE(ios(2.0)) API_UNAVAILABLE(watchos) NS_SWIFT_UI_ACTOR
85 | @interface UIApplication : UIResponder
| `- note: 'UIApplication' has been explicitly marked unavailable here
86 |
87 | @property(class, nonatomic, readonly) UIApplication *sharedApplication NS_EXTENSION_UNAVAILABLE_IOS("Use view controller based solutions where appropriate instead.");
SwiftCompile normal arm64_32 /Users/admin/builder/spi-builder-workspace/Sources/FocusKit/FocusTimer.swift (in target 'FocusKit' from project 'FocusKit')
cd /Users/admin/builder/spi-builder-workspace/.swiftpm/xcode
builtin-SwiftPerFileCompile FocusTimer.swift
SwiftDriverJobDiscovery normal arm64 Compiling FocusConfiguration.swift (in target 'FocusKit' from project 'FocusKit')
SwiftCompile normal arm64_32 Compiling\ FocusError.swift /Users/admin/builder/spi-builder-workspace/Sources/FocusKit/FocusError.swift (in target 'FocusKit' from project 'FocusKit')
SwiftCompile normal arm64_32 /Users/admin/builder/spi-builder-workspace/Sources/FocusKit/FocusError.swift (in target 'FocusKit' from project 'FocusKit')
cd /Users/admin/builder/spi-builder-workspace/.swiftpm/xcode
builtin-SwiftPerFileCompile FocusError.swift
SwiftDriverJobDiscovery normal arm64 Compiling FocusStatistics.swift (in target 'FocusKit' from project 'FocusKit')
SwiftDriverJobDiscovery normal arm64 Compiling FocusSession.swift (in target 'FocusKit' from project 'FocusKit')
SwiftDriver FocusKitBlocking normal arm64 com.apple.xcode.tools.swift.compiler (in target 'FocusKitBlocking' from project 'FocusKit')
cd /Users/admin/builder/spi-builder-workspace/.swiftpm/xcode
builtin-SwiftDriver -- /Applications/Xcode-27.0.0-Release.Candidate.app/Contents/Developer/Toolchains/XcodeDefault.xctoolchain/usr/bin/swiftc -parse-as-library -module-name FocusKitBlocking -Onone @/Users/admin/builder/spi-builder-workspace/.derivedData/Build/Intermediates.noindex/FocusKit.build/Debug-watchos/FocusKitBlocking-t.build/Objects-normal/arm64/FocusKitBlocking.SwiftFileList -DSWIFT_PACKAGE -DDEBUG -DSWIFT_MODULE_RESOURCE_BUNDLE_UNAVAILABLE -DXcode -enable-experimental-feature StrictConcurrency -plugin-path /Applications/Xcode-27.0.0-Release.Candidate.app/Contents/Developer/Toolchains/XcodeDefault.xctoolchain/usr/lib/swift/host/plugins/testing -enable-experimental-feature DebugDescriptionMacro -sdk /Applications/Xcode-27.0.0-Release.Candidate.app/Contents/Developer/Platforms/WatchOS.platform/Developer/SDKs/WatchOS27.0.sdk -target arm64-apple-watchos10.0 -g -module-cache-path /Users/admin/builder/spi-builder-workspace/.derivedData/ModuleCache.noindex -Xfrontend -serialize-debugging-options -profile-coverage-mapping -profile-generate -enable-testing -index-store-path /Users/admin/builder/spi-builder-workspace/.derivedData/Index.noindex/DataStore -Xcc -D_LIBCPP_HARDENING_MODE\=_LIBCPP_HARDENING_MODE_DEBUG -swift-version 5 -I /Users/admin/builder/spi-builder-workspace/.derivedData/Build/Products/Debug-watchos -Isystem /Applications/Xcode-27.0.0-Release.Candidate.app/Contents/Developer/Platforms/WatchOS.platform/Developer/usr/lib -F /Users/admin/builder/spi-builder-workspace/.derivedData/Build/Products/Debug-watchos/PackageFrameworks -F /Users/admin/builder/spi-builder-workspace/.derivedData/Build/Products/Debug-watchos -F /Applications/Xcode-27.0.0-Release.Candidate.app/Contents/Developer/Platforms/WatchOS.platform/Developer/Library/Frameworks -F /Applications/Xcode-27.0.0-Release.Candidate.app/Contents/Developer/Platforms/WatchOS.platform/Developer/SDKs/WatchOS27.0.sdk/Developer/Library/Frameworks -c -j10 -enable-batch-mode -incremental -Xcc -ivfsstatcache -Xcc /Users/admin/builder/spi-builder-workspace/.derivedData/SDKStatCaches.noindex/watchos27.0-24R360-e829b21a6f8c9b70876ba0858053c04477534ef55a1706bf4c1112bbb242f0a2.sdkstatcache -output-file-map /Users/admin/builder/spi-builder-workspace/.derivedData/Build/Intermediates.noindex/FocusKit.build/Debug-watchos/FocusKitBlocking-t.build/Objects-normal/arm64/FocusKitBlocking-OutputFileMap.json -save-temps -no-color-diagnostics -explicit-module-build -module-cache-path /Users/admin/builder/spi-builder-workspace/.derivedData/Build/Intermediates.noindex/SwiftExplicitPrecompiledModules -clang-scanner-module-cache-path /Users/admin/builder/spi-builder-workspace/.derivedData/ModuleCache.noindex -sdk-module-cache-path /Users/admin/builder/spi-builder-workspace/.derivedData/SDKExplicitPrecompiledModules -emit-dependencies -emit-module -emit-module-path /Users/admin/builder/spi-builder-workspace/.derivedData/Build/Intermediates.noindex/FocusKit.build/Debug-watchos/FocusKitBlocking-t.build/Objects-normal/arm64/FocusKitBlocking.swiftmodule -serialize-diagnostics -dependency-scan-serialize-diagnostics-path /Users/admin/builder/spi-builder-workspace/.derivedData/Build/Intermediates.noindex/FocusKit.build/Debug-watchos/FocusKitBlocking-t.build/Objects-normal/arm64/FocusKitBlocking-dependency-scan.dia -validate-clang-modules-once -clang-build-session-file /Users/admin/builder/spi-builder-workspace/.derivedData/ModuleCache.noindex/Session.modulevalidation -Xcc -fmodules-prune-interval\=86400 -Xcc -fmodules-prune-after\=345600 -package-name spi_builder_workspace -emit-const-values -const-gather-protocols-list /Users/admin/builder/spi-builder-workspace/.derivedData/Build/Intermediates.noindex/FocusKit.build/Debug-watchos/FocusKitBlocking-t.build/Objects-normal/arm64/FocusKitBlocking_const_extract_protocols.json -Xcc -I/Users/admin/builder/spi-builder-workspace/.derivedData/Build/Products/Debug-watchos/include -Xcc -I/Users/admin/builder/spi-builder-workspace/.derivedData/Build/Intermediates.noindex/FocusKit.build/Debug-watchos/FocusKitBlocking-t.build/DerivedSources-normal/arm64 -Xcc -I/Users/admin/builder/spi-builder-workspace/.derivedData/Build/Intermediates.noindex/FocusKit.build/Debug-watchos/FocusKitBlocking-t.build/DerivedSources/arm64 -Xcc -I/Users/admin/builder/spi-builder-workspace/.derivedData/Build/Intermediates.noindex/FocusKit.build/Debug-watchos/FocusKitBlocking-t.build/DerivedSources -Xcc -DSWIFT_PACKAGE -Xcc -DDEBUG\=1 -emit-objc-header -emit-objc-header-path /Users/admin/builder/spi-builder-workspace/.derivedData/Build/Intermediates.noindex/FocusKit.build/Debug-watchos/FocusKitBlocking-t.build/Objects-normal/arm64/FocusKitBlocking-Swift.h -working-directory /Users/admin/builder/spi-builder-workspace/.swiftpm/xcode -experimental-emit-module-separately -disable-cmo
SwiftDriver FocusKitBlocking normal arm64_32 com.apple.xcode.tools.swift.compiler (in target 'FocusKitBlocking' from project 'FocusKit')
cd /Users/admin/builder/spi-builder-workspace/.swiftpm/xcode
builtin-SwiftDriver -- /Applications/Xcode-27.0.0-Release.Candidate.app/Contents/Developer/Toolchains/XcodeDefault.xctoolchain/usr/bin/swiftc -parse-as-library -module-name FocusKitBlocking -Onone @/Users/admin/builder/spi-builder-workspace/.derivedData/Build/Intermediates.noindex/FocusKit.build/Debug-watchos/FocusKitBlocking-t.build/Objects-normal/arm64_32/FocusKitBlocking.SwiftFileList -DSWIFT_PACKAGE -DDEBUG -DSWIFT_MODULE_RESOURCE_BUNDLE_UNAVAILABLE -DXcode -enable-experimental-feature StrictConcurrency -plugin-path /Applications/Xcode-27.0.0-Release.Candidate.app/Contents/Developer/Toolchains/XcodeDefault.xctoolchain/usr/lib/swift/host/plugins/testing -enable-experimental-feature DebugDescriptionMacro -sdk /Applications/Xcode-27.0.0-Release.Candidate.app/Contents/Developer/Platforms/WatchOS.platform/Developer/SDKs/WatchOS27.0.sdk -target arm64_32-apple-watchos10.0 -g -module-cache-path /Users/admin/builder/spi-builder-workspace/.derivedData/ModuleCache.noindex -Xfrontend -serialize-debugging-options -profile-coverage-mapping -profile-generate -enable-testing -index-store-path /Users/admin/builder/spi-builder-workspace/.derivedData/Index.noindex/DataStore -Xcc -D_LIBCPP_HARDENING_MODE\=_LIBCPP_HARDENING_MODE_DEBUG -swift-version 5 -I /Users/admin/builder/spi-builder-workspace/.derivedData/Build/Products/Debug-watchos -Isystem /Applications/Xcode-27.0.0-Release.Candidate.app/Contents/Developer/Platforms/WatchOS.platform/Developer/usr/lib -F /Users/admin/builder/spi-builder-workspace/.derivedData/Build/Products/Debug-watchos/PackageFrameworks -F /Users/admin/builder/spi-builder-workspace/.derivedData/Build/Products/Debug-watchos -F /Applications/Xcode-27.0.0-Release.Candidate.app/Contents/Developer/Platforms/WatchOS.platform/Developer/Library/Frameworks -F /Applications/Xcode-27.0.0-Release.Candidate.app/Contents/Developer/Platforms/WatchOS.platform/Developer/SDKs/WatchOS27.0.sdk/Developer/Library/Frameworks -c -j10 -enable-batch-mode -incremental -Xcc -ivfsstatcache -Xcc /Users/admin/builder/spi-builder-workspace/.derivedData/SDKStatCaches.noindex/watchos27.0-24R360-e829b21a6f8c9b70876ba0858053c04477534ef55a1706bf4c1112bbb242f0a2.sdkstatcache -output-file-map /Users/admin/builder/spi-builder-workspace/.derivedData/Build/Intermediates.noindex/FocusKit.build/Debug-watchos/FocusKitBlocking-t.build/Objects-normal/arm64_32/FocusKitBlocking-OutputFileMap.json -save-temps -no-color-diagnostics -explicit-module-build -module-cache-path /Users/admin/builder/spi-builder-workspace/.derivedData/Build/Intermediates.noindex/SwiftExplicitPrecompiledModules -clang-scanner-module-cache-path /Users/admin/builder/spi-builder-workspace/.derivedData/ModuleCache.noindex -sdk-module-cache-path /Users/admin/builder/spi-builder-workspace/.derivedData/SDKExplicitPrecompiledModules -emit-dependencies -emit-module -emit-module-path /Users/admin/builder/spi-builder-workspace/.derivedData/Build/Intermediates.noindex/FocusKit.build/Debug-watchos/FocusKitBlocking-t.build/Objects-normal/arm64_32/FocusKitBlocking.swiftmodule -serialize-diagnostics -dependency-scan-serialize-diagnostics-path /Users/admin/builder/spi-builder-workspace/.derivedData/Build/Intermediates.noindex/FocusKit.build/Debug-watchos/FocusKitBlocking-t.build/Objects-normal/arm64_32/FocusKitBlocking-dependency-scan.dia -validate-clang-modules-once -clang-build-session-file /Users/admin/builder/spi-builder-workspace/.derivedData/ModuleCache.noindex/Session.modulevalidation -Xcc -fmodules-prune-interval\=86400 -Xcc -fmodules-prune-after\=345600 -package-name spi_builder_workspace -emit-const-values -const-gather-protocols-list /Users/admin/builder/spi-builder-workspace/.derivedData/Build/Intermediates.noindex/FocusKit.build/Debug-watchos/FocusKitBlocking-t.build/Objects-normal/arm64_32/FocusKitBlocking_const_extract_protocols.json -Xcc -I/Users/admin/builder/spi-builder-workspace/.derivedData/Build/Products/Debug-watchos/include -Xcc -I/Users/admin/builder/spi-builder-workspace/.derivedData/Build/Intermediates.noindex/FocusKit.build/Debug-watchos/FocusKitBlocking-t.build/DerivedSources-normal/arm64_32 -Xcc -I/Users/admin/builder/spi-builder-workspace/.derivedData/Build/Intermediates.noindex/FocusKit.build/Debug-watchos/FocusKitBlocking-t.build/DerivedSources/arm64_32 -Xcc -I/Users/admin/builder/spi-builder-workspace/.derivedData/Build/Intermediates.noindex/FocusKit.build/Debug-watchos/FocusKitBlocking-t.build/DerivedSources -Xcc -DSWIFT_PACKAGE -Xcc -DDEBUG\=1 -emit-objc-header -emit-objc-header-path /Users/admin/builder/spi-builder-workspace/.derivedData/Build/Intermediates.noindex/FocusKit.build/Debug-watchos/FocusKitBlocking-t.build/Objects-normal/arm64_32/FocusKitBlocking-Swift.h -working-directory /Users/admin/builder/spi-builder-workspace/.swiftpm/xcode -experimental-emit-module-separately -disable-cmo
SwiftDriverJobDiscovery normal arm64 Compiling FocusStore.swift (in target 'FocusKit' from project 'FocusKit')
SwiftDriverJobDiscovery normal arm64_32 Compiling FocusStore.swift (in target 'FocusKit' from project 'FocusKit')
SwiftDriverJobDiscovery normal arm64_32 Compiling FocusScheduler.swift (in target 'FocusKit' from project 'FocusKit')
SwiftDriverJobDiscovery normal arm64_32 Compiling FocusError.swift (in target 'FocusKit' from project 'FocusKit')
SwiftDriverJobDiscovery normal arm64_32 Compiling FocusSession.swift (in target 'FocusKit' from project 'FocusKit')
SwiftDriverJobDiscovery normal arm64_32 Compiling FocusConfiguration.swift (in target 'FocusKit' from project 'FocusKit')
SwiftDriverJobDiscovery normal arm64_32 Compiling FocusStatistics.swift (in target 'FocusKit' from project 'FocusKit')
SwiftExplicitDependencyGeneratePcm arm64 /Users/admin/builder/spi-builder-workspace/.derivedData/SDKExplicitPrecompiledModules/CoreServices-AL8T5Q4K0CTGO6W37FTF22ZVF.pcm
SwiftExplicitDependencyGeneratePcm arm64_32 /Users/admin/builder/spi-builder-workspace/.derivedData/SDKExplicitPrecompiledModules/CoreServices-BX02FA9J39YHWG3BINPX1CDFH.pcm
SwiftEmitModule normal arm64 Emitting\ module\ for\ FocusKitBlocking (in target 'FocusKitBlocking' from project 'FocusKit')
/Users/admin/builder/spi-builder-workspace/Sources/FocusKitBlocking/BlockingConfiguration.swift:7:27: error: cannot find type 'FamilyActivitySelection' in scope
5 | public struct BlockingConfiguration: Sendable {
6 | /// Selected applications and categories from `FamilyActivityPicker`.
7 | public var selection: FamilyActivitySelection
| `- error: cannot find type 'FamilyActivitySelection' in scope
8 | /// Whether shields also apply during breaks.
9 | public var blockDuringBreaks: Bool
/Users/admin/builder/spi-builder-workspace/Sources/FocusKitBlocking/BlockingConfiguration.swift:17:20: error: cannot find type 'FamilyActivitySelection' in scope
15 | /// Creates a new blocking configuration.
16 | public init(
17 | selection: FamilyActivitySelection = FamilyActivitySelection(),
| `- error: cannot find type 'FamilyActivitySelection' in scope
18 | blockDuringBreaks: Bool = false,
19 | shieldTitle: String = "Focus Time",
/Users/admin/builder/spi-builder-workspace/Sources/FocusKitBlocking/FocusBlocker.swift:11:39: error: 'ManagedSettingsStore' is unavailable in watchOS
9 | private var configuration: BlockingConfiguration
10 | private let authorizationCenter: FocusAuthorizationCenter
11 | private let managedSettingsStore: ManagedSettingsStore
| `- error: 'ManagedSettingsStore' is unavailable in watchOS
12 | private var observerTask: Task<Void, Never>?
13 |
ManagedSettings.ManagedSettingsStore:5:14: note: 'ManagedSettingsStore' has been explicitly marked unavailable here
3 | @available(watchOS, unavailable)
4 | @available(visionOS, unavailable)
5 | public class ManagedSettingsStore : ObservableObject {
| `- note: 'ManagedSettingsStore' has been explicitly marked unavailable here
6 | @available(iOS 16.0, *)
7 | @available(tvOS, unavailable)
Failed frontend command:
/Applications/Xcode-27.0.0-Release.Candidate.app/Contents/Developer/Toolchains/XcodeDefault.xctoolchain/usr/bin/swift-frontend -frontend -emit-module -experimental-skip-non-inlinable-function-bodies-without-types /Users/admin/builder/spi-builder-workspace/Sources/FocusKitBlocking/BlockingConfiguration.swift /Users/admin/builder/spi-builder-workspace/Sources/FocusKitBlocking/FocusAuthorizationCenter.swift /Users/admin/builder/spi-builder-workspace/Sources/FocusKitBlocking/FocusBlocker.swift -target arm64-apple-watchos10.0 -disable-cross-import-overlay-search -load-resolved-plugin /Applications/Xcode-27.0.0-Release.Candidate.app/Contents/Developer/Platforms/WatchOS.platform/Developer/usr/lib/swift/host/plugins/libFoundationMacros.dylib\#/Applications/Xcode-27.0.0-Release.Candidate.app/Contents/Developer/Platforms/WatchOS.platform/Developer/usr/bin/swift-plugin-server\#FoundationMacros -load-resolved-plugin /Applications/Xcode-27.0.0-Release.Candidate.app/Contents/Developer/Platforms/WatchOS.platform/Developer/usr/lib/swift/host/plugins/libObservationMacros.dylib\#/Applications/Xcode-27.0.0-Release.Candidate.app/Contents/Developer/Platforms/WatchOS.platform/Developer/usr/bin/swift-plugin-server\#ObservationMacros -load-resolved-plugin /Applications/Xcode-27.0.0-Release.Candidate.app/Contents/Developer/Platforms/WatchOS.platform/Developer/usr/lib/swift/host/plugins/libSwiftMacros.dylib\#/Applications/Xcode-27.0.0-Release.Candidate.app/Contents/Developer/Platforms/WatchOS.platform/Developer/usr/bin/swift-plugin-server\#SwiftMacros -load-resolved-plugin /Applications/Xcode-27.0.0-Release.Candidate.app/Contents/Developer/Platforms/WatchOS.platform/Developer/usr/lib/swift/host/plugins/libSwiftUIMacros.dylib\#/Applications/Xcode-27.0.0-Release.Candidate.app/Contents/Developer/Platforms/WatchOS.platform/Developer/usr/bin/swift-plugin-server\#SwiftUIMacros -disable-implicit-swift-modules -Xcc -fno-implicit-modules -Xcc -fno-implicit-module-maps -explicit-swift-module-map-file /Users/admin/builder/spi-builder-workspace/.derivedData/Build/Intermediates.noindex/FocusKit.build/Debug-watchos/FocusKitBlocking-t.build/Objects-normal/arm64/FocusKitBlocking-dependencies-1.json -Xllvm -aarch64-use-tbi -enable-objc-interop -stack-check -sdk /Applications/Xcode-27.0.0-Release.Candidate.app/Contents/Developer/Platforms/WatchOS.platform/Developer/SDKs/WatchOS27.0.sdk -I /Users/admin/builder/spi-builder-workspace/.derivedData/Build/Products/Debug-watchos -Isystem /Applications/Xcode-27.0.0-Release.Candidate.app/Contents/Developer/Platforms/WatchOS.platform/Developer/usr/lib -F /Users/admin/builder/spi-builder-workspace/.derivedData/Build/Products/Debug-watchos/PackageFrameworks -F /Users/admin/builder/spi-builder-workspace/.derivedData/Build/Products/Debug-watchos -F /Applications/Xcode-27.0.0-Release.Candidate.app/Contents/Developer/Platforms/WatchOS.platform/Developer/Library/Frameworks -F /Applications/Xcode-27.0.0-Release.Candidate.app/Contents/Developer/Platforms/WatchOS.platform/Developer/SDKs/WatchOS27.0.sdk/Developer/Library/Frameworks -module-cache-path /Users/admin/builder/spi-builder-workspace/.derivedData/Build/Intermediates.noindex/SwiftExplicitPrecompiledModules -no-color-diagnostics -Xcc -fno-color-diagnostics -enable-testing -g -debug-info-format\=dwarf -dwarf-version\=4 -profile-generate -profile-coverage-mapping -swift-version 5 -Onone -D SWIFT_PACKAGE -D DEBUG -D SWIFT_MODULE_RESOURCE_BUNDLE_UNAVAILABLE -D Xcode -serialize-debugging-options -enable-experimental-feature StrictConcurrency -enable-experimental-feature DebugDescriptionMacro -empty-abi-descriptor -validate-clang-modules-once -clang-build-session-file /Users/admin/builder/spi-builder-workspace/.derivedData/ModuleCache.noindex/Session.modulevalidation -Xcc -working-directory -Xcc /Users/admin/builder/spi-builder-workspace/.swiftpm/xcode -enable-anonymous-context-mangled-names -file-compilation-dir /Users/admin/builder/spi-builder-workspace/.swiftpm/xcode -Xcc -D_LIBCPP_HARDENING_MODE\=_LIBCPP_HARDENING_MODE_DEBUG -Xcc -ivfsstatcache -Xcc /Users/admin/builder/spi-builder-workspace/.derivedData/SDKStatCaches.noindex/watchos27.0-24R360-e829b21a6f8c9b70876ba0858053c04477534ef55a1706bf4c1112bbb242f0a2.sdkstatcache -Xcc -fmodules-prune-interval\=86400 -Xcc -fmodules-prune-after\=345600 -Xcc -I/Users/admin/builder/spi-builder-workspace/.derivedData/Build/Products/Debug-watchos/include -Xcc -I/Users/admin/builder/spi-builder-workspace/.derivedData/Build/Intermediates.noindex/FocusKit.build/Debug-watchos/FocusKitBlocking-t.build/DerivedSources-normal/arm64 -Xcc -I/Users/admin/builder/spi-builder-workspace/.derivedData/Build/Intermediates.noindex/FocusKit.build/Debug-watchos/FocusKitBlocking-t.build/DerivedSources/arm64 -Xcc -I/Users/admin/builder/spi-builder-workspace/.derivedData/Build/Intermediates.noindex/FocusKit.build/Debug-watchos/FocusKitBlocking-t.build/DerivedSources -Xcc -DSWIFT_PACKAGE -Xcc -DDEBUG\=1 -no-auto-bridging-header-chaining -module-name FocusKitBlocking -package-name spi_builder_workspace -const-gather-protocols-file /Users/admin/builder/spi-builder-workspace/.derivedData/Build/Intermediates.noindex/FocusKit.build/Debug-watchos/FocusKitBlocking-t.build/Objects-normal/arm64/FocusKitBlocking_const_extract_protocols.json -disable-clang-spi -clang-target arm64-apple-watchos27.0 -target-sdk-version 27.0 -target-sdk-name watchos27.0 -in-process-plugin-server-path /Applications/Xcode-27.0.0-Release.Candidate.app/Contents/Developer/Toolchains/XcodeDefault.xctoolchain/usr/lib/swift/host/libSwiftInProcPluginServer.dylib -emit-module-doc-path /Users/admin/builder/spi-builder-workspace/.derivedData/Build/Intermediates.noindex/FocusKit.build/Debug-watchos/FocusKitBlocking-t.build/Objects-normal/arm64/FocusKitBlocking.swiftdoc -emit-module-source-info-path /Users/admin/builder/spi-builder-workspace/.derivedData/Build/Intermediates.noindex/FocusKit.build/Debug-watchos/FocusKitBlocking-t.build/Objects-normal/arm64/FocusKitBlocking.swiftsourceinfo -emit-objc-header-path /Users/admin/builder/spi-builder-workspace/.derivedData/Build/Intermediates.noindex/FocusKit.build/Debug-watchos/FocusKitBlocking-t.build/Objects-normal/arm64/FocusKitBlocking-Swift.h -serialize-diagnostics-path /Users/admin/builder/spi-builder-workspace/.derivedData/Build/Intermediates.noindex/FocusKit.build/Debug-watchos/FocusKitBlocking-t.build/Objects-normal/arm64/FocusKitBlocking-primary-emit-module.dia -emit-dependencies-path /Users/admin/builder/spi-builder-workspace/.derivedData/Build/Intermediates.noindex/FocusKit.build/Debug-watchos/FocusKitBlocking-t.build/Objects-normal/arm64/FocusKitBlocking-primary-emit-module.d -parse-as-library -o /Users/admin/builder/spi-builder-workspace/.derivedData/Build/Intermediates.noindex/FocusKit.build/Debug-watchos/FocusKitBlocking-t.build/Objects-normal/arm64/FocusKitBlocking.swiftmodule -emit-abi-descriptor-path /Users/admin/builder/spi-builder-workspace/.derivedData/Build/Intermediates.noindex/FocusKit.build/Debug-watchos/FocusKitBlocking-t.build/Objects-normal/arm64/FocusKitBlocking.abi.json
SwiftCompile normal arm64 (in target 'FocusKitBlocking' from project 'FocusKit')
cd /Users/admin/builder/spi-builder-workspace/.swiftpm/xcode
SwiftCompile normal arm64 Compiling\ FocusBlocker.swift /Users/admin/builder/spi-builder-workspace/Sources/FocusKitBlocking/FocusBlocker.swift (in target 'FocusKitBlocking' from project 'FocusKit')
/Users/admin/builder/spi-builder-workspace/Sources/FocusKitBlocking/FocusBlocker.swift:11:39: error: 'ManagedSettingsStore' is unavailable in watchOS
9 | private var configuration: BlockingConfiguration
10 | private let authorizationCenter: FocusAuthorizationCenter
11 | private let managedSettingsStore: ManagedSettingsStore
| `- error: 'ManagedSettingsStore' is unavailable in watchOS
12 | private var observerTask: Task<Void, Never>?
13 |
ManagedSettings.ManagedSettingsStore:5:14: note: 'ManagedSettingsStore' has been explicitly marked unavailable here
3 | @available(watchOS, unavailable)
4 | @available(visionOS, unavailable)
5 | public class ManagedSettingsStore : ObservableObject {
| `- note: 'ManagedSettingsStore' has been explicitly marked unavailable here
6 | @available(iOS 16.0, *)
7 | @available(tvOS, unavailable)
/Users/admin/builder/spi-builder-workspace/Sources/FocusKitBlocking/FocusBlocker.swift:19:37: error: 'ManagedSettingsStore' is unavailable in watchOS
17 | self.configuration = configuration
18 | self.authorizationCenter = FocusAuthorizationCenter()
19 | self.managedSettingsStore = ManagedSettingsStore()
| `- error: 'ManagedSettingsStore' is unavailable in watchOS
20 | }
21 |
ManagedSettings.ManagedSettingsStore:5:14: note: 'ManagedSettingsStore' has been explicitly marked unavailable here
3 | @available(watchOS, unavailable)
4 | @available(visionOS, unavailable)
5 | public class ManagedSettingsStore : ObservableObject {
| `- note: 'ManagedSettingsStore' has been explicitly marked unavailable here
6 | @available(iOS 16.0, *)
7 | @available(tvOS, unavailable)
/Users/admin/builder/spi-builder-workspace/Sources/FocusKitBlocking/BlockingConfiguration.swift:7:27: error: cannot find type 'FamilyActivitySelection' in scope
5 | public struct BlockingConfiguration: Sendable {
6 | /// Selected applications and categories from `FamilyActivityPicker`.
7 | public var selection: FamilyActivitySelection
| `- error: cannot find type 'FamilyActivitySelection' in scope
8 | /// Whether shields also apply during breaks.
9 | public var blockDuringBreaks: Bool
SwiftCompile normal arm64 /Users/admin/builder/spi-builder-workspace/Sources/FocusKitBlocking/FocusBlocker.swift (in target 'FocusKitBlocking' from project 'FocusKit')
cd /Users/admin/builder/spi-builder-workspace/.swiftpm/xcode
builtin-SwiftPerFileCompile FocusBlocker.swift
SwiftCompile normal arm64 Compiling\ BlockingConfiguration.swift /Users/admin/builder/spi-builder-workspace/Sources/FocusKitBlocking/BlockingConfiguration.swift (in target 'FocusKitBlocking' from project 'FocusKit')
/Users/admin/builder/spi-builder-workspace/Sources/FocusKitBlocking/BlockingConfiguration.swift:7:27: error: cannot find type 'FamilyActivitySelection' in scope
5 | public struct BlockingConfiguration: Sendable {
6 | /// Selected applications and categories from `FamilyActivityPicker`.
7 | public var selection: FamilyActivitySelection
| `- error: cannot find type 'FamilyActivitySelection' in scope
8 | /// Whether shields also apply during breaks.
9 | public var blockDuringBreaks: Bool
SwiftCompile normal arm64 /Users/admin/builder/spi-builder-workspace/Sources/FocusKitBlocking/BlockingConfiguration.swift (in target 'FocusKitBlocking' from project 'FocusKit')
cd /Users/admin/builder/spi-builder-workspace/.swiftpm/xcode
builtin-SwiftPerFileCompile BlockingConfiguration.swift
SwiftCompile normal arm64 Compiling\ FocusAuthorizationCenter.swift /Users/admin/builder/spi-builder-workspace/Sources/FocusKitBlocking/FocusAuthorizationCenter.swift (in target 'FocusKitBlocking' from project 'FocusKit')
/Users/admin/builder/spi-builder-workspace/Sources/FocusKitBlocking/FocusAuthorizationCenter.swift:12:19: error: 'AuthorizationCenter' is unavailable in watchOS
10 | /// Requests FamilyControls authorization in `.individual` mode.
11 | public func requestAuthorization() async throws {
12 | try await AuthorizationCenter.shared.requestAuthorization(for: .individual)
| `- error: 'AuthorizationCenter' is unavailable in watchOS
13 | }
14 | }
FamilyControls.AuthorizationCenter:7:14: note: 'AuthorizationCenter' has been explicitly marked unavailable here
5 | @available(visionOS, unavailable)
6 | @available(watchOS, unavailable)
7 | public class AuthorizationCenter : ObservableObject {
| `- note: 'AuthorizationCenter' has been explicitly marked unavailable here
8 | public static let shared: AuthorizationCenter
9 | @Published<AuthorizationStatus> public var authorizationStatus: AuthorizationStatus { get }
SwiftCompile normal arm64 /Users/admin/builder/spi-builder-workspace/Sources/FocusKitBlocking/FocusAuthorizationCenter.swift (in target 'FocusKitBlocking' from project 'FocusKit')
cd /Users/admin/builder/spi-builder-workspace/.swiftpm/xcode
builtin-SwiftPerFileCompile FocusAuthorizationCenter.swift
SwiftCompile normal arm64_32 Compiling\ FocusAuthorizationCenter.swift /Users/admin/builder/spi-builder-workspace/Sources/FocusKitBlocking/FocusAuthorizationCenter.swift (in target 'FocusKitBlocking' from project 'FocusKit')
SwiftCompile normal arm64_32 /Users/admin/builder/spi-builder-workspace/Sources/FocusKitBlocking/FocusAuthorizationCenter.swift (in target 'FocusKitBlocking' from project 'FocusKit')
cd /Users/admin/builder/spi-builder-workspace/.swiftpm/xcode
builtin-SwiftPerFileCompile FocusAuthorizationCenter.swift
SwiftEmitModule normal arm64_32 Emitting\ module\ for\ FocusKitBlocking (in target 'FocusKitBlocking' from project 'FocusKit')
SwiftCompile normal arm64_32 (in target 'FocusKitBlocking' from project 'FocusKit')
cd /Users/admin/builder/spi-builder-workspace/.swiftpm/xcode
SwiftCompile normal arm64_32 Compiling\ BlockingConfiguration.swift /Users/admin/builder/spi-builder-workspace/Sources/FocusKitBlocking/BlockingConfiguration.swift (in target 'FocusKitBlocking' from project 'FocusKit')
SwiftCompile normal arm64_32 /Users/admin/builder/spi-builder-workspace/Sources/FocusKitBlocking/BlockingConfiguration.swift (in target 'FocusKitBlocking' from project 'FocusKit')
cd /Users/admin/builder/spi-builder-workspace/.swiftpm/xcode
builtin-SwiftPerFileCompile BlockingConfiguration.swift
SwiftCompile normal arm64_32 Compiling\ FocusBlocker.swift /Users/admin/builder/spi-builder-workspace/Sources/FocusKitBlocking/FocusBlocker.swift (in target 'FocusKitBlocking' from project 'FocusKit')
SwiftCompile normal arm64_32 /Users/admin/builder/spi-builder-workspace/Sources/FocusKitBlocking/FocusBlocker.swift (in target 'FocusKitBlocking' from project 'FocusKit')
cd /Users/admin/builder/spi-builder-workspace/.swiftpm/xcode
builtin-SwiftPerFileCompile FocusBlocker.swift
PruneExplicitPrecompiledModules /Users/admin/builder/spi-builder-workspace/.derivedData/Build/Intermediates.noindex/SwiftExplicitPrecompiledModules
PruneExplicitPrecompiledModules /Users/admin/builder/spi-builder-workspace/.derivedData/SDKExplicitPrecompiledModules
PruneExplicitPrecompiledModules /Users/admin/builder/spi-builder-workspace/.derivedData/Build/Intermediates.noindex/ExplicitPrecompiledModules
2026-09-24 14:50:14.685 xcodebuild[627:3885] [MT] IDERunDestination: Supported platforms for the buildables in the current scheme is empty.
** BUILD FAILED **
The following build commands failed:
SwiftEmitModule normal arm64 Emitting\ module\ for\ FocusKitBlocking (in target 'FocusKitBlocking' from project 'FocusKit')
SwiftCompile normal arm64 (in target 'FocusKitBlocking' from project 'FocusKit')
Building workspace FocusKit with scheme FocusKit-Package
(3 failures)
Command line invocation:
/Applications/Xcode-27.0.0-Release.Candidate.app/Contents/Developer/usr/bin/xcodebuild -IDEClonedSourcePackagesDirPathOverride=/Users/admin/builder/spi-builder-workspace/.dependencies -resolvePackageDependencies
Resolve Package Graph
Resolved source packages:
FocusKit: /Users/admin/builder/spi-builder-workspace
resolved source packages: FocusKit
2026-09-24 14:50:23.390 xcodebuild[800:4744] [MT] IDERunDestination: Supported platforms for the buildables in the current scheme is empty.
{
"dependencies" : [
],
"manifest_display_name" : "FocusKit",
"name" : "FocusKit",
"path" : "/Users/admin/builder/spi-builder-workspace",
"platforms" : [
{
"name" : "ios",
"version" : "17.0"
}
],
"products" : [
{
"name" : "FocusKit",
"targets" : [
"FocusKit"
],
"type" : {
"library" : [
"automatic"
]
}
},
{
"name" : "FocusKitBlocking",
"targets" : [
"FocusKitBlocking"
],
"type" : {
"library" : [
"automatic"
]
}
}
],
"targets" : [
{
"c99name" : "FocusKitTests",
"module_type" : "SwiftTarget",
"name" : "FocusKitTests",
"path" : "Tests/FocusKitTests",
"sources" : [
"FocusConfigurationTests.swift",
"FocusSchedulerTests.swift",
"FocusSessionTests.swift",
"FocusStatisticsTests.swift",
"FocusTimerTests.swift"
],
"target_dependencies" : [
"FocusKit"
],
"type" : "test"
},
{
"c99name" : "FocusKitBlocking",
"module_type" : "SwiftTarget",
"name" : "FocusKitBlocking",
"path" : "Sources/FocusKitBlocking",
"product_memberships" : [
"FocusKitBlocking"
],
"sources" : [
"BlockingConfiguration.swift",
"FocusAuthorizationCenter.swift",
"FocusBlocker.swift"
],
"target_dependencies" : [
"FocusKit"
],
"type" : "library"
},
{
"c99name" : "FocusKit",
"module_type" : "SwiftTarget",
"name" : "FocusKit",
"path" : "Sources/FocusKit",
"product_memberships" : [
"FocusKit",
"FocusKitBlocking"
],
"sources" : [
"FocusConfiguration.swift",
"FocusError.swift",
"FocusKit.swift",
"FocusScheduler.swift",
"FocusSession.swift",
"FocusStatistics.swift",
"FocusStore.swift",
"FocusTimer.swift"
],
"type" : "library"
}
],
"tools_version" : "5.9"
}
{
"workspace" : {
"name" : "FocusKit",
"schemes" : [
"FocusKit",
"FocusKit-Package",
"FocusKitBlocking"
]
}
}
2026-09-24 14:50:24.584 xcodebuild[808:4808] [MT] IDERunDestination: Supported platforms for the buildables in the current scheme is empty.
Running build ...
env DEVELOPER_DIR=/Applications/Xcode-27.0.0-Release.Candidate.app xcrun xcodebuild -IDEClonedSourcePackagesDirPathOverride=$PWD/.dependencies -skipMacroValidation -skipPackagePluginValidation -derivedDataPath $PWD/.derivedData build -scheme FocusKit-Package -destination generic/platform=watchOS
Command line invocation:
/Applications/Xcode-27.0.0-Release.Candidate.app/Contents/Developer/usr/bin/xcodebuild -IDEClonedSourcePackagesDirPathOverride=/Users/admin/builder/spi-builder-workspace/.dependencies -skipMacroValidation -skipPackagePluginValidation -derivedDataPath /Users/admin/builder/spi-builder-workspace/.derivedData build -scheme FocusKit-Package -destination generic/platform=watchOS
Resolve Package Graph
Resolved source packages:
FocusKit: /Users/admin/builder/spi-builder-workspace
ComputePackagePrebuildTargetDependencyGraph
Prepare packages
CreateBuildRequest
SendProjectDescription
CreateBuildOperation
ComputeTargetDependencyGraph
note: Building targets in dependency order
note: Target dependency graph (4 targets)
Target 'FocusKitBlocking-product' in project 'FocusKit'
➜ Explicit dependency on target 'FocusKitBlocking' in project 'FocusKit'
➜ Explicit dependency on target 'FocusKit' in project 'FocusKit'
Target 'FocusKitBlocking' in project 'FocusKit'
➜ Explicit dependency on target 'FocusKit' in project 'FocusKit'
Target 'FocusKit-product' in project 'FocusKit'
➜ Explicit dependency on target 'FocusKit' in project 'FocusKit'
Target 'FocusKit' in project 'FocusKit' (no dependencies)
GatherProvisioningInputs
CreateBuildDescription
ClangStatCache /Applications/Xcode-27.0.0-Release.Candidate.app/Contents/Developer/Toolchains/XcodeDefault.xctoolchain/usr/bin/clang-stat-cache /Applications/Xcode-27.0.0-Release.Candidate.app/Contents/Developer/Platforms/WatchOS.platform/Developer/SDKs/WatchOS27.0.sdk /Users/admin/builder/spi-builder-workspace/.derivedData/SDKStatCaches.noindex/watchos27.0-24R360-e829b21a6f8c9b70876ba0858053c04477534ef55a1706bf4c1112bbb242f0a2.sdkstatcache
cd /Users/admin/builder/spi-builder-workspace/.swiftpm/xcode
/Applications/Xcode-27.0.0-Release.Candidate.app/Contents/Developer/Toolchains/XcodeDefault.xctoolchain/usr/bin/clang-stat-cache /Applications/Xcode-27.0.0-Release.Candidate.app/Contents/Developer/Platforms/WatchOS.platform/Developer/SDKs/WatchOS27.0.sdk -o /Users/admin/builder/spi-builder-workspace/.derivedData/SDKStatCaches.noindex/watchos27.0-24R360-e829b21a6f8c9b70876ba0858053c04477534ef55a1706bf4c1112bbb242f0a2.sdkstatcache
SwiftDriver FocusKit normal arm64_32 com.apple.xcode.tools.swift.compiler (in target 'FocusKit' from project 'FocusKit')
cd /Users/admin/builder/spi-builder-workspace/.swiftpm/xcode
builtin-SwiftDriver -- /Applications/Xcode-27.0.0-Release.Candidate.app/Contents/Developer/Toolchains/XcodeDefault.xctoolchain/usr/bin/swiftc -parse-as-library -module-name FocusKit -Onone @/Users/admin/builder/spi-builder-workspace/.derivedData/Build/Intermediates.noindex/FocusKit.build/Debug-watchos/FocusKit-t.build/Objects-normal/arm64_32/FocusKit.SwiftFileList -DSWIFT_PACKAGE -DDEBUG -DSWIFT_MODULE_RESOURCE_BUNDLE_UNAVAILABLE -DXcode -enable-experimental-feature StrictConcurrency -plugin-path /Applications/Xcode-27.0.0-Release.Candidate.app/Contents/Developer/Toolchains/XcodeDefault.xctoolchain/usr/lib/swift/host/plugins/testing -enable-experimental-feature DebugDescriptionMacro -sdk /Applications/Xcode-27.0.0-Release.Candidate.app/Contents/Developer/Platforms/WatchOS.platform/Developer/SDKs/WatchOS27.0.sdk -target arm64_32-apple-watchos10.0 -g -module-cache-path /Users/admin/builder/spi-builder-workspace/.derivedData/ModuleCache.noindex -Xfrontend -serialize-debugging-options -profile-coverage-mapping -profile-generate -enable-testing -index-store-path /Users/admin/builder/spi-builder-workspace/.derivedData/Index.noindex/DataStore -Xcc -D_LIBCPP_HARDENING_MODE\=_LIBCPP_HARDENING_MODE_DEBUG -swift-version 5 -I /Users/admin/builder/spi-builder-workspace/.derivedData/Build/Products/Debug-watchos -Isystem /Applications/Xcode-27.0.0-Release.Candidate.app/Contents/Developer/Platforms/WatchOS.platform/Developer/usr/lib -F /Users/admin/builder/spi-builder-workspace/.derivedData/Build/Products/Debug-watchos -F /Applications/Xcode-27.0.0-Release.Candidate.app/Contents/Developer/Platforms/WatchOS.platform/Developer/Library/Frameworks -F /Applications/Xcode-27.0.0-Release.Candidate.app/Contents/Developer/Platforms/WatchOS.platform/Developer/SDKs/WatchOS27.0.sdk/Developer/Library/Frameworks -c -j10 -enable-batch-mode -incremental -Xcc -ivfsstatcache -Xcc /Users/admin/builder/spi-builder-workspace/.derivedData/SDKStatCaches.noindex/watchos27.0-24R360-e829b21a6f8c9b70876ba0858053c04477534ef55a1706bf4c1112bbb242f0a2.sdkstatcache -output-file-map /Users/admin/builder/spi-builder-workspace/.derivedData/Build/Intermediates.noindex/FocusKit.build/Debug-watchos/FocusKit-t.build/Objects-normal/arm64_32/FocusKit-OutputFileMap.json -save-temps -no-color-diagnostics -explicit-module-build -module-cache-path /Users/admin/builder/spi-builder-workspace/.derivedData/Build/Intermediates.noindex/SwiftExplicitPrecompiledModules -clang-scanner-module-cache-path /Users/admin/builder/spi-builder-workspace/.derivedData/ModuleCache.noindex -sdk-module-cache-path /Users/admin/builder/spi-builder-workspace/.derivedData/SDKExplicitPrecompiledModules -emit-dependencies -emit-module -emit-module-path /Users/admin/builder/spi-builder-workspace/.derivedData/Build/Intermediates.noindex/FocusKit.build/Debug-watchos/FocusKit-t.build/Objects-normal/arm64_32/FocusKit.swiftmodule -serialize-diagnostics -dependency-scan-serialize-diagnostics-path /Users/admin/builder/spi-builder-workspace/.derivedData/Build/Intermediates.noindex/FocusKit.build/Debug-watchos/FocusKit-t.build/Objects-normal/arm64_32/FocusKit-dependency-scan.dia -validate-clang-modules-once -clang-build-session-file /Users/admin/builder/spi-builder-workspace/.derivedData/ModuleCache.noindex/Session.modulevalidation -Xcc -fmodules-prune-interval\=86400 -Xcc -fmodules-prune-after\=345600 -package-name spi_builder_workspace -emit-const-values -const-gather-protocols-list /Users/admin/builder/spi-builder-workspace/.derivedData/Build/Intermediates.noindex/FocusKit.build/Debug-watchos/FocusKit-t.build/Objects-normal/arm64_32/FocusKit_const_extract_protocols.json -Xcc -I/Users/admin/builder/spi-builder-workspace/.derivedData/Build/Products/Debug-watchos/include -Xcc -I/Users/admin/builder/spi-builder-workspace/.derivedData/Build/Intermediates.noindex/FocusKit.build/Debug-watchos/FocusKit-t.build/DerivedSources-normal/arm64_32 -Xcc -I/Users/admin/builder/spi-builder-workspace/.derivedData/Build/Intermediates.noindex/FocusKit.build/Debug-watchos/FocusKit-t.build/DerivedSources/arm64_32 -Xcc -I/Users/admin/builder/spi-builder-workspace/.derivedData/Build/Intermediates.noindex/FocusKit.build/Debug-watchos/FocusKit-t.build/DerivedSources -Xcc -DSWIFT_PACKAGE -Xcc -DDEBUG\=1 -emit-objc-header -emit-objc-header-path /Users/admin/builder/spi-builder-workspace/.derivedData/Build/Intermediates.noindex/FocusKit.build/Debug-watchos/FocusKit-t.build/Objects-normal/arm64_32/FocusKit-Swift.h -working-directory /Users/admin/builder/spi-builder-workspace/.swiftpm/xcode -experimental-emit-module-separately -disable-cmo
SwiftDriver FocusKitBlocking normal arm64_32 com.apple.xcode.tools.swift.compiler (in target 'FocusKitBlocking' from project 'FocusKit')
cd /Users/admin/builder/spi-builder-workspace/.swiftpm/xcode
builtin-SwiftDriver -- /Applications/Xcode-27.0.0-Release.Candidate.app/Contents/Developer/Toolchains/XcodeDefault.xctoolchain/usr/bin/swiftc -parse-as-library -module-name FocusKitBlocking -Onone @/Users/admin/builder/spi-builder-workspace/.derivedData/Build/Intermediates.noindex/FocusKit.build/Debug-watchos/FocusKitBlocking-t.build/Objects-normal/arm64_32/FocusKitBlocking.SwiftFileList -DSWIFT_PACKAGE -DDEBUG -DSWIFT_MODULE_RESOURCE_BUNDLE_UNAVAILABLE -DXcode -enable-experimental-feature StrictConcurrency -plugin-path /Applications/Xcode-27.0.0-Release.Candidate.app/Contents/Developer/Toolchains/XcodeDefault.xctoolchain/usr/lib/swift/host/plugins/testing -enable-experimental-feature DebugDescriptionMacro -sdk /Applications/Xcode-27.0.0-Release.Candidate.app/Contents/Developer/Platforms/WatchOS.platform/Developer/SDKs/WatchOS27.0.sdk -target arm64_32-apple-watchos10.0 -g -module-cache-path /Users/admin/builder/spi-builder-workspace/.derivedData/ModuleCache.noindex -Xfrontend -serialize-debugging-options -profile-coverage-mapping -profile-generate -enable-testing -index-store-path /Users/admin/builder/spi-builder-workspace/.derivedData/Index.noindex/DataStore -Xcc -D_LIBCPP_HARDENING_MODE\=_LIBCPP_HARDENING_MODE_DEBUG -swift-version 5 -I /Users/admin/builder/spi-builder-workspace/.derivedData/Build/Products/Debug-watchos -Isystem /Applications/Xcode-27.0.0-Release.Candidate.app/Contents/Developer/Platforms/WatchOS.platform/Developer/usr/lib -F /Users/admin/builder/spi-builder-workspace/.derivedData/Build/Products/Debug-watchos/PackageFrameworks -F /Users/admin/builder/spi-builder-workspace/.derivedData/Build/Products/Debug-watchos -F /Applications/Xcode-27.0.0-Release.Candidate.app/Contents/Developer/Platforms/WatchOS.platform/Developer/Library/Frameworks -F /Applications/Xcode-27.0.0-Release.Candidate.app/Contents/Developer/Platforms/WatchOS.platform/Developer/SDKs/WatchOS27.0.sdk/Developer/Library/Frameworks -c -j10 -enable-batch-mode -incremental -Xcc -ivfsstatcache -Xcc /Users/admin/builder/spi-builder-workspace/.derivedData/SDKStatCaches.noindex/watchos27.0-24R360-e829b21a6f8c9b70876ba0858053c04477534ef55a1706bf4c1112bbb242f0a2.sdkstatcache -output-file-map /Users/admin/builder/spi-builder-workspace/.derivedData/Build/Intermediates.noindex/FocusKit.build/Debug-watchos/FocusKitBlocking-t.build/Objects-normal/arm64_32/FocusKitBlocking-OutputFileMap.json -save-temps -no-color-diagnostics -explicit-module-build -module-cache-path /Users/admin/builder/spi-builder-workspace/.derivedData/Build/Intermediates.noindex/SwiftExplicitPrecompiledModules -clang-scanner-module-cache-path /Users/admin/builder/spi-builder-workspace/.derivedData/ModuleCache.noindex -sdk-module-cache-path /Users/admin/builder/spi-builder-workspace/.derivedData/SDKExplicitPrecompiledModules -emit-dependencies -emit-module -emit-module-path /Users/admin/builder/spi-builder-workspace/.derivedData/Build/Intermediates.noindex/FocusKit.build/Debug-watchos/FocusKitBlocking-t.build/Objects-normal/arm64_32/FocusKitBlocking.swiftmodule -serialize-diagnostics -dependency-scan-serialize-diagnostics-path /Users/admin/builder/spi-builder-workspace/.derivedData/Build/Intermediates.noindex/FocusKit.build/Debug-watchos/FocusKitBlocking-t.build/Objects-normal/arm64_32/FocusKitBlocking-dependency-scan.dia -validate-clang-modules-once -clang-build-session-file /Users/admin/builder/spi-builder-workspace/.derivedData/ModuleCache.noindex/Session.modulevalidation -Xcc -fmodules-prune-interval\=86400 -Xcc -fmodules-prune-after\=345600 -package-name spi_builder_workspace -emit-const-values -const-gather-protocols-list /Users/admin/builder/spi-builder-workspace/.derivedData/Build/Intermediates.noindex/FocusKit.build/Debug-watchos/FocusKitBlocking-t.build/Objects-normal/arm64_32/FocusKitBlocking_const_extract_protocols.json -Xcc -I/Users/admin/builder/spi-builder-workspace/.derivedData/Build/Products/Debug-watchos/include -Xcc -I/Users/admin/builder/spi-builder-workspace/.derivedData/Build/Intermediates.noindex/FocusKit.build/Debug-watchos/FocusKitBlocking-t.build/DerivedSources-normal/arm64_32 -Xcc -I/Users/admin/builder/spi-builder-workspace/.derivedData/Build/Intermediates.noindex/FocusKit.build/Debug-watchos/FocusKitBlocking-t.build/DerivedSources/arm64_32 -Xcc -I/Users/admin/builder/spi-builder-workspace/.derivedData/Build/Intermediates.noindex/FocusKit.build/Debug-watchos/FocusKitBlocking-t.build/DerivedSources -Xcc -DSWIFT_PACKAGE -Xcc -DDEBUG\=1 -emit-objc-header -emit-objc-header-path /Users/admin/builder/spi-builder-workspace/.derivedData/Build/Intermediates.noindex/FocusKit.build/Debug-watchos/FocusKitBlocking-t.build/Objects-normal/arm64_32/FocusKitBlocking-Swift.h -working-directory /Users/admin/builder/spi-builder-workspace/.swiftpm/xcode -experimental-emit-module-separately -disable-cmo
SwiftDriver FocusKitBlocking normal arm64 com.apple.xcode.tools.swift.compiler (in target 'FocusKitBlocking' from project 'FocusKit')
cd /Users/admin/builder/spi-builder-workspace/.swiftpm/xcode
builtin-SwiftDriver -- /Applications/Xcode-27.0.0-Release.Candidate.app/Contents/Developer/Toolchains/XcodeDefault.xctoolchain/usr/bin/swiftc -parse-as-library -module-name FocusKitBlocking -Onone @/Users/admin/builder/spi-builder-workspace/.derivedData/Build/Intermediates.noindex/FocusKit.build/Debug-watchos/FocusKitBlocking-t.build/Objects-normal/arm64/FocusKitBlocking.SwiftFileList -DSWIFT_PACKAGE -DDEBUG -DSWIFT_MODULE_RESOURCE_BUNDLE_UNAVAILABLE -DXcode -enable-experimental-feature StrictConcurrency -plugin-path /Applications/Xcode-27.0.0-Release.Candidate.app/Contents/Developer/Toolchains/XcodeDefault.xctoolchain/usr/lib/swift/host/plugins/testing -enable-experimental-feature DebugDescriptionMacro -sdk /Applications/Xcode-27.0.0-Release.Candidate.app/Contents/Developer/Platforms/WatchOS.platform/Developer/SDKs/WatchOS27.0.sdk -target arm64-apple-watchos10.0 -g -module-cache-path /Users/admin/builder/spi-builder-workspace/.derivedData/ModuleCache.noindex -Xfrontend -serialize-debugging-options -profile-coverage-mapping -profile-generate -enable-testing -index-store-path /Users/admin/builder/spi-builder-workspace/.derivedData/Index.noindex/DataStore -Xcc -D_LIBCPP_HARDENING_MODE\=_LIBCPP_HARDENING_MODE_DEBUG -swift-version 5 -I /Users/admin/builder/spi-builder-workspace/.derivedData/Build/Products/Debug-watchos -Isystem /Applications/Xcode-27.0.0-Release.Candidate.app/Contents/Developer/Platforms/WatchOS.platform/Developer/usr/lib -F /Users/admin/builder/spi-builder-workspace/.derivedData/Build/Products/Debug-watchos/PackageFrameworks -F /Users/admin/builder/spi-builder-workspace/.derivedData/Build/Products/Debug-watchos -F /Applications/Xcode-27.0.0-Release.Candidate.app/Contents/Developer/Platforms/WatchOS.platform/Developer/Library/Frameworks -F /Applications/Xcode-27.0.0-Release.Candidate.app/Contents/Developer/Platforms/WatchOS.platform/Developer/SDKs/WatchOS27.0.sdk/Developer/Library/Frameworks -c -j10 -enable-batch-mode -incremental -Xcc -ivfsstatcache -Xcc /Users/admin/builder/spi-builder-workspace/.derivedData/SDKStatCaches.noindex/watchos27.0-24R360-e829b21a6f8c9b70876ba0858053c04477534ef55a1706bf4c1112bbb242f0a2.sdkstatcache -output-file-map /Users/admin/builder/spi-builder-workspace/.derivedData/Build/Intermediates.noindex/FocusKit.build/Debug-watchos/FocusKitBlocking-t.build/Objects-normal/arm64/FocusKitBlocking-OutputFileMap.json -save-temps -no-color-diagnostics -explicit-module-build -module-cache-path /Users/admin/builder/spi-builder-workspace/.derivedData/Build/Intermediates.noindex/SwiftExplicitPrecompiledModules -clang-scanner-module-cache-path /Users/admin/builder/spi-builder-workspace/.derivedData/ModuleCache.noindex -sdk-module-cache-path /Users/admin/builder/spi-builder-workspace/.derivedData/SDKExplicitPrecompiledModules -emit-dependencies -emit-module -emit-module-path /Users/admin/builder/spi-builder-workspace/.derivedData/Build/Intermediates.noindex/FocusKit.build/Debug-watchos/FocusKitBlocking-t.build/Objects-normal/arm64/FocusKitBlocking.swiftmodule -serialize-diagnostics -dependency-scan-serialize-diagnostics-path /Users/admin/builder/spi-builder-workspace/.derivedData/Build/Intermediates.noindex/FocusKit.build/Debug-watchos/FocusKitBlocking-t.build/Objects-normal/arm64/FocusKitBlocking-dependency-scan.dia -validate-clang-modules-once -clang-build-session-file /Users/admin/builder/spi-builder-workspace/.derivedData/ModuleCache.noindex/Session.modulevalidation -Xcc -fmodules-prune-interval\=86400 -Xcc -fmodules-prune-after\=345600 -package-name spi_builder_workspace -emit-const-values -const-gather-protocols-list /Users/admin/builder/spi-builder-workspace/.derivedData/Build/Intermediates.noindex/FocusKit.build/Debug-watchos/FocusKitBlocking-t.build/Objects-normal/arm64/FocusKitBlocking_const_extract_protocols.json -Xcc -I/Users/admin/builder/spi-builder-workspace/.derivedData/Build/Products/Debug-watchos/include -Xcc -I/Users/admin/builder/spi-builder-workspace/.derivedData/Build/Intermediates.noindex/FocusKit.build/Debug-watchos/FocusKitBlocking-t.build/DerivedSources-normal/arm64 -Xcc -I/Users/admin/builder/spi-builder-workspace/.derivedData/Build/Intermediates.noindex/FocusKit.build/Debug-watchos/FocusKitBlocking-t.build/DerivedSources/arm64 -Xcc -I/Users/admin/builder/spi-builder-workspace/.derivedData/Build/Intermediates.noindex/FocusKit.build/Debug-watchos/FocusKitBlocking-t.build/DerivedSources -Xcc -DSWIFT_PACKAGE -Xcc -DDEBUG\=1 -emit-objc-header -emit-objc-header-path /Users/admin/builder/spi-builder-workspace/.derivedData/Build/Intermediates.noindex/FocusKit.build/Debug-watchos/FocusKitBlocking-t.build/Objects-normal/arm64/FocusKitBlocking-Swift.h -working-directory /Users/admin/builder/spi-builder-workspace/.swiftpm/xcode -experimental-emit-module-separately -disable-cmo
SwiftDriver FocusKit normal arm64 com.apple.xcode.tools.swift.compiler (in target 'FocusKit' from project 'FocusKit')
cd /Users/admin/builder/spi-builder-workspace/.swiftpm/xcode
builtin-SwiftDriver -- /Applications/Xcode-27.0.0-Release.Candidate.app/Contents/Developer/Toolchains/XcodeDefault.xctoolchain/usr/bin/swiftc -parse-as-library -module-name FocusKit -Onone @/Users/admin/builder/spi-builder-workspace/.derivedData/Build/Intermediates.noindex/FocusKit.build/Debug-watchos/FocusKit-t.build/Objects-normal/arm64/FocusKit.SwiftFileList -DSWIFT_PACKAGE -DDEBUG -DSWIFT_MODULE_RESOURCE_BUNDLE_UNAVAILABLE -DXcode -enable-experimental-feature StrictConcurrency -plugin-path /Applications/Xcode-27.0.0-Release.Candidate.app/Contents/Developer/Toolchains/XcodeDefault.xctoolchain/usr/lib/swift/host/plugins/testing -enable-experimental-feature DebugDescriptionMacro -sdk /Applications/Xcode-27.0.0-Release.Candidate.app/Contents/Developer/Platforms/WatchOS.platform/Developer/SDKs/WatchOS27.0.sdk -target arm64-apple-watchos10.0 -g -module-cache-path /Users/admin/builder/spi-builder-workspace/.derivedData/ModuleCache.noindex -Xfrontend -serialize-debugging-options -profile-coverage-mapping -profile-generate -enable-testing -index-store-path /Users/admin/builder/spi-builder-workspace/.derivedData/Index.noindex/DataStore -Xcc -D_LIBCPP_HARDENING_MODE\=_LIBCPP_HARDENING_MODE_DEBUG -swift-version 5 -I /Users/admin/builder/spi-builder-workspace/.derivedData/Build/Products/Debug-watchos -Isystem /Applications/Xcode-27.0.0-Release.Candidate.app/Contents/Developer/Platforms/WatchOS.platform/Developer/usr/lib -F /Users/admin/builder/spi-builder-workspace/.derivedData/Build/Products/Debug-watchos -F /Applications/Xcode-27.0.0-Release.Candidate.app/Contents/Developer/Platforms/WatchOS.platform/Developer/Library/Frameworks -F /Applications/Xcode-27.0.0-Release.Candidate.app/Contents/Developer/Platforms/WatchOS.platform/Developer/SDKs/WatchOS27.0.sdk/Developer/Library/Frameworks -c -j10 -enable-batch-mode -incremental -Xcc -ivfsstatcache -Xcc /Users/admin/builder/spi-builder-workspace/.derivedData/SDKStatCaches.noindex/watchos27.0-24R360-e829b21a6f8c9b70876ba0858053c04477534ef55a1706bf4c1112bbb242f0a2.sdkstatcache -output-file-map /Users/admin/builder/spi-builder-workspace/.derivedData/Build/Intermediates.noindex/FocusKit.build/Debug-watchos/FocusKit-t.build/Objects-normal/arm64/FocusKit-OutputFileMap.json -save-temps -no-color-diagnostics -explicit-module-build -module-cache-path /Users/admin/builder/spi-builder-workspace/.derivedData/Build/Intermediates.noindex/SwiftExplicitPrecompiledModules -clang-scanner-module-cache-path /Users/admin/builder/spi-builder-workspace/.derivedData/ModuleCache.noindex -sdk-module-cache-path /Users/admin/builder/spi-builder-workspace/.derivedData/SDKExplicitPrecompiledModules -emit-dependencies -emit-module -emit-module-path /Users/admin/builder/spi-builder-workspace/.derivedData/Build/Intermediates.noindex/FocusKit.build/Debug-watchos/FocusKit-t.build/Objects-normal/arm64/FocusKit.swiftmodule -serialize-diagnostics -dependency-scan-serialize-diagnostics-path /Users/admin/builder/spi-builder-workspace/.derivedData/Build/Intermediates.noindex/FocusKit.build/Debug-watchos/FocusKit-t.build/Objects-normal/arm64/FocusKit-dependency-scan.dia -validate-clang-modules-once -clang-build-session-file /Users/admin/builder/spi-builder-workspace/.derivedData/ModuleCache.noindex/Session.modulevalidation -Xcc -fmodules-prune-interval\=86400 -Xcc -fmodules-prune-after\=345600 -package-name spi_builder_workspace -emit-const-values -const-gather-protocols-list /Users/admin/builder/spi-builder-workspace/.derivedData/Build/Intermediates.noindex/FocusKit.build/Debug-watchos/FocusKit-t.build/Objects-normal/arm64/FocusKit_const_extract_protocols.json -Xcc -I/Users/admin/builder/spi-builder-workspace/.derivedData/Build/Products/Debug-watchos/include -Xcc -I/Users/admin/builder/spi-builder-workspace/.derivedData/Build/Intermediates.noindex/FocusKit.build/Debug-watchos/FocusKit-t.build/DerivedSources-normal/arm64 -Xcc -I/Users/admin/builder/spi-builder-workspace/.derivedData/Build/Intermediates.noindex/FocusKit.build/Debug-watchos/FocusKit-t.build/DerivedSources/arm64 -Xcc -I/Users/admin/builder/spi-builder-workspace/.derivedData/Build/Intermediates.noindex/FocusKit.build/Debug-watchos/FocusKit-t.build/DerivedSources -Xcc -DSWIFT_PACKAGE -Xcc -DDEBUG\=1 -emit-objc-header -emit-objc-header-path /Users/admin/builder/spi-builder-workspace/.derivedData/Build/Intermediates.noindex/FocusKit.build/Debug-watchos/FocusKit-t.build/Objects-normal/arm64/FocusKit-Swift.h -working-directory /Users/admin/builder/spi-builder-workspace/.swiftpm/xcode -experimental-emit-module-separately -disable-cmo
SwiftCompile normal arm64 Compiling\ FocusTimer.swift /Users/admin/builder/spi-builder-workspace/Sources/FocusKit/FocusTimer.swift (in target 'FocusKit' from project 'FocusKit')
SwiftCompile normal arm64 /Users/admin/builder/spi-builder-workspace/Sources/FocusKit/FocusTimer.swift (in target 'FocusKit' from project 'FocusKit')
cd /Users/admin/builder/spi-builder-workspace/.swiftpm/xcode
builtin-SwiftPerFileCompile FocusTimer.swift
SwiftEmitModule normal arm64 Emitting\ module\ for\ FocusKit (in target 'FocusKit' from project 'FocusKit')
SwiftCompile normal arm64 (in target 'FocusKit' from project 'FocusKit')
cd /Users/admin/builder/spi-builder-workspace/.swiftpm/xcode
SwiftEmitModule normal arm64_32 Emitting\ module\ for\ FocusKit (in target 'FocusKit' from project 'FocusKit')
SwiftCompile normal arm64_32 (in target 'FocusKit' from project 'FocusKit')
cd /Users/admin/builder/spi-builder-workspace/.swiftpm/xcode
SwiftCompile normal arm64 Compiling\ FocusAuthorizationCenter.swift /Users/admin/builder/spi-builder-workspace/Sources/FocusKitBlocking/FocusAuthorizationCenter.swift (in target 'FocusKitBlocking' from project 'FocusKit')
/Users/admin/builder/spi-builder-workspace/Sources/FocusKitBlocking/FocusAuthorizationCenter.swift:12:19: error: 'AuthorizationCenter' is unavailable in watchOS
10 | /// Requests FamilyControls authorization in `.individual` mode.
11 | public func requestAuthorization() async throws {
12 | try await AuthorizationCenter.shared.requestAuthorization(for: .individual)
| `- error: 'AuthorizationCenter' is unavailable in watchOS
13 | }
14 | }
FamilyControls.AuthorizationCenter:7:14: note: 'AuthorizationCenter' has been explicitly marked unavailable here
5 | @available(visionOS, unavailable)
6 | @available(watchOS, unavailable)
7 | public class AuthorizationCenter : ObservableObject {
| `- note: 'AuthorizationCenter' has been explicitly marked unavailable here
8 | public static let shared: AuthorizationCenter
9 | @Published<AuthorizationStatus> public var authorizationStatus: AuthorizationStatus { get }
SwiftCompile normal arm64 /Users/admin/builder/spi-builder-workspace/Sources/FocusKitBlocking/FocusAuthorizationCenter.swift (in target 'FocusKitBlocking' from project 'FocusKit')
cd /Users/admin/builder/spi-builder-workspace/.swiftpm/xcode
builtin-SwiftPerFileCompile FocusAuthorizationCenter.swift
SwiftCompile normal arm64 Compiling\ FocusBlocker.swift /Users/admin/builder/spi-builder-workspace/Sources/FocusKitBlocking/FocusBlocker.swift (in target 'FocusKitBlocking' from project 'FocusKit')
/Users/admin/builder/spi-builder-workspace/Sources/FocusKitBlocking/FocusBlocker.swift:11:39: error: 'ManagedSettingsStore' is unavailable in watchOS
9 | private var configuration: BlockingConfiguration
10 | private let authorizationCenter: FocusAuthorizationCenter
11 | private let managedSettingsStore: ManagedSettingsStore
| `- error: 'ManagedSettingsStore' is unavailable in watchOS
12 | private var observerTask: Task<Void, Never>?
13 |
ManagedSettings.ManagedSettingsStore:5:14: note: 'ManagedSettingsStore' has been explicitly marked unavailable here
3 | @available(watchOS, unavailable)
4 | @available(visionOS, unavailable)
5 | public class ManagedSettingsStore : ObservableObject {
| `- note: 'ManagedSettingsStore' has been explicitly marked unavailable here
6 | @available(iOS 16.0, *)
7 | @available(tvOS, unavailable)
/Users/admin/builder/spi-builder-workspace/Sources/FocusKitBlocking/FocusBlocker.swift:19:37: error: 'ManagedSettingsStore' is unavailable in watchOS
17 | self.configuration = configuration
18 | self.authorizationCenter = FocusAuthorizationCenter()
19 | self.managedSettingsStore = ManagedSettingsStore()
| `- error: 'ManagedSettingsStore' is unavailable in watchOS
20 | }
21 |
ManagedSettings.ManagedSettingsStore:5:14: note: 'ManagedSettingsStore' has been explicitly marked unavailable here
3 | @available(watchOS, unavailable)
4 | @available(visionOS, unavailable)
5 | public class ManagedSettingsStore : ObservableObject {
| `- note: 'ManagedSettingsStore' has been explicitly marked unavailable here
6 | @available(iOS 16.0, *)
7 | @available(tvOS, unavailable)
SwiftCompile normal arm64 /Users/admin/builder/spi-builder-workspace/Sources/FocusKitBlocking/FocusBlocker.swift (in target 'FocusKitBlocking' from project 'FocusKit')
cd /Users/admin/builder/spi-builder-workspace/.swiftpm/xcode
builtin-SwiftPerFileCompile FocusBlocker.swift
SwiftEmitModule normal arm64 Emitting\ module\ for\ FocusKitBlocking (in target 'FocusKitBlocking' from project 'FocusKit')
/Users/admin/builder/spi-builder-workspace/Sources/FocusKitBlocking/BlockingConfiguration.swift:7:27: error: cannot find type 'FamilyActivitySelection' in scope
5 | public struct BlockingConfiguration: Sendable {
6 | /// Selected applications and categories from `FamilyActivityPicker`.
7 | public var selection: FamilyActivitySelection
| `- error: cannot find type 'FamilyActivitySelection' in scope
8 | /// Whether shields also apply during breaks.
9 | public var blockDuringBreaks: Bool
/Users/admin/builder/spi-builder-workspace/Sources/FocusKitBlocking/BlockingConfiguration.swift:17:20: error: cannot find type 'FamilyActivitySelection' in scope
15 | /// Creates a new blocking configuration.
16 | public init(
17 | selection: FamilyActivitySelection = FamilyActivitySelection(),
| `- error: cannot find type 'FamilyActivitySelection' in scope
18 | blockDuringBreaks: Bool = false,
19 | shieldTitle: String = "Focus Time",
/Users/admin/builder/spi-builder-workspace/Sources/FocusKitBlocking/FocusBlocker.swift:11:39: error: 'ManagedSettingsStore' is unavailable in watchOS
9 | private var configuration: BlockingConfiguration
10 | private let authorizationCenter: FocusAuthorizationCenter
11 | private let managedSettingsStore: ManagedSettingsStore
| `- error: 'ManagedSettingsStore' is unavailable in watchOS
12 | private var observerTask: Task<Void, Never>?
13 |
ManagedSettings.ManagedSettingsStore:5:14: note: 'ManagedSettingsStore' has been explicitly marked unavailable here
3 | @available(watchOS, unavailable)
4 | @available(visionOS, unavailable)
5 | public class ManagedSettingsStore : ObservableObject {
| `- note: 'ManagedSettingsStore' has been explicitly marked unavailable here
6 | @available(iOS 16.0, *)
7 | @available(tvOS, unavailable)
Failed frontend command:
/Applications/Xcode-27.0.0-Release.Candidate.app/Contents/Developer/Toolchains/XcodeDefault.xctoolchain/usr/bin/swift-frontend -frontend -emit-module -experimental-skip-non-inlinable-function-bodies-without-types /Users/admin/builder/spi-builder-workspace/Sources/FocusKitBlocking/BlockingConfiguration.swift /Users/admin/builder/spi-builder-workspace/Sources/FocusKitBlocking/FocusAuthorizationCenter.swift /Users/admin/builder/spi-builder-workspace/Sources/FocusKitBlocking/FocusBlocker.swift -target arm64-apple-watchos10.0 -disable-cross-import-overlay-search -load-resolved-plugin /Applications/Xcode-27.0.0-Release.Candidate.app/Contents/Developer/Platforms/WatchOS.platform/Developer/usr/lib/swift/host/plugins/libFoundationMacros.dylib\#/Applications/Xcode-27.0.0-Release.Candidate.app/Contents/Developer/Platforms/WatchOS.platform/Developer/usr/bin/swift-plugin-server\#FoundationMacros -load-resolved-plugin /Applications/Xcode-27.0.0-Release.Candidate.app/Contents/Developer/Platforms/WatchOS.platform/Developer/usr/lib/swift/host/plugins/libObservationMacros.dylib\#/Applications/Xcode-27.0.0-Release.Candidate.app/Contents/Developer/Platforms/WatchOS.platform/Developer/usr/bin/swift-plugin-server\#ObservationMacros -load-resolved-plugin /Applications/Xcode-27.0.0-Release.Candidate.app/Contents/Developer/Platforms/WatchOS.platform/Developer/usr/lib/swift/host/plugins/libSwiftMacros.dylib\#/Applications/Xcode-27.0.0-Release.Candidate.app/Contents/Developer/Platforms/WatchOS.platform/Developer/usr/bin/swift-plugin-server\#SwiftMacros -load-resolved-plugin /Applications/Xcode-27.0.0-Release.Candidate.app/Contents/Developer/Platforms/WatchOS.platform/Developer/usr/lib/swift/host/plugins/libSwiftUIMacros.dylib\#/Applications/Xcode-27.0.0-Release.Candidate.app/Contents/Developer/Platforms/WatchOS.platform/Developer/usr/bin/swift-plugin-server\#SwiftUIMacros -disable-implicit-swift-modules -Xcc -fno-implicit-modules -Xcc -fno-implicit-module-maps -explicit-swift-module-map-file /Users/admin/builder/spi-builder-workspace/.derivedData/Build/Intermediates.noindex/FocusKit.build/Debug-watchos/FocusKitBlocking-t.build/Objects-normal/arm64/FocusKitBlocking-dependencies-1.json -Xllvm -aarch64-use-tbi -enable-objc-interop -stack-check -sdk /Applications/Xcode-27.0.0-Release.Candidate.app/Contents/Developer/Platforms/WatchOS.platform/Developer/SDKs/WatchOS27.0.sdk -I /Users/admin/builder/spi-builder-workspace/.derivedData/Build/Products/Debug-watchos -Isystem /Applications/Xcode-27.0.0-Release.Candidate.app/Contents/Developer/Platforms/WatchOS.platform/Developer/usr/lib -F /Users/admin/builder/spi-builder-workspace/.derivedData/Build/Products/Debug-watchos/PackageFrameworks -F /Users/admin/builder/spi-builder-workspace/.derivedData/Build/Products/Debug-watchos -F /Applications/Xcode-27.0.0-Release.Candidate.app/Contents/Developer/Platforms/WatchOS.platform/Developer/Library/Frameworks -F /Applications/Xcode-27.0.0-Release.Candidate.app/Contents/Developer/Platforms/WatchOS.platform/Developer/SDKs/WatchOS27.0.sdk/Developer/Library/Frameworks -module-cache-path /Users/admin/builder/spi-builder-workspace/.derivedData/Build/Intermediates.noindex/SwiftExplicitPrecompiledModules -no-color-diagnostics -Xcc -fno-color-diagnostics -enable-testing -g -debug-info-format\=dwarf -dwarf-version\=4 -profile-generate -profile-coverage-mapping -swift-version 5 -Onone -D SWIFT_PACKAGE -D DEBUG -D SWIFT_MODULE_RESOURCE_BUNDLE_UNAVAILABLE -D Xcode -serialize-debugging-options -enable-experimental-feature StrictConcurrency -enable-experimental-feature DebugDescriptionMacro -empty-abi-descriptor -validate-clang-modules-once -clang-build-session-file /Users/admin/builder/spi-builder-workspace/.derivedData/ModuleCache.noindex/Session.modulevalidation -Xcc -working-directory -Xcc /Users/admin/builder/spi-builder-workspace/.swiftpm/xcode -enable-anonymous-context-mangled-names -file-compilation-dir /Users/admin/builder/spi-builder-workspace/.swiftpm/xcode -Xcc -D_LIBCPP_HARDENING_MODE\=_LIBCPP_HARDENING_MODE_DEBUG -Xcc -ivfsstatcache -Xcc /Users/admin/builder/spi-builder-workspace/.derivedData/SDKStatCaches.noindex/watchos27.0-24R360-e829b21a6f8c9b70876ba0858053c04477534ef55a1706bf4c1112bbb242f0a2.sdkstatcache -Xcc -fmodules-prune-interval\=86400 -Xcc -fmodules-prune-after\=345600 -Xcc -I/Users/admin/builder/spi-builder-workspace/.derivedData/Build/Products/Debug-watchos/include -Xcc -I/Users/admin/builder/spi-builder-workspace/.derivedData/Build/Intermediates.noindex/FocusKit.build/Debug-watchos/FocusKitBlocking-t.build/DerivedSources-normal/arm64 -Xcc -I/Users/admin/builder/spi-builder-workspace/.derivedData/Build/Intermediates.noindex/FocusKit.build/Debug-watchos/FocusKitBlocking-t.build/DerivedSources/arm64 -Xcc -I/Users/admin/builder/spi-builder-workspace/.derivedData/Build/Intermediates.noindex/FocusKit.build/Debug-watchos/FocusKitBlocking-t.build/DerivedSources -Xcc -DSWIFT_PACKAGE -Xcc -DDEBUG\=1 -no-auto-bridging-header-chaining -module-name FocusKitBlocking -package-name spi_builder_workspace -const-gather-protocols-file /Users/admin/builder/spi-builder-workspace/.derivedData/Build/Intermediates.noindex/FocusKit.build/Debug-watchos/FocusKitBlocking-t.build/Objects-normal/arm64/FocusKitBlocking_const_extract_protocols.json -disable-clang-spi -clang-target arm64-apple-watchos27.0 -target-sdk-version 27.0 -target-sdk-name watchos27.0 -in-process-plugin-server-path /Applications/Xcode-27.0.0-Release.Candidate.app/Contents/Developer/Toolchains/XcodeDefault.xctoolchain/usr/lib/swift/host/libSwiftInProcPluginServer.dylib -emit-module-doc-path /Users/admin/builder/spi-builder-workspace/.derivedData/Build/Intermediates.noindex/FocusKit.build/Debug-watchos/FocusKitBlocking-t.build/Objects-normal/arm64/FocusKitBlocking.swiftdoc -emit-module-source-info-path /Users/admin/builder/spi-builder-workspace/.derivedData/Build/Intermediates.noindex/FocusKit.build/Debug-watchos/FocusKitBlocking-t.build/Objects-normal/arm64/FocusKitBlocking.swiftsourceinfo -emit-objc-header-path /Users/admin/builder/spi-builder-workspace/.derivedData/Build/Intermediates.noindex/FocusKit.build/Debug-watchos/FocusKitBlocking-t.build/Objects-normal/arm64/FocusKitBlocking-Swift.h -serialize-diagnostics-path /Users/admin/builder/spi-builder-workspace/.derivedData/Build/Intermediates.noindex/FocusKit.build/Debug-watchos/FocusKitBlocking-t.build/Objects-normal/arm64/FocusKitBlocking-primary-emit-module.dia -emit-dependencies-path /Users/admin/builder/spi-builder-workspace/.derivedData/Build/Intermediates.noindex/FocusKit.build/Debug-watchos/FocusKitBlocking-t.build/Objects-normal/arm64/FocusKitBlocking-primary-emit-module.d -parse-as-library -o /Users/admin/builder/spi-builder-workspace/.derivedData/Build/Intermediates.noindex/FocusKit.build/Debug-watchos/FocusKitBlocking-t.build/Objects-normal/arm64/FocusKitBlocking.swiftmodule -emit-abi-descriptor-path /Users/admin/builder/spi-builder-workspace/.derivedData/Build/Intermediates.noindex/FocusKit.build/Debug-watchos/FocusKitBlocking-t.build/Objects-normal/arm64/FocusKitBlocking.abi.json
SwiftCompile normal arm64 (in target 'FocusKitBlocking' from project 'FocusKit')
cd /Users/admin/builder/spi-builder-workspace/.swiftpm/xcode
SwiftCompile normal arm64_32 Compiling\ BlockingConfiguration.swift /Users/admin/builder/spi-builder-workspace/Sources/FocusKitBlocking/BlockingConfiguration.swift (in target 'FocusKitBlocking' from project 'FocusKit')
/Users/admin/builder/spi-builder-workspace/Sources/FocusKitBlocking/BlockingConfiguration.swift:7:27: error: cannot find type 'FamilyActivitySelection' in scope
5 | public struct BlockingConfiguration: Sendable {
6 | /// Selected applications and categories from `FamilyActivityPicker`.
7 | public var selection: FamilyActivitySelection
| `- error: cannot find type 'FamilyActivitySelection' in scope
8 | /// Whether shields also apply during breaks.
9 | public var blockDuringBreaks: Bool
SwiftCompile normal arm64_32 /Users/admin/builder/spi-builder-workspace/Sources/FocusKitBlocking/BlockingConfiguration.swift (in target 'FocusKitBlocking' from project 'FocusKit')
cd /Users/admin/builder/spi-builder-workspace/.swiftpm/xcode
builtin-SwiftPerFileCompile BlockingConfiguration.swift
SwiftCompile normal arm64_32 Compiling\ FocusBlocker.swift /Users/admin/builder/spi-builder-workspace/Sources/FocusKitBlocking/FocusBlocker.swift (in target 'FocusKitBlocking' from project 'FocusKit')
/Users/admin/builder/spi-builder-workspace/Sources/FocusKitBlocking/FocusBlocker.swift:11:39: error: 'ManagedSettingsStore' is unavailable in watchOS
9 | private var configuration: BlockingConfiguration
10 | private let authorizationCenter: FocusAuthorizationCenter
11 | private let managedSettingsStore: ManagedSettingsStore
| `- error: 'ManagedSettingsStore' is unavailable in watchOS
12 | private var observerTask: Task<Void, Never>?
13 |
ManagedSettings.ManagedSettingsStore:5:14: note: 'ManagedSettingsStore' has been explicitly marked unavailable here
3 | @available(watchOS, unavailable)
4 | @available(visionOS, unavailable)
5 | public class ManagedSettingsStore : ObservableObject {
| `- note: 'ManagedSettingsStore' has been explicitly marked unavailable here
6 | @available(iOS 16.0, *)
7 | @available(tvOS, unavailable)
/Users/admin/builder/spi-builder-workspace/Sources/FocusKitBlocking/FocusBlocker.swift:19:37: error: 'ManagedSettingsStore' is unavailable in watchOS
17 | self.configuration = configuration
18 | self.authorizationCenter = FocusAuthorizationCenter()
19 | self.managedSettingsStore = ManagedSettingsStore()
| `- error: 'ManagedSettingsStore' is unavailable in watchOS
20 | }
21 |
ManagedSettings.ManagedSettingsStore:5:14: note: 'ManagedSettingsStore' has been explicitly marked unavailable here
3 | @available(watchOS, unavailable)
4 | @available(visionOS, unavailable)
5 | public class ManagedSettingsStore : ObservableObject {
| `- note: 'ManagedSettingsStore' has been explicitly marked unavailable here
6 | @available(iOS 16.0, *)
7 | @available(tvOS, unavailable)
SwiftCompile normal arm64_32 /Users/admin/builder/spi-builder-workspace/Sources/FocusKitBlocking/FocusBlocker.swift (in target 'FocusKitBlocking' from project 'FocusKit')
cd /Users/admin/builder/spi-builder-workspace/.swiftpm/xcode
builtin-SwiftPerFileCompile FocusBlocker.swift
SwiftEmitModule normal arm64_32 Emitting\ module\ for\ FocusKitBlocking (in target 'FocusKitBlocking' from project 'FocusKit')
/Users/admin/builder/spi-builder-workspace/Sources/FocusKitBlocking/BlockingConfiguration.swift:7:27: error: cannot find type 'FamilyActivitySelection' in scope
5 | public struct BlockingConfiguration: Sendable {
6 | /// Selected applications and categories from `FamilyActivityPicker`.
7 | public var selection: FamilyActivitySelection
| `- error: cannot find type 'FamilyActivitySelection' in scope
8 | /// Whether shields also apply during breaks.
9 | public var blockDuringBreaks: Bool
/Users/admin/builder/spi-builder-workspace/Sources/FocusKitBlocking/BlockingConfiguration.swift:17:20: error: cannot find type 'FamilyActivitySelection' in scope
15 | /// Creates a new blocking configuration.
16 | public init(
17 | selection: FamilyActivitySelection = FamilyActivitySelection(),
| `- error: cannot find type 'FamilyActivitySelection' in scope
18 | blockDuringBreaks: Bool = false,
19 | shieldTitle: String = "Focus Time",
/Users/admin/builder/spi-builder-workspace/Sources/FocusKitBlocking/FocusBlocker.swift:11:39: error: 'ManagedSettingsStore' is unavailable in watchOS
9 | private var configuration: BlockingConfiguration
10 | private let authorizationCenter: FocusAuthorizationCenter
11 | private let managedSettingsStore: ManagedSettingsStore
| `- error: 'ManagedSettingsStore' is unavailable in watchOS
12 | private var observerTask: Task<Void, Never>?
13 |
ManagedSettings.ManagedSettingsStore:5:14: note: 'ManagedSettingsStore' has been explicitly marked unavailable here
3 | @available(watchOS, unavailable)
4 | @available(visionOS, unavailable)
5 | public class ManagedSettingsStore : ObservableObject {
| `- note: 'ManagedSettingsStore' has been explicitly marked unavailable here
6 | @available(iOS 16.0, *)
7 | @available(tvOS, unavailable)
Failed frontend command:
/Applications/Xcode-27.0.0-Release.Candidate.app/Contents/Developer/Toolchains/XcodeDefault.xctoolchain/usr/bin/swift-frontend -frontend -emit-module -experimental-skip-non-inlinable-function-bodies-without-types /Users/admin/builder/spi-builder-workspace/Sources/FocusKitBlocking/BlockingConfiguration.swift /Users/admin/builder/spi-builder-workspace/Sources/FocusKitBlocking/FocusAuthorizationCenter.swift /Users/admin/builder/spi-builder-workspace/Sources/FocusKitBlocking/FocusBlocker.swift -target arm64_32-apple-watchos10.0 -disable-cross-import-overlay-search -load-resolved-plugin /Applications/Xcode-27.0.0-Release.Candidate.app/Contents/Developer/Platforms/WatchOS.platform/Developer/usr/lib/swift/host/plugins/libFoundationMacros.dylib\#/Applications/Xcode-27.0.0-Release.Candidate.app/Contents/Developer/Platforms/WatchOS.platform/Developer/usr/bin/swift-plugin-server\#FoundationMacros -load-resolved-plugin /Applications/Xcode-27.0.0-Release.Candidate.app/Contents/Developer/Platforms/WatchOS.platform/Developer/usr/lib/swift/host/plugins/libObservationMacros.dylib\#/Applications/Xcode-27.0.0-Release.Candidate.app/Contents/Developer/Platforms/WatchOS.platform/Developer/usr/bin/swift-plugin-server\#ObservationMacros -load-resolved-plugin /Applications/Xcode-27.0.0-Release.Candidate.app/Contents/Developer/Platforms/WatchOS.platform/Developer/usr/lib/swift/host/plugins/libSwiftMacros.dylib\#/Applications/Xcode-27.0.0-Release.Candidate.app/Contents/Developer/Platforms/WatchOS.platform/Developer/usr/bin/swift-plugin-server\#SwiftMacros -load-resolved-plugin /Applications/Xcode-27.0.0-Release.Candidate.app/Contents/Developer/Platforms/WatchOS.platform/Developer/usr/lib/swift/host/plugins/libSwiftUIMacros.dylib\#/Applications/Xcode-27.0.0-Release.Candidate.app/Contents/Developer/Platforms/WatchOS.platform/Developer/usr/bin/swift-plugin-server\#SwiftUIMacros -disable-implicit-swift-modules -Xcc -fno-implicit-modules -Xcc -fno-implicit-module-maps -explicit-swift-module-map-file /Users/admin/builder/spi-builder-workspace/.derivedData/Build/Intermediates.noindex/FocusKit.build/Debug-watchos/FocusKitBlocking-t.build/Objects-normal/arm64_32/FocusKitBlocking-dependencies-2.json -enable-objc-interop -sdk /Applications/Xcode-27.0.0-Release.Candidate.app/Contents/Developer/Platforms/WatchOS.platform/Developer/SDKs/WatchOS27.0.sdk -I /Users/admin/builder/spi-builder-workspace/.derivedData/Build/Products/Debug-watchos -Isystem /Applications/Xcode-27.0.0-Release.Candidate.app/Contents/Developer/Platforms/WatchOS.platform/Developer/usr/lib -F /Users/admin/builder/spi-builder-workspace/.derivedData/Build/Products/Debug-watchos/PackageFrameworks -F /Users/admin/builder/spi-builder-workspace/.derivedData/Build/Products/Debug-watchos -F /Applications/Xcode-27.0.0-Release.Candidate.app/Contents/Developer/Platforms/WatchOS.platform/Developer/Library/Frameworks -F /Applications/Xcode-27.0.0-Release.Candidate.app/Contents/Developer/Platforms/WatchOS.platform/Developer/SDKs/WatchOS27.0.sdk/Developer/Library/Frameworks -module-cache-path /Users/admin/builder/spi-builder-workspace/.derivedData/Build/Intermediates.noindex/SwiftExplicitPrecompiledModules -no-color-diagnostics -Xcc -fno-color-diagnostics -enable-testing -g -debug-info-format\=dwarf -dwarf-version\=4 -profile-generate -profile-coverage-mapping -swift-version 5 -Onone -D SWIFT_PACKAGE -D DEBUG -D SWIFT_MODULE_RESOURCE_BUNDLE_UNAVAILABLE -D Xcode -serialize-debugging-options -enable-experimental-feature StrictConcurrency -enable-experimental-feature DebugDescriptionMacro -empty-abi-descriptor -validate-clang-modules-once -clang-build-session-file /Users/admin/builder/spi-builder-workspace/.derivedData/ModuleCache.noindex/Session.modulevalidation -Xcc -working-directory -Xcc /Users/admin/builder/spi-builder-workspace/.swiftpm/xcode -enable-anonymous-context-mangled-names -file-compilation-dir /Users/admin/builder/spi-builder-workspace/.swiftpm/xcode -Xcc -D_LIBCPP_HARDENING_MODE\=_LIBCPP_HARDENING_MODE_DEBUG -Xcc -ivfsstatcache -Xcc /Users/admin/builder/spi-builder-workspace/.derivedData/SDKStatCaches.noindex/watchos27.0-24R360-e829b21a6f8c9b70876ba0858053c04477534ef55a1706bf4c1112bbb242f0a2.sdkstatcache -Xcc -fmodules-prune-interval\=86400 -Xcc -fmodules-prune-after\=345600 -Xcc -I/Users/admin/builder/spi-builder-workspace/.derivedData/Build/Products/Debug-watchos/include -Xcc -I/Users/admin/builder/spi-builder-workspace/.derivedData/Build/Intermediates.noindex/FocusKit.build/Debug-watchos/FocusKitBlocking-t.build/DerivedSources-normal/arm64_32 -Xcc -I/Users/admin/builder/spi-builder-workspace/.derivedData/Build/Intermediates.noindex/FocusKit.build/Debug-watchos/FocusKitBlocking-t.build/DerivedSources/arm64_32 -Xcc -I/Users/admin/builder/spi-builder-workspace/.derivedData/Build/Intermediates.noindex/FocusKit.build/Debug-watchos/FocusKitBlocking-t.build/DerivedSources -Xcc -DSWIFT_PACKAGE -Xcc -DDEBUG\=1 -no-auto-bridging-header-chaining -module-name FocusKitBlocking -package-name spi_builder_workspace -const-gather-protocols-file /Users/admin/builder/spi-builder-workspace/.derivedData/Build/Intermediates.noindex/FocusKit.build/Debug-watchos/FocusKitBlocking-t.build/Objects-normal/arm64_32/FocusKitBlocking_const_extract_protocols.json -disable-clang-spi -clang-target arm64_32-apple-watchos27.0 -target-sdk-version 27.0 -target-sdk-name watchos27.0 -in-process-plugin-server-path /Applications/Xcode-27.0.0-Release.Candidate.app/Contents/Developer/Toolchains/XcodeDefault.xctoolchain/usr/lib/swift/host/libSwiftInProcPluginServer.dylib -emit-module-doc-path /Users/admin/builder/spi-builder-workspace/.derivedData/Build/Intermediates.noindex/FocusKit.build/Debug-watchos/FocusKitBlocking-t.build/Objects-normal/arm64_32/FocusKitBlocking.swiftdoc -emit-module-source-info-path /Users/admin/builder/spi-builder-workspace/.derivedData/Build/Intermediates.noindex/FocusKit.build/Debug-watchos/FocusKitBlocking-t.build/Objects-normal/arm64_32/FocusKitBlocking.swiftsourceinfo -emit-objc-header-path /Users/admin/builder/spi-builder-workspace/.derivedData/Build/Intermediates.noindex/FocusKit.build/Debug-watchos/FocusKitBlocking-t.build/Objects-normal/arm64_32/FocusKitBlocking-Swift.h -serialize-diagnostics-path /Users/admin/builder/spi-builder-workspace/.derivedData/Build/Intermediates.noindex/FocusKit.build/Debug-watchos/FocusKitBlocking-t.build/Objects-normal/arm64_32/FocusKitBlocking-primary-emit-module.dia -emit-dependencies-path /Users/admin/builder/spi-builder-workspace/.derivedData/Build/Intermediates.noindex/FocusKit.build/Debug-watchos/FocusKitBlocking-t.build/Objects-normal/arm64_32/FocusKitBlocking-primary-emit-module.d -parse-as-library -o /Users/admin/builder/spi-builder-workspace/.derivedData/Build/Intermediates.noindex/FocusKit.build/Debug-watchos/FocusKitBlocking-t.build/Objects-normal/arm64_32/FocusKitBlocking.swiftmodule -emit-abi-descriptor-path /Users/admin/builder/spi-builder-workspace/.derivedData/Build/Intermediates.noindex/FocusKit.build/Debug-watchos/FocusKitBlocking-t.build/Objects-normal/arm64_32/FocusKitBlocking.abi.json
SwiftCompile normal arm64_32 (in target 'FocusKitBlocking' from project 'FocusKit')
cd /Users/admin/builder/spi-builder-workspace/.swiftpm/xcode
SwiftCompile normal arm64_32 Compiling\ FocusAuthorizationCenter.swift /Users/admin/builder/spi-builder-workspace/Sources/FocusKitBlocking/FocusAuthorizationCenter.swift (in target 'FocusKitBlocking' from project 'FocusKit')
SwiftCompile normal arm64_32 /Users/admin/builder/spi-builder-workspace/Sources/FocusKitBlocking/FocusAuthorizationCenter.swift (in target 'FocusKitBlocking' from project 'FocusKit')
cd /Users/admin/builder/spi-builder-workspace/.swiftpm/xcode
builtin-SwiftPerFileCompile FocusAuthorizationCenter.swift
/Users/admin/builder/spi-builder-workspace/Sources/FocusKitBlocking/FocusAuthorizationCenter.swift:12:19: error: 'AuthorizationCenter' is unavailable in watchOS
10 | /// Requests FamilyControls authorization in `.individual` mode.
11 | public func requestAuthorization() async throws {
12 | try await AuthorizationCenter.shared.requestAuthorization(for: .individual)
| `- error: 'AuthorizationCenter' is unavailable in watchOS
13 | }
14 | }
FamilyControls.AuthorizationCenter:7:14: note: 'AuthorizationCenter' has been explicitly marked unavailable here
5 | @available(visionOS, unavailable)
6 | @available(watchOS, unavailable)
7 | public class AuthorizationCenter : ObservableObject {
| `- note: 'AuthorizationCenter' has been explicitly marked unavailable here
8 | public static let shared: AuthorizationCenter
9 | @Published<AuthorizationStatus> public var authorizationStatus: AuthorizationStatus { get }
SwiftCompile normal arm64 Compiling\ BlockingConfiguration.swift /Users/admin/builder/spi-builder-workspace/Sources/FocusKitBlocking/BlockingConfiguration.swift (in target 'FocusKitBlocking' from project 'FocusKit')
SwiftCompile normal arm64 /Users/admin/builder/spi-builder-workspace/Sources/FocusKitBlocking/BlockingConfiguration.swift (in target 'FocusKitBlocking' from project 'FocusKit')
cd /Users/admin/builder/spi-builder-workspace/.swiftpm/xcode
builtin-SwiftPerFileCompile BlockingConfiguration.swift
PruneExplicitPrecompiledModules /Users/admin/builder/spi-builder-workspace/.derivedData/Build/Intermediates.noindex/SwiftExplicitPrecompiledModules
PruneExplicitPrecompiledModules /Users/admin/builder/spi-builder-workspace/.derivedData/Build/Intermediates.noindex/ExplicitPrecompiledModules
PruneExplicitPrecompiledModules /Users/admin/builder/spi-builder-workspace/.derivedData/SDKExplicitPrecompiledModules
2026-09-24 14:50:25.533 xcodebuild[809:4837] [MT] IDERunDestination: Supported platforms for the buildables in the current scheme is empty.
** BUILD FAILED **
The following build commands failed:
SwiftEmitModule normal arm64 Emitting\ module\ for\ FocusKitBlocking (in target 'FocusKitBlocking' from project 'FocusKit')
SwiftCompile normal arm64 (in target 'FocusKitBlocking' from project 'FocusKit')
SwiftEmitModule normal arm64_32 Emitting\ module\ for\ FocusKitBlocking (in target 'FocusKitBlocking' from project 'FocusKit')
SwiftCompile normal arm64_32 (in target 'FocusKitBlocking' from project 'FocusKit')
Building workspace FocusKit with scheme FocusKit-Package
(5 failures)
BUILD FAILURE 6.4 watchOS