Build Information
Failed to build COpenLDAP, reference main (794dae), with Swift 6.4 for iOS using Xcode 27.0 on 21 Sep 2026 08:25:23 UTC.
Build Command
No build command. This typically means the build failed at an early stage where we determine the build command.Build Log
========================================
RunAll
========================================
Builder version: 5.1.0
Interrupt handler set up.
========================================
Checkout
========================================
Clone URL: https://github.com/xcode-actions/COpenLDAP.git
Reference: main
Initialized empty Git repository in /Users/admin/builder/spi-builder-workspace/.git/
From https://github.com/xcode-actions/COpenLDAP
* branch main -> FETCH_HEAD
* [new branch] main -> origin/main
HEAD is now at 794daee Use new path for happn dependencies
Cloned https://github.com/xcode-actions/COpenLDAP.git
Revision (git rev-parse @):
794daee99f1ef665104d9817d16247c4dcbca4e7
SUCCESS checkout https://github.com/xcode-actions/COpenLDAP.git at main
========================================
Build
========================================
Selected platform: iOS
Swift version: 6.4
Building package at path: $PWD
https://github.com/xcode-actions/COpenLDAP.git
Command line invocation:
/Applications/Xcode-27.0.0-Release.Candidate.app/Contents/Developer/usr/bin/xcodebuild -IDEClonedSourcePackagesDirPathOverride=/Users/admin/builder/spi-builder-workspace/.dependencies -resolvePackageDependencies
Resolve Package Graph
Fetching from https://github.com/apple/swift-argument-parser.git
could not find a branch named ‘async’ in https://github.com/apple/swift-argument-parser.gitResolve Package Graph
Updating from https://github.com/apple/swift-argument-parser.git
could not find a branch named ‘async’ in https://github.com/apple/swift-argument-parser.git
Resolved source packages:
spi-builder-workspace: (null)
2026-09-21 04:25:21.615 xcodebuild[529:3020] Writing error result bundle to /var/folders/xq/y_g06wb113726d38xsyx71_h0000gn/T/ResultBundle_2026-21-09_04-25-0021.xcresult
xcodebuild: error: Could not resolve package dependencies:
could not find a branch named ‘async’ in https://github.com/apple/swift-argument-parser.git
Command line invocation:
/Applications/Xcode-27.0.0-Release.Candidate.app/Contents/Developer/usr/bin/xcodebuild -IDEClonedSourcePackagesDirPathOverride=/Users/admin/builder/spi-builder-workspace/.dependencies -resolvePackageDependencies
Resolve Package Graph
Updating from https://github.com/apple/swift-argument-parser.git
could not find a branch named ‘async’ in https://github.com/apple/swift-argument-parser.git
Resolved source packages:
spi-builder-workspace: (null)
2026-09-21 04:25:23.426 xcodebuild[623:3736] Writing error result bundle to /var/folders/xq/y_g06wb113726d38xsyx71_h0000gn/T/ResultBundle_2026-21-09_04-25-0023.xcresult
xcodebuild: error: Could not resolve package dependencies:
could not find a branch named ‘async’ in https://github.com/apple/swift-argument-parser.git
BUILD FAILURE 6.4 iOS