The Swift Package Index logo.Swift Package Index

Build Information

Failed to build LevelPlay-MyTarget-Adapter-Swift-Package, reference 5.13.0 (6a4a8f), with Swift 6.4 for visionOS using Xcode 27.0 on 27 Sep 2026 09:34:12 UTC.

Build Command

env DEVELOPER_DIR=/Applications/Xcode-27.0.0-Release.Candidate.app xcrun xcodebuild -IDEClonedSourcePackagesDirPathOverride=$PWD/.dependencies -skipMacroValidation -skipPackagePluginValidation -derivedDataPath $PWD/.derivedData build -scheme LevelPlay-MyTarget-Adapter-Swift-Package -destination generic/platform=xrOS

Build Log

========================================
RunAll
========================================
Builder version: 5.1.0
Interrupt handler set up.
========================================
Checkout
========================================
Clone URL: https://github.com/ironsource-mobile/LevelPlay-MyTarget-Adapter-Swift-Package.git
Reference: 5.13.0
Initialized empty Git repository in /Users/admin/builder/spi-builder-workspace/.git/
From https://github.com/ironsource-mobile/LevelPlay-MyTarget-Adapter-Swift-Package
 * tag               5.13.0     -> FETCH_HEAD
HEAD is now at 6a4a8fb Release 5.13.0 - SDK 5.46.0
Cloned https://github.com/ironsource-mobile/LevelPlay-MyTarget-Adapter-Swift-Package.git
Revision (git rev-parse @):
6a4a8fb344364317c3e0d02d41db5722cffcb4f3
SUCCESS checkout https://github.com/ironsource-mobile/LevelPlay-MyTarget-Adapter-Swift-Package.git at 5.13.0
========================================
Build
========================================
Selected platform:         visionOS
Swift version:             6.4
Building package at path:  $PWD
https://github.com/ironsource-mobile/LevelPlay-MyTarget-Adapter-Swift-Package.git
Command line invocation:
    /Applications/Xcode-27.0.0-Release.Candidate.app/Contents/Developer/usr/bin/xcodebuild -IDEClonedSourcePackagesDirPathOverride=/Users/admin/builder/spi-builder-workspace/.dependencies -resolvePackageDependencies
Resolve Package Graph
Fetching from https://github.com/ironsource-mobile/LevelPlay-Swift-Package
Fetching from https://github.com/myTargetSDK/mytarget-ios-spm
Fetching from https://github.com/myTrackerSDK/mytracker-ios-spm.git
Fetching from https://github.com/ironsource-mobile/Unity-Ad-Quality-Swift-Package
Creating working copy of package ‘mytracker-ios-spm’
Checking out 3.4.2 of package ‘mytracker-ios-spm’
Creating working copy of package ‘LevelPlay-Swift-Package’
Checking out 9.6.0 of package ‘LevelPlay-Swift-Package’
Creating working copy of package ‘mytarget-ios-spm’
Checking out 5.46.0 of package ‘mytarget-ios-spm’
Creating working copy of package ‘Unity-Ad-Quality-Swift-Package’
Checking out 9.10.0 of package ‘Unity-Ad-Quality-Swift-Package’
Resolve Package Graph
Resolved source packages:
  MyTargetSDK: https://github.com/myTargetSDK/mytarget-ios-spm @ 5.46.0
  Unity-Ad-Quality-Swift-Package: https://github.com/ironsource-mobile/Unity-Ad-Quality-Swift-Package @ 9.10.0
  LevelPlay-MyTarget-Adapter-Swift-Package: /Users/admin/builder/spi-builder-workspace
  LevelPlay-Swift-Package: https://github.com/ironsource-mobile/LevelPlay-Swift-Package @ 9.6.0
  MyTrackerSDK: https://github.com/myTrackerSDK/mytracker-ios-spm.git @ 3.4.2
resolved source packages: MyTargetSDK, Unity-Ad-Quality-Swift-Package, LevelPlay-MyTarget-Adapter-Swift-Package, LevelPlay-Swift-Package, MyTrackerSDK
2026-09-27 05:33:32.340 xcodebuild[563:3073] [MT] IDERunDestination: Supported platforms for the buildables in the current scheme is empty.
{
  "dependencies" : [
    {
      "identity" : "mytarget-ios-spm",
      "requirement" : {
        "exact" : [
          "5.46.0"
        ]
      },
      "type" : "sourceControl",
      "url" : "https://github.com/myTargetSDK/mytarget-ios-spm"
    },
    {
      "identity" : "levelplay-swift-package",
      "requirement" : {
        "range" : [
          {
            "lower_bound" : "9.2.0",
            "upper_bound" : "10.0.0"
          }
        ]
      },
      "type" : "sourceControl",
      "url" : "https://github.com/ironsource-mobile/LevelPlay-Swift-Package"
    }
  ],
  "manifest_display_name" : "LevelPlay-MyTarget-Adapter-Swift-Package",
  "name" : "LevelPlay-MyTarget-Adapter-Swift-Package",
  "path" : "/Users/admin/builder/spi-builder-workspace",
  "platforms" : [
    {
      "name" : "ios",
      "version" : "14.0"
    }
  ],
  "products" : [
    {
      "name" : "MyTargetAdapter",
      "targets" : [
        "MyTargetAdapter"
      ],
      "type" : {
        "library" : [
          "automatic"
        ]
      }
    }
  ],
  "targets" : [
    {
      "c99name" : "MyTargetAdapterSDK",
      "module_type" : "BinaryTarget",
      "name" : "MyTargetAdapterSDK",
      "path" : "remote/archive/ISMyTargetAdapter5.13.0.zip",
      "product_memberships" : [
        "MyTargetAdapter"
      ],
      "sources" : [
      ],
      "type" : "binary"
    },
    {
      "c99name" : "MyTargetAdapter",
      "module_type" : "SwiftTarget",
      "name" : "MyTargetAdapter",
      "path" : "Sources/MyTargetAdapter",
      "product_dependencies" : [
        "MyTargetSDK",
        "UnityMediationSDK"
      ],
      "product_memberships" : [
        "MyTargetAdapter"
      ],
      "sources" : [
        "MyTargetAdapter.swift"
      ],
      "target_dependencies" : [
        "MyTargetAdapterSDK"
      ],
      "type" : "library"
    }
  ],
  "tools_version" : "6.0"
}
{
  "workspace" : {
    "name" : "LevelPlay-MyTarget-Adapter-Swift-Package",
    "schemes" : [
      "LevelPlay-MyTarget-Adapter-Swift-Package"
    ]
  }
}
2026-09-27 05:34:04.012 xcodebuild[866:5052] [MT] IDERunDestination: Supported platforms for the buildables in the current scheme is empty.
Running build ...
env DEVELOPER_DIR=/Applications/Xcode-27.0.0-Release.Candidate.app xcrun xcodebuild -IDEClonedSourcePackagesDirPathOverride=$PWD/.dependencies -skipMacroValidation -skipPackagePluginValidation -derivedDataPath $PWD/.derivedData build -scheme LevelPlay-MyTarget-Adapter-Swift-Package -destination generic/platform=xrOS
Command line invocation:
    /Applications/Xcode-27.0.0-Release.Candidate.app/Contents/Developer/usr/bin/xcodebuild -IDEClonedSourcePackagesDirPathOverride=/Users/admin/builder/spi-builder-workspace/.dependencies -skipMacroValidation -skipPackagePluginValidation -derivedDataPath /Users/admin/builder/spi-builder-workspace/.derivedData build -scheme LevelPlay-MyTarget-Adapter-Swift-Package -destination generic/platform=xrOS
Resolve Package Graph
Resolve Package Graph
Resolved source packages:
  MyTrackerSDK: https://github.com/myTrackerSDK/mytracker-ios-spm.git @ 3.4.2
  MyTargetSDK: https://github.com/myTargetSDK/mytarget-ios-spm @ 5.46.0
  Unity-Ad-Quality-Swift-Package: https://github.com/ironsource-mobile/Unity-Ad-Quality-Swift-Package @ 9.10.0
  LevelPlay-Swift-Package: https://github.com/ironsource-mobile/LevelPlay-Swift-Package @ 9.6.0
  LevelPlay-MyTarget-Adapter-Swift-Package: /Users/admin/builder/spi-builder-workspace
ComputePackagePrebuildTargetDependencyGraph
Prepare packages
CreateBuildRequest
SendProjectDescription
CreateBuildOperation
ComputeTargetDependencyGraph
note: Building targets in dependency order
note: Target dependency graph (9 targets)
    Target 'MyTargetAdapter-product' in project 'LevelPlay-MyTarget-Adapter-Swift-Package'
        ➜ Explicit dependency on target 'MyTargetAdapter' in project 'LevelPlay-MyTarget-Adapter-Swift-Package'
        ➜ Explicit dependency on target 'MyTargetSDK-product' in project 'MyTargetSDK'
        ➜ Explicit dependency on target 'UnityMediationSDK-product' in project 'LevelPlay-Swift-Package'
    Target 'MyTargetAdapter' in project 'LevelPlay-MyTarget-Adapter-Swift-Package'
        ➜ Explicit dependency on target 'MyTargetSDK-product' in project 'MyTargetSDK'
        ➜ Explicit dependency on target 'UnityMediationSDK-product' in project 'LevelPlay-Swift-Package'
    Target 'UnityMediationSDK-product' in project 'LevelPlay-Swift-Package'
        ➜ Explicit dependency on target 'LPSPM' in project 'LevelPlay-Swift-Package'
        ➜ Explicit dependency on target 'AdQuality-product' in project 'Unity-Ad-Quality-Swift-Package'
    Target 'LPSPM' in project 'LevelPlay-Swift-Package'
        ➜ Explicit dependency on target 'AdQuality-product' in project 'Unity-Ad-Quality-Swift-Package'
    Target 'AdQuality-product' in project 'Unity-Ad-Quality-Swift-Package' (no dependencies)
    Target 'MyTargetSDK-product' in project 'MyTargetSDK'
        ➜ Explicit dependency on target 'MyTargetSDKLib' in project 'MyTargetSDK'
        ➜ Explicit dependency on target 'MyTrackerSDK-product' in project 'MyTrackerSDK'
    Target 'MyTargetSDKLib' in project 'MyTargetSDK'
        ➜ Explicit dependency on target 'MyTrackerSDK-product' in project 'MyTrackerSDK'
    Target 'MyTrackerSDK-product' in project 'MyTrackerSDK'
        ➜ Explicit dependency on target 'MyTrackerSDKLib' in project 'MyTrackerSDK'
    Target 'MyTrackerSDKLib' in project 'MyTrackerSDK' (no dependencies)
GatherProvisioningInputs
CreateBuildDescription
ExecuteExternalTool /Applications/Xcode-27.0.0-Release.Candidate.app/Contents/Developer/Toolchains/XcodeDefault.xctoolchain/usr/bin/swiftc --version
ExecuteExternalTool /Applications/Xcode-27.0.0-Release.Candidate.app/Contents/Developer/Toolchains/XcodeDefault.xctoolchain/usr/bin/clang -v -E -dM -isysroot /Applications/Xcode-27.0.0-Release.Candidate.app/Contents/Developer/Platforms/XROS.platform/Developer/SDKs/XROS27.0.sdk -x c -c /dev/null
ExecuteExternalTool /Applications/Xcode-27.0.0-Release.Candidate.app/Contents/Developer/Toolchains/XcodeDefault.xctoolchain/usr/bin/ld -version_details
Build description signature: a954c36a31bf81b18a410c3f91d3b568
Build description path: /Users/admin/builder/spi-builder-workspace/.derivedData/Build/Intermediates.noindex/XCBuildData/a954c36a31bf81b18a410c3f91d3b568.xcbuilddata
/Users/admin/builder/spi-builder-workspace/.dependencies/checkouts/mytarget-ios-spm/Binary/MyTargetSDK.xcframework:1:1: error: While building for visionOS, no library for this platform was found in '/Users/admin/builder/spi-builder-workspace/.dependencies/checkouts/mytarget-ios-spm/Binary/MyTargetSDK.xcframework'. (in target 'MyTargetSDKLib' from project 'MyTargetSDK')
/Users/admin/builder/spi-builder-workspace/.dependencies/checkouts/mytracker-ios-spm/Binary/MyTrackerSDK.xcframework:1:1: error: While building for visionOS, no library for this platform was found in '/Users/admin/builder/spi-builder-workspace/.dependencies/checkouts/mytracker-ios-spm/Binary/MyTrackerSDK.xcframework'. (in target 'MyTrackerSDKLib' from project 'MyTrackerSDK')
/Users/admin/builder/spi-builder-workspace/.dependencies/artifacts/levelplay-swift-package/IronSourceSDK/IronSource.xcframework:1:1: error: While building for visionOS, no library for this platform was found in '/Users/admin/builder/spi-builder-workspace/.dependencies/artifacts/levelplay-swift-package/IronSourceSDK/IronSource.xcframework'. (in target 'LPSPM' from project 'LevelPlay-Swift-Package')
/Users/admin/builder/spi-builder-workspace/.dependencies/artifacts/unity-ad-quality-swift-package/AdQuality/IronSourceAdQualitySDK.xcframework:1:1: error: While building for visionOS, no library for this platform was found in '/Users/admin/builder/spi-builder-workspace/.dependencies/artifacts/unity-ad-quality-swift-package/AdQuality/IronSourceAdQualitySDK.xcframework'. (in target 'LPSPM' from project 'LevelPlay-Swift-Package')
/Users/admin/builder/spi-builder-workspace/.dependencies/checkouts/mytarget-ios-spm/Binary/MyTargetSDK.xcframework:1:1: error: While building for visionOS, no library for this platform was found in '/Users/admin/builder/spi-builder-workspace/.dependencies/checkouts/mytarget-ios-spm/Binary/MyTargetSDK.xcframework'. (in target 'MyTargetSDK-product' from project 'MyTargetSDK')
/Users/admin/builder/spi-builder-workspace/.dependencies/checkouts/mytracker-ios-spm/Binary/MyTrackerSDK.xcframework:1:1: error: While building for visionOS, no library for this platform was found in '/Users/admin/builder/spi-builder-workspace/.dependencies/checkouts/mytracker-ios-spm/Binary/MyTrackerSDK.xcframework'. (in target 'MyTargetSDK-product' from project 'MyTargetSDK')
/Users/admin/builder/spi-builder-workspace/.dependencies/artifacts/unity-ad-quality-swift-package/AdQuality/IronSourceAdQualitySDK.xcframework:1:1: error: While building for visionOS, no library for this platform was found in '/Users/admin/builder/spi-builder-workspace/.dependencies/artifacts/unity-ad-quality-swift-package/AdQuality/IronSourceAdQualitySDK.xcframework'. (in target 'AdQuality-product' from project 'Unity-Ad-Quality-Swift-Package')
/Users/admin/builder/spi-builder-workspace/.dependencies/artifacts/spi-builder-workspace/MyTargetAdapterSDK/ISMyTargetAdapter.xcframework:1:1: error: While building for visionOS, no library for this platform was found in '/Users/admin/builder/spi-builder-workspace/.dependencies/artifacts/spi-builder-workspace/MyTargetAdapterSDK/ISMyTargetAdapter.xcframework'. (in target 'MyTargetAdapter' from project 'LevelPlay-MyTarget-Adapter-Swift-Package')
/Users/admin/builder/spi-builder-workspace/.dependencies/artifacts/spi-builder-workspace/MyTargetAdapterSDK/ISMyTargetAdapter.xcframework:1:1: error: While building for visionOS, no library for this platform was found in '/Users/admin/builder/spi-builder-workspace/.dependencies/artifacts/spi-builder-workspace/MyTargetAdapterSDK/ISMyTargetAdapter.xcframework'. (in target 'MyTargetAdapter-product' from project 'LevelPlay-MyTarget-Adapter-Swift-Package')
/Users/admin/builder/spi-builder-workspace/.dependencies/checkouts/mytarget-ios-spm/Binary/MyTargetSDK.xcframework:1:1: error: While building for visionOS, no library for this platform was found in '/Users/admin/builder/spi-builder-workspace/.dependencies/checkouts/mytarget-ios-spm/Binary/MyTargetSDK.xcframework'. (in target 'MyTargetAdapter-product' from project 'LevelPlay-MyTarget-Adapter-Swift-Package')
/Users/admin/builder/spi-builder-workspace/.dependencies/artifacts/levelplay-swift-package/IronSourceSDK/IronSource.xcframework:1:1: error: While building for visionOS, no library for this platform was found in '/Users/admin/builder/spi-builder-workspace/.dependencies/artifacts/levelplay-swift-package/IronSourceSDK/IronSource.xcframework'. (in target 'MyTargetAdapter-product' from project 'LevelPlay-MyTarget-Adapter-Swift-Package')
/Users/admin/builder/spi-builder-workspace/.dependencies/artifacts/unity-ad-quality-swift-package/AdQuality/IronSourceAdQualitySDK.xcframework:1:1: error: While building for visionOS, no library for this platform was found in '/Users/admin/builder/spi-builder-workspace/.dependencies/artifacts/unity-ad-quality-swift-package/AdQuality/IronSourceAdQualitySDK.xcframework'. (in target 'MyTargetAdapter-product' from project 'LevelPlay-MyTarget-Adapter-Swift-Package')
/Users/admin/builder/spi-builder-workspace/.dependencies/checkouts/mytracker-ios-spm/Binary/MyTrackerSDK.xcframework:1:1: error: While building for visionOS, no library for this platform was found in '/Users/admin/builder/spi-builder-workspace/.dependencies/checkouts/mytracker-ios-spm/Binary/MyTrackerSDK.xcframework'. (in target 'MyTargetAdapter-product' from project 'LevelPlay-MyTarget-Adapter-Swift-Package')
/Users/admin/builder/spi-builder-workspace/.dependencies/artifacts/unity-ad-quality-swift-package/AdQuality/IronSourceAdQualitySDK.xcframework:1:1: error: While building for visionOS, no library for this platform was found in '/Users/admin/builder/spi-builder-workspace/.dependencies/artifacts/unity-ad-quality-swift-package/AdQuality/IronSourceAdQualitySDK.xcframework'. (in target 'MyTargetAdapter-product' from project 'LevelPlay-MyTarget-Adapter-Swift-Package')
/Users/admin/builder/spi-builder-workspace/.dependencies/checkouts/mytracker-ios-spm/Binary/MyTrackerSDK.xcframework:1:1: error: While building for visionOS, no library for this platform was found in '/Users/admin/builder/spi-builder-workspace/.dependencies/checkouts/mytracker-ios-spm/Binary/MyTrackerSDK.xcframework'. (in target 'MyTrackerSDK-product' from project 'MyTrackerSDK')
/Users/admin/builder/spi-builder-workspace/.dependencies/artifacts/levelplay-swift-package/IronSourceSDK/IronSource.xcframework:1:1: error: While building for visionOS, no library for this platform was found in '/Users/admin/builder/spi-builder-workspace/.dependencies/artifacts/levelplay-swift-package/IronSourceSDK/IronSource.xcframework'. (in target 'UnityMediationSDK-product' from project 'LevelPlay-Swift-Package')
/Users/admin/builder/spi-builder-workspace/.dependencies/artifacts/unity-ad-quality-swift-package/AdQuality/IronSourceAdQualitySDK.xcframework:1:1: error: While building for visionOS, no library for this platform was found in '/Users/admin/builder/spi-builder-workspace/.dependencies/artifacts/unity-ad-quality-swift-package/AdQuality/IronSourceAdQualitySDK.xcframework'. (in target 'UnityMediationSDK-product' from project 'LevelPlay-Swift-Package')
/Users/admin/builder/spi-builder-workspace/.dependencies/artifacts/unity-ad-quality-swift-package/AdQuality/IronSourceAdQualitySDK.xcframework:1:1: error: While building for visionOS, no library for this platform was found in '/Users/admin/builder/spi-builder-workspace/.dependencies/artifacts/unity-ad-quality-swift-package/AdQuality/IronSourceAdQualitySDK.xcframework'. (in target 'UnityMediationSDK-product' from project 'LevelPlay-Swift-Package')
2026-09-27 05:34:07.774 xcodebuild[867:5097] [MT] IDERunDestination: Supported platforms for the buildables in the current scheme is empty.
** BUILD FAILED **
The following build commands failed:
	Building workspace LevelPlay-MyTarget-Adapter-Swift-Package with scheme LevelPlay-MyTarget-Adapter-Swift-Package
(1 failure)
Command line invocation:
    /Applications/Xcode-27.0.0-Release.Candidate.app/Contents/Developer/usr/bin/xcodebuild -IDEClonedSourcePackagesDirPathOverride=/Users/admin/builder/spi-builder-workspace/.dependencies -resolvePackageDependencies
Resolve Package Graph
Resolved source packages:
  Unity-Ad-Quality-Swift-Package: https://github.com/ironsource-mobile/Unity-Ad-Quality-Swift-Package @ 9.10.0
  MyTrackerSDK: https://github.com/myTrackerSDK/mytracker-ios-spm.git @ 3.4.2
  MyTargetSDK: https://github.com/myTargetSDK/mytarget-ios-spm @ 5.46.0
  LevelPlay-Swift-Package: https://github.com/ironsource-mobile/LevelPlay-Swift-Package @ 9.6.0
  LevelPlay-MyTarget-Adapter-Swift-Package: /Users/admin/builder/spi-builder-workspace
resolved source packages: Unity-Ad-Quality-Swift-Package, MyTrackerSDK, MyTargetSDK, LevelPlay-Swift-Package, LevelPlay-MyTarget-Adapter-Swift-Package
2026-09-27 05:34:09.798 xcodebuild[913:5361] [MT] IDERunDestination: Supported platforms for the buildables in the current scheme is empty.
{
  "dependencies" : [
    {
      "identity" : "mytarget-ios-spm",
      "requirement" : {
        "exact" : [
          "5.46.0"
        ]
      },
      "type" : "sourceControl",
      "url" : "https://github.com/myTargetSDK/mytarget-ios-spm"
    },
    {
      "identity" : "levelplay-swift-package",
      "requirement" : {
        "range" : [
          {
            "lower_bound" : "9.2.0",
            "upper_bound" : "10.0.0"
          }
        ]
      },
      "type" : "sourceControl",
      "url" : "https://github.com/ironsource-mobile/LevelPlay-Swift-Package"
    }
  ],
  "manifest_display_name" : "LevelPlay-MyTarget-Adapter-Swift-Package",
  "name" : "LevelPlay-MyTarget-Adapter-Swift-Package",
  "path" : "/Users/admin/builder/spi-builder-workspace",
  "platforms" : [
    {
      "name" : "ios",
      "version" : "14.0"
    }
  ],
  "products" : [
    {
      "name" : "MyTargetAdapter",
      "targets" : [
        "MyTargetAdapter"
      ],
      "type" : {
        "library" : [
          "automatic"
        ]
      }
    }
  ],
  "targets" : [
    {
      "c99name" : "MyTargetAdapterSDK",
      "module_type" : "BinaryTarget",
      "name" : "MyTargetAdapterSDK",
      "path" : "remote/archive/ISMyTargetAdapter5.13.0.zip",
      "product_memberships" : [
        "MyTargetAdapter"
      ],
      "sources" : [
      ],
      "type" : "binary"
    },
    {
      "c99name" : "MyTargetAdapter",
      "module_type" : "SwiftTarget",
      "name" : "MyTargetAdapter",
      "path" : "Sources/MyTargetAdapter",
      "product_dependencies" : [
        "MyTargetSDK",
        "UnityMediationSDK"
      ],
      "product_memberships" : [
        "MyTargetAdapter"
      ],
      "sources" : [
        "MyTargetAdapter.swift"
      ],
      "target_dependencies" : [
        "MyTargetAdapterSDK"
      ],
      "type" : "library"
    }
  ],
  "tools_version" : "6.0"
}
{
  "workspace" : {
    "name" : "LevelPlay-MyTarget-Adapter-Swift-Package",
    "schemes" : [
      "LevelPlay-MyTarget-Adapter-Swift-Package"
    ]
  }
}
2026-09-27 05:34:11.037 xcodebuild[921:5419] [MT] IDERunDestination: Supported platforms for the buildables in the current scheme is empty.
Running build ...
env DEVELOPER_DIR=/Applications/Xcode-27.0.0-Release.Candidate.app xcrun xcodebuild -IDEClonedSourcePackagesDirPathOverride=$PWD/.dependencies -skipMacroValidation -skipPackagePluginValidation -derivedDataPath $PWD/.derivedData build -scheme LevelPlay-MyTarget-Adapter-Swift-Package -destination generic/platform=xrOS
Command line invocation:
    /Applications/Xcode-27.0.0-Release.Candidate.app/Contents/Developer/usr/bin/xcodebuild -IDEClonedSourcePackagesDirPathOverride=/Users/admin/builder/spi-builder-workspace/.dependencies -skipMacroValidation -skipPackagePluginValidation -derivedDataPath /Users/admin/builder/spi-builder-workspace/.derivedData build -scheme LevelPlay-MyTarget-Adapter-Swift-Package -destination generic/platform=xrOS
Resolve Package Graph
Resolved source packages:
  LevelPlay-MyTarget-Adapter-Swift-Package: /Users/admin/builder/spi-builder-workspace
  LevelPlay-Swift-Package: https://github.com/ironsource-mobile/LevelPlay-Swift-Package @ 9.6.0
  Unity-Ad-Quality-Swift-Package: https://github.com/ironsource-mobile/Unity-Ad-Quality-Swift-Package @ 9.10.0
  MyTargetSDK: https://github.com/myTargetSDK/mytarget-ios-spm @ 5.46.0
  MyTrackerSDK: https://github.com/myTrackerSDK/mytracker-ios-spm.git @ 3.4.2
ComputePackagePrebuildTargetDependencyGraph
Prepare packages
CreateBuildRequest
SendProjectDescription
CreateBuildOperation
ComputeTargetDependencyGraph
note: Building targets in dependency order
note: Target dependency graph (9 targets)
    Target 'MyTargetAdapter-product' in project 'LevelPlay-MyTarget-Adapter-Swift-Package'
        ➜ Explicit dependency on target 'MyTargetAdapter' in project 'LevelPlay-MyTarget-Adapter-Swift-Package'
        ➜ Explicit dependency on target 'MyTargetSDK-product' in project 'MyTargetSDK'
        ➜ Explicit dependency on target 'UnityMediationSDK-product' in project 'LevelPlay-Swift-Package'
    Target 'MyTargetAdapter' in project 'LevelPlay-MyTarget-Adapter-Swift-Package'
        ➜ Explicit dependency on target 'MyTargetSDK-product' in project 'MyTargetSDK'
        ➜ Explicit dependency on target 'UnityMediationSDK-product' in project 'LevelPlay-Swift-Package'
    Target 'UnityMediationSDK-product' in project 'LevelPlay-Swift-Package'
        ➜ Explicit dependency on target 'LPSPM' in project 'LevelPlay-Swift-Package'
        ➜ Explicit dependency on target 'AdQuality-product' in project 'Unity-Ad-Quality-Swift-Package'
    Target 'LPSPM' in project 'LevelPlay-Swift-Package'
        ➜ Explicit dependency on target 'AdQuality-product' in project 'Unity-Ad-Quality-Swift-Package'
    Target 'AdQuality-product' in project 'Unity-Ad-Quality-Swift-Package' (no dependencies)
    Target 'MyTargetSDK-product' in project 'MyTargetSDK'
        ➜ Explicit dependency on target 'MyTargetSDKLib' in project 'MyTargetSDK'
        ➜ Explicit dependency on target 'MyTrackerSDK-product' in project 'MyTrackerSDK'
    Target 'MyTargetSDKLib' in project 'MyTargetSDK'
        ➜ Explicit dependency on target 'MyTrackerSDK-product' in project 'MyTrackerSDK'
    Target 'MyTrackerSDK-product' in project 'MyTrackerSDK'
        ➜ Explicit dependency on target 'MyTrackerSDKLib' in project 'MyTrackerSDK'
    Target 'MyTrackerSDKLib' in project 'MyTrackerSDK' (no dependencies)
GatherProvisioningInputs
CreateBuildDescription
/Users/admin/builder/spi-builder-workspace/.dependencies/artifacts/unity-ad-quality-swift-package/AdQuality/IronSourceAdQualitySDK.xcframework:1:1: error: While building for visionOS, no library for this platform was found in '/Users/admin/builder/spi-builder-workspace/.dependencies/artifacts/unity-ad-quality-swift-package/AdQuality/IronSourceAdQualitySDK.xcframework'. (in target 'AdQuality-product' from project 'Unity-Ad-Quality-Swift-Package')
/Users/admin/builder/spi-builder-workspace/.dependencies/checkouts/mytracker-ios-spm/Binary/MyTrackerSDK.xcframework:1:1: error: While building for visionOS, no library for this platform was found in '/Users/admin/builder/spi-builder-workspace/.dependencies/checkouts/mytracker-ios-spm/Binary/MyTrackerSDK.xcframework'. (in target 'MyTrackerSDKLib' from project 'MyTrackerSDK')
/Users/admin/builder/spi-builder-workspace/.dependencies/artifacts/levelplay-swift-package/IronSourceSDK/IronSource.xcframework:1:1: error: While building for visionOS, no library for this platform was found in '/Users/admin/builder/spi-builder-workspace/.dependencies/artifacts/levelplay-swift-package/IronSourceSDK/IronSource.xcframework'. (in target 'LPSPM' from project 'LevelPlay-Swift-Package')
/Users/admin/builder/spi-builder-workspace/.dependencies/artifacts/unity-ad-quality-swift-package/AdQuality/IronSourceAdQualitySDK.xcframework:1:1: error: While building for visionOS, no library for this platform was found in '/Users/admin/builder/spi-builder-workspace/.dependencies/artifacts/unity-ad-quality-swift-package/AdQuality/IronSourceAdQualitySDK.xcframework'. (in target 'LPSPM' from project 'LevelPlay-Swift-Package')
/Users/admin/builder/spi-builder-workspace/.dependencies/artifacts/levelplay-swift-package/IronSourceSDK/IronSource.xcframework:1:1: error: While building for visionOS, no library for this platform was found in '/Users/admin/builder/spi-builder-workspace/.dependencies/artifacts/levelplay-swift-package/IronSourceSDK/IronSource.xcframework'. (in target 'MyTargetAdapter-product' from project 'LevelPlay-MyTarget-Adapter-Swift-Package')
/Users/admin/builder/spi-builder-workspace/.dependencies/artifacts/spi-builder-workspace/MyTargetAdapterSDK/ISMyTargetAdapter.xcframework:1:1: error: While building for visionOS, no library for this platform was found in '/Users/admin/builder/spi-builder-workspace/.dependencies/artifacts/spi-builder-workspace/MyTargetAdapterSDK/ISMyTargetAdapter.xcframework'. (in target 'MyTargetAdapter-product' from project 'LevelPlay-MyTarget-Adapter-Swift-Package')
/Users/admin/builder/spi-builder-workspace/.dependencies/artifacts/unity-ad-quality-swift-package/AdQuality/IronSourceAdQualitySDK.xcframework:1:1: error: While building for visionOS, no library for this platform was found in '/Users/admin/builder/spi-builder-workspace/.dependencies/artifacts/unity-ad-quality-swift-package/AdQuality/IronSourceAdQualitySDK.xcframework'. (in target 'MyTargetAdapter-product' from project 'LevelPlay-MyTarget-Adapter-Swift-Package')
/Users/admin/builder/spi-builder-workspace/.dependencies/artifacts/unity-ad-quality-swift-package/AdQuality/IronSourceAdQualitySDK.xcframework:1:1: error: While building for visionOS, no library for this platform was found in '/Users/admin/builder/spi-builder-workspace/.dependencies/artifacts/unity-ad-quality-swift-package/AdQuality/IronSourceAdQualitySDK.xcframework'. (in target 'MyTargetAdapter-product' from project 'LevelPlay-MyTarget-Adapter-Swift-Package')
/Users/admin/builder/spi-builder-workspace/.dependencies/checkouts/mytarget-ios-spm/Binary/MyTargetSDK.xcframework:1:1: error: While building for visionOS, no library for this platform was found in '/Users/admin/builder/spi-builder-workspace/.dependencies/checkouts/mytarget-ios-spm/Binary/MyTargetSDK.xcframework'. (in target 'MyTargetAdapter-product' from project 'LevelPlay-MyTarget-Adapter-Swift-Package')
/Users/admin/builder/spi-builder-workspace/.dependencies/checkouts/mytracker-ios-spm/Binary/MyTrackerSDK.xcframework:1:1: error: While building for visionOS, no library for this platform was found in '/Users/admin/builder/spi-builder-workspace/.dependencies/checkouts/mytracker-ios-spm/Binary/MyTrackerSDK.xcframework'. (in target 'MyTargetAdapter-product' from project 'LevelPlay-MyTarget-Adapter-Swift-Package')
/Users/admin/builder/spi-builder-workspace/.dependencies/artifacts/levelplay-swift-package/IronSourceSDK/IronSource.xcframework:1:1: error: While building for visionOS, no library for this platform was found in '/Users/admin/builder/spi-builder-workspace/.dependencies/artifacts/levelplay-swift-package/IronSourceSDK/IronSource.xcframework'. (in target 'UnityMediationSDK-product' from project 'LevelPlay-Swift-Package')
/Users/admin/builder/spi-builder-workspace/.dependencies/artifacts/unity-ad-quality-swift-package/AdQuality/IronSourceAdQualitySDK.xcframework:1:1: error: While building for visionOS, no library for this platform was found in '/Users/admin/builder/spi-builder-workspace/.dependencies/artifacts/unity-ad-quality-swift-package/AdQuality/IronSourceAdQualitySDK.xcframework'. (in target 'UnityMediationSDK-product' from project 'LevelPlay-Swift-Package')
/Users/admin/builder/spi-builder-workspace/.dependencies/artifacts/unity-ad-quality-swift-package/AdQuality/IronSourceAdQualitySDK.xcframework:1:1: error: While building for visionOS, no library for this platform was found in '/Users/admin/builder/spi-builder-workspace/.dependencies/artifacts/unity-ad-quality-swift-package/AdQuality/IronSourceAdQualitySDK.xcframework'. (in target 'UnityMediationSDK-product' from project 'LevelPlay-Swift-Package')
/Users/admin/builder/spi-builder-workspace/.dependencies/artifacts/spi-builder-workspace/MyTargetAdapterSDK/ISMyTargetAdapter.xcframework:1:1: error: While building for visionOS, no library for this platform was found in '/Users/admin/builder/spi-builder-workspace/.dependencies/artifacts/spi-builder-workspace/MyTargetAdapterSDK/ISMyTargetAdapter.xcframework'. (in target 'MyTargetAdapter' from project 'LevelPlay-MyTarget-Adapter-Swift-Package')
/Users/admin/builder/spi-builder-workspace/.dependencies/checkouts/mytarget-ios-spm/Binary/MyTargetSDK.xcframework:1:1: error: While building for visionOS, no library for this platform was found in '/Users/admin/builder/spi-builder-workspace/.dependencies/checkouts/mytarget-ios-spm/Binary/MyTargetSDK.xcframework'. (in target 'MyTargetSDKLib' from project 'MyTargetSDK')
/Users/admin/builder/spi-builder-workspace/.dependencies/checkouts/mytracker-ios-spm/Binary/MyTrackerSDK.xcframework:1:1: error: While building for visionOS, no library for this platform was found in '/Users/admin/builder/spi-builder-workspace/.dependencies/checkouts/mytracker-ios-spm/Binary/MyTrackerSDK.xcframework'. (in target 'MyTrackerSDK-product' from project 'MyTrackerSDK')
/Users/admin/builder/spi-builder-workspace/.dependencies/checkouts/mytarget-ios-spm/Binary/MyTargetSDK.xcframework:1:1: error: While building for visionOS, no library for this platform was found in '/Users/admin/builder/spi-builder-workspace/.dependencies/checkouts/mytarget-ios-spm/Binary/MyTargetSDK.xcframework'. (in target 'MyTargetSDK-product' from project 'MyTargetSDK')
/Users/admin/builder/spi-builder-workspace/.dependencies/checkouts/mytracker-ios-spm/Binary/MyTrackerSDK.xcframework:1:1: error: While building for visionOS, no library for this platform was found in '/Users/admin/builder/spi-builder-workspace/.dependencies/checkouts/mytracker-ios-spm/Binary/MyTrackerSDK.xcframework'. (in target 'MyTargetSDK-product' from project 'MyTargetSDK')
2026-09-27 05:34:11.975 xcodebuild[922:5445] [MT] IDERunDestination: Supported platforms for the buildables in the current scheme is empty.
** BUILD FAILED **
The following build commands failed:
	Building workspace LevelPlay-MyTarget-Adapter-Swift-Package with scheme LevelPlay-MyTarget-Adapter-Swift-Package
(1 failure)
BUILD FAILURE 6.4 visionOS