Build Information
Failed to build LifeHash, reference 4.2.0 (73229c), with Swift 6.4 for macOS (Xcode) using Xcode 27.0 on 17 Sep 2026 04:37:10 UTC.
Build Command
env DEVELOPER_DIR=/Applications/Xcode-27.0.0-Release.Candidate.app xcrun xcodebuild -IDEClonedSourcePackagesDirPathOverride=$PWD/.dependencies -skipMacroValidation -skipPackagePluginValidation -derivedDataPath $PWD/.derivedData build -scheme LifeHash -destination platform=macOS,arch=arm64Build Log
========================================
RunAll
========================================
Builder version: 5.1.0
Interrupt handler set up.
========================================
Checkout
========================================
Clone URL: https://github.com/wolfmcnally/LifeHash.git
Reference: 4.2.0
Initialized empty Git repository in /Users/admin/builder/spi-builder-workspace/.git/
From https://github.com/wolfmcnally/LifeHash
* tag 4.2.0 -> FETCH_HEAD
HEAD is now at 73229c2 First Blockchain Commons release.
Cloned https://github.com/wolfmcnally/LifeHash.git
Revision (git rev-parse @):
73229c279377cdd17cede1670e89ddc427d88497
SUCCESS checkout https://github.com/wolfmcnally/LifeHash.git at 4.2.0
========================================
Build
========================================
Selected platform: macosXcodebuild
Swift version: 6.4
Building package at path: $PWD
https://github.com/wolfmcnally/LifeHash.git
Command line invocation:
/Applications/Xcode-27.0.0-Release.Candidate.app/Contents/Developer/usr/bin/xcodebuild -IDEClonedSourcePackagesDirPathOverride=/Users/admin/builder/spi-builder-workspace/.dependencies -resolvePackageDependencies
Resolve Package Graph
Resolve Package Graph
Resolved source packages:
LifeHash: /Users/admin/builder/spi-builder-workspace
resolved source packages: LifeHash
2026-09-17 00:36:19.240 xcodebuild[563:3081] [MT] IDERunDestination: Supported platforms for the buildables in the current scheme is empty.
{
"dependencies" : [
],
"manifest_display_name" : "LifeHash",
"name" : "LifeHash",
"path" : "/Users/admin/builder/spi-builder-workspace",
"platforms" : [
{
"name" : "ios",
"version" : "13.0"
},
{
"name" : "macos",
"version" : "10.15"
},
{
"name" : "tvos",
"version" : "13.0"
}
],
"products" : [
{
"name" : "LifeHash",
"targets" : [
"LifeHash"
],
"type" : {
"library" : [
"automatic"
]
}
}
],
"targets" : [
{
"c99name" : "LifeHash",
"module_type" : "SwiftTarget",
"name" : "LifeHash",
"path" : "Sources/LifeHash",
"product_memberships" : [
"LifeHash"
],
"sources" : [
"Fingerprintable.swift",
"LifeHashExtensions.swift",
"LifeHashGenerator.swift",
"LifeHashState.swift",
"LifeHashView.swift",
"Private/BitAggregator.swift",
"Private/BitEnumerator.swift",
"Private/Canvas.swift",
"Private/CellGrid.swift",
"Private/ChangeGrid.swift",
"Private/CircularIndex.swift",
"Private/Color.swift",
"Private/ColorFunc.swift",
"Private/ColorGrid.swift",
"Private/FracGrid.swift",
"Private/Gradient.swift",
"Private/Gradients.swift",
"Private/Grid.swift",
"Private/HSBColor.swift",
"Private/IntPoint.swift",
"Private/IntRect.swift",
"Private/IntSize.swift",
"Private/Interval.swift",
"Private/Lerp.swift",
"Private/Numerics.swift",
"Private/PipeOperator.swift"
],
"type" : "library"
}
],
"tools_version" : "5.2"
}
{
"workspace" : {
"name" : "LifeHash",
"schemes" : [
"LifeHash"
]
}
}
2026-09-17 00:37:00.621 xcodebuild[705:4355] [MT] IDERunDestination: Supported platforms for the buildables in the current scheme is empty.
Running build ...
env DEVELOPER_DIR=/Applications/Xcode-27.0.0-Release.Candidate.app xcrun xcodebuild -IDEClonedSourcePackagesDirPathOverride=$PWD/.dependencies -skipMacroValidation -skipPackagePluginValidation -derivedDataPath $PWD/.derivedData build -scheme LifeHash -destination platform=macOS,arch=arm64
Command line invocation:
/Applications/Xcode-27.0.0-Release.Candidate.app/Contents/Developer/usr/bin/xcodebuild -IDEClonedSourcePackagesDirPathOverride=/Users/admin/builder/spi-builder-workspace/.dependencies -skipMacroValidation -skipPackagePluginValidation -derivedDataPath /Users/admin/builder/spi-builder-workspace/.derivedData build -scheme LifeHash -destination platform=macOS,arch=arm64
Resolve Package Graph
Resolved source packages:
LifeHash: /Users/admin/builder/spi-builder-workspace
ComputePackagePrebuildTargetDependencyGraph
Prepare packages
CreateBuildRequest
SendProjectDescription
CreateBuildOperation
ComputeTargetDependencyGraph
note: Building targets in dependency order
note: Target dependency graph (2 targets)
Target 'LifeHash-product' in project 'LifeHash'
➜ Explicit dependency on target 'LifeHash' in project 'LifeHash'
Target 'LifeHash' in project 'LifeHash' (no dependencies)
GatherProvisioningInputs
CreateBuildDescription
ExecuteExternalTool /Applications/Xcode-27.0.0-Release.Candidate.app/Contents/Developer/Toolchains/XcodeDefault.xctoolchain/usr/bin/clang -v -E -dM -isysroot /Applications/Xcode-27.0.0-Release.Candidate.app/Contents/Developer/Platforms/MacOSX.platform/Developer/SDKs/MacOSX27.0.sdk -x c -c /dev/null
ExecuteExternalTool /Applications/Xcode-27.0.0-Release.Candidate.app/Contents/Developer/Toolchains/XcodeDefault.xctoolchain/usr/bin/swiftc --version
ExecuteExternalTool /Applications/Xcode-27.0.0-Release.Candidate.app/Contents/Developer/Toolchains/XcodeDefault.xctoolchain/usr/bin/ld -version_details
Build description signature: 69cb5bff64a80188baad69e5fb606b1f
Build description path: /Users/admin/builder/spi-builder-workspace/.derivedData/Build/Intermediates.noindex/XCBuildData/69cb5bff64a80188baad69e5fb606b1f.xcbuilddata
CreateBuildDirectory /Users/admin/builder/spi-builder-workspace/.derivedData/SDKExplicitPrecompiledModules
cd /Users/admin/builder/spi-builder-workspace/.swiftpm/xcode
builtin-create-build-directory /Users/admin/builder/spi-builder-workspace/.derivedData/SDKExplicitPrecompiledModules
CreateBuildDirectory /Users/admin/builder/spi-builder-workspace/.derivedData/ModuleCache.noindex
cd /Users/admin/builder/spi-builder-workspace/.swiftpm/xcode
builtin-create-build-directory /Users/admin/builder/spi-builder-workspace/.derivedData/ModuleCache.noindex
CreateBuildDirectory /Users/admin/builder/spi-builder-workspace/.derivedData/CompilationCache.noindex
cd /Users/admin/builder/spi-builder-workspace/.swiftpm/xcode
builtin-create-build-directory /Users/admin/builder/spi-builder-workspace/.derivedData/CompilationCache.noindex
CreateBuildDirectory /Users/admin/builder/spi-builder-workspace/.derivedData/Build/Intermediates.noindex
cd /Users/admin/builder/spi-builder-workspace/.swiftpm/xcode
builtin-create-build-directory /Users/admin/builder/spi-builder-workspace/.derivedData/Build/Intermediates.noindex
CreateBuildDirectory /Users/admin/builder/spi-builder-workspace/.derivedData/Build/Products
cd /Users/admin/builder/spi-builder-workspace/.swiftpm/xcode
builtin-create-build-directory /Users/admin/builder/spi-builder-workspace/.derivedData/Build/Products
ClangStatCache /Applications/Xcode-27.0.0-Release.Candidate.app/Contents/Developer/Toolchains/XcodeDefault.xctoolchain/usr/bin/clang-stat-cache /Applications/Xcode-27.0.0-Release.Candidate.app/Contents/Developer/Platforms/MacOSX.platform/Developer/SDKs/MacOSX27.0.sdk /Users/admin/builder/spi-builder-workspace/.derivedData/SDKStatCaches.noindex/macosx27.0-26A425-e829b21a6f8c9b70876ba0858053c0446a22442a12e9d48fe1a705f55a1adfc4.sdkstatcache
cd /Users/admin/builder/spi-builder-workspace/.swiftpm/xcode
/Applications/Xcode-27.0.0-Release.Candidate.app/Contents/Developer/Toolchains/XcodeDefault.xctoolchain/usr/bin/clang-stat-cache /Applications/Xcode-27.0.0-Release.Candidate.app/Contents/Developer/Platforms/MacOSX.platform/Developer/SDKs/MacOSX27.0.sdk -o /Users/admin/builder/spi-builder-workspace/.derivedData/SDKStatCaches.noindex/macosx27.0-26A425-e829b21a6f8c9b70876ba0858053c0446a22442a12e9d48fe1a705f55a1adfc4.sdkstatcache
CreateBuildDirectory /Users/admin/builder/spi-builder-workspace/.derivedData/Build/Intermediates.noindex/SwiftExplicitPrecompiledModules
cd /Users/admin/builder/spi-builder-workspace/.swiftpm/xcode
builtin-create-build-directory /Users/admin/builder/spi-builder-workspace/.derivedData/Build/Intermediates.noindex/SwiftExplicitPrecompiledModules
CreateBuildDirectory /Users/admin/builder/spi-builder-workspace/.derivedData/Build/Intermediates.noindex/ExplicitPrecompiledModules
cd /Users/admin/builder/spi-builder-workspace/.swiftpm/xcode
builtin-create-build-directory /Users/admin/builder/spi-builder-workspace/.derivedData/Build/Intermediates.noindex/ExplicitPrecompiledModules
CreateBuildDirectory /Users/admin/builder/spi-builder-workspace/.derivedData/Build/Intermediates.noindex/PrecompiledHeaders
cd /Users/admin/builder/spi-builder-workspace/.swiftpm/xcode
builtin-create-build-directory /Users/admin/builder/spi-builder-workspace/.derivedData/Build/Intermediates.noindex/PrecompiledHeaders
CreateBuildDirectory /Users/admin/builder/spi-builder-workspace/.derivedData/Build/Intermediates.noindex/EagerLinkingTBDs/Debug
cd /Users/admin/builder/spi-builder-workspace/.swiftpm/xcode
builtin-create-build-directory /Users/admin/builder/spi-builder-workspace/.derivedData/Build/Intermediates.noindex/EagerLinkingTBDs/Debug
CreateBuildDirectory /Users/admin/builder/spi-builder-workspace/.derivedData/Build/Products/Debug
cd /Users/admin/builder/spi-builder-workspace/.swiftpm/xcode
builtin-create-build-directory /Users/admin/builder/spi-builder-workspace/.derivedData/Build/Products/Debug
CreateBuildDirectory /Users/admin/builder/spi-builder-workspace/.derivedData/Build/Products/Debug/PackageFrameworks
cd /Users/admin/builder/spi-builder-workspace/.swiftpm/xcode
builtin-create-build-directory /Users/admin/builder/spi-builder-workspace/.derivedData/Build/Products/Debug/PackageFrameworks
WriteAuxiliaryFile /Users/admin/builder/spi-builder-workspace/.derivedData/Build/Intermediates.noindex/LifeHash.build/Debug/LifeHash-t.build/LifeHash.modulemap (in target 'LifeHash' from project 'LifeHash')
cd /Users/admin/builder/spi-builder-workspace
write-file /Users/admin/builder/spi-builder-workspace/.derivedData/Build/Intermediates.noindex/LifeHash.build/Debug/LifeHash-t.build/LifeHash.modulemap
WriteAuxiliaryFile /Users/admin/builder/spi-builder-workspace/.derivedData/Build/Intermediates.noindex/LifeHash.build/Debug/LifeHash-t.build/LifeHash.DependencyStaticMetadataFileList (in target 'LifeHash' from project 'LifeHash')
cd /Users/admin/builder/spi-builder-workspace
write-file /Users/admin/builder/spi-builder-workspace/.derivedData/Build/Intermediates.noindex/LifeHash.build/Debug/LifeHash-t.build/LifeHash.DependencyStaticMetadataFileList
WriteAuxiliaryFile /Users/admin/builder/spi-builder-workspace/.derivedData/Build/Intermediates.noindex/LifeHash.build/Debug/LifeHash-t.build/LifeHash.DependencyMetadataFileList (in target 'LifeHash' from project 'LifeHash')
cd /Users/admin/builder/spi-builder-workspace
write-file /Users/admin/builder/spi-builder-workspace/.derivedData/Build/Intermediates.noindex/LifeHash.build/Debug/LifeHash-t.build/LifeHash.DependencyMetadataFileList
WriteAuxiliaryFile /Users/admin/builder/spi-builder-workspace/.derivedData/Build/Intermediates.noindex/LifeHash.build/Debug/LifeHash-t.build/Objects-normal/arm64/LifeHash.SwiftConstValuesFileList (in target 'LifeHash' from project 'LifeHash')
cd /Users/admin/builder/spi-builder-workspace
write-file /Users/admin/builder/spi-builder-workspace/.derivedData/Build/Intermediates.noindex/LifeHash.build/Debug/LifeHash-t.build/Objects-normal/arm64/LifeHash.SwiftConstValuesFileList
WriteAuxiliaryFile /Users/admin/builder/spi-builder-workspace/.derivedData/Build/Intermediates.noindex/LifeHash.build/Debug/LifeHash-t.build/Objects-normal/arm64/LifeHash_const_extract_protocols.json (in target 'LifeHash' from project 'LifeHash')
cd /Users/admin/builder/spi-builder-workspace
write-file /Users/admin/builder/spi-builder-workspace/.derivedData/Build/Intermediates.noindex/LifeHash.build/Debug/LifeHash-t.build/Objects-normal/arm64/LifeHash_const_extract_protocols.json
WriteAuxiliaryFile /Users/admin/builder/spi-builder-workspace/.derivedData/Build/Intermediates.noindex/LifeHash.build/Debug/LifeHash-t.build/Objects-normal/arm64/LifeHash.SwiftFileList (in target 'LifeHash' from project 'LifeHash')
cd /Users/admin/builder/spi-builder-workspace
write-file /Users/admin/builder/spi-builder-workspace/.derivedData/Build/Intermediates.noindex/LifeHash.build/Debug/LifeHash-t.build/Objects-normal/arm64/LifeHash.SwiftFileList
WriteAuxiliaryFile /Users/admin/builder/spi-builder-workspace/.derivedData/Build/Intermediates.noindex/LifeHash.build/Debug/LifeHash-t.build/Objects-normal/arm64/LifeHash-OutputFileMap.json (in target 'LifeHash' from project 'LifeHash')
cd /Users/admin/builder/spi-builder-workspace
write-file /Users/admin/builder/spi-builder-workspace/.derivedData/Build/Intermediates.noindex/LifeHash.build/Debug/LifeHash-t.build/Objects-normal/arm64/LifeHash-OutputFileMap.json
WriteAuxiliaryFile /Users/admin/builder/spi-builder-workspace/.derivedData/Build/Intermediates.noindex/LifeHash.build/Debug/LifeHash-t.build/Objects-normal/arm64/LifeHash.LinkFileList (in target 'LifeHash' from project 'LifeHash')
cd /Users/admin/builder/spi-builder-workspace
write-file /Users/admin/builder/spi-builder-workspace/.derivedData/Build/Intermediates.noindex/LifeHash.build/Debug/LifeHash-t.build/Objects-normal/arm64/LifeHash.LinkFileList
Copy /Users/admin/builder/spi-builder-workspace/.derivedData/Build/Intermediates.noindex/GeneratedModuleMaps/LifeHash.modulemap /Users/admin/builder/spi-builder-workspace/.derivedData/Build/Intermediates.noindex/LifeHash.build/Debug/LifeHash-t.build/LifeHash.modulemap (in target 'LifeHash' from project 'LifeHash')
cd /Users/admin/builder/spi-builder-workspace
builtin-copy -exclude .DS_Store -exclude CVS -exclude .svn -exclude .git -exclude .hg -resolve-src-symlinks /Users/admin/builder/spi-builder-workspace/.derivedData/Build/Intermediates.noindex/LifeHash.build/Debug/LifeHash-t.build/LifeHash.modulemap /Users/admin/builder/spi-builder-workspace/.derivedData/Build/Intermediates.noindex/GeneratedModuleMaps
SwiftDriver LifeHash normal arm64 com.apple.xcode.tools.swift.compiler (in target 'LifeHash' from project 'LifeHash')
cd /Users/admin/builder/spi-builder-workspace/.swiftpm/xcode
builtin-SwiftDriver -- /Applications/Xcode-27.0.0-Release.Candidate.app/Contents/Developer/Toolchains/XcodeDefault.xctoolchain/usr/bin/swiftc -parse-as-library -module-name LifeHash -Onone @/Users/admin/builder/spi-builder-workspace/.derivedData/Build/Intermediates.noindex/LifeHash.build/Debug/LifeHash-t.build/Objects-normal/arm64/LifeHash.SwiftFileList -DSWIFT_PACKAGE -DDEBUG -DSWIFT_MODULE_RESOURCE_BUNDLE_UNAVAILABLE -DXcode -plugin-path /Applications/Xcode-27.0.0-Release.Candidate.app/Contents/Developer/Toolchains/XcodeDefault.xctoolchain/usr/lib/swift/host/plugins/testing -enable-experimental-feature DebugDescriptionMacro -sdk /Applications/Xcode-27.0.0-Release.Candidate.app/Contents/Developer/Platforms/MacOSX.platform/Developer/SDKs/MacOSX27.0.sdk -target arm64-apple-macos12.0 -g -module-cache-path /Users/admin/builder/spi-builder-workspace/.derivedData/ModuleCache.noindex -Xfrontend -serialize-debugging-options -enable-testing -index-store-path /Users/admin/builder/spi-builder-workspace/.derivedData/Index.noindex/DataStore -Xcc -D_LIBCPP_HARDENING_MODE\=_LIBCPP_HARDENING_MODE_DEBUG -swift-version 5 -I /Users/admin/builder/spi-builder-workspace/.derivedData/Build/Products/Debug -Isystem /Applications/Xcode-27.0.0-Release.Candidate.app/Contents/Developer/Platforms/MacOSX.platform/Developer/usr/lib -F /Users/admin/builder/spi-builder-workspace/.derivedData/Build/Products/Debug -F /Applications/Xcode-27.0.0-Release.Candidate.app/Contents/Developer/Platforms/MacOSX.platform/Developer/Library/Frameworks -c -j10 -enable-batch-mode -incremental -Xcc -ivfsstatcache -Xcc /Users/admin/builder/spi-builder-workspace/.derivedData/SDKStatCaches.noindex/macosx27.0-26A425-e829b21a6f8c9b70876ba0858053c0446a22442a12e9d48fe1a705f55a1adfc4.sdkstatcache -output-file-map /Users/admin/builder/spi-builder-workspace/.derivedData/Build/Intermediates.noindex/LifeHash.build/Debug/LifeHash-t.build/Objects-normal/arm64/LifeHash-OutputFileMap.json -save-temps -no-color-diagnostics -explicit-module-build -module-cache-path /Users/admin/builder/spi-builder-workspace/.derivedData/Build/Intermediates.noindex/SwiftExplicitPrecompiledModules -clang-scanner-module-cache-path /Users/admin/builder/spi-builder-workspace/.derivedData/ModuleCache.noindex -sdk-module-cache-path /Users/admin/builder/spi-builder-workspace/.derivedData/SDKExplicitPrecompiledModules -emit-dependencies -emit-module -emit-module-path /Users/admin/builder/spi-builder-workspace/.derivedData/Build/Intermediates.noindex/LifeHash.build/Debug/LifeHash-t.build/Objects-normal/arm64/LifeHash.swiftmodule -serialize-diagnostics -dependency-scan-serialize-diagnostics-path /Users/admin/builder/spi-builder-workspace/.derivedData/Build/Intermediates.noindex/LifeHash.build/Debug/LifeHash-t.build/Objects-normal/arm64/LifeHash-dependency-scan.dia -validate-clang-modules-once -clang-build-session-file /Users/admin/builder/spi-builder-workspace/.derivedData/ModuleCache.noindex/Session.modulevalidation -Xcc -fmodules-prune-interval\=86400 -Xcc -fmodules-prune-after\=345600 -emit-const-values -const-gather-protocols-list /Users/admin/builder/spi-builder-workspace/.derivedData/Build/Intermediates.noindex/LifeHash.build/Debug/LifeHash-t.build/Objects-normal/arm64/LifeHash_const_extract_protocols.json -Xcc -I/Users/admin/builder/spi-builder-workspace/.derivedData/Build/Products/Debug/include -Xcc -I/Users/admin/builder/spi-builder-workspace/.derivedData/Build/Intermediates.noindex/LifeHash.build/Debug/LifeHash-t.build/DerivedSources-normal/arm64 -Xcc -I/Users/admin/builder/spi-builder-workspace/.derivedData/Build/Intermediates.noindex/LifeHash.build/Debug/LifeHash-t.build/DerivedSources/arm64 -Xcc -I/Users/admin/builder/spi-builder-workspace/.derivedData/Build/Intermediates.noindex/LifeHash.build/Debug/LifeHash-t.build/DerivedSources -Xcc -DSWIFT_PACKAGE -Xcc -DDEBUG\=1 -emit-objc-header -emit-objc-header-path /Users/admin/builder/spi-builder-workspace/.derivedData/Build/Intermediates.noindex/LifeHash.build/Debug/LifeHash-t.build/Objects-normal/arm64/LifeHash-Swift.h -working-directory /Users/admin/builder/spi-builder-workspace/.swiftpm/xcode -experimental-emit-module-separately -disable-cmo
/Users/admin/builder/spi-builder-workspace/Sources/LifeHash/LifeHashExtensions.swift:12:8: error: Unable to resolve module dependency: 'UIKit' (in target 'LifeHash' from project 'LifeHash')
note: A dependency of main module 'LifeHash'
/Users/admin/builder/spi-builder-workspace/Sources/LifeHash/LifeHashGenerator.swift:12:8: note: Also imported here
/Users/admin/builder/spi-builder-workspace/Sources/LifeHash/LifeHashState.swift:13:8: note: Also imported here
/Users/admin/builder/spi-builder-workspace/Sources/LifeHash/Private/Canvas.swift:13:8: note: Also imported here
/Users/admin/builder/spi-builder-workspace/Sources/LifeHash/Private/ColorGrid.swift:12:8: note: Also imported here
/Users/admin/builder/spi-builder-workspace/Sources/LifeHash/LifeHashExtensions.swift:12:8: note: A dependency of main module 'LifeHash'
import UIKit
^ (in target 'LifeHash' from project 'LifeHash')
/Users/admin/builder/spi-builder-workspace/Sources/LifeHash/LifeHashGenerator.swift:12:8: note: Also imported here
import UIKit
^ (in target 'LifeHash' from project 'LifeHash')
/Users/admin/builder/spi-builder-workspace/Sources/LifeHash/LifeHashState.swift:13:8: note: Also imported here
import UIKit
^ (in target 'LifeHash' from project 'LifeHash')
/Users/admin/builder/spi-builder-workspace/Sources/LifeHash/Private/Canvas.swift:13:8: note: Also imported here
import UIKit
^ (in target 'LifeHash' from project 'LifeHash')
/Users/admin/builder/spi-builder-workspace/Sources/LifeHash/Private/ColorGrid.swift:12:8: note: Also imported here
import UIKit
^ (in target 'LifeHash' from project 'LifeHash')
PruneExplicitPrecompiledModules /Users/admin/builder/spi-builder-workspace/.derivedData/Build/Intermediates.noindex/ExplicitPrecompiledModules
PruneExplicitPrecompiledModules /Users/admin/builder/spi-builder-workspace/.derivedData/SDKExplicitPrecompiledModules
PruneExplicitPrecompiledModules /Users/admin/builder/spi-builder-workspace/.derivedData/Build/Intermediates.noindex/SwiftExplicitPrecompiledModules
2026-09-17 00:37:02.282 xcodebuild[706:4398] [MT] IDERunDestination: Supported platforms for the buildables in the current scheme is empty.
--- xcodebuild: WARNING: Using the first of multiple matching destinations:
{ platform:macOS, arch:arm64, id:7ed03403e3272b12ae41346a3917eba2f38bf9a7, name:My Mac }
{ platform:macOS, arch:arm64, variant:Mac Catalyst, id:7ed03403e3272b12ae41346a3917eba2f38bf9a7, name:My Mac }
{ platform:macOS, arch:arm64, variant:DriverKit, id:7ed03403e3272b12ae41346a3917eba2f38bf9a7, name:My Mac }
{ platform:macOS, arch:arm64, variant:Designed for [iPad,iPhone], id:7ed03403e3272b12ae41346a3917eba2f38bf9a7, name:My Mac }
** BUILD FAILED **
The following build commands failed:
SwiftDriver LifeHash normal arm64 com.apple.xcode.tools.swift.compiler (in target 'LifeHash' from project 'LifeHash')
Building workspace LifeHash with scheme LifeHash
(2 failures)
Command line invocation:
/Applications/Xcode-27.0.0-Release.Candidate.app/Contents/Developer/usr/bin/xcodebuild -IDEClonedSourcePackagesDirPathOverride=/Users/admin/builder/spi-builder-workspace/.dependencies -resolvePackageDependencies
Resolve Package Graph
Resolved source packages:
LifeHash: /Users/admin/builder/spi-builder-workspace
resolved source packages: LifeHash
2026-09-17 00:37:07.495 xcodebuild[721:4604] [MT] IDERunDestination: Supported platforms for the buildables in the current scheme is empty.
{
"dependencies" : [
],
"manifest_display_name" : "LifeHash",
"name" : "LifeHash",
"path" : "/Users/admin/builder/spi-builder-workspace",
"platforms" : [
{
"name" : "ios",
"version" : "13.0"
},
{
"name" : "macos",
"version" : "10.15"
},
{
"name" : "tvos",
"version" : "13.0"
}
],
"products" : [
{
"name" : "LifeHash",
"targets" : [
"LifeHash"
],
"type" : {
"library" : [
"automatic"
]
}
}
],
"targets" : [
{
"c99name" : "LifeHash",
"module_type" : "SwiftTarget",
"name" : "LifeHash",
"path" : "Sources/LifeHash",
"product_memberships" : [
"LifeHash"
],
"sources" : [
"Fingerprintable.swift",
"LifeHashExtensions.swift",
"LifeHashGenerator.swift",
"LifeHashState.swift",
"LifeHashView.swift",
"Private/BitAggregator.swift",
"Private/BitEnumerator.swift",
"Private/Canvas.swift",
"Private/CellGrid.swift",
"Private/ChangeGrid.swift",
"Private/CircularIndex.swift",
"Private/Color.swift",
"Private/ColorFunc.swift",
"Private/ColorGrid.swift",
"Private/FracGrid.swift",
"Private/Gradient.swift",
"Private/Gradients.swift",
"Private/Grid.swift",
"Private/HSBColor.swift",
"Private/IntPoint.swift",
"Private/IntRect.swift",
"Private/IntSize.swift",
"Private/Interval.swift",
"Private/Lerp.swift",
"Private/Numerics.swift",
"Private/PipeOperator.swift"
],
"type" : "library"
}
],
"tools_version" : "5.2"
}
{
"workspace" : {
"name" : "LifeHash",
"schemes" : [
"LifeHash"
]
}
}
2026-09-17 00:37:08.719 xcodebuild[729:4670] [MT] IDERunDestination: Supported platforms for the buildables in the current scheme is empty.
Running build ...
env DEVELOPER_DIR=/Applications/Xcode-27.0.0-Release.Candidate.app xcrun xcodebuild -IDEClonedSourcePackagesDirPathOverride=$PWD/.dependencies -skipMacroValidation -skipPackagePluginValidation -derivedDataPath $PWD/.derivedData build -scheme LifeHash -destination platform=macOS,arch=arm64
Command line invocation:
/Applications/Xcode-27.0.0-Release.Candidate.app/Contents/Developer/usr/bin/xcodebuild -IDEClonedSourcePackagesDirPathOverride=/Users/admin/builder/spi-builder-workspace/.dependencies -skipMacroValidation -skipPackagePluginValidation -derivedDataPath /Users/admin/builder/spi-builder-workspace/.derivedData build -scheme LifeHash -destination platform=macOS,arch=arm64
Resolve Package Graph
Resolved source packages:
LifeHash: /Users/admin/builder/spi-builder-workspace
ComputePackagePrebuildTargetDependencyGraph
Prepare packages
CreateBuildRequest
SendProjectDescription
CreateBuildOperation
ComputeTargetDependencyGraph
note: Building targets in dependency order
note: Target dependency graph (2 targets)
Target 'LifeHash-product' in project 'LifeHash'
➜ Explicit dependency on target 'LifeHash' in project 'LifeHash'
Target 'LifeHash' in project 'LifeHash' (no dependencies)
GatherProvisioningInputs
CreateBuildDescription
ClangStatCache /Applications/Xcode-27.0.0-Release.Candidate.app/Contents/Developer/Toolchains/XcodeDefault.xctoolchain/usr/bin/clang-stat-cache /Applications/Xcode-27.0.0-Release.Candidate.app/Contents/Developer/Platforms/MacOSX.platform/Developer/SDKs/MacOSX27.0.sdk /Users/admin/builder/spi-builder-workspace/.derivedData/SDKStatCaches.noindex/macosx27.0-26A425-e829b21a6f8c9b70876ba0858053c0446a22442a12e9d48fe1a705f55a1adfc4.sdkstatcache
cd /Users/admin/builder/spi-builder-workspace/.swiftpm/xcode
/Applications/Xcode-27.0.0-Release.Candidate.app/Contents/Developer/Toolchains/XcodeDefault.xctoolchain/usr/bin/clang-stat-cache /Applications/Xcode-27.0.0-Release.Candidate.app/Contents/Developer/Platforms/MacOSX.platform/Developer/SDKs/MacOSX27.0.sdk -o /Users/admin/builder/spi-builder-workspace/.derivedData/SDKStatCaches.noindex/macosx27.0-26A425-e829b21a6f8c9b70876ba0858053c0446a22442a12e9d48fe1a705f55a1adfc4.sdkstatcache
SwiftDriver LifeHash normal arm64 com.apple.xcode.tools.swift.compiler (in target 'LifeHash' from project 'LifeHash')
cd /Users/admin/builder/spi-builder-workspace/.swiftpm/xcode
builtin-SwiftDriver -- /Applications/Xcode-27.0.0-Release.Candidate.app/Contents/Developer/Toolchains/XcodeDefault.xctoolchain/usr/bin/swiftc -parse-as-library -module-name LifeHash -Onone @/Users/admin/builder/spi-builder-workspace/.derivedData/Build/Intermediates.noindex/LifeHash.build/Debug/LifeHash-t.build/Objects-normal/arm64/LifeHash.SwiftFileList -DSWIFT_PACKAGE -DDEBUG -DSWIFT_MODULE_RESOURCE_BUNDLE_UNAVAILABLE -DXcode -plugin-path /Applications/Xcode-27.0.0-Release.Candidate.app/Contents/Developer/Toolchains/XcodeDefault.xctoolchain/usr/lib/swift/host/plugins/testing -enable-experimental-feature DebugDescriptionMacro -sdk /Applications/Xcode-27.0.0-Release.Candidate.app/Contents/Developer/Platforms/MacOSX.platform/Developer/SDKs/MacOSX27.0.sdk -target arm64-apple-macos12.0 -g -module-cache-path /Users/admin/builder/spi-builder-workspace/.derivedData/ModuleCache.noindex -Xfrontend -serialize-debugging-options -enable-testing -index-store-path /Users/admin/builder/spi-builder-workspace/.derivedData/Index.noindex/DataStore -Xcc -D_LIBCPP_HARDENING_MODE\=_LIBCPP_HARDENING_MODE_DEBUG -swift-version 5 -I /Users/admin/builder/spi-builder-workspace/.derivedData/Build/Products/Debug -Isystem /Applications/Xcode-27.0.0-Release.Candidate.app/Contents/Developer/Platforms/MacOSX.platform/Developer/usr/lib -F /Users/admin/builder/spi-builder-workspace/.derivedData/Build/Products/Debug -F /Applications/Xcode-27.0.0-Release.Candidate.app/Contents/Developer/Platforms/MacOSX.platform/Developer/Library/Frameworks -c -j10 -enable-batch-mode -incremental -Xcc -ivfsstatcache -Xcc /Users/admin/builder/spi-builder-workspace/.derivedData/SDKStatCaches.noindex/macosx27.0-26A425-e829b21a6f8c9b70876ba0858053c0446a22442a12e9d48fe1a705f55a1adfc4.sdkstatcache -output-file-map /Users/admin/builder/spi-builder-workspace/.derivedData/Build/Intermediates.noindex/LifeHash.build/Debug/LifeHash-t.build/Objects-normal/arm64/LifeHash-OutputFileMap.json -save-temps -no-color-diagnostics -explicit-module-build -module-cache-path /Users/admin/builder/spi-builder-workspace/.derivedData/Build/Intermediates.noindex/SwiftExplicitPrecompiledModules -clang-scanner-module-cache-path /Users/admin/builder/spi-builder-workspace/.derivedData/ModuleCache.noindex -sdk-module-cache-path /Users/admin/builder/spi-builder-workspace/.derivedData/SDKExplicitPrecompiledModules -emit-dependencies -emit-module -emit-module-path /Users/admin/builder/spi-builder-workspace/.derivedData/Build/Intermediates.noindex/LifeHash.build/Debug/LifeHash-t.build/Objects-normal/arm64/LifeHash.swiftmodule -serialize-diagnostics -dependency-scan-serialize-diagnostics-path /Users/admin/builder/spi-builder-workspace/.derivedData/Build/Intermediates.noindex/LifeHash.build/Debug/LifeHash-t.build/Objects-normal/arm64/LifeHash-dependency-scan.dia -validate-clang-modules-once -clang-build-session-file /Users/admin/builder/spi-builder-workspace/.derivedData/ModuleCache.noindex/Session.modulevalidation -Xcc -fmodules-prune-interval\=86400 -Xcc -fmodules-prune-after\=345600 -emit-const-values -const-gather-protocols-list /Users/admin/builder/spi-builder-workspace/.derivedData/Build/Intermediates.noindex/LifeHash.build/Debug/LifeHash-t.build/Objects-normal/arm64/LifeHash_const_extract_protocols.json -Xcc -I/Users/admin/builder/spi-builder-workspace/.derivedData/Build/Products/Debug/include -Xcc -I/Users/admin/builder/spi-builder-workspace/.derivedData/Build/Intermediates.noindex/LifeHash.build/Debug/LifeHash-t.build/DerivedSources-normal/arm64 -Xcc -I/Users/admin/builder/spi-builder-workspace/.derivedData/Build/Intermediates.noindex/LifeHash.build/Debug/LifeHash-t.build/DerivedSources/arm64 -Xcc -I/Users/admin/builder/spi-builder-workspace/.derivedData/Build/Intermediates.noindex/LifeHash.build/Debug/LifeHash-t.build/DerivedSources -Xcc -DSWIFT_PACKAGE -Xcc -DDEBUG\=1 -emit-objc-header -emit-objc-header-path /Users/admin/builder/spi-builder-workspace/.derivedData/Build/Intermediates.noindex/LifeHash.build/Debug/LifeHash-t.build/Objects-normal/arm64/LifeHash-Swift.h -working-directory /Users/admin/builder/spi-builder-workspace/.swiftpm/xcode -experimental-emit-module-separately -disable-cmo
/Users/admin/builder/spi-builder-workspace/Sources/LifeHash/LifeHashExtensions.swift:12:8: error: Unable to resolve module dependency: 'UIKit' (in target 'LifeHash' from project 'LifeHash')
note: A dependency of main module 'LifeHash'
/Users/admin/builder/spi-builder-workspace/Sources/LifeHash/LifeHashGenerator.swift:12:8: note: Also imported here
/Users/admin/builder/spi-builder-workspace/Sources/LifeHash/LifeHashState.swift:13:8: note: Also imported here
/Users/admin/builder/spi-builder-workspace/Sources/LifeHash/Private/Canvas.swift:13:8: note: Also imported here
/Users/admin/builder/spi-builder-workspace/Sources/LifeHash/Private/ColorGrid.swift:12:8: note: Also imported here
/Users/admin/builder/spi-builder-workspace/Sources/LifeHash/LifeHashExtensions.swift:12:8: note: A dependency of main module 'LifeHash'
import UIKit
^ (in target 'LifeHash' from project 'LifeHash')
/Users/admin/builder/spi-builder-workspace/Sources/LifeHash/LifeHashGenerator.swift:12:8: note: Also imported here
import UIKit
^ (in target 'LifeHash' from project 'LifeHash')
/Users/admin/builder/spi-builder-workspace/Sources/LifeHash/LifeHashState.swift:13:8: note: Also imported here
import UIKit
^ (in target 'LifeHash' from project 'LifeHash')
/Users/admin/builder/spi-builder-workspace/Sources/LifeHash/Private/Canvas.swift:13:8: note: Also imported here
import UIKit
^ (in target 'LifeHash' from project 'LifeHash')
/Users/admin/builder/spi-builder-workspace/Sources/LifeHash/Private/ColorGrid.swift:12:8: note: Also imported here
import UIKit
^ (in target 'LifeHash' from project 'LifeHash')
PruneExplicitPrecompiledModules /Users/admin/builder/spi-builder-workspace/.derivedData/Build/Intermediates.noindex/ExplicitPrecompiledModules
PruneExplicitPrecompiledModules /Users/admin/builder/spi-builder-workspace/.derivedData/SDKExplicitPrecompiledModules
PruneExplicitPrecompiledModules /Users/admin/builder/spi-builder-workspace/.derivedData/Build/Intermediates.noindex/SwiftExplicitPrecompiledModules
2026-09-17 00:37:09.660 xcodebuild[730:4699] [MT] IDERunDestination: Supported platforms for the buildables in the current scheme is empty.
--- xcodebuild: WARNING: Using the first of multiple matching destinations:
{ platform:macOS, arch:arm64, id:7ed03403e3272b12ae41346a3917eba2f38bf9a7, name:My Mac }
{ platform:macOS, arch:arm64, variant:Mac Catalyst, id:7ed03403e3272b12ae41346a3917eba2f38bf9a7, name:My Mac }
{ platform:macOS, arch:arm64, variant:DriverKit, id:7ed03403e3272b12ae41346a3917eba2f38bf9a7, name:My Mac }
{ platform:macOS, arch:arm64, variant:Designed for [iPad,iPhone], id:7ed03403e3272b12ae41346a3917eba2f38bf9a7, name:My Mac }
** BUILD FAILED **
The following build commands failed:
SwiftDriver LifeHash normal arm64 com.apple.xcode.tools.swift.compiler (in target 'LifeHash' from project 'LifeHash')
Building workspace LifeHash with scheme LifeHash
(2 failures)
BUILD FAILURE 6.4 macosXcodebuild