Build Information
Failed to build MapboxCoreMaps, reference v11.35.0-SNAPSHOT-10-31--01-23.git-508c402 (093a0a), with Swift 6.2 for macOS (Xcode) using Xcode 26.3 on 31 Oct 2026 14:13:13 UTC.
Build Command
No build command. This typically means the build failed at an early stage where we determine the build command.Build Log
========================================
RunAll
========================================
Builder version: 5.1.4
Interrupt handler set up.
========================================
Checkout
========================================
Clone URL: https://github.com/mapbox/mapbox-core-maps-ios.git
Reference: v11.35.0-SNAPSHOT-10-31--01-23.git-508c402
Initialized empty Git repository in /Users/admin/builder/spi-builder-workspace/.git/
From https://github.com/mapbox/mapbox-core-maps-ios
* tag v11.35.0-SNAPSHOT-10-31--01-23.git-508c402 -> FETCH_HEAD
HEAD is now at 093a0a8 Update to v11.35.0-SNAPSHOT-10-31--01-23.git-508c402
Cloned https://github.com/mapbox/mapbox-core-maps-ios.git
Revision (git rev-parse @):
093a0a8fdc7b1694d4a3bf12de2babbe95b6b895
SUCCESS checkout https://github.com/mapbox/mapbox-core-maps-ios.git at v11.35.0-SNAPSHOT-10-31--01-23.git-508c402
========================================
Build
========================================
Selected platform: macosXcodebuild
Swift version: 6.2
Building package at path: $PWD
https://github.com/mapbox/mapbox-core-maps-ios.git
Command line invocation:
/Applications/Xcode-26.3.0.app/Contents/Developer/usr/bin/xcodebuild -IDEClonedSourcePackagesDirPathOverride=/Users/admin/builder/spi-builder-workspace/.dependencies -resolvePackageDependencies
Resolve Package Graph
Fetching from https://github.com/mapbox/mapbox-common-ios.git
Fetching from https://github.com/mapbox/turf-swift.git
Creating working copy of package ‘turf-swift’
Checking out 4.1.0 of package ‘turf-swift’
Creating working copy of package ‘mapbox-common-ios’
Checking out 24.35.0-SNAPSHOT-10-31--01-23.git-508c402 of package ‘mapbox-common-ios’
failed downloading 'https://api.mapbox.com/downloads/v2/mapbox-common/snapshots/ios/packages/24.35.0-SNAPSHOT-10-31--01-23.git-508c402/MapboxCommon.zip' which is required by binary target 'MapboxCommon': badResponseStatusCode(401)failed downloading 'https://api.mapbox.com/downloads/v2/mobile-maps-core/snapshots/ios/packages/11.35.0-SNAPSHOT-10-31--01-23.git-508c402/MapboxCoreMaps.xcframework-dynamic.zip' which is required by binary target 'MapboxCoreMaps': badResponseStatusCode(401)fatalErrorResolve Package Graph
failed downloading 'https://api.mapbox.com/downloads/v2/mobile-maps-core/snapshots/ios/packages/11.35.0-SNAPSHOT-10-31--01-23.git-508c402/MapboxCoreMaps.xcframework-dynamic.zip' which is required by binary target 'MapboxCoreMaps': badResponseStatusCode(401)failed downloading 'https://api.mapbox.com/downloads/v2/mapbox-common/snapshots/ios/packages/24.35.0-SNAPSHOT-10-31--01-23.git-508c402/MapboxCommon.zip' which is required by binary target 'MapboxCommon': badResponseStatusCode(401)fatalError
Resolved source packages:
spi-builder-workspace: (null)
2026-10-31 10:13:11.889 xcodebuild[533:3051] Writing error result bundle to /var/folders/xq/y_g06wb113726d38xsyx71_h0000gn/T/ResultBundle_2026-31-10_10-13-0011.xcresult
xcodebuild: error: Could not resolve package dependencies:
failed downloading 'https://api.mapbox.com/downloads/v2/mobile-maps-core/snapshots/ios/packages/11.35.0-SNAPSHOT-10-31--01-23.git-508c402/MapboxCoreMaps.xcframework-dynamic.zip' which is required by binary target 'MapboxCoreMaps': badResponseStatusCode(401)
failed downloading 'https://api.mapbox.com/downloads/v2/mapbox-common/snapshots/ios/packages/24.35.0-SNAPSHOT-10-31--01-23.git-508c402/MapboxCommon.zip' which is required by binary target 'MapboxCommon': badResponseStatusCode(401)
fatalError
Command line invocation:
/Applications/Xcode-26.3.0.app/Contents/Developer/usr/bin/xcodebuild -IDEClonedSourcePackagesDirPathOverride=/Users/admin/builder/spi-builder-workspace/.dependencies -resolvePackageDependencies
Resolve Package Graph
failed downloading 'https://api.mapbox.com/downloads/v2/mapbox-common/snapshots/ios/packages/24.35.0-SNAPSHOT-10-31--01-23.git-508c402/MapboxCommon.zip' which is required by binary target 'MapboxCommon': badResponseStatusCode(401)failed downloading 'https://api.mapbox.com/downloads/v2/mobile-maps-core/snapshots/ios/packages/11.35.0-SNAPSHOT-10-31--01-23.git-508c402/MapboxCoreMaps.xcframework-dynamic.zip' which is required by binary target 'MapboxCoreMaps': badResponseStatusCode(401)fatalError
Resolved source packages:
spi-builder-workspace: (null)
2026-10-31 10:13:13.067 xcodebuild[679:4020] Writing error result bundle to /var/folders/xq/y_g06wb113726d38xsyx71_h0000gn/T/ResultBundle_2026-31-10_10-13-0013.xcresult
xcodebuild: error: Could not resolve package dependencies:
failed downloading 'https://api.mapbox.com/downloads/v2/mapbox-common/snapshots/ios/packages/24.35.0-SNAPSHOT-10-31--01-23.git-508c402/MapboxCommon.zip' which is required by binary target 'MapboxCommon': badResponseStatusCode(401)
failed downloading 'https://api.mapbox.com/downloads/v2/mobile-maps-core/snapshots/ios/packages/11.35.0-SNAPSHOT-10-31--01-23.git-508c402/MapboxCoreMaps.xcframework-dynamic.zip' which is required by binary target 'MapboxCoreMaps': badResponseStatusCode(401)
fatalError
BUILD FAILURE 6.2 macosXcodebuild