Build Information
Failed to build GoogleCloudSecurityPublicCAV1, reference main (949d78), with Swift 6.2 for Android on 12 Oct 2026 00:27:44 UTC.
Build Command
bash -c docker run --pull=always --rm -v "checkouts-54344847-0":/host -w "$PWD" -e JAVA_HOME="/root/.sdkman/candidates/java/current" -e SPI_BUILD="1" -e SPI_PROCESSING="1" registry.gitlab.com/saguaro1/spi-images:android-6.2-latest swift build --swift-sdk aarch64-unknown-linux-android28 2>&1Build Log
========================================
RunAll
========================================
Builder version: 5.1.1
Interrupt handler set up.
========================================
Checkout
========================================
Clone URL: https://github.com/googleapis/swift-google-cloud-security-publicca-v1.git
Reference: main
Initialized empty Git repository in /host/spi-builder-workspace/.git/
hint: Using 'master' as the name for the initial branch. This default branch name
hint: is subject to change. To configure the initial branch name to use in all
hint: of your new repositories, which will suppress this warning, call:
hint:
hint: git config --global init.defaultBranch <name>
hint:
hint: Names commonly chosen instead of 'master' are 'main', 'trunk' and
hint: 'development'. The just-created branch can be renamed via this command:
hint:
hint: git branch -m <name>
From https://github.com/googleapis/swift-google-cloud-security-publicca-v1
* branch main -> FETCH_HEAD
* [new branch] main -> origin/main
HEAD is now at 949d78c chore: release circa 2026-10-07 (#1382)
Cloned https://github.com/googleapis/swift-google-cloud-security-publicca-v1.git
Revision (git rev-parse @):
949d78c074bc8b1e384e7eae82e95d5c2e9d9105
SPI manifest file found: $PWD/.spi.yml
SUCCESS checkout https://github.com/googleapis/swift-google-cloud-security-publicca-v1.git at main
========================================
Build
========================================
Selected platform: android
Swift version: 6.2
Building package at path: $PWD
https://github.com/googleapis/swift-google-cloud-security-publicca-v1.git
Running build ...
bash -c docker run --pull=always --rm -v "checkouts-54344847-0":/host -w "$PWD" -e JAVA_HOME="/root/.sdkman/candidates/java/current" -e SPI_BUILD="1" -e SPI_PROCESSING="1" registry.gitlab.com/saguaro1/spi-images:android-6.2-latest swift build --swift-sdk aarch64-unknown-linux-android28 2>&1
android-6.2-latest: Pulling from saguaro1/spi-images
Digest: sha256:a839c9ce201f1dacc8eb056626ec7ab0a1c6d53d7b77c83feda395f4507c51be
Status: Image is up to date for registry.gitlab.com/saguaro1/spi-images:android-6.2-latest
Fetching https://github.com/googleapis/swift-google-gax
Fetching https://github.com/googleapis/swift-google-wkt
Fetching https://github.com/apple/swift-log
Fetching https://github.com/googleapis/swift-google-auth
[1/1023] Fetching swift-google-wkt
[63/2771] Fetching swift-google-wkt, swift-google-gax
[629/11028] Fetching swift-google-wkt, swift-google-gax, swift-log
[2261/12051] Fetching swift-google-wkt, swift-google-gax, swift-log, swift-google-auth
Fetched https://github.com/googleapis/swift-google-wkt from cache (0.43s)
[4179/11028] Fetching swift-google-gax, swift-log, swift-google-auth
Fetched https://github.com/googleapis/swift-google-gax from cache (0.43s)
[2514/9280] Fetching swift-log, swift-google-auth
Fetched https://github.com/googleapis/swift-google-auth from cache (0.53s)
Fetched https://github.com/apple/swift-log from cache (0.53s)
Computing version for https://github.com/googleapis/swift-google-wkt
Computed https://github.com/googleapis/swift-google-wkt at 0.5.0 (0.67s)
Fetching https://github.com/swift-extras/swift-extras-base64
[1/954] Fetching swift-extras-base64
Fetched https://github.com/swift-extras/swift-extras-base64 from cache (0.42s)
Computing version for https://github.com/googleapis/swift-google-gax
Computed https://github.com/googleapis/swift-google-gax at 0.5.0 (0.58s)
Fetching https://github.com/apple/swift-nio
Fetching https://github.com/googleapis/swift-google-rpc
Fetching https://github.com/swift-server/async-http-client.git
[1/422] Fetching swift-google-rpc
Fetched https://github.com/googleapis/swift-google-rpc from cache (0.43s)
[1/16464] Fetching async-http-client
[16465/102838] Fetching async-http-client, swift-nio
Fetched https://github.com/swift-server/async-http-client.git from cache (0.98s)
[4319/86374] Fetching swift-nio
Fetched https://github.com/apple/swift-nio from cache (3.06s)
Computing version for https://github.com/googleapis/swift-google-auth
Computed https://github.com/googleapis/swift-google-auth at 0.5.0 (3.21s)
Fetching https://github.com/apple/swift-system.git
Fetching https://github.com/vapor/jwt-kit.git
[1/7241] Fetching swift-system
[1232/17495] Fetching swift-system, jwt-kit
Fetched https://github.com/apple/swift-system.git from cache (0.87s)
Fetched https://github.com/vapor/jwt-kit.git from cache (0.87s)
Computing version for https://github.com/googleapis/swift-google-rpc
Computed https://github.com/googleapis/swift-google-rpc at 0.5.0 (1.03s)
Computing version for https://github.com/swift-extras/swift-extras-base64
Computed https://github.com/swift-extras/swift-extras-base64 at 1.2.0 (0.14s)
Computing version for https://github.com/swift-server/async-http-client.git
Computed https://github.com/swift-server/async-http-client.git at 1.36.2 (0.16s)
Fetching https://github.com/apple/swift-algorithms.git
Fetching https://github.com/apple/swift-configuration.git
Fetching https://github.com/apple/swift-nio-ssl.git
Fetching https://github.com/apple/swift-atomics.git
Fetching https://github.com/apple/swift-service-context.git
[1/1501] Fetching swift-service-context
[1217/3390] Fetching swift-service-context, swift-atomics
[1578/7318] Fetching swift-service-context, swift-atomics, swift-configuration
[7319/24198] Fetching swift-service-context, swift-atomics, swift-configuration, swift-nio-ssl
Fetched https://github.com/apple/swift-service-context.git from cache (0.47s)
Fetching https://github.com/apple/swift-nio-transport-services.git
Fetched https://github.com/apple/swift-atomics.git from cache (0.48s)
Fetched https://github.com/apple/swift-configuration.git from cache (0.48s)
[169/16880] Fetching swift-nio-ssl
Fetching https://github.com/apple/swift-nio-extras.git
Fetching https://github.com/apple/swift-nio-http2.git
[508/23044] Fetching swift-nio-ssl, swift-algorithms
Fetching https://github.com/apple/swift-distributed-tracing.git
Fetched https://github.com/apple/swift-algorithms.git from cache (0.78s)
[8609/16880] Fetching swift-nio-ssl
[14012/19747] Fetching swift-nio-ssl, swift-nio-transport-services
[18200/26450] Fetching swift-nio-ssl, swift-nio-transport-services, swift-nio-extras
Fetched https://github.com/apple/swift-nio-transport-services.git from cache (0.46s)
[18958/23583] Fetching swift-nio-ssl, swift-nio-extras
[23584/35877] Fetching swift-nio-ssl, swift-nio-extras, swift-nio-http2
Fetched https://github.com/apple/swift-nio-extras.git from cache (0.54s)
[17987/29174] Fetching swift-nio-ssl, swift-nio-http2
[28684/35725] Fetching swift-nio-ssl, swift-nio-http2, swift-distributed-tracing
Fetched https://github.com/apple/swift-nio-ssl.git from cache (1.26s)
[14587/18845] Fetching swift-nio-http2, swift-distributed-tracing
Fetched https://github.com/apple/swift-distributed-tracing.git from cache (0.57s)
Fetched https://github.com/apple/swift-nio-http2.git from cache (0.97s)
Computing version for https://github.com/apple/swift-service-context.git
Computed https://github.com/apple/swift-service-context.git at 1.3.0 (1.60s)
Computing version for https://github.com/apple/swift-algorithms.git
Computed https://github.com/apple/swift-algorithms.git at 1.2.1 (0.86s)
Fetching https://github.com/apple/swift-numerics.git
[1/6742] Fetching swift-numerics
Fetched https://github.com/apple/swift-numerics.git from cache (0.51s)
Computing version for https://github.com/apple/swift-log
Computed https://github.com/apple/swift-log at 1.16.1 (0.66s)
Computing version for https://github.com/apple/swift-distributed-tracing.git
Computed https://github.com/apple/swift-distributed-tracing.git at 1.5.0 (0.14s)
Computing version for https://github.com/apple/swift-atomics.git
Computed https://github.com/apple/swift-atomics.git at 1.3.1 (0.13s)
Computing version for https://github.com/apple/swift-numerics.git
Computed https://github.com/apple/swift-numerics.git at 1.1.1 (0.13s)
Computing version for https://github.com/apple/swift-nio
Computed https://github.com/apple/swift-nio at 2.104.0 (0.34s)
Fetching https://github.com/apple/swift-collections.git
[1/28703] Fetching swift-collections
Fetched https://github.com/apple/swift-collections.git from cache (1.82s)
Computing version for https://github.com/apple/swift-configuration.git
Computed https://github.com/apple/swift-configuration.git at 1.2.2 (2.62s)
Fetching https://github.com/swift-server/swift-service-lifecycle
[1/2867] Fetching swift-service-lifecycle
Fetched https://github.com/swift-server/swift-service-lifecycle from cache (0.44s)
Computing version for https://github.com/apple/swift-nio-transport-services.git
Computed https://github.com/apple/swift-nio-transport-services.git at 1.28.0 (0.60s)
Computing version for https://github.com/swift-server/swift-service-lifecycle
Computed https://github.com/swift-server/swift-service-lifecycle at 2.12.1 (0.14s)
Fetching https://github.com/apple/swift-async-algorithms.git
[1/6820] Fetching swift-async-algorithms
Fetched https://github.com/apple/swift-async-algorithms.git from cache (0.53s)
Computing version for https://github.com/apple/swift-async-algorithms.git
Computed https://github.com/apple/swift-async-algorithms.git at 1.1.7 (0.74s)
Computing version for https://github.com/apple/swift-collections.git
Computed https://github.com/apple/swift-collections.git at 1.7.2 (0.23s)
Computing version for https://github.com/apple/swift-nio-http2.git
Computed https://github.com/apple/swift-nio-http2.git at 1.46.0 (0.15s)
Computing version for https://github.com/vapor/jwt-kit.git
Computed https://github.com/vapor/jwt-kit.git at 5.7.1 (0.13s)
Fetching https://github.com/apple/swift-certificates.git
Fetching https://github.com/apple/swift-crypto.git
[1/7613] Fetching swift-certificates
[5102/26242] Fetching swift-certificates, swift-crypto
Fetched https://github.com/apple/swift-certificates.git from cache (1.80s)
Fetched https://github.com/apple/swift-crypto.git from cache (1.81s)
Computing version for https://github.com/apple/swift-crypto.git
Computed https://github.com/apple/swift-crypto.git at 4.5.2 (2.41s)
Fetching https://github.com/apple/swift-asn1.git
[1/2009] Fetching swift-asn1
Fetched https://github.com/apple/swift-asn1.git from cache (0.40s)
Computing version for https://github.com/apple/swift-asn1.git
Computed https://github.com/apple/swift-asn1.git at 1.7.3 (0.58s)
Computing version for https://github.com/apple/swift-certificates.git
Computed https://github.com/apple/swift-certificates.git at 1.21.0 (0.20s)
Computing version for https://github.com/apple/swift-nio-ssl.git
Computed https://github.com/apple/swift-nio-ssl.git at 2.37.5 (0.18s)
Computing version for https://github.com/apple/swift-system.git
Computed https://github.com/apple/swift-system.git at 1.8.1 (0.17s)
Computing version for https://github.com/apple/swift-nio-extras.git
Computed https://github.com/apple/swift-nio-extras.git at 1.35.1 (0.25s)
Fetching https://github.com/apple/swift-http-structured-headers.git
Fetching https://github.com/apple/swift-http-types.git
[1/1253] Fetching swift-http-structured-headers
[866/3192] Fetching swift-http-structured-headers, swift-http-types
Fetched https://github.com/apple/swift-http-structured-headers.git from cache (0.43s)
Fetched https://github.com/apple/swift-http-types.git from cache (0.43s)
Computing version for https://github.com/apple/swift-http-structured-headers.git
Computed https://github.com/apple/swift-http-structured-headers.git at 1.7.0 (0.58s)
Computing version for https://github.com/apple/swift-http-types.git
Computed https://github.com/apple/swift-http-types.git at 1.8.0 (0.16s)
Creating working copy for https://github.com/googleapis/swift-google-gax
Working copy of https://github.com/googleapis/swift-google-gax resolved at 0.5.0
Creating working copy for https://github.com/apple/swift-service-context.git
Working copy of https://github.com/apple/swift-service-context.git resolved at 1.3.0
Creating working copy for https://github.com/apple/swift-http-types.git
Working copy of https://github.com/apple/swift-http-types.git resolved at 1.8.0
Creating working copy for https://github.com/apple/swift-log
Working copy of https://github.com/apple/swift-log resolved at 1.16.1
Creating working copy for https://github.com/swift-server/swift-service-lifecycle
Working copy of https://github.com/swift-server/swift-service-lifecycle resolved at 2.12.1
Creating working copy for https://github.com/apple/swift-crypto.git
Working copy of https://github.com/apple/swift-crypto.git resolved at 4.5.2
Creating working copy for https://github.com/apple/swift-configuration.git
Working copy of https://github.com/apple/swift-configuration.git resolved at 1.2.2
Creating working copy for https://github.com/googleapis/swift-google-wkt
Working copy of https://github.com/googleapis/swift-google-wkt resolved at 0.5.0
Creating working copy for https://github.com/apple/swift-system.git
Working copy of https://github.com/apple/swift-system.git resolved at 1.8.1
Creating working copy for https://github.com/apple/swift-numerics.git
Working copy of https://github.com/apple/swift-numerics.git resolved at 1.1.1
Creating working copy for https://github.com/swift-extras/swift-extras-base64
Working copy of https://github.com/swift-extras/swift-extras-base64 resolved at 1.2.0
Creating working copy for https://github.com/apple/swift-async-algorithms.git
Working copy of https://github.com/apple/swift-async-algorithms.git resolved at 1.1.7
Creating working copy for https://github.com/apple/swift-nio-http2.git
Working copy of https://github.com/apple/swift-nio-http2.git resolved at 1.46.0
Creating working copy for https://github.com/vapor/jwt-kit.git
Working copy of https://github.com/vapor/jwt-kit.git resolved at 5.7.1
Creating working copy for https://github.com/apple/swift-nio
Working copy of https://github.com/apple/swift-nio resolved at 2.104.0
Creating working copy for https://github.com/googleapis/swift-google-auth
Working copy of https://github.com/googleapis/swift-google-auth resolved at 0.5.0
Creating working copy for https://github.com/apple/swift-nio-extras.git
Working copy of https://github.com/apple/swift-nio-extras.git resolved at 1.35.1
Creating working copy for https://github.com/apple/swift-nio-transport-services.git
Working copy of https://github.com/apple/swift-nio-transport-services.git resolved at 1.28.0
Creating working copy for https://github.com/apple/swift-distributed-tracing.git
Working copy of https://github.com/apple/swift-distributed-tracing.git resolved at 1.5.0
Creating working copy for https://github.com/apple/swift-atomics.git
Working copy of https://github.com/apple/swift-atomics.git resolved at 1.3.1
Creating working copy for https://github.com/apple/swift-http-structured-headers.git
Working copy of https://github.com/apple/swift-http-structured-headers.git resolved at 1.7.0
Creating working copy for https://github.com/googleapis/swift-google-rpc
Working copy of https://github.com/googleapis/swift-google-rpc resolved at 0.5.0
Creating working copy for https://github.com/apple/swift-nio-ssl.git
Working copy of https://github.com/apple/swift-nio-ssl.git resolved at 2.37.5
Creating working copy for https://github.com/apple/swift-algorithms.git
Working copy of https://github.com/apple/swift-algorithms.git resolved at 1.2.1
Creating working copy for https://github.com/apple/swift-collections.git
Working copy of https://github.com/apple/swift-collections.git resolved at 1.7.2
Creating working copy for https://github.com/apple/swift-certificates.git
Working copy of https://github.com/apple/swift-certificates.git resolved at 1.21.0
Creating working copy for https://github.com/swift-server/async-http-client.git
Working copy of https://github.com/swift-server/async-http-client.git resolved at 1.36.2
Creating working copy for https://github.com/apple/swift-asn1.git
Working copy of https://github.com/apple/swift-asn1.git resolved at 1.7.3
Building for debugging...
[0/894] Write sources
[7/894] Compiling _NumericsShims _NumericsShims.c
[7/894] Write sources
[12/894] Compiling _AtomicsShims.c
[13/894] Write sources
[44/894] Compiling CXKCPShims shims.c
[45/894] Compiling SimpleFIPS202.c
[46/894] Compiling KeccakSponge.c
[47/894] Compiling KeccakP-1600-opt64.c
[48/894] Compiling KeccakHash.c
[49/894] Compiling CSystem shims.c
[50/894] Compiling CNIOWindows shim.c
[51/894] Compiling CNIOWindows WSAStartup.c
[52/894] Compiling CNIOWASI CNIOWASI.c
[53/894] Compiling CNIOPosix event_loop_id.c
[54/894] Compiling CNIOOpenBSD shim.c
[55/894] Compiling v3_cpols.cc
[56/894] Compiling CNIOLinux shim.c
[57/894] Compiling CNIOLinux liburing_shims.c
[58/894] Compiling CNIOLLHTTP c_nio_http.c
[59/894] Compiling v3_enum.cc
[60/894] Compiling CNIOFreeBSD shim.c
[61/894] Compiling v3_conf.cc
[62/894] Compiling ssl_asn1.cc
[63/894] Compiling v3_crld.cc
[64/894] Write swift-version--11D90AFD9DD3AB2.txt
[65/894] Compiling CNIOLLHTTP c_nio_api.c
[66/894] Compiling CNIOExtrasZlib zutil.c
[67/894] Compiling CNIOExtrasZlib inftrees.c
[68/894] Compiling CNIOExtrasZlib inffast.c
[69/894] Compiling CNIOExtrasZlib trees.c
[70/900] Compiling CNIOLLHTTP c_nio_llhttp.c
[71/902] Compiling CNIOExtrasZlib inflate.c
[73/970] Emitting module _CertificateInternals
[73/970] Compiling ssl_aead_ctx.cc
[75/981] Emitting module _NIOBase64
[76/981] Emitting module RealModule
[77/982] Emitting module Logging
[78/983] Compiling RealModule RealFunctions.swift
[79/983] Compiling SystemPackage FilePathString.swift
[80/983] Compiling SystemPackage FilePathSyntax.swift
[81/985] Compiling ServiceContextModule ServiceContext.swift
[82/985] Compiling SystemPackage IOCompletion.swift
[83/985] Compiling SystemPackage IORequest.swift
[84/985] Compiling SystemPackage IORing+Util.swift
[85/985] Compiling SystemPackage IORing.swift
[86/985] Compiling SystemPackage RawIORequest.swift
[87/985] Compiling RealModule Real.swift
[88/990] Emitting module _NIODataStructures
[89/990] Compiling _NIODataStructures Heap.swift
[90/990] Compiling RealModule RelaxedArithmetic.swift
[91/990] Compiling RealModule Float80+Real.swift
[92/990] Compiling SystemPackage FileType.swift
[93/990] Compiling SystemPackage Identifiers.swift
[94/990] Compiling Logging MultiplexLogHandler.swift
[95/990] Compiling Logging StreamLogHandler.swift
[96/990] Compiling Logging LogEvent.swift
[97/990] Compiling Logging LogHandler.swift
[98/990] Compiling SystemPackage FileFlags.swift
[99/990] Compiling SystemPackage FileMode.swift
[100/990] Compiling Logging SwiftLogNoOpLogHandler.swift
[101/990] Compiling Logging Locks.swift
[102/990] Compiling RealModule Float16+Real.swift
[103/990] Compiling Logging LoggingSystem.swift
[104/990] Emitting module ServiceContextModule
[105/990] Compiling ServiceContextModule ServiceContextKey.swift
[108/991] Compiling SystemPackage Stat.swift
[109/991] Compiling SystemPackage FilePathComponentView.swift
[115/992] Compiling _NIOBase64 Base64.swift
[116/992] Compiling _NIODataStructures _TinyArray.swift
[117/992] Compiling _NIODataStructures PriorityQueue.swift
[121/994] Emitting module SystemPackage
[128/994] Compiling Logging Logger+With.swift
[129/994] Compiling Logging Logger.swift
[129/994] Wrapping AST for _NIODataStructures for debugging
[131/1022] Compiling Logging Logger+Attributes.swift
[132/1022] Compiling InternalCollectionsUtilities FixedWidthInteger+roundUpToPowerOfTwo.swift
[133/1022] Compiling InternalCollectionsUtilities Integer rank.swift
[133/1033] Wrapping AST for _NIOBase64 for debugging
[135/1033] Compiling Instrumentation Instrument.swift
[136/1033] Compiling _CertificateInternals _TinyArray.swift
[136/1034] Wrapping AST for ServiceContextModule for debugging
[138/1034] Compiling InternalCollectionsUtilities Iterable+CopyContents.swift
[139/1034] Compiling InternalCollectionsUtilities Iterable+Equality.swift
[140/1034] Compiling InternalCollectionsUtilities LifetimeOverride.swift
[141/1034] Compiling InternalCollectionsUtilities MutableRef.swift
[142/1037] Wrapping AST for RealModule for debugging
[144/1037] Compiling Instrumentation NoOpInstrument.swift
[145/1037] Compiling Instrumentation MultiplexInstrument.swift
[145/1037] Wrapping AST for _CertificateInternals for debugging
[147/1037] Compiling InternalCollectionsUtilities UnsafeMutablePointer+Extras.swift
[148/1037] Compiling InternalCollectionsUtilities UnsafeMutableRawBufferPointer+Extras.swift
[149/1037] Compiling InternalCollectionsUtilities UnsafePointer+Extras.swift
[149/1037] Compiling CNIOExtrasZlib deflate.c
[150/1037] Compiling CNIOExtrasZlib crc32.c
[152/1037] Compiling InternalCollectionsUtilities UnsafeRawBufferPointer+Extras.swift
[153/1037] Compiling InternalCollectionsUtilities _SortedCollection.swift
[154/1037] Compiling InternalCollectionsUtilities _UniqueCollection.swift
[154/1037] Compiling CNIODarwin shim.c
[155/1037] Compiling CNIOExtrasZlib adler32.c
[156/1037] Compiling fiat_p256_adx_sqr.S
[158/1037] Compiling InternalCollectionsUtilities _UnsafeBitSet+_Word.swift
[159/1037] Compiling InternalCollectionsUtilities _UnsafeBitSet.swift
[159/1037] Compiling fiat_p256_adx_mul.S
[163/1037] Compiling InternalCollectionsUtilities UInt+first and last set bit.swift
[164/1037] Compiling InternalCollectionsUtilities UInt+reversed.swift
[165/1037] Compiling InternalCollectionsUtilities BorrowingIteratorProtocol+Equality.swift
[166/1037] Compiling InternalCollectionsUtilities BorrowingIteratorProtocol+Extras.swift
[167/1037] Compiling InternalCollectionsUtilities Debugging.swift
[168/1037] Compiling InternalCollectionsUtilities Descriptions.swift
[168/1037] Compiling fiat_curve25519_adx_square.S
[169/1037] Compiling CNIOBoringSSLShims shims.c
[170/1037] Compiling fiat_curve25519_adx_mul.S
[172/1037] Compiling InternalCollectionsUtilities MutableSpan+Extras.swift
[173/1037] Compiling InternalCollectionsUtilities OutputSpan+Extras.swift
[174/1037] Compiling InternalCollectionsUtilities RandomAccessCollection+Offsets.swift
[175/1037] Compiling InternalCollectionsUtilities Span+Extras.swift
[176/1037] Compiling SystemPackage SystemString.swift
[177/1037] Compiling SystemPackage Util+StringArray.swift
[178/1037] Compiling SystemPackage Util.swift
[179/1037] Compiling SystemPackage UtilConsumers.swift
[180/1037] Compiling SystemPackage WinSDK+Overlay.swift
[181/1037] Emitting module InternalCollectionsUtilities
[182/1037] Emitting module SwiftASN1
[183/1037] Compiling ExtrasBase64 Base32.swift
[184/1037] Compiling ExtrasBase64 Base32+Span.swift
[187/1037] Compiling InternalCollectionsUtilities UnsafeBufferPointer+Extras.swift
[188/1037] Compiling InternalCollectionsUtilities UnsafeMutableBufferPointer+Extras.swift
[189/1037] Compiling InternalCollectionsUtilities Strideable+LimitHelpers.swift
[190/1037] Compiling InternalCollectionsUtilities String+Padding.swift
[191/1037] Compiling InternalCollectionsUtilities TemporaryAllocation.swift
[192/1037] Compiling InternalCollectionsUtilities _UnsafeBitSet+Index.swift
[194/1042] Compiling SpanPreview MutableSpan+InputSpanHelpers.swift
[195/1042] Compiling SpanPreview OutputSpan+InputSpanHelpers.swift
[196/1042] Emitting module SpanPreview
[197/1042] Compiling SpanPreview InputSpan.swift
[198/1043] Wrapping AST for InternalCollectionsUtilities for debugging
[200/1085] Compiling Logging MetadataProvider.swift
[201/1085] Compiling DequeModule RigidDeque+Descriptions.swift
[202/1085] Compiling DequeModule RigidDeque+Equatable.swift
[202/1085] Compiling tls_record.cc
[204/1085] Compiling DequeModule RigidDeque+Hashable.swift
[205/1085] Compiling DequeModule RigidDeque+Initializers.swift
[206/1085] Compiling DequeModule RigidDeque+Removals.swift
[207/1085] Compiling DequeModule RigidDeque+Replacements.swift
[208/1085] Compiling DequeModule RigidDeque+Testing.swift
[209/1085] Compiling DequeModule RigidDeque.swift
[210/1085] Compiling DequeModule UniqueDeque+Append.swift
[211/1085] Compiling DequeModule UniqueDeque+Deprecations.swift
[212/1085] Compiling DequeModule UniqueDeque+Descriptions.swift
[213/1085] Compiling DequeModule UniqueDeque+Equatable.swift
[214/1085] Compiling DequeModule UniqueDeque+Hashable.swift
[215/1085] Compiling DequeModule RigidDeque+Prepend.swift
[216/1086] Compiling DequeModule Deque+ExpressibleByArrayLiteral.swift
[217/1086] Compiling DequeModule Deque+Extras.swift
[218/1086] Compiling DequeModule Deque+Hashable.swift
[219/1086] Compiling DequeModule Deque+Testing.swift
[220/1086] Compiling DequeModule Deque._Storage.swift
[221/1086] Compiling DequeModule Deque+Codable.swift
[222/1086] Compiling DequeModule Deque+Collection.swift
[223/1086] Compiling DequeModule Deque+CustomReflectable.swift
[224/1086] Compiling DequeModule Deque+Descriptions.swift
[225/1086] Compiling DequeModule Deque+Equatable.swift
[226/1086] Compiling DequeModule Deque._UnsafeHandle.swift
[227/1086] Compiling DequeModule Deque.swift
[228/1086] Compiling DequeModule _DequeBuffer.swift
[229/1086] Compiling DequeModule _DequeBufferHeader.swift
[230/1086] Compiling DequeModule RigidDeque+Append.swift
[232/1086] Compiling Instrumentation InstrumentationSystem.swift
[233/1086] Emitting module Instrumentation
[234/1086] Compiling Instrumentation Locks.swift
[235/1086] Compiling DequeModule UniqueDeque+Initializers.swift
[236/1086] Compiling DequeModule UniqueDeque+Insertions.swift
[237/1086] Compiling DequeModule UniqueDeque+Iterable.swift
[238/1086] Compiling DequeModule UniqueDeque+Prepend.swift
[239/1086] Compiling DequeModule UniqueDeque+Removals.swift
[239/1093] Wrapping AST for SpanPreview for debugging
[244/1093] Compiling DequeModule UniqueDeque+Consumption.swift
[245/1093] Compiling DequeModule UniqueDeque+ContainerOperations.swift
[250/1094] Wrapping AST for Logging for debugging
[252/1100] Wrapping AST for Instrumentation for debugging
[253/1102] Wrapping AST for SystemPackage for debugging
[258/1102] Compiling DequeModule RigidDeque+Consumption.swift
[259/1102] Compiling DequeModule RigidDeque+ContainerOperations.swift
[260/1102] Compiling DequeModule RigidDeque+Deprecations.swift
[260/1102] Wrapping AST for SwiftASN1 for debugging
[266/1102] Compiling DequeModule RigidDeque+Insertions.swift
[267/1102] Compiling DequeModule RigidDeque+Iterable.swift
[267/1102] Compiling tls_method.cc
[269/1102] Compiling Tracing NoOpTracer.swift
[270/1102] Compiling Tracing InstrumentationSystem+Tracing.swift
[271/1103] Compiling Tracing TracingTime.swift
[278/1103] Compiling Tracing Tracer.swift
[279/1103] Emitting module Tracing
[280/1103] Compiling Tracing WithTracer.swift
[281/1103] Compiling Tracing TracerProtocol.swift
[282/1103] Compiling Tracing TracerProtocol+Legacy.swift
[295/1103] Compiling Tracing SpanProtocol.swift
[296/1104] Compiling tls13_server.cc
[297/1104] Compiling tls13_client.cc
[298/1104] Compiling tls13_enc.cc
[299/1104] Wrapping AST for Tracing for debugging
[300/1104] Compiling tls13_both.cc
[301/1104] Compiling t1_enc.cc
[302/1104] Compiling ssl_transcript.cc
[303/1104] Compiling ssl_x509.cc
[304/1104] Compiling ssl_versions.cc
[306/1104] Compiling DequeModule UniqueDeque+Replacements.swift
[307/1104] Compiling DequeModule UniqueDeque.swift
[308/1104] Compiling DequeModule _DequeSlot.swift
[309/1104] Compiling DequeModule _UnsafeDequeHandle.swift
[310/1104] Compiling DequeModule _UnsafeDequeSegments.swift
[310/1104] Compiling ssl_stat.cc
[311/1104] Compiling ssl_session.cc
[312/1104] Compiling ssl_privkey.cc
[314/1104] Emitting module DequeModule
[316/1105] Compiling ExtrasBase64 Base64.swift
[317/1105] Compiling ExtrasBase64 Base64+Span.swift
[317/1105] Compiling ssl_key_share.cc
[318/1148] Compiling ssl_credential.cc
[319/1148] Compiling ssl_file.cc
[320/1148] Wrapping AST for DequeModule for debugging
[321/1148] Compiling ssl_lib.cc
[322/1148] Compiling ssl_cipher.cc
[323/1148] Compiling ssl_cert.cc
[324/1148] Compiling ssl_buffer.cc
[326/1148] Emitting module Configuration
[327/1153] Emitting module ExtrasBase64
[328/1185] Compiling s3_pkt.cc
[329/1185] Wrapping AST for ExtrasBase64 for debugging
[330/1185] Compiling s3_lib.cc
[331/1185] Compiling s3_both.cc
[332/1185] Compiling handshake_client.cc
[333/1185] Compiling handshake_server.cc
[335/1185] Compiling GoogleWKT WKTFloatValue.swift
[336/1185] Compiling GoogleWKT WKTInt32Value.swift
[337/1185] Compiling GoogleWKT WKTInt64Value.swift
[338/1185] Compiling GoogleWKT WKTRecursive.swift
[338/1189] Compiling handshake.cc
[340/1189] Compiling GoogleWKT WKTDoubleValue.swift
[341/1189] Compiling GoogleWKT WKTDuration.swift
[342/1189] Compiling GoogleWKT WKTEmpty.swift
[343/1189] Compiling GoogleWKT WKTFieldMask.swift
[344/1189] Compiling GoogleWKT UnknownFields.swift
[345/1189] Compiling GoogleWKT WKTAny.swift
[346/1189] Compiling GoogleWKT WKTAnyError.swift
[347/1189] Compiling GoogleWKT WKTBoolValue.swift
[348/1189] Compiling GoogleWKT WKTBytesValue.swift
[349/1189] Compiling GoogleWKT WKTStringValue.swift
[350/1189] Compiling GoogleWKT WKTTimestamp.swift
[351/1189] Compiling GoogleWKT WKTUInt32Value.swift
[352/1189] Compiling GoogleWKT WKTUInt64Value.swift
[353/1189] Compiling GoogleWKT WKTField.swift
[354/1189] Compiling GoogleWKT WKTMethod.swift
[355/1189] Compiling GoogleWKT WKTMixin.swift
[356/1189] Compiling GoogleWKT WKTOption.swift
[357/1189] Compiling GoogleWKT WKTValue.swift
[358/1189] Compiling GoogleWKT WKTApi.swift
[359/1189] Compiling GoogleWKT WKTEnum.swift
[360/1189] Compiling GoogleWKT WKTEnumValue.swift
[360/1189] Compiling handoff.cc
[362/1189] Compiling GoogleWKT WKTSourceContext.swift
[363/1189] Compiling GoogleWKT WKTSyntax.swift
[364/1189] Compiling GoogleWKT WKTType.swift
[365/1189] Compiling GoogleWKT PackageVersion.swift
[365/1189] Compiling encrypted_client_hello.cc
[367/1189] Emitting module GoogleWKT
[368/1189] Compiling GoogleWKT AnyPackable.swift
[369/1189] Compiling GoogleWKT DecodeToDefault.swift
[370/1189] Compiling GoogleWKT DiscoveryBase64.swift
[371/1189] Compiling GoogleWKT ProtoJSONDecoder.swift
[372/1189] Compiling GoogleWKT ProtoJSONEncoder.swift
[396/1190] Compiling Configuration AsyncCombineLatestManySequence.swift
[397/1190] Compiling Configuration CombineLatestManyStateMachine.swift
[398/1190] Compiling Configuration JSONSnapshot.swift
[399/1190] Compiling Configuration PropertyListSnapshot.swift
[400/1190] Compiling Configuration ReloadingFileProvider.swift
[401/1190] Compiling Configuration ReloadingFileProviderMetrics.swift
[402/1190] Compiling Configuration YAMLSnapshot.swift
[403/1190] Compiling Configuration InMemoryProvider.swift
[404/1190] Compiling Configuration CombineLatestManyStorage.swift
[405/1190] Compiling Configuration AsyncSequences.swift
[406/1190] Compiling Configuration FoundationExtensions.swift
[407/1190] Compiling Configuration Span.swift
[408/1190] Compiling Configuration ConfigBytesFromStringDecoder.swift
[408/1190] Compiling dtls_record.cc
[409/1205] Compiling dtls_method.cc
[410/1205] Compiling extensions.cc
[411/1205] Wrapping AST for GoogleWKT for debugging
[412/1205] Compiling md5-x86_64-linux.S
[413/1205] Compiling md5-x86_64-apple.S
[414/1205] Compiling d1_srtp.cc
[415/1205] Compiling md5-586-apple.S
[416/1205] Compiling md5-586-linux.S
[417/1205] Compiling chacha20_poly1305_x86_64-linux.S
[418/1205] Compiling chacha20_poly1305_x86_64-apple.S
[419/1205] Compiling chacha20_poly1305_armv8-win.S
[420/1205] Compiling chacha20_poly1305_armv8-linux.S
[422/1205] Compiling GoogleRpc RequestInfo.swift
[423/1205] Compiling GoogleRpc ResourceInfo.swift
[423/1207] Compiling chacha20_poly1305_armv8-apple.S
[424/1207] Compiling err_data.cc
[426/1207] Compiling GoogleRpc DebugInfo.swift
[427/1207] Compiling GoogleRpc ErrorInfo.swift
[428/1207] Compiling GoogleRpc Help.swift
[429/1207] Compiling GoogleRpc HttpHeader.swift
[430/1207] Compiling GoogleRpc HttpRequest.swift
[431/1207] Compiling GoogleRpc HttpResponse.swift
[431/1207] Compiling chacha-x86_64-linux.S
[432/1207] Compiling chacha-x86_64-apple.S
[434/1207] Compiling GoogleRpc BadRequest.swift
[435/1207] Compiling GoogleRpc Code.swift
[436/1207] Emitting module GoogleRpc
[436/1207] Compiling chacha-x86-linux.S
[437/1207] Compiling d1_pkt.cc
[438/1207] Compiling chacha-x86-apple.S
[440/1207] Compiling GoogleRpc PreconditionFailure.swift
[441/1207] Compiling GoogleRpc QuotaFailure.swift
[442/1207] Compiling GoogleRpc LocalizedMessage.swift
[443/1207] Compiling GoogleRpc PackageVersion.swift
[443/1207] Compiling chacha-armv8-win.S
[444/1207] Compiling chacha-armv8-apple.S
[445/1207] Compiling chacha-armv4-linux.S
[446/1207] Compiling chacha-armv8-linux.S
[447/1207] Compiling aes128gcmsiv-x86_64-linux.S
[448/1207] Compiling aes128gcmsiv-x86_64-apple.S
[449/1207] Compiling x86_64-mont5-linux.S
[450/1207] Compiling x86_64-mont5-apple.S
[451/1207] Compiling x86_64-mont-linux.S
[452/1207] Compiling x86_64-mont-apple.S
[453/1207] Compiling x86-mont-linux.S
[454/1207] Compiling x86-mont-apple.S
[454/1207] Compiling vpaes-x86_64-apple.S
[454/1207] Compiling vpaes-x86_64-linux.S
[457/1207] Compiling vpaes-x86-linux.S
[458/1207] Compiling vpaes-x86-apple.S
[458/1207] Compiling vpaes-armv8-win.S
[461/1207] Compiling GoogleRpc RetryInfo.swift
[462/1207] Compiling GoogleRpc Status.swift
[462/1208] Compiling vpaes-armv7-linux.S
[463/1208] Compiling vpaes-armv8-apple.S
[464/1208] Compiling vpaes-armv8-linux.S
[466/1208] Compiling sha512-x86_64-linux.S
[467/1208] Compiling sha512-x86_64-apple.S
[468/1208] Compiling sha512-armv8-win.S
[469/1208] Wrapping AST for GoogleRpc for debugging
[470/1208] Compiling sha512-armv8-apple.S
[471/1208] Compiling sha512-armv4-linux.S
[472/1208] Compiling sha512-armv8-linux.S
[473/1208] Compiling sha512-586-linux.S
[474/1208] Compiling sha512-586-apple.S
[475/1208] Compiling sha256-x86_64-linux.S
[476/1208] Compiling bio_ssl.cc
[477/1208] Compiling d1_lib.cc
[478/1208] Compiling sha256-x86_64-apple.S
[479/1208] Compiling sha256-armv8-win.S
[480/1208] Compiling sha256-armv8-apple.S
[481/1208] Compiling sha256-armv4-linux.S
[482/1208] Compiling sha256-armv8-linux.S
[483/1208] Compiling sha256-586-linux.S
[484/1208] Compiling sha1-x86_64-linux.S
[485/1208] Compiling sha256-586-apple.S
[486/1208] Compiling sha1-x86_64-apple.S
[487/1208] Compiling sha1-armv8-win.S
[488/1208] Compiling sha1-armv8-linux.S
[489/1208] Compiling sha1-armv8-apple.S
[490/1208] Compiling sha1-586-linux.S
[491/1208] Compiling sha1-armv4-large-linux.S
[492/1208] Compiling sha1-586-apple.S
[493/1208] Compiling rsaz-avx2-linux.S
[494/1208] Compiling rsaz-avx2-apple.S
[507/1208] Compiling d1_both.cc
[508/1208] Compiling rdrand-x86_64-apple.S
[509/1208] Compiling rdrand-x86_64-linux.S
[510/1208] Compiling p256_beeu-x86_64-asm-linux.S
[511/1208] Compiling p256_beeu-x86_64-asm-apple.S
[512/1208] Compiling p256_beeu-armv8-asm-win.S
[513/1209] Compiling p256_beeu-armv8-asm-linux.S
[514/1209] Compiling p256_beeu-armv8-asm-apple.S
[515/1209] Compiling p256-x86_64-asm-apple.S
[516/1209] Compiling p256-armv8-asm-win.S
[517/1209] Compiling p256-x86_64-asm-linux.S
[518/1209] Compiling p256-armv8-asm-apple.S
[520/1209] Compiling ghashv8-armv8-win.S
[521/1209] Compiling ghashv8-armv8-linux.S
[522/1209] Compiling p256-armv8-asm-linux.S
[523/1209] Compiling ghashv8-armv7-linux.S
[524/1209] Compiling ghash-x86_64-linux.S
[525/1209] Compiling ghash-x86_64-apple.S
[526/1209] Compiling ghashv8-armv8-apple.S
[527/1209] Compiling ghash-x86-linux.S
[528/1209] Compiling ghash-x86-apple.S
[529/1209] Compiling ghash-ssse3-x86_64-linux.S
[530/1209] Compiling ghash-ssse3-x86_64-apple.S
[531/1209] Compiling ghash-ssse3-x86-linux.S
[532/1209] Compiling ghash-ssse3-x86-apple.S
[533/1209] Compiling ghash-neon-armv8-linux.S
[534/1209] Compiling ghash-neon-armv8-win.S
[535/1209] Compiling ghash-neon-armv8-apple.S
[536/1209] Compiling ghash-armv4-linux.S
[537/1209] Wrapping AST for Configuration for debugging
[538/1209] Compiling co-586-linux.S
[539/1209] Compiling co-586-apple.S
[540/1209] Compiling bsaes-armv7-linux.S
[541/1209] Compiling bn-armv8-win.S
[542/1209] Compiling bn-armv8-apple.S
[543/1209] Compiling bn-586-linux.S
[544/1209] Compiling bn-armv8-linux.S
[545/1209] Compiling bn-586-apple.S
[546/1209] Compiling armv8-mont-win.S
[547/1209] Compiling armv8-mont-apple.S
[548/1209] Compiling armv8-mont-linux.S
[549/1209] Compiling armv4-mont-linux.S
[550/1209] Compiling aesv8-gcm-armv8-win.S
[551/1209] Compiling aesv8-gcm-armv8-apple.S
[552/1209] Compiling aesv8-gcm-armv8-linux.S
[553/1209] Compiling aesv8-armv8-win.S
[554/1209] Compiling aesv8-armv8-linux.S
[555/1209] Compiling aesv8-armv8-apple.S
[556/1209] Compiling aesv8-armv7-linux.S
[557/1209] Compiling aesni-x86_64-linux.S
[558/1209] Compiling aesni-x86_64-apple.S
[559/1209] Compiling aesni-x86-linux.S
[560/1209] Compiling aesni-gcm-x86_64-linux.S
[561/1209] Compiling aesni-x86-apple.S
[562/1209] Compiling aes-gcm-avx2-x86_64-linux.S
[563/1209] Compiling aes-gcm-avx2-x86_64-apple.S
[564/1209] Compiling aesni-gcm-x86_64-apple.S
[565/1209] Compiling aes-gcm-avx10-x86_64-apple.S
[566/1209] Compiling aes-gcm-avx10-x86_64-linux.S
[567/1209] Compiling x_sig.cc
[568/1209] Compiling x_val.cc
[569/1209] Compiling x_x509a.cc
[570/1209] Compiling x_spki.cc
[571/1209] Compiling x_x509.cc
[572/1209] Compiling x_name.cc
[573/1209] Compiling x_req.cc
[574/1209] Compiling x_pubkey.cc
[575/1209] Compiling x_exten.cc
[576/1209] Compiling x_algor.cc
[577/1209] Compiling x_attrib.cc
[578/1209] Compiling x_crl.cc
[579/1209] Compiling x509spki.cc
[580/1209] Compiling x_all.cc
[581/1209] Compiling x509rset.cc
[582/1209] Compiling x509name.cc
[583/1209] Compiling x509cset.cc
[584/1209] Compiling x509_vpm.cc
[585/1209] Compiling x509_txt.cc
[586/1209] Compiling x509_v3.cc
[587/1209] Compiling x509_trs.cc
[588/1209] Compiling x509_set.cc
[589/1209] Compiling x509_vfy.cc
[590/1209] Compiling x509_req.cc
[591/1209] Compiling x509_obj.cc
[592/1209] Compiling x509_def.cc
[593/1209] Compiling x509_ext.cc
[594/1209] Compiling x509_lu.cc
[594/1209] Compiling x509_d2.cc
[596/1209] Compiling x509.cc
[597/1209] Compiling x509_att.cc
[598/1209] Compiling x509_cmp.cc
[599/1209] Compiling v3_prn.cc
[600/1209] Compiling v3_skey.cc
[601/1209] Compiling v3_pmaps.cc
[602/1209] Compiling v3_purp.cc
[603/1209] Compiling v3_utl.cc
[604/1209] Compiling v3_ocsp.cc
[605/1209] Compiling v3_pcons.cc
[606/1209] Compiling v3_ncons.cc
[607/1209] Compiling v3_int.cc
[608/1209] Compiling v3_lib.cc
[609/1209] Compiling v3_info.cc
[610/1209] Compiling v3_genn.cc
[611/1209] Compiling v3_ia5.cc
[612/1209] Compiling v3_bitst.cc
[613/1209] Compiling v3_extku.cc
[614/1209] Compiling v3_bcons.cc
[615/1209] Compiling v3_akeya.cc
[616/1209] Compiling v3_alt.cc
[617/1209] Compiling t_x509a.cc
[618/1209] Compiling v3_akey.cc
[619/1209] Compiling t_x509.cc
[620/1209] Compiling t_crl.cc
[621/1209] Compiling t_req.cc
[622/1209] Compiling rsa_pss.cc
[623/1209] Compiling i2d_pr.cc
[624/1209] Compiling name_print.cc
[625/1209] Compiling by_file.cc
[626/1209] Compiling policy.cc
[627/1209] Compiling algorithm.cc
[628/1209] Compiling by_dir.cc
[629/1209] Compiling asn1_gen.cc
[630/1209] Compiling a_verify.cc
[631/1209] Compiling thread_win.cc
[632/1209] Compiling a_sign.cc
[633/1209] Compiling thread_pthread.cc
[634/1209] Compiling thread_none.cc
[635/1209] Compiling a_digest.cc
[636/1209] Compiling trust_token.cc
[637/1209] Compiling voprf.cc
[638/1209] Compiling pmbtoken.cc
[639/1209] Compiling thread.cc
[640/1209] Compiling stack.cc
[641/1209] Compiling siphash.cc
[642/1209] Compiling sha512.cc
[643/1209] Compiling sha256.cc
[644/1209] Compiling slhdsa.cc
[645/1209] Compiling sha1.cc
[646/1209] Compiling spake2plus.cc
[647/1209] Compiling rsa_print.cc
[648/1209] Compiling rsa_extra.cc
[649/1209] Compiling refcount.cc
[650/1209] Compiling rc4.cc
[651/1209] Compiling rsa_crypt.cc
[652/1209] Compiling windows.cc
[653/1209] Compiling urandom.cc
[654/1209] Compiling trusty.cc
[655/1209] Compiling rand.cc
[656/1209] Compiling rsa_asn1.cc
[657/1209] Compiling ios.cc
[658/1209] Compiling passive.cc
[659/1209] Compiling getentropy.cc
[660/1209] Compiling poly1305_arm_asm.S
[661/1209] Compiling forkunsafe.cc
[662/1209] Compiling fork_detect.cc
[663/1209] Compiling deterministic.cc
[664/1209] Compiling poly1305_vec.cc
[665/1209] Compiling pool.cc
[666/1209] Compiling poly1305_arm.cc
[667/1209] Compiling poly1305.cc
[668/1209] Compiling pkcs7.cc
[669/1209] Compiling pkcs8.cc
[670/1209] Compiling pkcs8_x509.cc
[671/1209] Compiling p5_pbev2.cc
[672/1209] Compiling pkcs7_x509.cc
[673/1209] Compiling pem_xaux.cc
[674/1209] Compiling pem_pkey.cc
[675/1209] Compiling pem_x509.cc
[676/1209] Compiling pem_pk8.cc
[677/1209] Compiling pem_oth.cc
[678/1209] Compiling mlkem.cc
[679/1209] Compiling pem_info.cc
[680/1209] Compiling pem_lib.cc
[681/1209] Compiling pem_all.cc
[682/1209] Compiling obj_xref.cc
[683/1209] Compiling obj.cc
[684/1209] Compiling poly_rq_mul.S
[685/1209] Compiling mldsa.cc
[686/1209] Compiling fips_shared_support.cc
[687/1209] Compiling md5.cc
[688/1209] Compiling mem.cc
[689/1209] Compiling md4.cc
[690/1209] Compiling lhash.cc
[691/1209] Compiling kyber.cc
[692/1209] Compiling hrss.cc
[693/1209] Compiling ex_data.cc
[694/1209] Compiling sign.cc
[695/1209] Compiling scrypt.cc
[696/1209] Compiling print.cc
[697/1209] Compiling hpke.cc
[698/1209] Compiling pbkdf.cc
[699/1209] Compiling p_x25519.cc
[700/1209] Compiling p_x25519_asn1.cc
[701/1209] Compiling p_rsa_asn1.cc
[702/1209] Compiling p_hkdf.cc
[703/1209] Compiling p_rsa.cc
[704/1209] Compiling p_ed25519.cc
[705/1209] Compiling p_ed25519_asn1.cc
[706/1209] Compiling p_ec.cc
[707/1209] Compiling p_ec_asn1.cc
[708/1209] Compiling p_dh_asn1.cc
[709/1209] Compiling p_dh.cc
[710/1209] Compiling evp_ctx.cc
[711/1209] Compiling p_dsa_asn1.cc
[712/1209] Compiling evp_asn1.cc
[713/1209] Compiling evp.cc
[714/1209] Compiling engine.cc
[715/1209] Compiling err.cc
[716/1209] Compiling ecdh.cc
[717/1209] Compiling hash_to_curve.cc
[718/1209] Compiling ecdsa_asn1.cc
[719/1209] Compiling ec_derive.cc
[720/1209] Compiling dsa.cc
[721/1209] Compiling dsa_asn1.cc
[722/1209] Compiling ec_asn1.cc
[723/1209] Compiling params.cc
[724/1209] Compiling x25519-asm-arm.S
[725/1209] Compiling bcm.cc
[726/1209] Compiling digest_extra.cc
[727/1209] Compiling des.cc
[728/1209] Compiling dh_asn1.cc
[729/1209] Compiling curve25519_64_adx.cc
[730/1209] Compiling spake25519.cc
[731/1209] Compiling cpu_intel.cc
[732/1209] Compiling crypto.cc
[733/1209] Compiling cpu_arm_freebsd.cc
[734/1209] Compiling curve25519.cc
[735/1209] Compiling cpu_arm_linux.cc
[736/1209] Compiling cpu_aarch64_win.cc
[737/1209] Compiling cpu_aarch64_sysreg.cc
[738/1209] Compiling cpu_aarch64_openbsd.cc
[739/1209] Compiling cpu_aarch64_linux.cc
[740/1209] Compiling cpu_aarch64_fuchsia.cc
[741/1209] Compiling cpu_aarch64_apple.cc
[742/1209] Compiling tls_cbc.cc
[743/1209] Compiling conf.cc
[744/1209] Compiling get_cipher.cc
[745/1209] Compiling e_tls.cc
[746/1209] Compiling e_rc4.cc
[747/1209] Compiling e_null.cc
[748/1209] Compiling e_rc2.cc
[749/1209] Compiling e_des.cc
[750/1209] Compiling e_aesgcmsiv.cc
[751/1209] Compiling e_chacha20poly1305.cc
[752/1209] Compiling e_aesctrhmac.cc
[753/1209] Compiling derive_key.cc
[754/1209] Compiling chacha.cc
[755/1209] Compiling unicode.cc
[756/1209] Compiling buf.cc
[757/1209] Compiling cbs.cc
[758/1209] Compiling ber.cc
[759/1209] Compiling cbb.cc
[760/1209] Compiling asn1_compat.cc
[761/1209] Compiling convert.cc
[762/1209] Compiling bn_asn1.cc
[763/1209] Compiling blake2.cc
[764/1209] Compiling socket.cc
[765/1209] Compiling socket_helper.cc
[766/1209] Compiling printf.cc
[767/1209] Compiling pair.cc
[768/1209] Compiling hexdump.cc
[769/1209] Compiling file.cc
[770/1209] Compiling fd.cc
[770/1209] Compiling errno.cc
[772/1209] Compiling bio_mem.cc
[773/1209] Compiling connect.cc
[774/1209] Compiling base64.cc
[775/1209] Compiling bio.cc
[776/1209] Compiling tasn_typ.cc
[777/1209] Compiling tasn_utl.cc
[778/1209] Compiling tasn_fre.cc
[779/1209] Compiling tasn_enc.cc
[780/1209] Compiling posix_time.cc
[780/1209] Compiling f_string.cc
[782/1209] Compiling tasn_new.cc
[783/1209] Compiling tasn_dec.cc
[784/1209] Compiling f_int.cc
[785/1209] Compiling asn_pack.cc
[786/1209] Compiling asn1_par.cc
[787/1209] Compiling asn1_lib.cc
[788/1209] Compiling a_utctm.cc
[789/1209] Compiling a_type.cc
[790/1209] Compiling a_time.cc
[791/1209] Compiling a_octet.cc
[792/1209] Compiling a_strnid.cc
[793/1209] Compiling a_strex.cc
[794/1209] Compiling a_object.cc
[795/1209] Compiling a_i2d_fp.cc
[796/1209] Compiling a_dup.cc
[797/1209] Compiling a_d2i_fp.cc
[798/1209] Compiling a_mbstr.cc
[799/1209] Compiling a_int.cc
[800/1209] Compiling CGoogleGaxCRC32C CGoogleGaxCRC32C.c
[801/1209] Compiling a_gentm.cc
[802/1209] Compiling fiat_p256_adx_sqr.S
[803/1209] Compiling fiat_p256_adx_mul.S
[804/1209] Compiling fiat_curve25519_adx_square.S
[805/1209] Compiling fiat_curve25519_adx_mul.S
[806/1209] Compiling md5-x86_64-linux.S
[806/1209] Compiling a_bitstr.cc
[808/1209] Compiling md5-586-linux.S
[809/1209] Compiling md5-x86_64-apple.S
[810/1209] Compiling a_bool.cc
[811/1209] Compiling md5-586-apple.S
[812/1209] Compiling chacha20_poly1305_x86_64-linux.S
[813/1209] Compiling chacha20_poly1305_x86_64-apple.S
[814/1209] Compiling chacha20_poly1305_armv8-win.S
[815/1209] Compiling chacha20_poly1305_armv8-apple.S
[816/1209] Compiling chacha-x86_64-linux.S
[817/1209] Compiling chacha-x86_64-apple.S
[818/1209] Compiling chacha20_poly1305_armv8-linux.S
[819/1209] Compiling CCryptoBoringSSLShims shims.c
[820/1209] Compiling chacha-x86-linux.S
[821/1209] Compiling chacha-x86-apple.S
[822/1209] Compiling chacha-armv8-win.S
[823/1209] Compiling chacha-armv8-apple.S
[824/1209] Compiling chacha-armv4-linux.S
[825/1209] Compiling aes128gcmsiv-x86_64-linux.S
[826/1209] Compiling chacha-armv8-linux.S
[827/1209] Compiling aes128gcmsiv-x86_64-apple.S
[828/1209] Compiling x86_64-mont5-linux.S
[829/1209] Compiling x86_64-mont-linux.S
[830/1209] Compiling x86_64-mont5-apple.S
[831/1209] Compiling x86_64-mont-apple.S
[832/1209] Compiling x86-mont-apple.S
[832/1209] Compiling x86-mont-linux.S
[834/1209] Compiling vpaes-x86_64-linux.S
[835/1209] Compiling vpaes-x86_64-apple.S
[836/1209] Compiling vpaes-x86-linux.S
[837/1209] Compiling vpaes-x86-apple.S
[838/1209] Compiling vpaes-armv8-win.S
[839/1209] Compiling vpaes-armv8-apple.S
[840/1209] Compiling vpaes-armv8-linux.S
[841/1209] Compiling vpaes-armv7-linux.S
[842/1209] Compiling sha512-x86_64-apple.S
[843/1209] Compiling sha512-x86_64-linux.S
[844/1209] Compiling sha512-armv8-win.S
[845/1209] Compiling sha512-armv4-linux.S
[846/1209] Compiling sha512-armv8-apple.S
[847/1209] Compiling sha512-586-linux.S
[848/1209] Compiling sha512-armv8-linux.S
[849/1209] Compiling sha512-586-apple.S
[850/1209] Compiling sha256-x86_64-apple.S
[851/1209] Compiling sha256-armv8-win.S
[852/1209] Compiling sha256-x86_64-linux.S
[853/1209] Compiling sha256-armv8-apple.S
[854/1209] Compiling err_data.cc
[855/1209] Compiling sha256-armv8-linux.S
[856/1209] Compiling sha256-armv4-linux.S
[856/1209] Compiling sha256-586-linux.S
[858/1209] Compiling sha256-586-apple.S
[859/1209] Compiling sha1-x86_64-linux.S
[860/1209] Compiling sha1-x86_64-apple.S
[861/1209] Compiling sha1-armv8-win.S
[862/1209] Compiling sha1-armv8-apple.S
[863/1209] Compiling sha1-armv4-large-linux.S
[864/1209] Compiling sha1-586-linux.S
[864/1209] Compiling sha1-armv8-linux.S
[866/1209] Compiling sha1-586-apple.S
[866/1209] Compiling rsaz-avx2-linux.S
[868/1209] Compiling rsaz-avx2-apple.S
[869/1209] Compiling rdrand-x86_64-linux.S
[870/1209] Compiling rdrand-x86_64-apple.S
[871/1209] Compiling p256_beeu-x86_64-asm-linux.S
[872/1209] Compiling p256_beeu-armv8-asm-win.S
[873/1209] Compiling p256_beeu-x86_64-asm-apple.S
[874/1209] Compiling p256_beeu-armv8-asm-linux.S
[875/1209] Compiling p256_beeu-armv8-asm-apple.S
[876/1209] Compiling p256-x86_64-asm-linux.S
[877/1209] Compiling p256-armv8-asm-win.S
[878/1209] Compiling p256-x86_64-asm-apple.S
[879/1209] Compiling p256-armv8-asm-apple.S
[880/1209] Compiling p256-armv8-asm-linux.S
[881/1209] Compiling ghashv8-armv8-win.S
[882/1209] Compiling ghashv8-armv8-linux.S
[883/1209] Compiling ghashv8-armv8-apple.S
[884/1209] Compiling ghashv8-armv7-linux.S
[885/1209] Compiling ghash-x86_64-linux.S
[886/1209] Compiling ghash-x86_64-apple.S
[887/1209] Compiling ghash-x86-apple.S
[888/1209] Compiling ghash-x86-linux.S
[889/1209] Compiling ghash-ssse3-x86_64-linux.S
[890/1209] Compiling ghash-ssse3-x86-linux.S
[891/1209] Compiling ghash-ssse3-x86_64-apple.S
[892/1209] Compiling ghash-neon-armv8-linux.S
[893/1209] Compiling ghash-ssse3-x86-apple.S
[894/1209] Compiling ghash-neon-armv8-win.S
[895/1209] Compiling ghash-neon-armv8-apple.S
[896/1209] Compiling ghash-armv4-linux.S
[897/1209] Compiling co-586-linux.S
[898/1209] Compiling bn-armv8-linux.S
[898/1209] Compiling co-586-apple.S
[900/1209] Compiling bsaes-armv7-linux.S
[901/1209] Compiling bn-armv8-win.S
[902/1209] Compiling bn-armv8-apple.S
[903/1209] Compiling bn-586-apple.S
[904/1209] Compiling bn-586-linux.S
[905/1209] Compiling armv8-mont-win.S
[906/1209] Compiling armv8-mont-apple.S
[907/1209] Compiling armv8-mont-linux.S
[908/1209] Compiling armv4-mont-linux.S
[909/1209] Compiling aesv8-gcm-armv8-apple.S
[910/1209] Compiling aesv8-gcm-armv8-win.S
[911/1209] Compiling aesv8-gcm-armv8-linux.S
[912/1209] Compiling aesv8-armv8-win.S
[913/1209] Compiling aesv8-armv8-apple.S
[914/1209] Compiling aesv8-armv8-linux.S
[915/1209] Compiling aesv8-armv7-linux.S
[916/1209] Compiling aesni-x86_64-apple.S
[917/1209] Compiling aesni-x86-linux.S
[918/1209] Compiling aesni-x86_64-linux.S
[919/1209] Compiling aesni-x86-apple.S
[920/1209] Compiling aesni-gcm-x86_64-linux.S
[921/1209] Compiling aesni-gcm-x86_64-apple.S
[921/1209] Compiling aes-gcm-avx512-x86_64-linux.S
[923/1209] Compiling aes-gcm-avx512-x86_64-apple.S
[924/1209] Compiling aes-gcm-avx2-x86_64-linux.S
[925/1209] Compiling aes-gcm-avx2-x86_64-apple.S
[926/1209] Compiling xwing.cc
[927/1209] Compiling x_sig.cc
[928/1209] Compiling x_spki.cc
[929/1209] Compiling x_x509a.cc
[930/1209] Compiling x_req.cc
[931/1209] Compiling x_x509.cc
[932/1209] Compiling c-nioatomics.c
[933/1209] Compiling x_pubkey.cc
[934/1209] Compiling x_exten.cc
[935/1209] Compiling x_crl.cc
[936/1209] Compiling x_name.cc
[937/1209] Compiling c-atomics.c
[938/1209] Compiling x_attrib.cc
[939/1209] Compiling x_all.cc
[940/1216] Compiling x_algor.cc
[942/1216] Compiling NIOConcurrencyHelpers NIOLockedValueBox.swift
[943/1216] Compiling NIOConcurrencyHelpers NIOLock.swift
[943/1216] Compiling x509rset.cc
[944/1216] Compiling x509spki.cc
[946/1216] Compiling NIOConcurrencyHelpers atomics.swift
[947/1216] Compiling NIOConcurrencyHelpers NIOThreadPoolWorkAvailable.swift
[948/1216] Compiling NIOConcurrencyHelpers lock.swift
[949/1216] Emitting module NIOConcurrencyHelpers
[950/1216] Compiling NIOConcurrencyHelpers NIOAtomic.swift
[951/1217] Compiling x509_vpm.cc
[952/1217] Wrapping AST for NIOConcurrencyHelpers for debugging
[953/1217] Compiling x509cset.cc
[954/1217] Compiling x509name.cc
[955/1217] Compiling x509_vfy.cc
[956/1217] Compiling x509_v3.cc
[957/1217] Compiling x509_txt.cc
[958/1217] Compiling x509_trs.cc
[959/1217] Compiling x509_set.cc
[960/1217] Compiling x509_req.cc
[961/1217] Compiling x509_obj.cc
[962/1217] Compiling x509_lu.cc
[963/1217] Compiling x509_def.cc
[964/1217] Compiling x509_ext.cc
[965/1217] Compiling x509_d2.cc
[966/1217] Compiling x509_cmp.cc
[967/1217] Compiling x509_att.cc
[968/1217] Compiling x509.cc
[969/1217] Compiling v3_skey.cc
[970/1217] Compiling v3_utl.cc
[971/1217] Compiling v3_prn.cc
[972/1217] Compiling v3_purp.cc
[973/1217] Compiling v3_pmaps.cc
[974/1217] Compiling v3_pcons.cc
[975/1217] Compiling v3_ocsp.cc
[976/1217] Compiling v3_ncons.cc
[977/1217] Compiling v3_lib.cc
[978/1217] Compiling v3_int.cc
[979/1217] Compiling v3_ia5.cc
[980/1217] Compiling v3_info.cc
[981/1217] Compiling v3_genn.cc
[982/1217] Compiling v3_extku.cc
[983/1217] Compiling v3_enum.cc
[984/1217] Compiling v3_crld.cc
[985/1217] Compiling v3_cpols.cc
[986/1217] Compiling v3_bitst.cc
[987/1217] Compiling v3_bcons.cc
[988/1217] Compiling v3_conf.cc
[989/1217] Compiling v3_alt.cc
[990/1217] Compiling v3_akeya.cc
[991/1217] Compiling v3_akey.cc
[992/1217] Compiling t_x509a.cc
[993/1217] Compiling t_x509.cc
[994/1217] Compiling t_crl.cc
[995/1217] Compiling t_req.cc
[996/1217] Compiling rsa_pss.cc
[997/1217] Compiling i2d_pr.cc
[998/1217] Compiling name_print.cc
[999/1217] Compiling policy.cc
[1000/1217] Compiling by_file.cc
[1001/1217] Compiling by_dir.cc
[1002/1217] Compiling asn1_gen.cc
[1003/1217] Compiling algorithm.cc
[1004/1217] Compiling a_verify.cc
[1005/1217] Compiling a_sign.cc
[1006/1217] Compiling thread_win.cc
[1007/1217] Compiling a_digest.cc
[1007/1217] Compiling thread_pthread.cc
[1009/1217] Compiling voprf.cc
[1010/1217] Compiling thread_none.cc
[1011/1217] Compiling trust_token.cc
[1012/1217] Compiling thread.cc
[1013/1217] Compiling pmbtoken.cc
[1014/1217] Compiling stack.cc
[1015/1217] Compiling siphash.cc
[1016/1217] Compiling sha512.cc
[1017/1217] Compiling sha256.cc
[1018/1217] Compiling sha1.cc
[1019/1217] Compiling slhdsa.cc
[1020/1217] Compiling rsa_print.cc
[1021/1217] Compiling spake2plus.cc
[1022/1217] Compiling rsa_extra.cc
[1023/1217] Compiling refcount.cc
[1024/1217] Compiling rsa_crypt.cc
[1025/1217] Compiling rc4.cc
[1026/1217] Compiling windows.cc
[1027/1217] Compiling trusty.cc
[1028/1217] Compiling urandom.cc
[1029/1217] Compiling rand.cc
[1030/1217] Compiling rsa_asn1.cc
[1031/1217] Compiling passive.cc
[1032/1217] Compiling ios.cc
[1033/1217] Compiling poly1305_arm_asm.S
[1034/1217] Compiling getentropy.cc
[1035/1217] Compiling forkunsafe.cc
[1036/1217] Compiling deterministic.cc
[1037/1217] Compiling fork_detect.cc
[1038/1217] Compiling poly1305_vec.cc
[1039/1217] Compiling poly1305_arm.cc
[1040/1217] Compiling poly1305.cc
[1041/1217] Compiling pool.cc
[1042/1217] Compiling pkcs8_x509.cc
[1043/1217] Compiling pkcs8.cc
[1044/1217] Compiling p5_pbev2.cc
[1045/1217] Compiling pkcs7_x509.cc
[1046/1217] Compiling pkcs7.cc
[1047/1217] Compiling pem_xaux.cc
[1048/1217] Compiling pem_x509.cc
[1049/1217] Compiling pem_pkey.cc
[1050/1217] Compiling pem_pk8.cc
[1051/1217] Compiling pem_oth.cc
[1052/1217] Compiling mlkem.cc
[1053/1217] Compiling pem_lib.cc
[1054/1217] Compiling pem_info.cc
[1055/1217] Compiling obj_xref.cc
[1056/1217] Compiling pem_all.cc
[1057/1217] Compiling obj.cc
[1058/1217] Compiling poly_rq_mul.S
[1059/1217] Compiling mldsa.cc
[1060/1217] Compiling mem.cc
[1061/1217] Compiling fips_shared_support.cc
[1062/1217] Compiling lhash.cc
[1063/1217] Compiling md4.cc
[1064/1217] Compiling md5.cc
[1065/1217] Compiling kyber.cc
[1066/1217] Compiling fuzzer_mode.cc
[1067/1217] Compiling hrss.cc
[1068/1217] Compiling ex_data.cc
[1069/1217] Compiling hpke.cc
[1070/1217] Compiling scrypt.cc
[1071/1217] Compiling pbkdf.cc
[1072/1217] Compiling print.cc
[1073/1217] Compiling sign.cc
[1074/1217] Compiling p_x25519.cc
[1075/1217] Compiling p_x25519_asn1.cc
[1076/1217] Compiling p_rsa_asn1.cc
[1077/1217] Compiling p_rsa.cc
[1078/1217] Compiling p_hkdf.cc
[1079/1217] Compiling p_ed25519.cc
[1079/1217] Compiling p_ed25519_asn1.cc
[1081/1217] Compiling p_ec.cc
[1082/1217] Compiling p_ec_asn1.cc
[1083/1217] Compiling p_dsa_asn1.cc
[1084/1217] Compiling p_dh_asn1.cc
[1085/1217] Compiling p_dh.cc
[1086/1217] Compiling evp_ctx.cc
[1087/1217] Compiling evp.cc
[1088/1217] Compiling err.cc
[1089/1217] Compiling evp_asn1.cc
[1090/1217] Compiling engine.cc
[1091/1217] Compiling ecdsa_p1363.cc
[1092/1217] Compiling ecdh.cc
[1093/1217] Compiling ec_derive.cc
[1094/1217] Compiling ecdsa_asn1.cc
[1095/1217] Compiling hash_to_curve.cc
[1096/1217] Compiling dsa.cc
[1097/1217] Compiling dsa_asn1.cc
[1098/1217] Compiling ec_asn1.cc
[1099/1217] Compiling des.cc
[1100/1217] Compiling x25519-asm-arm.S
[1101/1217] Compiling digest_extra.cc
[1102/1217] Compiling params.cc
[1103/1217] Compiling curve25519_64_adx.cc
[1104/1217] Compiling dh_asn1.cc
[1105/1217] Compiling spake25519.cc
[1106/1217] Compiling curve25519.cc
[1107/1217] Compiling crypto.cc
[1108/1217] Compiling cpu_intel.cc
[1109/1217] Compiling cpu_arm_freebsd.cc
[1110/1217] Compiling cpu_arm_linux.cc
[1111/1217] Compiling cpu_aarch64_win.cc
[1112/1217] Compiling cpu_aarch64_linux.cc
[1113/1217] Compiling cpu_aarch64_sysreg.cc
[1114/1217] Compiling cpu_aarch64_openbsd.cc
[1115/1217] Compiling cpu_aarch64_fuchsia.cc
[1116/1217] Compiling cpu_aarch64_apple.cc
[1117/1217] Compiling conf.cc
[1118/1217] Compiling tls_cbc.cc
[1119/1217] Compiling get_cipher.cc
[1120/1217] Compiling e_tls.cc
[1121/1217] Compiling e_rc4.cc
[1122/1217] Compiling cms.cc
[1123/1217] Compiling e_rc2.cc
[1124/1217] Compiling e_null.cc
[1125/1217] Compiling e_des.cc
[1126/1217] Compiling e_chacha20poly1305.cc
[1127/1217] Compiling e_aesgcmsiv.cc
[1128/1217] Compiling e_aeseax.cc
[1129/1217] Compiling derive_key.cc
[1129/1217] Compiling e_aesctrhmac.cc
[1131/1217] Compiling chacha.cc
[1132/1217] Compiling unicode.cc
[1133/1217] Compiling buf.cc
[1134/1217] Compiling sqrt.cc
[1135/1217] Compiling cbb.cc
[1136/1217] Compiling cbs.cc
[1137/1217] Compiling ber.cc
[1138/1217] Compiling asn1_compat.cc
[1139/1217] Compiling exponentiation.cc
[1140/1217] Compiling div.cc
[1141/1217] Compiling blake2.cc
[1142/1217] Compiling hexdump.cc
[1143/1217] Compiling printf.cc
[1144/1217] Compiling pair.cc
[1145/1217] Compiling bn_asn1.cc
[1146/1217] Compiling convert.cc
[1147/1217] Compiling file.cc
[1148/1217] Compiling fd.cc
[1149/1217] Compiling errno.cc
[1150/1217] Compiling bio_mem.cc
[1151/1217] Compiling base64.cc
[1152/1217] Compiling bio.cc
[1153/1217] Compiling tasn_typ.cc
[1154/1217] Compiling tasn_utl.cc
[1155/1217] Compiling tasn_fre.cc
[1156/1217] Compiling tasn_enc.cc
[1157/1217] Compiling posix_time.cc
[1158/1217] Compiling tasn_new.cc
[1159/1217] Compiling f_string.cc
[1160/1217] Compiling tasn_dec.cc
[1161/1217] Compiling f_int.cc
[1162/1217] Compiling asn_pack.cc
[1163/1217] Compiling asn1_par.cc
[1164/1217] Compiling asn1_lib.cc
[1165/1217] Compiling a_utctm.cc
[1166/1217] Compiling a_octet.cc
[1167/1217] Compiling a_time.cc
[1168/1217] Compiling a_type.cc
[1169/1217] Compiling bcm.cc
[1170/1217] Compiling a_strnid.cc
[1171/1217] Compiling a_strex.cc
[1172/1217] Compiling a_dup.cc
[1173/1217] Compiling a_i2d_fp.cc
[1174/1217] Compiling a_mbstr.cc
[1175/1217] Compiling a_object.cc
[1176/1217] Write sources
[1177/1217] Compiling a_d2i_fp.cc
[1178/1217] Write sources
[1180/1217] Compiling CAsyncHTTPClient CAsyncHTTPClient.c
[1181/1260] Compiling a_gentm.cc
[1182/1260] Compiling a_int.cc
[1183/1260] Compiling a_bool.cc
[1185/1260] Compiling Algorithms EitherSequence.swift
[1186/1260] Compiling Algorithms FirstNonNil.swift
[1186/1262] Compiling aes.cc
[1188/1262] Compiling Algorithms Partition.swift
[1189/1262] Compiling Algorithms Permutations.swift
[1190/1262] Compiling Atomics IntegerOperations.swift
[1191/1262] Compiling Atomics Unmanaged extensions.swift
[1191/1262] Compiling a_bitstr.cc
[1193/1262] Compiling Algorithms Grouped.swift
[1194/1262] Compiling Algorithms Indexed.swift
[1195/1262] Compiling Algorithms Product.swift
[1196/1262] Compiling Algorithms Joined.swift
[1197/1262] Compiling Algorithms Keyed.swift
[1198/1262] Compiling Algorithms MinMax.swift
[1199/1262] Compiling Algorithms FlattenCollection.swift
[1201/1270] Compiling Algorithms Reductions.swift
[1202/1270] Compiling Algorithms Rotate.swift
[1203/1273] Compiling Algorithms Split.swift
[1204/1273] Compiling Algorithms Stride.swift
[1205/1273] Compiling Algorithms Suffix.swift
[1212/1273] Compiling Algorithms Trim.swift
[1213/1273] Compiling Algorithms Unique.swift
[1214/1273] Compiling Algorithms Windows.swift
[1215/1273] Compiling Algorithms Compacted.swift
[1216/1273] Compiling Algorithms Cycle.swift
[1219/1273] Compiling Algorithms AdjacentPairs.swift
[1220/1273] Compiling Algorithms Chain.swift
[1221/1273] Compiling Algorithms Chunked.swift
[1222/1273] Compiling Algorithms Combinations.swift
[1227/1273] Compiling CryptoBoringWrapper CryptoKitErrors_boring.swift
[1228/1273] Compiling CryptoBoringWrapper RandomBytes.swift
[1229/1273] Compiling CryptoBoringWrapper EllipticCurvePoint.swift
[1230/1273] Compiling CryptoBoringWrapper FiniteFieldArithmeticContext.swift
[1231/1273] Compiling CryptoBoringWrapper EllipticCurve.swift
[1232/1273] Compiling CryptoBoringWrapper ArbitraryPrecisionInteger.swift
[1236/1273] Emitting module Atomics
[1241/1274] Emitting module CryptoBoringWrapper
[1242/1274] Compiling CryptoBoringWrapper BoringSSLAEAD.swift
[1243/1275] Wrapping AST for Atomics for debugging
[1244/1283] Wrapping AST for CryptoBoringWrapper for debugging
[1246/1320] Emitting module Algorithms
[1247/1424] Wrapping AST for Algorithms for debugging
[1249/1424] Compiling Crypto XWing_boring.swift
[1250/1424] Compiling Crypto KEM-Errors.swift
[1251/1424] Compiling Crypto KEM.swift
[1252/1424] Compiling Crypto MLKEM.swift
[1253/1424] Compiling Crypto XWing.swift
[1254/1424] Compiling Crypto ECDH_boring.swift
[1255/1424] Compiling Crypto DH.swift
[1256/1424] Compiling Crypto ECDH.swift
[1257/1424] Compiling Crypto ANSIx963.swift
[1258/1432] Emitting module Crypto
[1259/1443] Compiling Crypto HPKE-Errors.swift
[1260/1443] Compiling Crypto HPKE.swift
[1261/1443] Compiling Crypto HPKE-Context.swift
[1262/1443] Compiling Crypto HPKE-KeySchedule.swift
[1263/1443] Compiling Crypto HPKE-Modes.swift
[1264/1443] Compiling Crypto Insecure.swift
[1265/1443] Compiling Crypto Insecure_HashFunctions.swift
[1266/1443] Compiling Crypto MLKEM_boring.swift
[1267/1443] Compiling Crypto MLKEM_wrapper.swift
[1268/1443] Compiling Crypto HKDF.swift
[1269/1443] Compiling Crypto AESWrap.swift
[1270/1443] Compiling Crypto AESWrap_boring.swift
[1271/1443] Compiling Crypto Ed25519_boring.swift
[1272/1443] Compiling Crypto NISTCurvesKeys_boring.swift
[1273/1443] Compiling Crypto X25519Keys_boring.swift
[1274/1443] Compiling Crypto Curve25519.swift
[1275/1443] Compiling Crypto Ed25519Keys.swift
[1276/1443] Compiling Crypto NISTCurvesKeys.swift
[1277/1443] Compiling Crypto X25519Keys.swift
[1278/1443] Compiling Crypto SymmetricKeys.swift
[1279/1443] Compiling Crypto HMAC.swift
[1280/1443] Compiling Crypto CryptoKitErrors.swift
[1281/1443] Compiling Crypto Digest_boring.swift
[1282/1443] Compiling Crypto Digest.swift
[1283/1443] Compiling Crypto Digests.swift
[1284/1443] Compiling NIOCore SingleStepByteToMessageDecoder.swift
[1285/1443] Compiling NIOCore SocketAddresses.swift
[1286/1443] Compiling NIOCore SocketOptionProvider.swift
[1287/1443] Compiling NIOCore SystemCallHelpers.swift
[1288/1443] Compiling NIOCore TimeAmount+Duration.swift
[1289/1443] Compiling NIOCore TypeAssistedChannelHandler.swift
[1290/1443] Compiling NIOCore UniversalBootstrapSupport.swift
[1291/1443] Compiling NIOCore Utilities.swift
[1292/1443] Compiling Crypto SEC1PrivateKey.swift
[1293/1443] Compiling Crypto SubjectPublicKeyInfo.swift
[1294/1443] Compiling Crypto CryptoError_boring.swift
[1295/1443] Compiling Crypto HPKE-LabeledExtract.swift
[1296/1443] Compiling Crypto HPKE-Utils.swift
[1297/1443] Compiling Crypto DHKEM.swift
[1298/1443] Compiling Crypto HPKE-KEM-Curve25519.swift
[1299/1443] Compiling Crypto HPKE-NIST-EC-KEMs.swift
[1300/1443] Compiling Crypto HPKE-KEM.swift
[1301/1443] Compiling Crypto AES-GCM.swift
[1302/1443] Compiling Crypto AES-GCM_boring.swift
[1303/1443] Compiling Crypto ChaChaPoly_boring.swift
[1304/1443] Compiling Crypto ChaChaPoly.swift
[1305/1443] Compiling Crypto Cipher.swift
[1306/1443] Compiling Crypto Nonces.swift
[1307/1443] Compiling Crypto ASN1.swift
[1308/1443] Compiling Crypto ASN1Any.swift
[1309/1443] Compiling Crypto ASN1BitString.swift
[1322/1443] Compiling Crypto MACFunctions.swift
[1323/1443] Compiling Crypto MessageAuthenticationCode.swift
[1324/1443] Compiling Crypto AES.swift
[1325/1443] Compiling Crypto ECDSASignature_boring.swift
[1326/1443] Compiling Crypto ECDSA_boring.swift
[1327/1443] Compiling Crypto EdDSA_boring.swift
[1328/1443] Compiling Crypto MLDSA_boring.swift
[1329/1443] Compiling Crypto MLDSA_wrapper.swift
[1330/1443] Compiling Crypto ECDSA.swift
[1331/1443] Compiling Crypto Ed25519.swift
[1332/1443] Compiling Crypto MLDSA.swift
[1345/1443] Compiling Crypto ASN1Null.swift
[1346/1443] Compiling Crypto ASN1OctetString.swift
[1347/1443] Compiling Crypto ASN1Strings.swift
[1348/1443] Compiling Crypto ArraySliceBigint.swift
[1349/1443] Compiling Crypto GeneralizedTime.swift
[1350/1443] Compiling Crypto ObjectIdentifier.swift
[1351/1443] Compiling Crypto ECDSASignature.swift
[1352/1443] Compiling Crypto PEMDocument.swift
[1353/1443] Compiling Crypto PKCS8PrivateKey.swift
[1366/1443] Compiling Crypto ASN1Boolean.swift
[1367/1443] Compiling Crypto ASN1Identifier.swift
[1368/1443] Compiling Crypto ASN1Integer.swift
[1395/1443] Compiling Crypto Signature.swift
[1396/1443] Compiling Crypto CryptoKitErrors_boring.swift
[1397/1443] Compiling Crypto Optional+withUnsafeBytes_boring.swift
[1398/1443] Compiling Crypto RNG_boring.swift
[1399/1443] Compiling Crypto SafeCompare_boring.swift
[1400/1443] Compiling Crypto Zeroization_boring.swift
[1401/1443] Compiling Crypto _CryptoModuleAnchor.swift
[1402/1443] Compiling Crypto PrettyBytes.swift
[1403/1443] Compiling Crypto SafeCompare.swift
[1404/1443] Compiling Crypto SecureBytes.swift
[1405/1443] Compiling Crypto Zeroization.swift
[1406/1444] Wrapping AST for Crypto for debugging
[1408/1506] Emitting module CryptoExtras
[1409/1514] Compiling CryptoExtras PBKDF2.swift
[1410/1514] Compiling CryptoExtras Scrypt_boring.swift
[1411/1514] Compiling CryptoExtras Scrypt.swift
[1412/1514] Compiling CryptoExtras OPRF.swift
[1413/1514] Compiling CryptoExtras OPRFClient.swift
[1414/1514] Compiling CryptoExtras OPRFServer.swift
[1415/1514] Compiling CryptoExtras VOPRF+API.swift
[1416/1514] Compiling CryptoExtras VOPRFClient.swift
[1417/1514] Compiling CryptoExtras VOPRFServer.swift
[1418/1514] Compiling CryptoExtras AES_CBC.swift
[1419/1514] Compiling CryptoExtras AES_CFB.swift
[1420/1514] Compiling CryptoExtras AES_CTR.swift
[1421/1514] Compiling CryptoExtras AES_GCM_SIV.swift
[1422/1514] Compiling CryptoExtras Block Function.swift
[1423/1514] Compiling CryptoExtras AES_CBC_boring.swift
[1424/1514] Compiling CryptoExtras AES_CFB_boring.swift
[1425/1514] Compiling CryptoExtras AES_CTR_boring.swift
[1426/1514] Compiling CryptoExtras AES_GCM_SIV_boring.swift
[1427/1514] Compiling CryptoExtras ThreadOps.swift
[1428/1514] Compiling CryptoExtras ThreadPosix.swift
[1429/1514] Compiling CryptoExtras ThreadSpecific.swift
[1430/1514] Compiling CryptoExtras ThreadWindows.swift
[1431/1514] Compiling CryptoExtras DLEQ.swift
[1432/1514] Compiling CryptoExtras Prover.swift
[1433/1514] Compiling CryptoExtras Verifier.swift
[1434/1514] Compiling CryptoExtras ZKPToolbox.swift
[1435/1514] Compiling CryptoExtras Data+Extensions.swift
[1436/1514] Compiling CryptoExtras DigestType.swift
[1437/1514] Compiling CryptoExtras Error.swift
[1438/1514] Compiling CryptoExtras I2OSP.swift
[1439/1514] Compiling CryptoExtras IntegerEncoding.swift
[1440/1514] Compiling CryptoExtras PEMDocument.swift
[1441/1514] Compiling CryptoExtras PrettyBytes.swift
[1442/1514] Compiling CryptoExtras SubjectPublicKeyInfo.swift
[1443/1514] Compiling CryptoExtras ARCServer.swift
[1444/1514] Compiling CryptoExtras ChaCha20CTR_boring.swift
[1445/1514] Compiling CryptoExtras ChaCha20CTR.swift
[1446/1514] Compiling CryptoExtras BoringSSLSHA512256Context.swift
[1447/1514] Compiling CryptoExtras BoringSSLSHA512256HashFunction.swift
[1448/1514] Compiling CryptoExtras SHA512256.swift
[1449/1514] Compiling CryptoExtras SHA512256Digest.swift
[1450/1514] Compiling CryptoExtras Curve25519+PEM.swift
[1451/1514] Compiling CryptoExtras ObjectIdentifier.swift
[1452/1514] Compiling CryptoExtras PKCS8DERRepresentation.swift
[1453/1514] Compiling CryptoExtras PKCS8PrivateKey.swift
[1454/1514] Compiling CryptoExtras RFC8410AlgorithmIdentifier.swift
[1455/1514] Compiling CryptoExtras ECToolbox_boring.swift
[1456/1514] Compiling CryptoExtras ECToolbox.swift
[1457/1514] Compiling CryptoExtras HashToField.swift
[1458/1514] Compiling CryptoExtras KDF.swift
[1459/1514] Compiling CryptoExtras PBKDF2_boring.swift
[1460/1514] Compiling CryptoExtras PBKDF2_commoncrypto.swift
[1461/1514] Compiling CryptoExtras CMAC.swift
[1462/1514] Compiling CryptoExtras ARC+API.swift
[1463/1514] Compiling CryptoExtras ARC.swift
[1464/1514] Compiling CryptoExtras ARCCredential.swift
[1465/1514] Compiling CryptoExtras ARCEncoding.swift
[1466/1514] Compiling CryptoExtras ARCPrecredential.swift
[1467/1514] Compiling CryptoExtras ARCPresentation.swift
[1468/1514] Compiling CryptoExtras ARCRequest.swift
[1469/1514] Compiling CryptoExtras ARCResponse.swift
[1470/1514] Compiling CryptoExtras BoringSSLPassphraseCallbackManager.swift
[1471/1514] Compiling CryptoExtras RSA+BlindSigning.swift
[1472/1514] Compiling CryptoExtras RSA.swift
[1473/1514] Compiling CryptoExtras RSA_boring.swift
[1474/1514] Compiling CryptoExtras Reexport.swift
[1475/1514] Compiling CryptoExtras Zeroization_boring.swift
[1476/1514] Compiling CryptoExtras BoringSSLHelpers.swift
[1477/1514] Compiling CryptoExtras CryptoKitErrors_boring.swift
[1478/1515] Wrapping AST for CryptoExtras for debugging
[1480/1517] Emitting module _CryptoExtras
[1481/1517] Compiling _CryptoExtras Exports.swift
[1482/1518] Wrapping AST for _CryptoExtras for debugging
[1493/1613] Emitting module NIOCore
[1494/1614] Wrapping AST for NIOCore for debugging
[1496/1671] Compiling NIOFoundationEssentialsCompat Codable+ByteBuffer.swift
[1497/1671] Compiling NIOEmbedded AsyncTestingEventLoop.swift
[1498/1671] Compiling NIOEmbedded AsyncTestingChannel.swift
[1499/1671] Compiling NIOEmbedded Embedded.swift
[1500/1671] Emitting module NIOEmbedded
[1501/1671] Emitting module NIOFoundationEssentialsCompat
[1502/1671] Compiling NIOFoundationEssentialsCompat ByteBuffer-foundation.swift
[1504/1673] Wrapping AST for NIOFoundationEssentialsCompat for debugging
[1505/1673] Wrapping AST for NIOEmbedded for debugging
[1507/1673] Compiling NIOPosix SelectorKqueue.swift
[1508/1673] Compiling NIOPosix SelectorUring.swift
[1509/1673] Compiling NIOPosix PipeChannel.swift
[1510/1673] Compiling NIOPosix PipePair.swift
[1511/1673] Compiling NIOPosix Pool.swift
[1512/1673] Compiling NIOPosix PosixSingletons+ConcurrencyTakeOver.swift
[1513/1673] Compiling NIOPosix PosixSingletons.swift
[1514/1673] Compiling NIOPosix RawSocketBootstrap.swift
[1515/1673] Compiling NIOPosix Resolver.swift
[1516/1673] Compiling X509 AuthorityKeyIdentifier.swift
[1517/1673] Compiling X509 BasicConstraints.swift
[1518/1673] Compiling X509 ExtendedKeyUsage.swift
[1519/1673] Compiling X509 ExtensionIdentifiers.swift
[1520/1673] Compiling X509 KeyUsage.swift
[1521/1686] Compiling NIOPosix BSDSocketAPICommon.swift
[1522/1686] Compiling NIOPosix BSDSocketAPIPosix.swift
[1523/1686] Compiling NIOPosix BSDSocketAPIWindows.swift
[1524/1686] Compiling NIOPosix BaseSocket.swift
[1525/1686] Compiling NIOPosix BaseSocketChannel+AccessibleTransport.swift
[1526/1686] Compiling NIOPosix BaseSocketChannel+SocketOptionProvider.swift
[1527/1686] Compiling NIOPosix BaseSocketChannel.swift
[1528/1686] Compiling NIOPosix MultiThreadedEventLoopGroup.swift
[1529/1686] Compiling NIOPosix NIOPosixSendableMetatype.swift
[1530/1686] Compiling NIOPosix NIORandomizedDNSResolver.swift
[1531/1686] Compiling NIOPosix NIOThreadPool.swift
[1532/1686] Compiling NIOPosix NonBlockingFileIO.swift
[1533/1686] Compiling NIOPosix PendingDatagramWritesManager.swift
[1534/1686] Compiling NIOPosix PendingWritesManager.swift
[1535/1686] Compiling X509 OneOfPolicies.swift
[1536/1686] Compiling X509 PolicyBuilder.swift
[1537/1686] Compiling X509 BasicConstraintsPolicy.swift
[1538/1686] Compiling X509 DNSNames.swift
[1539/1686] Compiling X509 ExpiryPolicy.swift
[1540/1686] Compiling X509 IPConstraints.swift
[1541/1686] Compiling X509 NameConstraintsPolicy.swift
[1542/1686] Compiling X509 RFC5280Policy.swift
[1543/1686] Compiling X509 URIConstraints.swift
[1544/1686] Compiling X509 VersionPolicy.swift
[1545/1686] Compiling X509 ServerIdentityPolicy.swift
[1546/1686] Compiling X509 TrustRootLoading.swift
[1547/1686] Compiling X509 UnverifiedChain.swift
[1548/1686] Compiling NIOPosix GetaddrinfoResolver.swift
[1549/1686] Compiling NIOPosix SelectorWSAPoll.swift
[1550/1686] Compiling NIOPosix ServerSocket.swift
[1551/1686] Compiling NIOPosix Socket.swift
[1552/1686] Compiling NIOPosix SocketChannel.swift
[1553/1686] Compiling NIOPosix SocketProtocols.swift
[1554/1686] Compiling NIOPosix StructuredConcurrencyHelpers.swift
[1555/1686] Compiling NIOPosix System.swift
[1556/1686] Compiling NIOPosix Selectable.swift
[1557/1686] Compiling NIOPosix SelectableChannel.swift
[1558/1686] Compiling NIOPosix SelectableEventLoop.swift
[1559/1686] Compiling NIOPosix SelectorEpoll.swift
[1560/1686] Compiling NIOPosix SelectorGeneric.swift
[1582/1690] Compiling X509 NameConstraints.swift
[1583/1690] Compiling X509 SubjectAlternativeName.swift
[1584/1690] Compiling X509 SubjectKeyIdentifier.swift
[1585/1690] Compiling X509 Extension.swift
[1586/1690] Compiling X509 Extensions.swift
[1587/1690] Compiling X509 ExtensionsBuilder.swift
[1588/1690] Compiling X509 GeneralName.swift
[1589/1690] Compiling X509 Lock.swift
[1590/1690] Compiling X509 LockedValueBox.swift
[1591/1690] Compiling X509 BasicOCSPResponse.swift
[1592/1690] Compiling X509 DirectoryString.swift
[1593/1690] Compiling X509 OCSPCertID.swift
[1594/1690] Compiling X509 OCSPCertStatus.swift
[1595/1690] Compiling X509 CSRAttribute.swift
[1596/1690] Compiling X509 CSRAttributes.swift
[1597/1690] Compiling X509 CSRVersion.swift
[1598/1690] Compiling X509 CertificateSigningRequest.swift
[1599/1690] Compiling X509 CertificationRequestInfo.swift
[1600/1690] Compiling X509 ExtensionRequest.swift
[1601/1690] Compiling X509 Certificate.swift
[1602/1690] Compiling X509 CertificatePrivateKey.swift
[1603/1690] Compiling X509 CertificatePublicKey.swift
[1604/1690] Compiling X509 CertificateSerialNumber.swift
[1605/1690] Compiling X509 CertificateVersion.swift
[1606/1690] Compiling X509 CMSAttribute.swift
[1607/1690] Compiling X509 CMSContentInfo.swift
[1608/1690] Compiling X509 CMSEncapsulatedContentInfo.swift
[1609/1693] Compiling NIOPosix HappyEyeballs.swift
[1610/1693] Compiling NIOPosix IO.swift
[1611/1693] Compiling NIOPosix IntegerBitPacking.swift
[1612/1693] Compiling NIOPosix IntegerTypes.swift
[1613/1693] Compiling NIOPosix Linux.swift
[1614/1693] Compiling NIOPosix LinuxCPUSet.swift
[1615/1693] Compiling NIOPosix LinuxUring.swift
[1616/1693] Compiling NIOPosix BaseStreamSocketChannel.swift
[1617/1693] Compiling NIOPosix Bootstrap.swift
[1618/1693] Compiling NIOPosix ControlMessage.swift
[1619/1693] Compiling NIOPosix DatagramVectorReadManager.swift
[1620/1693] Compiling NIOPosix Errors+Any.swift
[1621/1693] Compiling NIOPosix FileDescriptor.swift
[1643/1693] Emitting module NIOPosix
[1651/1693] Compiling NIOPosix Thread.swift
[1652/1693] Compiling NIOPosix ThreadPosix.swift
[1653/1693] Compiling NIOPosix ThreadWindows.swift
[1654/1693] Compiling NIOPosix Utilities.swift
[1655/1693] Compiling NIOPosix VsockAddress.swift
[1656/1693] Compiling NIOPosix VsockChannelEvents.swift
[1657/1693] Compiling NIOPosix Windows.swift
[1658/1694] Wrapping AST for NIOPosix for debugging
[1660/1696] Emitting module NIO
[1661/1696] Compiling NIO Exports.swift
[1662/1697] Emitting module X509
[1663/1697] Wrapping AST for NIO for debugging
[1665/1736] Compiling NIOFoundationCompat Exports.swift
[1666/1736] Emitting module NIOFoundationCompat
[1667/1736] Emitting module NIOSOCKS
[1668/1737] Compiling NIOSOCKS ClientStateMachine.swift
[1669/1737] Compiling NIOSOCKS SelectedAuthenticationMethod.swift
[1670/1737] Compiling X509 ValidatedCertificateChain.swift
[1671/1737] Compiling X509 VerificationDiagnostic.swift
[1672/1737] Compiling X509 Verifier.swift
[1673/1737] Compiling X509 VerifierPolicy.swift
[1674/1737] Compiling X509 AlgorithmIdentifier.swift
[1675/1737] Compiling X509 ECDSASignature.swift
[1676/1737] Compiling X509 RSAPKCS1PublicKey.swift
[1677/1737] Compiling X509 SubjectPublicKeyInfo.swift
[1678/1737] Compiling X509 TBSCertificate.swift
[1679/1737] Compiling X509 Time.swift
[1680/1737] Compiling X509 TimeCalculations.swift
[1681/1737] Compiling X509 Validity.swift
[1682/1737] Compiling X509 X509SendableMetatype.swift
[1683/1737] Compiling NIOFoundationCompat JSONSerialization+ByteBuffer.swift
[1684/1737] Compiling NIOFoundationCompat WaitSpinningRunLoop.swift
[1686/1739] Compiling NIOSOCKS SOCKSResponse.swift
[1688/1739] Compiling NIOTLS NIOTypedApplicationProtocolNegotiationHandler.swift
[1689/1739] Compiling NIOTLS SNIHandler.swift
[1690/1739] Compiling NIOTLS TLSEvents.swift
[1691/1739] Emitting module NIOTLS
[1692/1739] Compiling NIOTLS ProtocolNegotiationHandlerStateMachine.swift
[1693/1739] Compiling NIOTLS ApplicationProtocolNegotiationHandler.swift
[1693/1739] Wrapping AST for NIOFoundationCompat for debugging
[1695/1739] Compiling NIOSOCKS AuthenticationMethod.swift
[1696/1739] Compiling NIOSOCKS ClientGreeting.swift
[1697/1740] Compiling NIOHTTP1 HTTPServerPipelineHandler.swift
[1698/1740] Compiling NIOHTTP1 HTTPServerProtocolErrorHandler.swift
[1699/1740] Compiling NIOSOCKS ServerStateMachine.swift
[1700/1740] Wrapping AST for X509 for debugging
[1702/1740] Compiling NIOSOCKS Errors.swift
[1703/1740] Compiling NIOSOCKS Helpers.swift
[1704/1740] Compiling NIOSOCKS Messages.swift
[1705/1740] Compiling NIOSOCKS SOCKSRequest.swift
[1706/1741] Wrapping AST for NIOTLS for debugging
[1708/1838] Compiling NIOSSL SSLCertificateExtensions.swift
[1709/1838] Compiling NIOSSL SSLCertificateName.swift
[1709/1840] Wrapping AST for NIOSOCKS for debugging
[1711/1840] Compiling NIOSSL LinuxCABundle.swift
[1712/1840] Compiling NIOSSL NIOSSLClientHandler.swift
[1713/1840] Compiling NIOSSL CustomPrivateKey.swift
[1714/1840] Compiling NIOSSL FreeBSDCABundle.swift
[1715/1840] Compiling NIOSSL ObjectIdentifier.swift
[1716/1840] Compiling NIOSSL PosixPort.swift
[1717/1840] Compiling NIOSSL NIOSSLHandler+Configuration.swift
[1718/1840] Compiling NIOSSL NIOSSLHandler.swift
[1719/1840] Compiling NIOSSL NIOSSLServerHandler.swift
[1720/1840] Compiling NIOSSL IdentityVerification.swift
[1721/1840] Compiling NIOSSL SSLCertificate.swift
[1722/1840] Compiling JWTKit MLDSAType.swift
[1723/1840] Compiling JWTKit JWTKeyCollection+UnsecuredNone.swift
[1724/1840] Compiling JWTKit UnsecuredNoneSigner.swift
[1725/1840] Compiling JWTKit JWTKeyCollection+RSA.swift
[1726/1840] Compiling JWTKit RSA.swift
[1727/1840] Compiling JWTKit RSAError.swift
[1728/1840] Compiling JWTKit RSASigner.swift
[1729/1840] Compiling JWTKit Base64URL.swift
[1730/1840] Compiling JWTKit CryptoSigner.swift
[1738/1849] Compiling NIOSSL SSLCallbacks.swift
[1739/1849] Compiling NIOSSL AndroidCABundle.swift
[1740/1849] Compiling NIOSSL ByteBufferBIO.swift
[1747/1849] Compiling NIOHTTP1 NIOTypedHTTPServerUpgradeHandler.swift
[1748/1849] Compiling NIOHTTP1 NIOTypedHTTPServerUpgraderStateMachine.swift
[1749/1849] Compiling NIOSSL NIOSSLSecureBytes.swift
[1750/1849] Compiling NIOSSL RNG.swift
[1751/1849] Compiling JWTKit JWTSerializer.swift
[1752/1849] Compiling JWTKit JWTSigner.swift
[1753/1849] Compiling JWTKit JWTKeyCollection+MLDSA.swift
[1754/1849] Compiling JWTKit MLDSA.swift
[1755/1849] Compiling JWTKit MLDSA65+MLDSAKey.swift
[1756/1849] Compiling JWTKit MLDSA87+MLDSAKey.swift
[1757/1849] Compiling JWTKit MLDSAError.swift
[1758/1849] Compiling JWTKit MLDSAKey.swift
[1759/1849] Compiling JWTKit MLDSASigner.swift
[1762/1849] Emitting module JWTKit
[1766/1849] Emitting module NIOHTTP1
[1767/1850] Compiling NIOSSL SafeCompare.swift
[1768/1850] Compiling NIOSSL SSLContext.swift
[1769/1850] Compiling NIOSSL SSLErrors.swift
[1770/1850] Compiling NIOSSL SSLInit.swift
[1771/1850] Compiling NIOSSL SSLPKCS12Bundle.swift
[1772/1850] Compiling NIOSSL SSLPrivateKey.swift
[1773/1850] Compiling NIOSSL SSLPublicKey.swift
[1774/1850] Compiling NIOSSL SecurityFrameworkCertificateVerification.swift
[1775/1850] Compiling NIOSSL String+unsafeUninitializedCapacity.swift
[1776/1850] Compiling JWTKit ECDSASigner.swift
[1777/1850] Wrapping AST for NIOHTTP1 for debugging
[1779/1867] Compiling JWTKit HMAC.swift
[1780/1867] Compiling JWTKit HMACError.swift
[1781/1867] Compiling JWTKit HMACSigner.swift
[1782/1867] Compiling JWTKit JWTKeyCollection+HMAC.swift
[1783/1867] Compiling JWTKit Insecure.swift
[1784/1867] Compiling JWTKit JWK.swift
[1785/1867] Compiling JWTKit JWKIdentifier.swift
[1786/1867] Compiling JWTKit JWKS.swift
[1787/1867] Compiling JWTKit JWKSigner.swift
[1788/1867] Compiling JWTKit JWTAlgorithm.swift
[1789/1867] Compiling JWTKit JWTError.swift
[1790/1867] Compiling JWTKit JWTHeader+CommonFields.swift
[1791/1867] Compiling JWTKit JWTHeader.swift
[1792/1867] Compiling JWTKit JWTHeaderField.swift
[1793/1867] Compiling JWTKit JWTKeyCollection.swift
[1794/1867] Compiling JWTKit JWTParser+MandatoryVerificationFields.swift
[1795/1867] Compiling JWTKit JWTParser.swift
[1796/1867] Compiling JWTKit JWTPayload.swift
[1797/1867] Compiling NIOHPACK IndexedHeaderTable.swift
[1798/1867] Compiling NIOHPACK IntegerCoding.swift
[1799/1868] Compiling NIOHPACK HuffmanTables.swift
[1800/1868] Compiling NIOHPACK HPACKHeader.swift
[1801/1868] Compiling NIOHPACK HeaderTables.swift
[1804/1868] Compiling NIOHPACK DynamicHeaderTable.swift
[1805/1868] Compiling NIOHPACK HPACKDecoder.swift
[1806/1868] Compiling NIOHPACK HPACKEncoder.swift
[1807/1868] Compiling NIOHPACK HPACKErrors.swift
[1813/1872] Emitting module NIOSSL
[1814/1872] Compiling NIOHTTPCompression HTTPCompression.swift
[1815/1872] Compiling NIOHTTPCompression HTTPDecompression.swift
[1816/1872] Emitting module NIOHTTPCompression
[1819/1872] Compiling NIOHPACK HuffmanCoding.swift
[1820/1872] Compiling NIOHPACK StaticHeaderTable.swift
[1821/1872] Compiling NIOHTTPCompression HTTPDecompressor.swift
[1822/1872] Compiling NIOHTTPCompression HTTPResponseCompressor.swift
[1823/1872] Compiling NIOHTTPCompression HTTPRequestCompressor.swift
[1824/1873] Emitting module NIOHPACK
[1825/1873] Wrapping AST for NIOHTTPCompression for debugging
[1839/1874] Compiling JWTKit CustomizedJSONCoders.swift
[1840/1874] Compiling JWTKit Utilities.swift
[1841/1874] Compiling JWTKit AppleIdentityToken.swift
[1842/1874] Compiling JWTKit FirebaseAuthIdentityToken.swift
[1843/1874] Compiling JWTKit GoogleIdentityToken.swift
[1844/1874] Compiling JWTKit MicrosoftIdentityToken.swift
[1845/1874] Compiling JWTKit EmptyPolicy.swift
[1846/1874] Compiling JWTKit ValidationTimePayload.swift
[1847/1874] Compiling JWTKit X5CVerifier.swift
[1849/1875] Wrapping AST for NIOHPACK for debugging
[1850/1885] Wrapping AST for JWTKit for debugging
[1852/1938] Compiling NIOHTTP2 QuiescingState.swift
[1853/1938] Compiling NIOHTTP2 RemotelyQuiescingState.swift
[1854/1938] Compiling NIOHTTP2 SendAndReceiveGoawayState.swift
[1855/1938] Compiling NIOHTTP2 StateMachineResult.swift
[1856/1938] Compiling NIOHTTP2 HTTP2ConnectionStateChange.swift
[1857/1938] Compiling NIOHTTP2 HTTP2Error.swift
[1858/1938] Compiling NIOHTTP2 HTTP2ErrorCode.swift
[1859/1938] Compiling NIOHTTP2 HTTP2FlowControlWindow.swift
[1860/1938] Compiling NIOHTTP2 MaySendFrames.swift
[1861/1938] Compiling NIOHTTP2 SendingDataState.swift
[1862/1938] Compiling NIOHTTP2 SendingGoawayState.swift
[1863/1938] Compiling NIOHTTP2 SendingHeadersState.swift
[1864/1938] Compiling NIOHTTP2 SendingPushPromiseState.swift
[1865/1938] Compiling NIOHTTP2 SendingRstStreamState.swift
[1866/1938] Compiling NIOHTTP2 SendingWindowUpdateState.swift
[1867/1938] Compiling NIOHTTP2 HTTP2SettingsState.swift
[1868/1938] Compiling NIOHTTP2 HasExtendedConnectSettings.swift
[1869/1946] Compiling NIOHTTP2 HTTP2PipelineHelpers.swift
[1870/1946] Compiling NIOHTTP2 HTTP2Settings.swift
[1871/1946] Compiling NIOHTTP2 HTTP2Stream.swift
[1872/1946] Compiling NIOHTTP2 HTTP2StreamChannel+OutboundStreamMultiplexer.swift
[1874/1947] Compiling NIOHTTP2 HasFlowControlWindows.swift
[1875/1947] Compiling NIOHTTP2 HasLocalSettings.swift
[1876/1947] Compiling NIOHTTP2 HasRemoteSettings.swift
[1877/1947] Compiling NIOHTTP2 LocallyQuiescingState.swift
[1882/1947] Compiling NIOHTTP2 ContentLengthVerifier.swift
[1882/1947] Wrapping AST for NIOSSL for debugging
[1884/1947] Emitting module NIOHTTP2
[1885/1947] Compiling NIOHTTP2 NIOHTTP2ServerConnectionManagementHandler.swift
[1886/1947] Compiling NIOHTTP2 StreamChannelFlowController.swift
[1887/1947] Compiling NIOHTTP2 StreamChannelList.swift
[1888/1947] Compiling NIOHTTP2 StreamMap.swift
[1889/1947] Compiling NIOHTTP2 StreamStateMachine.swift
[1890/1947] Compiling NIOHTTP2 Timer.swift
[1891/1947] Compiling NIOHTTP2 UnsafeTransfer.swift
[1892/1947] Compiling NIOHTTP2 WatermarkedFlowController.swift
[1893/1947] Compiling NIOHTTP2 ConnectionStateMachine.swift
[1894/1947] Compiling NIOHTTP2 ConnectionStreamsState.swift
[1895/1947] Compiling NIOHTTP2 MayReceiveFrames.swift
[1896/1947] Compiling NIOHTTP2 ReceivingDataState.swift
[1897/1947] Compiling NIOHTTP2 ReceivingGoAwayState.swift
[1898/1947] Compiling NIOHTTP2 ReceivingHeadersState.swift
[1899/1947] Compiling NIOHTTP2 ReceivingPushPromiseState.swift
[1900/1947] Compiling NIOHTTP2 ReceivingRstStreamState.swift
[1901/1947] Compiling NIOHTTP2 ReceivingWindowUpdateState.swift
[1902/1947] Compiling NIOHTTP2 DOSHeuristics.swift
[1903/1947] Compiling NIOHTTP2 Error+Any.swift
[1904/1947] Compiling NIOHTTP2 ConcurrentStreamBuffer.swift
[1905/1947] Compiling NIOHTTP2 ControlFrameBuffer.swift
[1906/1947] Compiling NIOHTTP2 OutboundFlowControlBuffer.swift
[1907/1947] Compiling NIOHTTP2 OutboundFrameBuffer.swift
[1908/1947] Compiling NIOHTTP2 GlitchesMonitor.swift
[1909/1947] Compiling NIOHTTP2 HPACKHeaders+Validation.swift
[1910/1947] Compiling NIOHTTP2 HTTP2ChannelHandler+InboundStreamMultiplexer.swift
[1911/1947] Compiling NIOHTTP2 HTTP2ChannelHandler+InlineStreamMultiplexer.swift
[1912/1947] Compiling NIOHTTP2 HTTP2ChannelHandler.swift
[1913/1947] Compiling NIOHTTP2 HTTP2CommonInboundStreamMultiplexer.swift
[1918/1947] Compiling NIOHTTP2 HTTP2Frame.swift
[1919/1947] Compiling NIOHTTP2 HTTP2FrameEncoder.swift
[1920/1947] Compiling NIOHTTP2 HTTP2FrameParser.swift
[1921/1947] Compiling NIOHTTP2 HTTP2PingData.swift
[1926/1947] Compiling NIOHTTP2 HTTP2StreamChannel.swift
[1927/1947] Compiling NIOHTTP2 HTTP2StreamDelegate.swift
[1928/1947] Compiling NIOHTTP2 HTTP2StreamID.swift
[1929/1947] Compiling NIOHTTP2 HTTP2StreamMultiplexer.swift
[1930/1947] Compiling NIOHTTP2 HTTP2ToHTTP1Codec.swift
[1931/1947] Compiling NIOHTTP2 HTTP2UserEvents.swift
[1932/1947] Compiling NIOHTTP2 InboundEventBuffer.swift
[1933/1947] Compiling NIOHTTP2 InboundWindowManager.swift
[1934/1947] Compiling NIOHTTP2 MultiplexerAbstractChannel.swift
[1935/1947] Compiling NIOHTTP2 NIOHTTP2FrameDelegate.swift
[1936/1947] Compiling NIOHTTP2 NIOHTTP2ServerConnectionManagementHandler+StateMachine.swift
[1937/1948] Wrapping AST for NIOHTTP2 for debugging
[1939/2012] Emitting module AsyncHTTPClient
[1940/2020] Compiling AsyncHTTPClient AnyAsyncSequence.swift
[1941/2020] Compiling AsyncHTTPClient AnyAsyncSequenceProucerDelete.swift
[1942/2020] Compiling AsyncHTTPClient AsyncLazySequence.swift
[1943/2020] Compiling AsyncHTTPClient HTTPClient+execute.swift
[1944/2020] Compiling AsyncHTTPClient HTTPClient+shutdown.swift
[1945/2020] Compiling AsyncHTTPClient HTTPClient+tracing.swift
[1946/2020] Compiling AsyncHTTPClient HTTPClientRequest+Prepared.swift
[1947/2020] Compiling AsyncHTTPClient HTTPClientRequest+auth.swift
[1948/2020] Compiling AsyncHTTPClient HTTPClientRequest.swift
[1949/2020] Compiling AsyncHTTPClient LRUCache.swift
[1950/2020] Compiling AsyncHTTPClient NIOLoopBound+Execute.swift
[1951/2020] Compiling AsyncHTTPClient NWErrorHandler.swift
[1952/2020] Compiling AsyncHTTPClient NWWaitingHandler.swift
[1953/2020] Compiling AsyncHTTPClient TLSConfiguration.swift
[1954/2020] Compiling AsyncHTTPClient RedirectState.swift
[1955/2020] Compiling AsyncHTTPClient RequestBag+StateMachine.swift
[1956/2020] Compiling AsyncHTTPClient RequestBag+Tracing.swift
[1957/2020] Compiling AsyncHTTPClient RequestBag.swift
[1958/2020] Compiling AsyncHTTPClient RequestValidation.swift
[1959/2020] Compiling AsyncHTTPClient SSLContextCache.swift
[1960/2020] Compiling AsyncHTTPClient Scheme.swift
[1961/2020] Compiling AsyncHTTPClient Singleton.swift
[1962/2020] Compiling AsyncHTTPClient StringConvertibleInstances.swift
[1963/2020] Compiling AsyncHTTPClient StructuredConcurrencyHelpers.swift
[1964/2020] Compiling AsyncHTTPClient TracingSupport.swift
[1965/2020] Compiling AsyncHTTPClient Utils.swift
[1966/2020] Compiling AsyncHTTPClient DeconstructedURL.swift
[1967/2020] Compiling AsyncHTTPClient FileDownloadDelegate.swift
[1968/2020] Compiling AsyncHTTPClient FoundationExtensions.swift
[1969/2020] Compiling AsyncHTTPClient HTTPClient+HTTPCookie.swift
[1970/2020] Compiling AsyncHTTPClient HTTPClient+Proxy.swift
[1971/2020] Compiling AsyncHTTPClient HTTPClient+StructuredConcurrency.swift
[1972/2020] Compiling AsyncHTTPClient HTTPClient.swift
[1973/2020] Compiling AsyncHTTPClient HTTPClientConfiguration+SwiftConfiguration.swift
[1974/2020] Compiling AsyncHTTPClient HTTPHandler.swift
[1975/2020] Compiling AsyncHTTPClient RequestOptions.swift
[1976/2020] Compiling AsyncHTTPClient HTTPConnectionPool+Backoff.swift
[1977/2020] Compiling AsyncHTTPClient HTTPConnectionPool+HTTP1Connections.swift
[1978/2020] Compiling AsyncHTTPClient HTTPConnectionPool+HTTP1StateMachine.swift
[1979/2020] Compiling AsyncHTTPClient HTTPConnectionPool+HTTP2Connections.swift
[1980/2020] Compiling AsyncHTTPClient HTTPConnectionPool+HTTP2StateMachine.swift
[1981/2020] Compiling AsyncHTTPClient HTTPConnectionPool+RequestQueue.swift
[1982/2020] Compiling AsyncHTTPClient HTTPConnectionPool+StateMachine.swift
[1983/2020] Compiling AsyncHTTPClient ConnectionTarget.swift
[1984/2020] Compiling AsyncHTTPClient HTTPClientResponse.swift
[1985/2020] Compiling AsyncHTTPClient SingleIteratorPrecondition.swift
[1986/2020] Compiling AsyncHTTPClient Transaction+StateMachine.swift
[1987/2020] Compiling AsyncHTTPClient Transaction.swift
[1988/2020] Compiling AsyncHTTPClient Base64.swift
[1989/2020] Compiling AsyncHTTPClient BasicAuth.swift
[1990/2020] Compiling AsyncHTTPClient BestEffortHashableTLSConfiguration.swift
[1991/2020] Compiling AsyncHTTPClient Configuration+BrowserLike.swift
[1992/2020] Compiling AsyncHTTPClient ConnectionPool.swift
[1993/2020] Compiling AsyncHTTPClient HTTP1ProxyConnectHandler.swift
[1994/2020] Compiling AsyncHTTPClient SOCKSEventsHandler.swift
[1995/2020] Compiling AsyncHTTPClient TLSEventsHandler.swift
[1996/2020] Compiling AsyncHTTPClient HTTP1ClientChannelHandler.swift
[1997/2020] Compiling AsyncHTTPClient HTTP1Connection.swift
[1998/2020] Compiling AsyncHTTPClient HTTP1ConnectionStateMachine.swift
[1999/2020] Compiling AsyncHTTPClient HTTP2ClientRequestHandler.swift
[2000/2020] Compiling AsyncHTTPClient HTTP2Connection.swift
[2001/2020] Compiling AsyncHTTPClient HTTP2IdleHandler.swift
[2002/2020] Compiling AsyncHTTPClient HTTPConnectionEvent.swift
[2003/2020] Compiling AsyncHTTPClient HTTPConnectionPool+Factory.swift
[2004/2020] Compiling AsyncHTTPClient HTTPConnectionPool+Manager.swift
[2005/2020] Compiling AsyncHTTPClient HTTPConnectionPool.swift
[2006/2020] Compiling AsyncHTTPClient HTTPExecutableRequest.swift
[2007/2020] Compiling AsyncHTTPClient HTTPRequestStateMachine+Demand.swift
[2008/2020] Compiling AsyncHTTPClient HTTPRequestStateMachine.swift
[2009/2020] Compiling AsyncHTTPClient RequestBodyLength.swift
[2010/2020] Compiling AsyncHTTPClient RequestFramingMetadata.swift
[2011/2021] Wrapping AST for AsyncHTTPClient for debugging
[2013/2044] Compiling GoogleAuth AnonymousCredentials.swift
[2014/2044] Compiling GoogleAuth ApiKeyCredentials.swift
[2015/2044] Compiling GoogleAuth ExternalAccountCredentials.swift
[2016/2044] Compiling GoogleAuth CredentialParserRegistry.swift
[2017/2044] Compiling GoogleAuth Credentials.swift
[2018/2044] Compiling GoogleAuth CredentialsError.swift
[2019/2047] Compiling GoogleAuth SubjectTokenProvider.swift
[2020/2047] Compiling GoogleAuth MDSAccessTokenProvider.swift
[2021/2047] Compiling GoogleAuth MDSCredentials.swift
[2022/2047] Compiling GoogleAuth ServiceAccountCredentials.swift
[2023/2047] Compiling GoogleAuth ServiceAccountData.swift
[2024/2047] Compiling GoogleAuth ServiceAccountTokenProvider.swift
[2025/2047] Compiling GoogleAuth ADC.swift
[2026/2047] Compiling GoogleAuth ADCPath.swift
[2027/2047] Compiling GoogleAuth ADCResolver.swift
[2028/2047] Compiling GoogleAuth AuthHeaders.swift
[2029/2047] Compiling GoogleAuth UserAccountData.swift
[2030/2047] Compiling GoogleAuth UserAccountTokenProvider.swift
[2031/2047] Compiling GoogleAuth UserCredentials.swift
[2032/2047] Emitting module GoogleAuth
[2033/2047] Compiling GoogleAuth AuthHTTPClient.swift
[2034/2047] Compiling GoogleAuth AuthHTTPError.swift
[2035/2047] Compiling GoogleAuth RetryEngine.swift
[2036/2047] Compiling GoogleAuth STSHandler.swift
[2037/2047] Compiling GoogleAuth TokenCache.swift
[2038/2047] Compiling GoogleAuth PackageVersion.swift
[2039/2048] Wrapping AST for GoogleAuth for debugging
[2041/2106] Compiling GoogleGax AIP194+PollingErrorPolicy.swift
[2042/2106] Compiling GoogleGax AIP194+RetryPolicy.swift
[2043/2106] Compiling GoogleGax AIP194.swift
[2044/2106] Compiling GoogleGax AdaptiveThrottler.swift
[2045/2106] Compiling GoogleGax AlwaysPoll.swift
[2046/2106] Compiling GoogleGax AlwaysRetry.swift
[2047/2106] Compiling GoogleGax ApiClientHeader.swift
[2048/2106] Compiling GoogleGax BackoffPolicy.swift
[2049/2106] Compiling GoogleGax BasePollingErrorPolicy.swift
[2050/2114] Emitting module GoogleGax
[2051/2114] Compiling GoogleGax RequestOptions.swift
[2052/2114] Compiling GoogleGax RetryLoop.swift
[2053/2114] Compiling GoogleGax RetryPolicy.swift
[2054/2114] Compiling GoogleGax RetryResult.swift
[2055/2114] Compiling GoogleGax RetryState.swift
[2056/2114] Compiling GoogleGax RetryThrottler.swift
[2057/2114] Compiling GoogleGax RetryThrottlerError.swift
[2058/2114] Compiling GoogleGax RoutingMatcher.swift
[2059/2114] Compiling GoogleGax BaseRetryPolicy.swift
[2060/2114] Compiling GoogleGax BindingError.swift
[2061/2114] Compiling GoogleGax CRC32C.swift
[2062/2114] Compiling GoogleGax CircuitBreaker.swift
[2063/2114] Compiling GoogleGax ClientError.swift
[2064/2114] Compiling GoogleGax ClientOptions.swift
[2065/2114] Compiling GoogleGax ContinueOnIO+PollingErrorPolicy.swift
[2066/2114] Compiling GoogleGax ContinueOnIO+RetryPolicy.swift
[2067/2114] Compiling GoogleGax LimitedAttemptCount+PollingErrorPolicy.swift
[2068/2114] Compiling GoogleGax LimitedAttemptCount+RetryPolicy.swift
[2069/2114] Compiling GoogleGax LimitedAttemptCount.swift
[2070/2114] Compiling GoogleGax LimitedElapsedTime+PollingErrorPolicy.swift
[2071/2114] Compiling GoogleGax LimitedElapsedTime+RetryPolicy.swift
[2072/2114] Compiling GoogleGax LimitedElapsedTime.swift
[2073/2114] Compiling GoogleGax LongRunningOperations.swift
[2074/2114] Compiling GoogleGax NeverRetry.swift
[2075/2114] Compiling GoogleGax ContinueOnIO.swift
[2076/2114] Compiling GoogleGax CredentialsProtocol.swift
[2077/2114] Compiling GoogleGax ErrorWrapper.swift
[2078/2114] Compiling GoogleGax ExponentialBackoff+BackoffPolicy.swift
[2079/2114] Compiling GoogleGax ExponentialBackoff+PollingBackoffPolicy.swift
[2080/2114] Compiling GoogleGax ExponentialBackoff.swift
[2081/2114] Compiling GoogleGax HTTPClient.swift
[2082/2114] Compiling GoogleGax HTTPClientHolder.swift
[2083/2114] Compiling GoogleGax Pagination.swift
/host/spi-builder-workspace/.build/checkouts/swift-google-gax/Sources/GoogleGax/Pagination.swift:44:22: error: cannot convert '@Sendable (String) async throws -> (response: ResponseType, items: [Item], nextToken: String)' to 'nonisolated(nonsending) @Sendable (String) async throws -> (response: ResponseType, items: [Item], nextToken: String)' because crossing of an isolation boundary requires parameter and result types to conform to 'Sendable' protocol
42 | ) where ResponseType: _PaginatedResponse<Item> {
43 | self.initialPageToken = initialPageToken ?? ""
44 | self.fetchPage = { token in
| |- error: cannot convert '@Sendable (String) async throws -> (response: ResponseType, items: [Item], nextToken: String)' to 'nonisolated(nonsending) @Sendable (String) async throws -> (response: ResponseType, items: [Item], nextToken: String)' because crossing of an isolation boundary requires parameter and result types to conform to 'Sendable' protocol
| `- note: type 'Item' does not conform to 'Sendable' protocol
45 | let response = try await listRpc(token)
46 | return (response, response._getPaginatedItems(), response._nextPageToken())
[2084/2114] Compiling GoogleGax PollingBackoffPolicy.swift
/host/spi-builder-workspace/.build/checkouts/swift-google-gax/Sources/GoogleGax/Pagination.swift:44:22: error: cannot convert '@Sendable (String) async throws -> (response: ResponseType, items: [Item], nextToken: String)' to 'nonisolated(nonsending) @Sendable (String) async throws -> (response: ResponseType, items: [Item], nextToken: String)' because crossing of an isolation boundary requires parameter and result types to conform to 'Sendable' protocol
42 | ) where ResponseType: _PaginatedResponse<Item> {
43 | self.initialPageToken = initialPageToken ?? ""
44 | self.fetchPage = { token in
| |- error: cannot convert '@Sendable (String) async throws -> (response: ResponseType, items: [Item], nextToken: String)' to 'nonisolated(nonsending) @Sendable (String) async throws -> (response: ResponseType, items: [Item], nextToken: String)' because crossing of an isolation boundary requires parameter and result types to conform to 'Sendable' protocol
| `- note: type 'Item' does not conform to 'Sendable' protocol
45 | let response = try await listRpc(token)
46 | return (response, response._getPaginatedItems(), response._nextPageToken())
[2085/2114] Compiling GoogleGax PollingErrorPolicy.swift
/host/spi-builder-workspace/.build/checkouts/swift-google-gax/Sources/GoogleGax/Pagination.swift:44:22: error: cannot convert '@Sendable (String) async throws -> (response: ResponseType, items: [Item], nextToken: String)' to 'nonisolated(nonsending) @Sendable (String) async throws -> (response: ResponseType, items: [Item], nextToken: String)' because crossing of an isolation boundary requires parameter and result types to conform to 'Sendable' protocol
42 | ) where ResponseType: _PaginatedResponse<Item> {
43 | self.initialPageToken = initialPageToken ?? ""
44 | self.fetchPage = { token in
| |- error: cannot convert '@Sendable (String) async throws -> (response: ResponseType, items: [Item], nextToken: String)' to 'nonisolated(nonsending) @Sendable (String) async throws -> (response: ResponseType, items: [Item], nextToken: String)' because crossing of an isolation boundary requires parameter and result types to conform to 'Sendable' protocol
| `- note: type 'Item' does not conform to 'Sendable' protocol
45 | let response = try await listRpc(token)
46 | return (response, response._getPaginatedItems(), response._nextPageToken())
[2086/2114] Compiling GoogleGax PollingResult.swift
/host/spi-builder-workspace/.build/checkouts/swift-google-gax/Sources/GoogleGax/Pagination.swift:44:22: error: cannot convert '@Sendable (String) async throws -> (response: ResponseType, items: [Item], nextToken: String)' to 'nonisolated(nonsending) @Sendable (String) async throws -> (response: ResponseType, items: [Item], nextToken: String)' because crossing of an isolation boundary requires parameter and result types to conform to 'Sendable' protocol
42 | ) where ResponseType: _PaginatedResponse<Item> {
43 | self.initialPageToken = initialPageToken ?? ""
44 | self.fetchPage = { token in
| |- error: cannot convert '@Sendable (String) async throws -> (response: ResponseType, items: [Item], nextToken: String)' to 'nonisolated(nonsending) @Sendable (String) async throws -> (response: ResponseType, items: [Item], nextToken: String)' because crossing of an isolation boundary requires parameter and result types to conform to 'Sendable' protocol
| `- note: type 'Item' does not conform to 'Sendable' protocol
45 | let response = try await listRpc(token)
46 | return (response, response._getPaginatedItems(), response._nextPageToken())
[2087/2114] Compiling GoogleGax PollingState.swift
/host/spi-builder-workspace/.build/checkouts/swift-google-gax/Sources/GoogleGax/Pagination.swift:44:22: error: cannot convert '@Sendable (String) async throws -> (response: ResponseType, items: [Item], nextToken: String)' to 'nonisolated(nonsending) @Sendable (String) async throws -> (response: ResponseType, items: [Item], nextToken: String)' because crossing of an isolation boundary requires parameter and result types to conform to 'Sendable' protocol
42 | ) where ResponseType: _PaginatedResponse<Item> {
43 | self.initialPageToken = initialPageToken ?? ""
44 | self.fetchPage = { token in
| |- error: cannot convert '@Sendable (String) async throws -> (response: ResponseType, items: [Item], nextToken: String)' to 'nonisolated(nonsending) @Sendable (String) async throws -> (response: ResponseType, items: [Item], nextToken: String)' because crossing of an isolation boundary requires parameter and result types to conform to 'Sendable' protocol
| `- note: type 'Item' does not conform to 'Sendable' protocol
45 | let response = try await listRpc(token)
46 | return (response, response._getPaginatedItems(), response._nextPageToken())
[2088/2114] Compiling GoogleGax ProtobufConversionError.swift
/host/spi-builder-workspace/.build/checkouts/swift-google-gax/Sources/GoogleGax/Pagination.swift:44:22: error: cannot convert '@Sendable (String) async throws -> (response: ResponseType, items: [Item], nextToken: String)' to 'nonisolated(nonsending) @Sendable (String) async throws -> (response: ResponseType, items: [Item], nextToken: String)' because crossing of an isolation boundary requires parameter and result types to conform to 'Sendable' protocol
42 | ) where ResponseType: _PaginatedResponse<Item> {
43 | self.initialPageToken = initialPageToken ?? ""
44 | self.fetchPage = { token in
| |- error: cannot convert '@Sendable (String) async throws -> (response: ResponseType, items: [Item], nextToken: String)' to 'nonisolated(nonsending) @Sendable (String) async throws -> (response: ResponseType, items: [Item], nextToken: String)' because crossing of an isolation boundary requires parameter and result types to conform to 'Sendable' protocol
| `- note: type 'Item' does not conform to 'Sendable' protocol
45 | let response = try await listRpc(token)
46 | return (response, response._getPaginatedItems(), response._nextPageToken())
[2089/2114] Compiling GoogleGax QueryParameter.swift
/host/spi-builder-workspace/.build/checkouts/swift-google-gax/Sources/GoogleGax/Pagination.swift:44:22: error: cannot convert '@Sendable (String) async throws -> (response: ResponseType, items: [Item], nextToken: String)' to 'nonisolated(nonsending) @Sendable (String) async throws -> (response: ResponseType, items: [Item], nextToken: String)' because crossing of an isolation boundary requires parameter and result types to conform to 'Sendable' protocol
42 | ) where ResponseType: _PaginatedResponse<Item> {
43 | self.initialPageToken = initialPageToken ?? ""
44 | self.fetchPage = { token in
| |- error: cannot convert '@Sendable (String) async throws -> (response: ResponseType, items: [Item], nextToken: String)' to 'nonisolated(nonsending) @Sendable (String) async throws -> (response: ResponseType, items: [Item], nextToken: String)' because crossing of an isolation boundary requires parameter and result types to conform to 'Sendable' protocol
| `- note: type 'Item' does not conform to 'Sendable' protocol
45 | let response = try await listRpc(token)
46 | return (response, response._getPaginatedItems(), response._nextPageToken())
[2090/2114] Compiling GoogleGax RequestError.swift
/host/spi-builder-workspace/.build/checkouts/swift-google-gax/Sources/GoogleGax/Pagination.swift:44:22: error: cannot convert '@Sendable (String) async throws -> (response: ResponseType, items: [Item], nextToken: String)' to 'nonisolated(nonsending) @Sendable (String) async throws -> (response: ResponseType, items: [Item], nextToken: String)' because crossing of an isolation boundary requires parameter and result types to conform to 'Sendable' protocol
42 | ) where ResponseType: _PaginatedResponse<Item> {
43 | self.initialPageToken = initialPageToken ?? ""
44 | self.fetchPage = { token in
| |- error: cannot convert '@Sendable (String) async throws -> (response: ResponseType, items: [Item], nextToken: String)' to 'nonisolated(nonsending) @Sendable (String) async throws -> (response: ResponseType, items: [Item], nextToken: String)' because crossing of an isolation boundary requires parameter and result types to conform to 'Sendable' protocol
| `- note: type 'Item' does not conform to 'Sendable' protocol
45 | let response = try await listRpc(token)
46 | return (response, response._getPaginatedItems(), response._nextPageToken())
[2091/2114] Compiling GoogleGax HTTPClientProtocol.swift
[2092/2114] Compiling GoogleGax HTTPClientRequest.swift
[2093/2114] Compiling GoogleGax HTTPClientResponse.swift
[2094/2114] Compiling GoogleGax HTTPHeaders.swift
[2095/2114] Compiling GoogleGax HTTPResponseBody.swift
[2096/2114] Compiling GoogleGax HeaderNames.swift
[2097/2114] Compiling GoogleGax Host.swift
[2098/2114] Compiling GoogleGax InProgressResult.swift
[2099/2114] Compiling GoogleGax ServiceError.swift
[2100/2114] Compiling GoogleGax StatusDetail.swift
[2101/2114] Compiling GoogleGax StrictIdempotency.swift
[2102/2114] Compiling GoogleGax ThrottleResult.swift
[2103/2114] Compiling GoogleGax TooManyRequests+PollingErrorPolicy.swift
[2104/2114] Compiling GoogleGax TooManyRequests+RetryPolicy.swift
[2105/2114] Compiling GoogleGax TooManyRequests.swift
[2106/2114] Compiling GoogleGax PackageVersion.swift
BUILD FAILURE 6.2 android