Build Information
Failed to build XcodeSelectiveTesting, reference main (34d045), with Swift 6.3 for Android on 23 Oct 2026 18:58:53 UTC.
Build Command
bash -c docker run --pull=always --rm -v "checkouts-54344844-0":/host -w "$PWD" -e JAVA_HOME="/root/.sdkman/candidates/java/current" -e SPI_BUILD="1" -e SPI_PROCESSING="1" registry.gitlab.com/saguaro1/spi-images:android-6.3-latest swift build --swift-sdk aarch64-unknown-linux-android28 2>&1Build Log
========================================
RunAll
========================================
Builder version: 5.1.3
Interrupt handler set up.
========================================
Checkout
========================================
Clone URL: https://github.com/mikeger/XcodeSelectiveTesting.git
Reference: main
Initialized empty Git repository in /host/spi-builder-workspace/.git/
hint: Using 'master' as the name for the initial branch. This default branch name
hint: is subject to change. To configure the initial branch name to use in all
hint: of your new repositories, which will suppress this warning, call:
hint:
hint: git config --global init.defaultBranch <name>
hint:
hint: Names commonly chosen instead of 'master' are 'main', 'trunk' and
hint: 'development'. The just-created branch can be renamed via this command:
hint:
hint: git branch -m <name>
From https://github.com/mikeger/XcodeSelectiveTesting
* branch main -> FETCH_HEAD
* [new branch] main -> origin/main
HEAD is now at 34d045b Update version from 1.15.1 to 0.16.1 in README
Cloned https://github.com/mikeger/XcodeSelectiveTesting.git
Revision (git rev-parse @):
34d045b6dfc739820064634ff2f077d2366ec3e4
SUCCESS checkout https://github.com/mikeger/XcodeSelectiveTesting.git at main
========================================
Build
========================================
Selected platform: android
Swift version: 6.3
Building package at path: $PWD
https://github.com/mikeger/XcodeSelectiveTesting.git
Running build ...
bash -c docker run --pull=always --rm -v "checkouts-54344844-0":/host -w "$PWD" -e JAVA_HOME="/root/.sdkman/candidates/java/current" -e SPI_BUILD="1" -e SPI_PROCESSING="1" registry.gitlab.com/saguaro1/spi-images:android-6.3-latest swift build --swift-sdk aarch64-unknown-linux-android28 2>&1
android-6.3-latest: Pulling from saguaro1/spi-images
Digest: sha256:1259d966e40d034d138a282ea8b980b108763342a7ff8ac7ef483c73e99068f3
Status: Image is up to date for registry.gitlab.com/saguaro1/spi-images:android-6.3-latest
Fetching https://github.com/jpsim/Yams.git
Fetching https://github.com/apple/swift-argument-parser.git
Fetching https://github.com/tuist/XcodeProj.git
Fetching https://github.com/kylef/PathKit.git
Fetching https://github.com/apple/swift-log
[1/1460] Fetching pathkit
[1461/9833] Fetching pathkit, swift-log
[9834/21711] Fetching pathkit, swift-log, yams
[9835/46917] Fetching pathkit, swift-log, yams, xcodeproj
Fetched https://github.com/apple/swift-log from cache (0.52s)
[11754/38544] Fetching pathkit, yams, xcodeproj
[18506/57815] Fetching pathkit, yams, xcodeproj, swift-argument-parser
Fetched https://github.com/apple/swift-argument-parser.git from cache (0.85s)
[34700/38544] Fetching pathkit, yams, xcodeproj
Fetched https://github.com/tuist/XcodeProj.git from cache (1.09s)
Fetched https://github.com/kylef/PathKit.git from cache (1.09s)
Fetched https://github.com/jpsim/Yams.git from cache (1.11s)
Computing version for https://github.com/tuist/XcodeProj.git
Computed https://github.com/tuist/XcodeProj.git at 9.17.6 (1.25s)
Fetching https://github.com/tadija/AEXML.git
Fetching https://github.com/apple/xcode-project-format.git
[1/437] Fetching xcode-project-format
[438/2693] Fetching xcode-project-format, aexml
Fetched https://github.com/apple/xcode-project-format.git from cache (0.44s)
Fetched https://github.com/tadija/AEXML.git from cache (0.44s)
Computing version for https://github.com/kylef/PathKit.git
Computed https://github.com/kylef/PathKit.git at 1.0.1 (1.32s)
Fetching https://github.com/kylef/Spectre.git
[1/1021] Fetching spectre
Fetched https://github.com/kylef/Spectre.git from cache (0.46s)
Computing version for https://github.com/apple/xcode-project-format.git
Computed https://github.com/apple/xcode-project-format.git at 0.1.0 (0.61s)
Computing version for https://github.com/tadija/AEXML.git
Computed https://github.com/tadija/AEXML.git at 4.7.3 (0.14s)
Computing version for https://github.com/kylef/Spectre.git
Computed https://github.com/kylef/Spectre.git at 0.10.1 (0.86s)
Computing version for https://github.com/jpsim/Yams.git
Computed https://github.com/jpsim/Yams.git at 5.4.0 (0.16s)
Computing version for https://github.com/apple/swift-argument-parser.git
Computed https://github.com/apple/swift-argument-parser.git at 1.8.2 (0.15s)
Computing version for https://github.com/apple/swift-log
Computed https://github.com/apple/swift-log at 1.16.2 (0.15s)
Creating working copy for https://github.com/kylef/Spectre.git
Working copy of https://github.com/kylef/Spectre.git resolved at 0.10.1
Creating working copy for https://github.com/apple/swift-log
Working copy of https://github.com/apple/swift-log resolved at 1.16.2
Creating working copy for https://github.com/tadija/AEXML.git
Working copy of https://github.com/tadija/AEXML.git resolved at 4.7.3
Creating working copy for https://github.com/kylef/PathKit.git
Working copy of https://github.com/kylef/PathKit.git resolved at 1.0.1
Creating working copy for https://github.com/apple/xcode-project-format.git
Working copy of https://github.com/apple/xcode-project-format.git resolved at 0.1.0
Creating working copy for https://github.com/jpsim/Yams.git
Working copy of https://github.com/jpsim/Yams.git resolved at 5.4.0
Creating working copy for https://github.com/tuist/XcodeProj.git
Working copy of https://github.com/tuist/XcodeProj.git resolved at 9.17.6
Creating working copy for https://github.com/apple/swift-argument-parser.git
Working copy of https://github.com/apple/swift-argument-parser.git resolved at 1.8.2
/host/spi-builder-workspace/Plugins/SelectiveTestingPlugin/SelectiveTestingPlugin.swift:26:29: warning: result of call to 'changeCurrentDirectoryPath' is unused [#no-usage]
24 |
25 | func performCommand(context: PluginContext, arguments: [String]) async throws {
26 | FileManager.default.changeCurrentDirectoryPath(context.package.directoryURL.path)
| `- warning: result of call to 'changeCurrentDirectoryPath' is unused [#no-usage]
27 | let tool = try context.tool(named: "xcode-selective-test")
28 |
[1/1] Compiling plugin SelectiveTestingPlugin
[2/2] Compiling plugin GenerateManual
[3/3] Compiling plugin GenerateDoccReference
Building for debugging...
[3/80] Write sources
[29/80] Compiling reader.c
[30/80] Compiling writer.c
[31/80] Write sources
[32/80] Compiling parser.c
[33/80] Compiling api.c
[34/80] Write swift-version-272D24FF697CF451.txt
[35/80] Compiling writer.c
[36/80] Compiling emitter.c
[36/80] Compiling reader.c
[38/80] Compiling scanner.c
[39/80] Compiling parser.c
[40/93] Compiling api.c
[41/178] Compiling emitter.c
[42/260] Compiling scanner.c
[44/282] Emitting module Yams
[45/284] Emitting module XcodeProjectFormat
[46/294] Emitting module Yams
[47/296] Compiling Yams YamlError.swift
[48/296] Compiling Yams YamlTagProviding.swift
[49/296] Compiling XcodeProjectFormat SwiftPackageProductReference.swift
[50/296] Compiling XcodeProjectFormat SwiftPackageProductTargetMember.swift
[51/296] Compiling XcodeProjectFormat TargetDependency.swift
[52/296] Compiling XcodeProjectFormat Target.swift
[53/296] Compiling XcodeProjectFormat AssetTag.swift
[54/296] Compiling XcodeProjectFormat BuildSetting.swift
[55/296] Compiling XcodeProjectFormat BundleBasePath.swift
[56/296] Compiling XcodeProjectFormat Capability.swift
[57/296] Compiling XcodeProjectFormat ConfigurationName.swift
[58/296] Compiling XcodeProjectFormat FileTypeID.swift
[59/306] Compiling SelectiveTestShell Shell.swift
[60/306] Compiling Yams Representer.swift
[61/306] Compiling Yams Mark.swift
[62/306] Compiling Yams Node.Alias.swift
[63/306] Compiling Yams Node.Mapping.swift
[64/306] Compiling Yams AliasDereferencingStrategy.swift
[65/306] Compiling Yams Anchor.swift
[66/306] Compiling Yams Constructor.swift
[67/306] Compiling Yams Decoder.swift
[68/306] Compiling Yams Emitter.swift
[69/306] Compiling Yams Encoder.swift
[70/306] Compiling Yams Tag.swift
[71/306] Compiling Yams YamlAnchorProviding.swift
[72/306] Compiling Yams Node.Scalar.swift
[73/306] Compiling Yams Node.Sequence.swift
[74/306] Compiling Yams Node.swift
[75/306] Compiling XcodeProjectFormat Configuration.swift
[76/306] Compiling XcodeProjectFormat Language.swift
[77/306] Compiling XcodeProjectFormat LegacyProvisioningStyle.swift
[78/306] Compiling XcodeProjectFormat LocalTargetReference.swift
[79/306] Compiling XcodeProjectFormat MarketingVersion.swift
[80/306] Compiling XcodeProjectFormat MultilineString.swift
[81/306] Compiling XcodeProjectFormat NamePath.swift
[82/306] Compiling XcodeProjectFormat ObjectID.swift
[83/306] Compiling XcodeProjectFormat PlatformFilter.swift
[84/306] Compiling XcodeProjectFormat FolderExceptionSet.swift
[85/306] Compiling XcodeProjectFormat TargetExceptionSet.swift
[95/306] Compiling Yams Resolver.swift
[96/306] Compiling Yams String+Yams.swift
[97/306] Compiling XcodeProjectFormat RemoteTargetProduct.swift
[98/306] Compiling XcodeProjectFormat SwiftPackageProductReference.swift
[99/306] Compiling XcodeProjectFormat SwiftPackageProductTargetMember.swift
[100/306] Compiling XcodeProjectFormat TargetDependency.swift
[101/306] Compiling XcodeProjectFormat Target.swift
[102/306] Compiling XcodeProjectFormat AssetTag.swift
[103/306] Compiling XcodeProjectFormat BuildSetting.swift
[104/306] Compiling XcodeProjectFormat BundleBasePath.swift
[105/306] Compiling XcodeProjectFormat Capability.swift
[106/306] Compiling XcodeProjectFormat ConfigurationName.swift
[107/306] Compiling XcodeProjectFormat FileTypeID.swift
[111/306] Emitting module XcodeProjectFormat
[113/306] Compiling Yams Parser.swift
[114/306] Compiling Yams RedundancyAliasingStrategy.swift
[115/306] Compiling SelectiveTestShell String+Shell.swift
[116/306] Emitting module SelectiveTestShell
[117/306] Compiling SelectiveTestShell String+Error.swift
[123/308] Compiling XcodeProjectFormat GroupTreeAnchoredReference.swift
[124/308] Compiling XcodeProjectFormat GroupTreeReference.swift
[125/308] Compiling XcodeProjectFormat Language.swift
[126/308] Compiling XcodeProjectFormat LegacyProvisioningStyle.swift
[127/308] Compiling XcodeProjectFormat LocalTargetReference.swift
[128/308] Compiling XcodeProjectFormat MarketingVersion.swift
[129/308] Compiling XcodeProjectFormat MultilineString.swift
[130/308] Compiling XcodeProjectFormat NamePath.swift
[131/308] Compiling XcodeProjectFormat ObjectID.swift
[132/308] Compiling XcodeProjectFormat PlatformFilter.swift
[133/308] Compiling XcodeProjectFormat Folder.swift
[134/308] Compiling XcodeProjectFormat FolderMemberID.swift
[135/308] Compiling XcodeProjectFormat Group.swift
[136/308] Compiling XcodeProjectFormat VariantGroup.swift
[137/308] Compiling XcodeProjectFormat VersionGroup.swift
[138/308] Compiling XcodeProjectFormat Reference.swift
[139/308] Compiling XcodeProjectFormat Schema.swift
[140/308] Compiling XcodeProjectFormat ShortNames.swift
[141/308] Compiling XcodeProjectFormat RemoteTarget.swift
[142/308] Compiling XcodeProjectFormat RemoteTargetProduct.swift
[153/308] Compiling XcodeProjectFormat RemoteTarget.swift
[154/330] Compiling Logging SwiftLogNoOpLogHandler.swift
[155/330] Compiling Logging Locks.swift
[156/331] Emitting module PathKit
[157/331] Compiling PathKit PathKit.swift
[158/332] Compiling Logging Logger+With.swift
[160/332] Compiling Logging LoggingSystem.swift
[161/333] Compiling Logging MetadataProvider.swift
[162/335] Compiling Logging LogEvent.swift
[163/335] Compiling Logging LogHandler.swift
[164/335] Compiling Logging Logger+Attributes.swift
[165/335] Compiling Logging MultiplexLogHandler.swift
[166/335] Compiling Logging StreamLogHandler.swift
[167/335] Emitting module Logging
[170/335] Compiling Logging Logger+With.swift
[171/335] Compiling Logging Logger.swift
[172/335] Compiling Logging LoggingSystem.swift
[173/335] Compiling Logging Logger+Attributes.swift
[174/335] Compiling Logging Logger.swift
[176/343] Compiling XcodeProjectFormat Field.swift
[177/343] Compiling XcodeProjectFormat FieldOrComment.swift
[178/343] Compiling XcodeProjectFormat Object.swift
[179/343] Compiling XcodeProjectFormat Value.swift
[180/343] Compiling XcodeProjectFormat ValueOrComment.swift
[181/343] Compiling XcodeProjectFormat ValueType.swift
[182/343] Compiling XcodeProjectFormat CopyWith.swift
[183/343] Compiling XcodeProjectFormat LexigraphicalOrder.swift
[184/343] Compiling XcodeProjectFormat Platform.swift
[185/343] Compiling XcodeProjectFormat Utilities.swift
[186/344] Emitting module ArgumentParserToolInfo
[187/344] Compiling ArgumentParserToolInfo ToolInfo.swift
[190/395] Compiling Git Git.swift
[191/395] Compiling Git Git+Changeset.swift
[192/395] Emitting module Git
[193/396] Wrapping AST for Yams for debugging
[194/396] Wrapping AST for XcodeProjectFormat for debugging
[196/396] Compiling ArgumentParser BashCompletionsGenerator.swift
[197/396] Compiling ArgumentParser CompletionsGenerator.swift
[198/396] Compiling ArgumentParser FishCompletionsGenerator.swift
[199/396] Compiling ArgumentParser ZshCompletionsGenerator.swift
[200/396] Compiling Logging MetadataProvider.swift
[201/396] Emitting module Logging
[202/397] Wrapping AST for SelectiveTestShell for debugging
[203/397] Wrapping AST for PathKit for debugging
[204/397] Wrapping AST for Logging for debugging
[205/397] Wrapping AST for Git for debugging
[206/397] Wrapping AST for ArgumentParserToolInfo for debugging
[207/397] Write sources
[209/397] Wrapping AST for Logging for debugging
[210/397] Write sources
[212/406] Compiling SelectiveTestShell String+Shell.swift
[213/406] Compiling SelectiveTestShell String+Error.swift
[214/406] Emitting module ArgumentParser
[215/412] Compiling ArgumentParser SplitArguments.swift
[216/412] Compiling ArgumentParser DumpHelpGenerator.swift
[217/412] Compiling ArgumentParser ParsableCommand.swift
[218/412] Compiling ArgumentParser ArgumentDecoder.swift
[219/412] Compiling ArgumentParser ArgumentDefinition.swift
[220/412] Compiling ArgumentParser ArgumentSet.swift
[221/412] Compiling ArgumentParser CommandParser.swift
[222/412] Compiling ArgumentParser InputKey.swift
[223/412] Compiling ArgumentParser InputOrigin.swift
[224/412] Compiling ArgumentParser Mutex.swift
[225/412] Compiling ArgumentParser Platform.swift
[238/412] Compiling SelectiveTestShell Shell.swift
[239/412] Emitting module SelectiveTestShell
[240/413] Compiling ArgumentParser ParentCommand.swift
[241/413] Compiling ArgumentParser AsyncParsableCommand.swift
[242/413] Compiling ArgumentParser CommandConfiguration.swift
[243/413] Compiling ArgumentParser CommandGroup.swift
[244/413] Compiling ArgumentParser EnumerableFlag.swift
[245/413] Compiling ArgumentParser ExpressibleByArgument.swift
[246/413] Compiling ArgumentParser ParsableArguments.swift
[247/413] Compiling ArgumentParser ArgumentVisibility.swift
[248/413] Compiling ArgumentParser CompletionKind.swift
[249/413] Compiling ArgumentParser Errors.swift
[250/413] Compiling ArgumentParser Flag.swift
[251/413] Compiling ArgumentParser NameSpecification.swift
[252/413] Compiling ArgumentParser Option.swift
[253/413] Compiling ArgumentParser OptionGroup.swift
[254/413] Compiling ArgumentParser AsyncCompletionsValidator.swift
[255/413] Compiling ArgumentParser CodingKeyValidator.swift
[256/413] Compiling ArgumentParser NonsenseFlagsValidator.swift
[257/413] Compiling ArgumentParser ParsableArgumentsValidation.swift
[258/413] Compiling ArgumentParser PositionalArgumentsValidator.swift
[259/413] Compiling ArgumentParser UniqueNamesValidator.swift
error: emit-module command failed with exit code 1 (use -v to see invocation)
[260/413] Emitting module PathKit
/host/spi-builder-workspace/.build/checkouts/PathKit/Sources/PathKit.swift:8:8: error: no such module 'Darwin'
6 | let system_glob = Glibc.glob
7 | #else
8 | import Darwin
| `- error: no such module 'Darwin'
9 |
10 | let system_glob = Darwin.glob
[261/413] Compiling PathKit PathKit.swift
/host/spi-builder-workspace/.build/checkouts/PathKit/Sources/PathKit.swift:8:8: error: no such module 'Darwin'
6 | let system_glob = Glibc.glob
7 | #else
8 | import Darwin
| `- error: no such module 'Darwin'
9 |
10 | let system_glob = Darwin.glob
[262/413] Compiling ArgumentParser ArgumentHelp.swift
[263/413] Compiling ArgumentParser Name.swift
[264/413] Compiling ArgumentParser Parsed.swift
[266/413] Compiling ArgumentParser ParsedValues.swift
[267/413] Compiling ArgumentParser ParserError.swift
[282/413] Compiling ArgumentParser SequenceExtensions.swift
[283/413] Compiling ArgumentParser StringExtensions.swift
[284/413] Compiling ArgumentParser SwiftExtensions.swift
[285/413] Compiling ArgumentParser Tree.swift
[286/413] Compiling ArgumentParser HelpCommand.swift
[287/413] Compiling ArgumentParser HelpGenerator.swift
[288/413] Compiling ArgumentParser MessageInfo.swift
[289/413] Compiling ArgumentParser UsageGenerator.swift
[290/413] Compiling ArgumentParser CollectionExtensions.swift
[291/413] Compiling ArgumentParser Foundation.swift
BUILD FAILURE 6.3 android