Build Information
Failed to build ColorfulX, reference main (025be0), with Swift 6.2 for Wasm on 5 Oct 2026 06:47:45 UTC.
Build Command
bash -c docker run --pull=always --rm -v "checkouts-54344843-3":/host -w "$PWD" -e JAVA_HOME="/root/.sdkman/candidates/java/current" -e SPI_BUILD="1" -e SPI_PROCESSING="1" registry.gitlab.com/saguaro1/spi-images:wasm-6.2-latest swift build --swift-sdk swift-6.2-RELEASE_wasm 2>&1Build Log
========================================
RunAll
========================================
Builder version: 5.1.1
Interrupt handler set up.
========================================
Checkout
========================================
Clone URL: https://github.com/Lakr233/ColorfulX.git
Reference: main
Initialized empty Git repository in /host/spi-builder-workspace/.git/
hint: Using 'master' as the name for the initial branch. This default branch name
hint: is subject to change. To configure the initial branch name to use in all
hint: of your new repositories, which will suppress this warning, call:
hint:
hint: git config --global init.defaultBranch <name>
hint:
hint: Names commonly chosen instead of 'master' are 'main', 'trunk' and
hint: 'development'. The just-created branch can be renamed via this command:
hint:
hint: git branch -m <name>
From https://github.com/Lakr233/ColorfulX
* branch main -> FETCH_HEAD
* [new branch] main -> origin/main
HEAD is now at 025be05 Depend on ColorVector 2.0.0
Cloned https://github.com/Lakr233/ColorfulX.git
Revision (git rev-parse @):
025be056e59a62d06c6867ad65a7cb03fc63baf1
SUCCESS checkout https://github.com/Lakr233/ColorfulX.git at main
========================================
Build
========================================
Selected platform: wasm
Swift version: 6.2
Building package at path: $PWD
https://github.com/Lakr233/ColorfulX.git
Running build ...
bash -c docker run --pull=always --rm -v "checkouts-54344843-3":/host -w "$PWD" -e JAVA_HOME="/root/.sdkman/candidates/java/current" -e SPI_BUILD="1" -e SPI_PROCESSING="1" registry.gitlab.com/saguaro1/spi-images:wasm-6.2-latest swift build --swift-sdk swift-6.2-RELEASE_wasm 2>&1
wasm-6.2-latest: Pulling from saguaro1/spi-images
Digest: sha256:ff44196b45f83e5a0a99a627b185f548850d9bc1242e3dee2178fb1570812fe8
Status: Image is up to date for registry.gitlab.com/saguaro1/spi-images:wasm-6.2-latest
Fetching https://github.com/Lakr233/ColorVector.git
Fetching https://github.com/Lakr233/DisplayLink.git
Fetching https://github.com/Lakr233/SpringInterpolation.git
[1/241] Fetching displaylink
[124/453] Fetching displaylink, springinterpolation
[139/549] Fetching displaylink, springinterpolation, colorvector
Fetched https://github.com/Lakr233/DisplayLink.git from cache (0.60s)
Fetched https://github.com/Lakr233/ColorVector.git from cache (0.60s)
Fetched https://github.com/Lakr233/SpringInterpolation.git from cache (0.60s)
Computing version for https://github.com/Lakr233/DisplayLink.git
Computed https://github.com/Lakr233/DisplayLink.git at 3.0.1 (0.76s)
Computing version for https://github.com/Lakr233/SpringInterpolation.git
Computed https://github.com/Lakr233/SpringInterpolation.git at 3.0.1 (0.16s)
Computing version for https://github.com/Lakr233/ColorVector.git
Computed https://github.com/Lakr233/ColorVector.git at 2.0.0 (0.15s)
Creating working copy for https://github.com/Lakr233/DisplayLink.git
Working copy of https://github.com/Lakr233/DisplayLink.git resolved at 3.0.1
Creating working copy for https://github.com/Lakr233/ColorVector.git
Working copy of https://github.com/Lakr233/ColorVector.git resolved at 2.0.0
Creating working copy for https://github.com/Lakr233/SpringInterpolation.git
Working copy of https://github.com/Lakr233/SpringInterpolation.git resolved at 3.0.1
Building for debugging...
[0/5] Write sources
[4/5] Write swift-version-24593BA9C3E375BF.txt
[6/33] Emitting module SpringInterpolation
[7/33] Compiling DisplayLink PlatformLink+UIKit.swift
/host/spi-builder-workspace/.build/checkouts/DisplayLink/Sources/DisplayLink/DisplayLink+SwiftUI.swift:8:8: error: no such module 'SwiftUI'
6 | //
7 |
8 | import SwiftUI
| `- error: no such module 'SwiftUI'
9 |
10 | public extension View {
[8/34] Compiling DisplayLink WindowAnchor.swift
/host/spi-builder-workspace/.build/checkouts/DisplayLink/Sources/DisplayLink/DisplayLink+SwiftUI.swift:8:8: error: no such module 'SwiftUI'
6 | //
7 |
8 | import SwiftUI
| `- error: no such module 'SwiftUI'
9 |
10 | public extension View {
[9/34] Compiling DisplayLink PlatformLink+AppKit.swift
/host/spi-builder-workspace/.build/checkouts/DisplayLink/Sources/DisplayLink/DisplayLink+SwiftUI.swift:8:8: error: no such module 'SwiftUI'
6 | //
7 |
8 | import SwiftUI
| `- error: no such module 'SwiftUI'
9 |
10 | public extension View {
[10/34] Compiling DisplayLink SharedDisplayLink.swift
/host/spi-builder-workspace/.build/checkouts/DisplayLink/Sources/DisplayLink/DisplayLink+SwiftUI.swift:8:8: error: no such module 'SwiftUI'
6 | //
7 |
8 | import SwiftUI
| `- error: no such module 'SwiftUI'
9 |
10 | public extension View {
[11/34] Compiling SpringInterpolation SpringInterpolation.swift
[12/34] Compiling SpringInterpolation SpringInterpolation2D.swift
[13/34] Emitting module ColorVector
error: emit-module command failed with exit code 1 (use -v to see invocation)
[14/35] Emitting module DisplayLink
/host/spi-builder-workspace/.build/checkouts/DisplayLink/Sources/DisplayLink/DisplayLink+SwiftUI.swift:8:8: error: no such module 'SwiftUI'
6 | //
7 |
8 | import SwiftUI
| `- error: no such module 'SwiftUI'
9 |
10 | public extension View {
[15/35] Compiling ColorVector ColorConversion+LAB_LCH.swift
/host/spi-builder-workspace/.build/checkouts/DisplayLink/Sources/DisplayLink/DisplayLink+SwiftUI.swift:8:8: error: no such module 'SwiftUI'
6 | //
7 |
8 | import SwiftUI
| `- error: no such module 'SwiftUI'
9 |
10 | public extension View {
[16/35] Compiling ColorVector ColorConversion+LAB_XYZ.swift
/host/spi-builder-workspace/.build/checkouts/DisplayLink/Sources/DisplayLink/DisplayLink+SwiftUI.swift:8:8: error: no such module 'SwiftUI'
6 | //
7 |
8 | import SwiftUI
| `- error: no such module 'SwiftUI'
9 |
10 | public extension View {
[19/35] Compiling DisplayLink DisplayLinkFrameRateRange.swift
/host/spi-builder-workspace/.build/checkouts/DisplayLink/Sources/DisplayLink/DisplayLink+SwiftUI.swift:8:8: error: no such module 'SwiftUI'
6 | //
7 |
8 | import SwiftUI
| `- error: no such module 'SwiftUI'
9 |
10 | public extension View {
[20/35] Compiling DisplayLink DisplayLinkFrame.swift
/host/spi-builder-workspace/.build/checkouts/DisplayLink/Sources/DisplayLink/DisplayLink+SwiftUI.swift:8:8: error: no such module 'SwiftUI'
6 | //
7 |
8 | import SwiftUI
| `- error: no such module 'SwiftUI'
9 |
10 | public extension View {
[21/35] Compiling DisplayLink DisplayLinkContext.swift
/host/spi-builder-workspace/.build/checkouts/DisplayLink/Sources/DisplayLink/DisplayLink+SwiftUI.swift:8:8: error: no such module 'SwiftUI'
6 | //
7 |
8 | import SwiftUI
| `- error: no such module 'SwiftUI'
9 |
10 | public extension View {
[22/35] Compiling SpringInterpolation SpringInterpolation+Parameters.swift
[23/35] Compiling SpringInterpolation SpringInterpolation+Configuration.swift
[24/35] Compiling SpringInterpolation SpringInterpolation+AppKit.swift
BUILD FAILURE 6.2 wasm