The Swift Package Index logo.Swift Package Index

Build Information

Failed to build swiftui-atom-properties, reference main (035e13), with Swift 6.1 for Wasm on 13 Jul 2026 14:38:56 UTC.

Build Command

bash -c docker run --pull=always --rm -v "checkouts-53886768-0":/host -w "$PWD" -e JAVA_HOME="/root/.sdkman/candidates/java/current" -e SPI_BUILD="1" -e SPI_PROCESSING="1" registry.gitlab.com/saguaro1/spi-images:wasm-6.1-latest swift build --swift-sdk wasm32-unknown-wasi 2>&1

Build Log

========================================
RunAll
========================================
Builder version: ee7f7f69ffe4e79de74a2a3c774eb39d565d38f4
Interrupt handler set up.
========================================
Checkout
========================================
Clone URL: https://github.com/ra1028/swiftui-atom-properties.git
Reference: main
Initialized empty Git repository in /host/spi-builder-workspace/.git/
hint: Using 'master' as the name for the initial branch. This default branch name
hint: is subject to change. To configure the initial branch name to use in all
hint: of your new repositories, which will suppress this warning, call:
hint:
hint: 	git config --global init.defaultBranch <name>
hint:
hint: Names commonly chosen instead of 'master' are 'main', 'trunk' and
hint: 'development'. The just-created branch can be renamed via this command:
hint:
hint: 	git branch -m <name>
From https://github.com/ra1028/swiftui-atom-properties
 * branch            main       -> FETCH_HEAD
 * [new branch]      main       -> origin/main
HEAD is now at 035e139 Reflect recent changes in docs (#218)
Cloned https://github.com/ra1028/swiftui-atom-properties.git
Revision (git rev-parse @):
035e13998d589eeb8fddf648efd71d3995efb537
SUCCESS checkout https://github.com/ra1028/swiftui-atom-properties.git at main
========================================
Build
========================================
Selected platform:         wasm
Swift version:             6.1
Building package at path:  $PWD
https://github.com/ra1028/swiftui-atom-properties.git
https://github.com/ra1028/swiftui-atom-properties.git
WARNING: environment variable SUPPRESS_SWIFT_6_FLAGS is not set
Running build ...
bash -c docker run --pull=always --rm -v "checkouts-53886768-0":/host -w "$PWD" -e JAVA_HOME="/root/.sdkman/candidates/java/current" -e SPI_BUILD="1" -e SPI_PROCESSING="1" registry.gitlab.com/saguaro1/spi-images:wasm-6.1-latest swift build --swift-sdk wasm32-unknown-wasi -Xswiftc -Xfrontend -Xswiftc -stats-output-dir -Xswiftc -Xfrontend -Xswiftc .stats -Xswiftc -strict-concurrency=complete -Xswiftc -enable-upcoming-feature -Xswiftc StrictConcurrency -Xswiftc -enable-upcoming-feature -Xswiftc DisableOutwardActorInference -Xswiftc -enable-upcoming-feature -Xswiftc GlobalActorIsolatedTypesUsability -Xswiftc -enable-upcoming-feature -Xswiftc InferSendableFromCaptures 2>&1
wasm-6.1-latest: Pulling from saguaro1/spi-images
Digest: sha256:1ad245dad3d2ae0004e1afbc92334bd39884ed9ca587cf04d0a8d5f640fb02e9
Status: Image is up to date for registry.gitlab.com/saguaro1/spi-images:wasm-6.1-latest
Building for debugging...
[0/2] Write sources
[1/2] Write swift-version-24593BA9C3E375BF.txt
error: emit-module command failed with exit code 1 (use -v to see invocation)
[3/65] Emitting module Atoms
<unknown>:0: warning: upcoming feature 'InferSendableFromCaptures' is already enabled as of Swift version 6
<unknown>:0: warning: upcoming feature 'GlobalActorIsolatedTypesUsability' is already enabled as of Swift version 6
<unknown>:0: warning: upcoming feature 'DisableOutwardActorInference' is already enabled as of Swift version 6
/host/spi-builder-workspace/Sources/Atoms/Atom/ObservableObjectAtom.swift:1:8: error: no such module 'Combine'
  1 | import Combine
    |        `- error: no such module 'Combine'
  2 | import Foundation
  3 |
[4/73] Compiling Atoms Environment.swift
<unknown>:0: warning: upcoming feature 'InferSendableFromCaptures' is already enabled as of Swift version 6
<unknown>:0: warning: upcoming feature 'GlobalActorIsolatedTypesUsability' is already enabled as of Swift version 6
<unknown>:0: warning: upcoming feature 'DisableOutwardActorInference' is already enabled as of Swift version 6
/host/spi-builder-workspace/Sources/Atoms/Atom/ObservableObjectAtom.swift:1:8: error: no such module 'Combine'
  1 | import Combine
    |        `- error: no such module 'Combine'
  2 | import Foundation
  3 |
[5/73] Compiling Atoms AsyncAtomModifier.swift
<unknown>:0: warning: upcoming feature 'InferSendableFromCaptures' is already enabled as of Swift version 6
<unknown>:0: warning: upcoming feature 'GlobalActorIsolatedTypesUsability' is already enabled as of Swift version 6
<unknown>:0: warning: upcoming feature 'DisableOutwardActorInference' is already enabled as of Swift version 6
/host/spi-builder-workspace/Sources/Atoms/Atom/ObservableObjectAtom.swift:1:8: error: no such module 'Combine'
  1 | import Combine
    |        `- error: no such module 'Combine'
  2 | import Foundation
  3 |
[6/73] Compiling Atoms AtomModifier.swift
<unknown>:0: warning: upcoming feature 'InferSendableFromCaptures' is already enabled as of Swift version 6
<unknown>:0: warning: upcoming feature 'GlobalActorIsolatedTypesUsability' is already enabled as of Swift version 6
<unknown>:0: warning: upcoming feature 'DisableOutwardActorInference' is already enabled as of Swift version 6
/host/spi-builder-workspace/Sources/Atoms/Atom/ObservableObjectAtom.swift:1:8: error: no such module 'Combine'
  1 | import Combine
    |        `- error: no such module 'Combine'
  2 | import Foundation
  3 |
[7/73] Compiling Atoms Observer.swift
<unknown>:0: warning: upcoming feature 'InferSendableFromCaptures' is already enabled as of Swift version 6
<unknown>:0: warning: upcoming feature 'GlobalActorIsolatedTypesUsability' is already enabled as of Swift version 6
<unknown>:0: warning: upcoming feature 'DisableOutwardActorInference' is already enabled as of Swift version 6
/host/spi-builder-workspace/Sources/Atoms/Atom/ObservableObjectAtom.swift:1:8: error: no such module 'Combine'
  1 | import Combine
    |        `- error: no such module 'Combine'
  2 | import Foundation
  3 |
[8/73] Compiling Atoms Override.swift
<unknown>:0: warning: upcoming feature 'InferSendableFromCaptures' is already enabled as of Swift version 6
<unknown>:0: warning: upcoming feature 'GlobalActorIsolatedTypesUsability' is already enabled as of Swift version 6
<unknown>:0: warning: upcoming feature 'DisableOutwardActorInference' is already enabled as of Swift version 6
/host/spi-builder-workspace/Sources/Atoms/Atom/ObservableObjectAtom.swift:1:8: error: no such module 'Combine'
  1 | import Combine
    |        `- error: no such module 'Combine'
  2 | import Foundation
  3 |
[9/73] Compiling Atoms OverrideContainer.swift
<unknown>:0: warning: upcoming feature 'InferSendableFromCaptures' is already enabled as of Swift version 6
<unknown>:0: warning: upcoming feature 'GlobalActorIsolatedTypesUsability' is already enabled as of Swift version 6
<unknown>:0: warning: upcoming feature 'DisableOutwardActorInference' is already enabled as of Swift version 6
/host/spi-builder-workspace/Sources/Atoms/Atom/ObservableObjectAtom.swift:1:8: error: no such module 'Combine'
  1 | import Combine
    |        `- error: no such module 'Combine'
  2 | import Foundation
  3 |
[10/73] Compiling Atoms AtomProducer.swift
<unknown>:0: warning: upcoming feature 'InferSendableFromCaptures' is already enabled as of Swift version 6
<unknown>:0: warning: upcoming feature 'GlobalActorIsolatedTypesUsability' is already enabled as of Swift version 6
<unknown>:0: warning: upcoming feature 'DisableOutwardActorInference' is already enabled as of Swift version 6
/host/spi-builder-workspace/Sources/Atoms/Atom/ObservableObjectAtom.swift:1:8: error: no such module 'Combine'
  1 | import Combine
    |        `- error: no such module 'Combine'
  2 | import Foundation
  3 |
[11/73] Compiling Atoms AtomProducerContext.swift
<unknown>:0: warning: upcoming feature 'InferSendableFromCaptures' is already enabled as of Swift version 6
<unknown>:0: warning: upcoming feature 'GlobalActorIsolatedTypesUsability' is already enabled as of Swift version 6
<unknown>:0: warning: upcoming feature 'DisableOutwardActorInference' is already enabled as of Swift version 6
/host/spi-builder-workspace/Sources/Atoms/Atom/ObservableObjectAtom.swift:1:8: error: no such module 'Combine'
  1 | import Combine
    |        `- error: no such module 'Combine'
  2 | import Foundation
  3 |
[12/73] Compiling Atoms AtomRefreshProducer.swift
<unknown>:0: warning: upcoming feature 'InferSendableFromCaptures' is already enabled as of Swift version 6
<unknown>:0: warning: upcoming feature 'GlobalActorIsolatedTypesUsability' is already enabled as of Swift version 6
<unknown>:0: warning: upcoming feature 'DisableOutwardActorInference' is already enabled as of Swift version 6
/host/spi-builder-workspace/Sources/Atoms/Atom/ObservableObjectAtom.swift:1:8: error: no such module 'Combine'
  1 | import Combine
    |        `- error: no such module 'Combine'
  2 | import Foundation
  3 |
[13/73] Compiling Atoms PreviousModifier.swift
<unknown>:0: warning: upcoming feature 'InferSendableFromCaptures' is already enabled as of Swift version 6
<unknown>:0: warning: upcoming feature 'GlobalActorIsolatedTypesUsability' is already enabled as of Swift version 6
<unknown>:0: warning: upcoming feature 'DisableOutwardActorInference' is already enabled as of Swift version 6
/host/spi-builder-workspace/Sources/Atoms/Atom/ObservableObjectAtom.swift:1:8: error: no such module 'Combine'
  1 | import Combine
    |        `- error: no such module 'Combine'
  2 | import Foundation
  3 |
[14/73] Compiling Atoms TaskPhaseModifier.swift
<unknown>:0: warning: upcoming feature 'InferSendableFromCaptures' is already enabled as of Swift version 6
<unknown>:0: warning: upcoming feature 'GlobalActorIsolatedTypesUsability' is already enabled as of Swift version 6
<unknown>:0: warning: upcoming feature 'DisableOutwardActorInference' is already enabled as of Swift version 6
/host/spi-builder-workspace/Sources/Atoms/Atom/ObservableObjectAtom.swift:1:8: error: no such module 'Combine'
  1 | import Combine
    |        `- error: no such module 'Combine'
  2 | import Foundation
  3 |
[15/73] Compiling Atoms ViewContext.swift
<unknown>:0: warning: upcoming feature 'InferSendableFromCaptures' is already enabled as of Swift version 6
<unknown>:0: warning: upcoming feature 'GlobalActorIsolatedTypesUsability' is already enabled as of Swift version 6
<unknown>:0: warning: upcoming feature 'DisableOutwardActorInference' is already enabled as of Swift version 6
/host/spi-builder-workspace/Sources/Atoms/Atom/ObservableObjectAtom.swift:1:8: error: no such module 'Combine'
  1 | import Combine
    |        `- error: no such module 'Combine'
  2 | import Foundation
  3 |
[16/73] Compiling Atoms Watch.swift
<unknown>:0: warning: upcoming feature 'InferSendableFromCaptures' is already enabled as of Swift version 6
<unknown>:0: warning: upcoming feature 'GlobalActorIsolatedTypesUsability' is already enabled as of Swift version 6
<unknown>:0: warning: upcoming feature 'DisableOutwardActorInference' is already enabled as of Swift version 6
/host/spi-builder-workspace/Sources/Atoms/Atom/ObservableObjectAtom.swift:1:8: error: no such module 'Combine'
  1 | import Combine
    |        `- error: no such module 'Combine'
  2 | import Foundation
  3 |
[17/73] Compiling Atoms WatchState.swift
<unknown>:0: warning: upcoming feature 'InferSendableFromCaptures' is already enabled as of Swift version 6
<unknown>:0: warning: upcoming feature 'GlobalActorIsolatedTypesUsability' is already enabled as of Swift version 6
<unknown>:0: warning: upcoming feature 'DisableOutwardActorInference' is already enabled as of Swift version 6
/host/spi-builder-workspace/Sources/Atoms/Atom/ObservableObjectAtom.swift:1:8: error: no such module 'Combine'
  1 | import Combine
    |        `- error: no such module 'Combine'
  2 | import Foundation
  3 |
[18/73] Compiling Atoms WatchStateObject.swift
<unknown>:0: warning: upcoming feature 'InferSendableFromCaptures' is already enabled as of Swift version 6
<unknown>:0: warning: upcoming feature 'GlobalActorIsolatedTypesUsability' is already enabled as of Swift version 6
<unknown>:0: warning: upcoming feature 'DisableOutwardActorInference' is already enabled as of Swift version 6
/host/spi-builder-workspace/Sources/Atoms/Atom/ObservableObjectAtom.swift:1:8: error: no such module 'Combine'
  1 | import Combine
    |        `- error: no such module 'Combine'
  2 | import Foundation
  3 |
[19/73] Compiling Atoms Snapshot.swift
<unknown>:0: warning: upcoming feature 'InferSendableFromCaptures' is already enabled as of Swift version 6
<unknown>:0: warning: upcoming feature 'GlobalActorIsolatedTypesUsability' is already enabled as of Swift version 6
<unknown>:0: warning: upcoming feature 'DisableOutwardActorInference' is already enabled as of Swift version 6
/host/spi-builder-workspace/Sources/Atoms/Atom/ObservableObjectAtom.swift:1:8: error: no such module 'Combine'
  1 | import Combine
    |        `- error: no such module 'Combine'
  2 | import Foundation
  3 |
[20/73] Compiling Atoms Suspense.swift
<unknown>:0: warning: upcoming feature 'InferSendableFromCaptures' is already enabled as of Swift version 6
<unknown>:0: warning: upcoming feature 'GlobalActorIsolatedTypesUsability' is already enabled as of Swift version 6
<unknown>:0: warning: upcoming feature 'DisableOutwardActorInference' is already enabled as of Swift version 6
/host/spi-builder-workspace/Sources/Atoms/Atom/ObservableObjectAtom.swift:1:8: error: no such module 'Combine'
  1 | import Combine
    |        `- error: no such module 'Combine'
  2 | import Foundation
  3 |
[21/73] Compiling Atoms InitializingEffect.swift
<unknown>:0: warning: upcoming feature 'InferSendableFromCaptures' is already enabled as of Swift version 6
<unknown>:0: warning: upcoming feature 'GlobalActorIsolatedTypesUsability' is already enabled as of Swift version 6
<unknown>:0: warning: upcoming feature 'DisableOutwardActorInference' is already enabled as of Swift version 6
/host/spi-builder-workspace/Sources/Atoms/Atom/ObservableObjectAtom.swift:1:8: error: no such module 'Combine'
  1 | import Combine
    |        `- error: no such module 'Combine'
  2 | import Foundation
  3 |
[22/73] Compiling Atoms ReleaseEffect.swift
<unknown>:0: warning: upcoming feature 'InferSendableFromCaptures' is already enabled as of Swift version 6
<unknown>:0: warning: upcoming feature 'GlobalActorIsolatedTypesUsability' is already enabled as of Swift version 6
<unknown>:0: warning: upcoming feature 'DisableOutwardActorInference' is already enabled as of Swift version 6
/host/spi-builder-workspace/Sources/Atoms/Atom/ObservableObjectAtom.swift:1:8: error: no such module 'Combine'
  1 | import Combine
    |        `- error: no such module 'Combine'
  2 | import Foundation
  3 |
[23/73] Compiling Atoms UpdateEffect.swift
<unknown>:0: warning: upcoming feature 'InferSendableFromCaptures' is already enabled as of Swift version 6
<unknown>:0: warning: upcoming feature 'GlobalActorIsolatedTypesUsability' is already enabled as of Swift version 6
<unknown>:0: warning: upcoming feature 'DisableOutwardActorInference' is already enabled as of Swift version 6
/host/spi-builder-workspace/Sources/Atoms/Atom/ObservableObjectAtom.swift:1:8: error: no such module 'Combine'
  1 | import Combine
    |        `- error: no such module 'Combine'
  2 | import Foundation
  3 |
[24/73] Compiling Atoms AnimationModifier.swift
<unknown>:0: warning: upcoming feature 'InferSendableFromCaptures' is already enabled as of Swift version 6
<unknown>:0: warning: upcoming feature 'GlobalActorIsolatedTypesUsability' is already enabled as of Swift version 6
<unknown>:0: warning: upcoming feature 'DisableOutwardActorInference' is already enabled as of Swift version 6
/host/spi-builder-workspace/Sources/Atoms/Atom/ObservableObjectAtom.swift:1:8: error: no such module 'Combine'
  1 | import Combine
    |        `- error: no such module 'Combine'
  2 | import Foundation
  3 |
[25/73] Compiling Atoms ChangesModifier.swift
<unknown>:0: warning: upcoming feature 'InferSendableFromCaptures' is already enabled as of Swift version 6
<unknown>:0: warning: upcoming feature 'GlobalActorIsolatedTypesUsability' is already enabled as of Swift version 6
<unknown>:0: warning: upcoming feature 'DisableOutwardActorInference' is already enabled as of Swift version 6
/host/spi-builder-workspace/Sources/Atoms/Atom/ObservableObjectAtom.swift:1:8: error: no such module 'Combine'
  1 | import Combine
    |        `- error: no such module 'Combine'
  2 | import Foundation
  3 |
[26/73] Compiling Atoms ChangesOfModifier.swift
<unknown>:0: warning: upcoming feature 'InferSendableFromCaptures' is already enabled as of Swift version 6
<unknown>:0: warning: upcoming feature 'GlobalActorIsolatedTypesUsability' is already enabled as of Swift version 6
<unknown>:0: warning: upcoming feature 'DisableOutwardActorInference' is already enabled as of Swift version 6
/host/spi-builder-workspace/Sources/Atoms/Atom/ObservableObjectAtom.swift:1:8: error: no such module 'Combine'
  1 | import Combine
    |        `- error: no such module 'Combine'
  2 | import Foundation
  3 |
[27/73] Compiling Atoms DebounceModifier.swift
<unknown>:0: warning: upcoming feature 'InferSendableFromCaptures' is already enabled as of Swift version 6
<unknown>:0: warning: upcoming feature 'GlobalActorIsolatedTypesUsability' is already enabled as of Swift version 6
<unknown>:0: warning: upcoming feature 'DisableOutwardActorInference' is already enabled as of Swift version 6
/host/spi-builder-workspace/Sources/Atoms/Atom/ObservableObjectAtom.swift:1:8: error: no such module 'Combine'
  1 | import Combine
    |        `- error: no such module 'Combine'
  2 | import Foundation
  3 |
[28/73] Compiling Atoms LatestModifier.swift
<unknown>:0: warning: upcoming feature 'InferSendableFromCaptures' is already enabled as of Swift version 6
<unknown>:0: warning: upcoming feature 'GlobalActorIsolatedTypesUsability' is already enabled as of Swift version 6
<unknown>:0: warning: upcoming feature 'DisableOutwardActorInference' is already enabled as of Swift version 6
/host/spi-builder-workspace/Sources/Atoms/Atom/ObservableObjectAtom.swift:1:8: error: no such module 'Combine'
  1 | import Combine
    |        `- error: no such module 'Combine'
  2 | import Foundation
  3 |
[29/73] Compiling Atoms AtomDerivedScope.swift
<unknown>:0: warning: upcoming feature 'InferSendableFromCaptures' is already enabled as of Swift version 6
<unknown>:0: warning: upcoming feature 'GlobalActorIsolatedTypesUsability' is already enabled as of Swift version 6
<unknown>:0: warning: upcoming feature 'DisableOutwardActorInference' is already enabled as of Swift version 6
/host/spi-builder-workspace/Sources/Atoms/Atom/ObservableObjectAtom.swift:1:8: error: no such module 'Combine'
  1 | import Combine
    |        `- error: no such module 'Combine'
  2 | import Foundation
  3 |
[30/73] Compiling Atoms AtomRoot.swift
<unknown>:0: warning: upcoming feature 'InferSendableFromCaptures' is already enabled as of Swift version 6
<unknown>:0: warning: upcoming feature 'GlobalActorIsolatedTypesUsability' is already enabled as of Swift version 6
<unknown>:0: warning: upcoming feature 'DisableOutwardActorInference' is already enabled as of Swift version 6
/host/spi-builder-workspace/Sources/Atoms/Atom/ObservableObjectAtom.swift:1:8: error: no such module 'Combine'
  1 | import Combine
    |        `- error: no such module 'Combine'
  2 | import Foundation
  3 |
[31/73] Compiling Atoms AtomScope.swift
<unknown>:0: warning: upcoming feature 'InferSendableFromCaptures' is already enabled as of Swift version 6
<unknown>:0: warning: upcoming feature 'GlobalActorIsolatedTypesUsability' is already enabled as of Swift version 6
<unknown>:0: warning: upcoming feature 'DisableOutwardActorInference' is already enabled as of Swift version 6
/host/spi-builder-workspace/Sources/Atoms/Atom/ObservableObjectAtom.swift:1:8: error: no such module 'Combine'
  1 | import Combine
    |        `- error: no such module 'Combine'
  2 | import Foundation
  3 |
[32/73] Compiling Atoms AtomStore.swift
<unknown>:0: warning: upcoming feature 'InferSendableFromCaptures' is already enabled as of Swift version 6
<unknown>:0: warning: upcoming feature 'GlobalActorIsolatedTypesUsability' is already enabled as of Swift version 6
<unknown>:0: warning: upcoming feature 'DisableOutwardActorInference' is already enabled as of Swift version 6
/host/spi-builder-workspace/Sources/Atoms/Atom/ObservableObjectAtom.swift:1:8: error: no such module 'Combine'
  1 | import Combine
    |        `- error: no such module 'Combine'
  2 | import Foundation
  3 |
[33/73] Compiling Atoms AtomTestContextTimeoutError.swift
<unknown>:0: warning: upcoming feature 'InferSendableFromCaptures' is already enabled as of Swift version 6
<unknown>:0: warning: upcoming feature 'GlobalActorIsolatedTypesUsability' is already enabled as of Swift version 6
<unknown>:0: warning: upcoming feature 'DisableOutwardActorInference' is already enabled as of Swift version 6
/host/spi-builder-workspace/Sources/Atoms/Atom/ObservableObjectAtom.swift:1:8: error: no such module 'Combine'
  1 | import Combine
    |        `- error: no such module 'Combine'
  2 | import Foundation
  3 |
[34/73] Compiling Atoms KeepAlive.swift
<unknown>:0: warning: upcoming feature 'InferSendableFromCaptures' is already enabled as of Swift version 6
<unknown>:0: warning: upcoming feature 'GlobalActorIsolatedTypesUsability' is already enabled as of Swift version 6
<unknown>:0: warning: upcoming feature 'DisableOutwardActorInference' is already enabled as of Swift version 6
/host/spi-builder-workspace/Sources/Atoms/Atom/ObservableObjectAtom.swift:1:8: error: no such module 'Combine'
  1 | import Combine
    |        `- error: no such module 'Combine'
  2 | import Foundation
  3 |
[35/73] Compiling Atoms Scoped.swift
<unknown>:0: warning: upcoming feature 'InferSendableFromCaptures' is already enabled as of Swift version 6
<unknown>:0: warning: upcoming feature 'GlobalActorIsolatedTypesUsability' is already enabled as of Swift version 6
<unknown>:0: warning: upcoming feature 'DisableOutwardActorInference' is already enabled as of Swift version 6
/host/spi-builder-workspace/Sources/Atoms/Atom/ObservableObjectAtom.swift:1:8: error: no such module 'Combine'
  1 | import Combine
    |        `- error: no such module 'Combine'
  2 | import Foundation
  3 |
[36/73] Compiling Atoms AtomContext.swift
<unknown>:0: warning: upcoming feature 'InferSendableFromCaptures' is already enabled as of Swift version 6
<unknown>:0: warning: upcoming feature 'GlobalActorIsolatedTypesUsability' is already enabled as of Swift version 6
<unknown>:0: warning: upcoming feature 'DisableOutwardActorInference' is already enabled as of Swift version 6
/host/spi-builder-workspace/Sources/Atoms/Atom/ObservableObjectAtom.swift:1:8: error: no such module 'Combine'
  1 | import Combine
    |        `- error: no such module 'Combine'
  2 | import Foundation
  3 |
[37/73] Compiling Atoms AtomCurrentContext.swift
<unknown>:0: warning: upcoming feature 'InferSendableFromCaptures' is already enabled as of Swift version 6
<unknown>:0: warning: upcoming feature 'GlobalActorIsolatedTypesUsability' is already enabled as of Swift version 6
<unknown>:0: warning: upcoming feature 'DisableOutwardActorInference' is already enabled as of Swift version 6
/host/spi-builder-workspace/Sources/Atoms/Atom/ObservableObjectAtom.swift:1:8: error: no such module 'Combine'
  1 | import Combine
    |        `- error: no such module 'Combine'
  2 | import Foundation
  3 |
[38/73] Compiling Atoms Scope.swift
<unknown>:0: warning: upcoming feature 'InferSendableFromCaptures' is already enabled as of Swift version 6
<unknown>:0: warning: upcoming feature 'GlobalActorIsolatedTypesUsability' is already enabled as of Swift version 6
<unknown>:0: warning: upcoming feature 'DisableOutwardActorInference' is already enabled as of Swift version 6
/host/spi-builder-workspace/Sources/Atoms/Atom/ObservableObjectAtom.swift:1:8: error: no such module 'Combine'
  1 | import Combine
    |        `- error: no such module 'Combine'
  2 | import Foundation
  3 |
[39/73] Compiling Atoms ScopeID.swift
<unknown>:0: warning: upcoming feature 'InferSendableFromCaptures' is already enabled as of Swift version 6
<unknown>:0: warning: upcoming feature 'GlobalActorIsolatedTypesUsability' is already enabled as of Swift version 6
<unknown>:0: warning: upcoming feature 'DisableOutwardActorInference' is already enabled as of Swift version 6
/host/spi-builder-workspace/Sources/Atoms/Atom/ObservableObjectAtom.swift:1:8: error: no such module 'Combine'
  1 | import Combine
    |        `- error: no such module 'Combine'
  2 | import Foundation
  3 |
[40/73] Compiling Atoms ScopeKey.swift
<unknown>:0: warning: upcoming feature 'InferSendableFromCaptures' is already enabled as of Swift version 6
<unknown>:0: warning: upcoming feature 'GlobalActorIsolatedTypesUsability' is already enabled as of Swift version 6
<unknown>:0: warning: upcoming feature 'DisableOutwardActorInference' is already enabled as of Swift version 6
/host/spi-builder-workspace/Sources/Atoms/Atom/ObservableObjectAtom.swift:1:8: error: no such module 'Combine'
  1 | import Combine
    |        `- error: no such module 'Combine'
  2 | import Foundation
  3 |
[41/73] Compiling Atoms ScopeState.swift
<unknown>:0: warning: upcoming feature 'InferSendableFromCaptures' is already enabled as of Swift version 6
<unknown>:0: warning: upcoming feature 'GlobalActorIsolatedTypesUsability' is already enabled as of Swift version 6
<unknown>:0: warning: upcoming feature 'DisableOutwardActorInference' is already enabled as of Swift version 6
/host/spi-builder-workspace/Sources/Atoms/Atom/ObservableObjectAtom.swift:1:8: error: no such module 'Combine'
  1 | import Combine
    |        `- error: no such module 'Combine'
  2 | import Foundation
  3 |
[42/73] Compiling Atoms ScopeValues.swift
<unknown>:0: warning: upcoming feature 'InferSendableFromCaptures' is already enabled as of Swift version 6
<unknown>:0: warning: upcoming feature 'GlobalActorIsolatedTypesUsability' is already enabled as of Swift version 6
<unknown>:0: warning: upcoming feature 'DisableOutwardActorInference' is already enabled as of Swift version 6
/host/spi-builder-workspace/Sources/Atoms/Atom/ObservableObjectAtom.swift:1:8: error: no such module 'Combine'
  1 | import Combine
    |        `- error: no such module 'Combine'
  2 | import Foundation
  3 |
[43/73] Compiling Atoms SourceLocation.swift
<unknown>:0: warning: upcoming feature 'InferSendableFromCaptures' is already enabled as of Swift version 6
<unknown>:0: warning: upcoming feature 'GlobalActorIsolatedTypesUsability' is already enabled as of Swift version 6
<unknown>:0: warning: upcoming feature 'DisableOutwardActorInference' is already enabled as of Swift version 6
/host/spi-builder-workspace/Sources/Atoms/Atom/ObservableObjectAtom.swift:1:8: error: no such module 'Combine'
  1 | import Combine
    |        `- error: no such module 'Combine'
  2 | import Foundation
  3 |
[44/73] Compiling Atoms StoreContext.swift
<unknown>:0: warning: upcoming feature 'InferSendableFromCaptures' is already enabled as of Swift version 6
<unknown>:0: warning: upcoming feature 'GlobalActorIsolatedTypesUsability' is already enabled as of Swift version 6
<unknown>:0: warning: upcoming feature 'DisableOutwardActorInference' is already enabled as of Swift version 6
/host/spi-builder-workspace/Sources/Atoms/Atom/ObservableObjectAtom.swift:1:8: error: no such module 'Combine'
  1 | import Combine
    |        `- error: no such module 'Combine'
  2 | import Foundation
  3 |
[45/73] Compiling Atoms Subscriber.swift
<unknown>:0: warning: upcoming feature 'InferSendableFromCaptures' is already enabled as of Swift version 6
<unknown>:0: warning: upcoming feature 'GlobalActorIsolatedTypesUsability' is already enabled as of Swift version 6
<unknown>:0: warning: upcoming feature 'DisableOutwardActorInference' is already enabled as of Swift version 6
/host/spi-builder-workspace/Sources/Atoms/Atom/ObservableObjectAtom.swift:1:8: error: no such module 'Combine'
  1 | import Combine
    |        `- error: no such module 'Combine'
  2 | import Foundation
  3 |
[46/73] Compiling Atoms SubscriberKey.swift
<unknown>:0: warning: upcoming feature 'InferSendableFromCaptures' is already enabled as of Swift version 6
<unknown>:0: warning: upcoming feature 'GlobalActorIsolatedTypesUsability' is already enabled as of Swift version 6
<unknown>:0: warning: upcoming feature 'DisableOutwardActorInference' is already enabled as of Swift version 6
/host/spi-builder-workspace/Sources/Atoms/Atom/ObservableObjectAtom.swift:1:8: error: no such module 'Combine'
  1 | import Combine
    |        `- error: no such module 'Combine'
  2 | import Foundation
  3 |
[47/73] Compiling Atoms SubscriberState.swift
<unknown>:0: warning: upcoming feature 'InferSendableFromCaptures' is already enabled as of Swift version 6
<unknown>:0: warning: upcoming feature 'GlobalActorIsolatedTypesUsability' is already enabled as of Swift version 6
<unknown>:0: warning: upcoming feature 'DisableOutwardActorInference' is already enabled as of Swift version 6
/host/spi-builder-workspace/Sources/Atoms/Atom/ObservableObjectAtom.swift:1:8: error: no such module 'Combine'
  1 | import Combine
    |        `- error: no such module 'Combine'
  2 | import Foundation
  3 |
[48/73] Compiling Atoms Subscription.swift
<unknown>:0: warning: upcoming feature 'InferSendableFromCaptures' is already enabled as of Swift version 6
<unknown>:0: warning: upcoming feature 'GlobalActorIsolatedTypesUsability' is already enabled as of Swift version 6
<unknown>:0: warning: upcoming feature 'DisableOutwardActorInference' is already enabled as of Swift version 6
/host/spi-builder-workspace/Sources/Atoms/Atom/ObservableObjectAtom.swift:1:8: error: no such module 'Combine'
  1 | import Combine
    |        `- error: no such module 'Combine'
  2 | import Foundation
  3 |
[49/73] Compiling Atoms TopologicalSort.swift
<unknown>:0: warning: upcoming feature 'InferSendableFromCaptures' is already enabled as of Swift version 6
<unknown>:0: warning: upcoming feature 'GlobalActorIsolatedTypesUsability' is already enabled as of Swift version 6
<unknown>:0: warning: upcoming feature 'DisableOutwardActorInference' is already enabled as of Swift version 6
/host/spi-builder-workspace/Sources/Atoms/Atom/ObservableObjectAtom.swift:1:8: error: no such module 'Combine'
  1 | import Combine
    |        `- error: no such module 'Combine'
  2 | import Foundation
  3 |
[50/73] Compiling Atoms TransactionState.swift
<unknown>:0: warning: upcoming feature 'InferSendableFromCaptures' is already enabled as of Swift version 6
<unknown>:0: warning: upcoming feature 'GlobalActorIsolatedTypesUsability' is already enabled as of Swift version 6
<unknown>:0: warning: upcoming feature 'DisableOutwardActorInference' is already enabled as of Swift version 6
/host/spi-builder-workspace/Sources/Atoms/Atom/ObservableObjectAtom.swift:1:8: error: no such module 'Combine'
  1 | import Combine
    |        `- error: no such module 'Combine'
  2 | import Foundation
  3 |
[51/73] Compiling Atoms UnsafeUncheckedSendable.swift
<unknown>:0: warning: upcoming feature 'InferSendableFromCaptures' is already enabled as of Swift version 6
<unknown>:0: warning: upcoming feature 'GlobalActorIsolatedTypesUsability' is already enabled as of Swift version 6
<unknown>:0: warning: upcoming feature 'DisableOutwardActorInference' is already enabled as of Swift version 6
/host/spi-builder-workspace/Sources/Atoms/Atom/ObservableObjectAtom.swift:1:8: error: no such module 'Combine'
  1 | import Combine
    |        `- error: no such module 'Combine'
  2 | import Foundation
  3 |
[52/73] Compiling Atoms Utilities.swift
<unknown>:0: warning: upcoming feature 'InferSendableFromCaptures' is already enabled as of Swift version 6
<unknown>:0: warning: upcoming feature 'GlobalActorIsolatedTypesUsability' is already enabled as of Swift version 6
<unknown>:0: warning: upcoming feature 'DisableOutwardActorInference' is already enabled as of Swift version 6
/host/spi-builder-workspace/Sources/Atoms/Atom/ObservableObjectAtom.swift:1:8: error: no such module 'Combine'
  1 | import Combine
    |        `- error: no such module 'Combine'
  2 | import Foundation
  3 |
[53/73] Compiling Atoms AtomEffect.swift
<unknown>:0: warning: upcoming feature 'InferSendableFromCaptures' is already enabled as of Swift version 6
<unknown>:0: warning: upcoming feature 'GlobalActorIsolatedTypesUsability' is already enabled as of Swift version 6
<unknown>:0: warning: upcoming feature 'DisableOutwardActorInference' is already enabled as of Swift version 6
/host/spi-builder-workspace/Sources/Atoms/Atom/ObservableObjectAtom.swift:1:8: error: no such module 'Combine'
  1 | import Combine
    |        `- error: no such module 'Combine'
  2 | import Foundation
  3 |
[54/73] Compiling Atoms AtomEffectBuilder.swift
<unknown>:0: warning: upcoming feature 'InferSendableFromCaptures' is already enabled as of Swift version 6
<unknown>:0: warning: upcoming feature 'GlobalActorIsolatedTypesUsability' is already enabled as of Swift version 6
<unknown>:0: warning: upcoming feature 'DisableOutwardActorInference' is already enabled as of Swift version 6
/host/spi-builder-workspace/Sources/Atoms/Atom/ObservableObjectAtom.swift:1:8: error: no such module 'Combine'
  1 | import Combine
    |        `- error: no such module 'Combine'
  2 | import Foundation
  3 |
[55/73] Compiling Atoms InitializeEffect.swift
<unknown>:0: warning: upcoming feature 'InferSendableFromCaptures' is already enabled as of Swift version 6
<unknown>:0: warning: upcoming feature 'GlobalActorIsolatedTypesUsability' is already enabled as of Swift version 6
<unknown>:0: warning: upcoming feature 'DisableOutwardActorInference' is already enabled as of Swift version 6
/host/spi-builder-workspace/Sources/Atoms/Atom/ObservableObjectAtom.swift:1:8: error: no such module 'Combine'
  1 | import Combine
    |        `- error: no such module 'Combine'
  2 | import Foundation
  3 |
[56/73] Compiling Atoms AtomTestContext.swift
<unknown>:0: warning: upcoming feature 'InferSendableFromCaptures' is already enabled as of Swift version 6
<unknown>:0: warning: upcoming feature 'GlobalActorIsolatedTypesUsability' is already enabled as of Swift version 6
<unknown>:0: warning: upcoming feature 'DisableOutwardActorInference' is already enabled as of Swift version 6
/host/spi-builder-workspace/Sources/Atoms/Atom/ObservableObjectAtom.swift:1:8: error: no such module 'Combine'
  1 | import Combine
    |        `- error: no such module 'Combine'
  2 | import Foundation
  3 |
[57/73] Compiling Atoms AtomTransactionContext.swift
<unknown>:0: warning: upcoming feature 'InferSendableFromCaptures' is already enabled as of Swift version 6
<unknown>:0: warning: upcoming feature 'GlobalActorIsolatedTypesUsability' is already enabled as of Swift version 6
<unknown>:0: warning: upcoming feature 'DisableOutwardActorInference' is already enabled as of Swift version 6
/host/spi-builder-workspace/Sources/Atoms/Atom/ObservableObjectAtom.swift:1:8: error: no such module 'Combine'
  1 | import Combine
    |        `- error: no such module 'Combine'
  2 | import Foundation
  3 |
[58/73] Compiling Atoms AtomViewContext.swift
<unknown>:0: warning: upcoming feature 'InferSendableFromCaptures' is already enabled as of Swift version 6
<unknown>:0: warning: upcoming feature 'GlobalActorIsolatedTypesUsability' is already enabled as of Swift version 6
<unknown>:0: warning: upcoming feature 'DisableOutwardActorInference' is already enabled as of Swift version 6
/host/spi-builder-workspace/Sources/Atoms/Atom/ObservableObjectAtom.swift:1:8: error: no such module 'Combine'
  1 | import Combine
    |        `- error: no such module 'Combine'
  2 | import Foundation
  3 |
[59/73] Compiling Atoms AsyncAtom.swift
<unknown>:0: warning: upcoming feature 'InferSendableFromCaptures' is already enabled as of Swift version 6
<unknown>:0: warning: upcoming feature 'GlobalActorIsolatedTypesUsability' is already enabled as of Swift version 6
<unknown>:0: warning: upcoming feature 'DisableOutwardActorInference' is already enabled as of Swift version 6
/host/spi-builder-workspace/Sources/Atoms/Atom/ObservableObjectAtom.swift:1:8: error: no such module 'Combine'
  1 | import Combine
    |        `- error: no such module 'Combine'
  2 | import Foundation
  3 |
[60/73] Compiling Atoms Atom.swift
<unknown>:0: warning: upcoming feature 'InferSendableFromCaptures' is already enabled as of Swift version 6
<unknown>:0: warning: upcoming feature 'GlobalActorIsolatedTypesUsability' is already enabled as of Swift version 6
<unknown>:0: warning: upcoming feature 'DisableOutwardActorInference' is already enabled as of Swift version 6
/host/spi-builder-workspace/Sources/Atoms/Atom/ObservableObjectAtom.swift:1:8: error: no such module 'Combine'
  1 | import Combine
    |        `- error: no such module 'Combine'
  2 | import Foundation
  3 |
[61/73] Compiling Atoms ModifiedAtom.swift
<unknown>:0: warning: upcoming feature 'InferSendableFromCaptures' is already enabled as of Swift version 6
<unknown>:0: warning: upcoming feature 'GlobalActorIsolatedTypesUsability' is already enabled as of Swift version 6
<unknown>:0: warning: upcoming feature 'DisableOutwardActorInference' is already enabled as of Swift version 6
/host/spi-builder-workspace/Sources/Atoms/Atom/ObservableObjectAtom.swift:1:8: error: no such module 'Combine'
  1 | import Combine
    |        `- error: no such module 'Combine'
  2 | import Foundation
  3 |
[62/73] Compiling Atoms AtomCache.swift
<unknown>:0: warning: upcoming feature 'InferSendableFromCaptures' is already enabled as of Swift version 6
<unknown>:0: warning: upcoming feature 'GlobalActorIsolatedTypesUsability' is already enabled as of Swift version 6
<unknown>:0: warning: upcoming feature 'DisableOutwardActorInference' is already enabled as of Swift version 6
/host/spi-builder-workspace/Sources/Atoms/Atom/ObservableObjectAtom.swift:1:8: error: no such module 'Combine'
  1 | import Combine
    |        `- error: no such module 'Combine'
  2 | import Foundation
  3 |
[63/73] Compiling Atoms AtomKey.swift
<unknown>:0: warning: upcoming feature 'InferSendableFromCaptures' is already enabled as of Swift version 6
<unknown>:0: warning: upcoming feature 'GlobalActorIsolatedTypesUsability' is already enabled as of Swift version 6
<unknown>:0: warning: upcoming feature 'DisableOutwardActorInference' is already enabled as of Swift version 6
/host/spi-builder-workspace/Sources/Atoms/Atom/ObservableObjectAtom.swift:1:8: error: no such module 'Combine'
  1 | import Combine
    |        `- error: no such module 'Combine'
  2 | import Foundation
  3 |
[64/73] Compiling Atoms AtomState.swift
<unknown>:0: warning: upcoming feature 'InferSendableFromCaptures' is already enabled as of Swift version 6
<unknown>:0: warning: upcoming feature 'GlobalActorIsolatedTypesUsability' is already enabled as of Swift version 6
<unknown>:0: warning: upcoming feature 'DisableOutwardActorInference' is already enabled as of Swift version 6
/host/spi-builder-workspace/Sources/Atoms/Atom/ObservableObjectAtom.swift:1:8: error: no such module 'Combine'
  1 | import Combine
    |        `- error: no such module 'Combine'
  2 | import Foundation
  3 |
[65/73] Compiling Atoms AsyncPhase.swift
<unknown>:0: warning: upcoming feature 'InferSendableFromCaptures' is already enabled as of Swift version 6
<unknown>:0: warning: upcoming feature 'GlobalActorIsolatedTypesUsability' is already enabled as of Swift version 6
<unknown>:0: warning: upcoming feature 'DisableOutwardActorInference' is already enabled as of Swift version 6
/host/spi-builder-workspace/Sources/Atoms/Atom/ObservableObjectAtom.swift:1:8: error: no such module 'Combine'
  1 | import Combine
    |        `- error: no such module 'Combine'
  2 | import Foundation
  3 |
[66/73] Compiling Atoms AsyncPhaseAtom.swift
<unknown>:0: warning: upcoming feature 'InferSendableFromCaptures' is already enabled as of Swift version 6
<unknown>:0: warning: upcoming feature 'GlobalActorIsolatedTypesUsability' is already enabled as of Swift version 6
<unknown>:0: warning: upcoming feature 'DisableOutwardActorInference' is already enabled as of Swift version 6
/host/spi-builder-workspace/Sources/Atoms/Atom/ObservableObjectAtom.swift:1:8: error: no such module 'Combine'
  1 | import Combine
    |        `- error: no such module 'Combine'
  2 | import Foundation
  3 |
[67/73] Compiling Atoms AsyncSequenceAtom.swift
<unknown>:0: warning: upcoming feature 'InferSendableFromCaptures' is already enabled as of Swift version 6
<unknown>:0: warning: upcoming feature 'GlobalActorIsolatedTypesUsability' is already enabled as of Swift version 6
<unknown>:0: warning: upcoming feature 'DisableOutwardActorInference' is already enabled as of Swift version 6
/host/spi-builder-workspace/Sources/Atoms/Atom/ObservableObjectAtom.swift:1:8: error: no such module 'Combine'
  1 | import Combine
    |        `- error: no such module 'Combine'
  2 | import Foundation
  3 |
[68/73] Compiling Atoms ObservableObjectAtom.swift
<unknown>:0: warning: upcoming feature 'InferSendableFromCaptures' is already enabled as of Swift version 6
<unknown>:0: warning: upcoming feature 'GlobalActorIsolatedTypesUsability' is already enabled as of Swift version 6
<unknown>:0: warning: upcoming feature 'DisableOutwardActorInference' is already enabled as of Swift version 6
/host/spi-builder-workspace/Sources/Atoms/Atom/ObservableObjectAtom.swift:1:8: error: no such module 'Combine'
  1 | import Combine
    |        `- error: no such module 'Combine'
  2 | import Foundation
  3 |
[69/73] Compiling Atoms PublisherAtom.swift
<unknown>:0: warning: upcoming feature 'InferSendableFromCaptures' is already enabled as of Swift version 6
<unknown>:0: warning: upcoming feature 'GlobalActorIsolatedTypesUsability' is already enabled as of Swift version 6
<unknown>:0: warning: upcoming feature 'DisableOutwardActorInference' is already enabled as of Swift version 6
/host/spi-builder-workspace/Sources/Atoms/Atom/ObservableObjectAtom.swift:1:8: error: no such module 'Combine'
  1 | import Combine
    |        `- error: no such module 'Combine'
  2 | import Foundation
  3 |
[70/73] Compiling Atoms StateAtom.swift
<unknown>:0: warning: upcoming feature 'InferSendableFromCaptures' is already enabled as of Swift version 6
<unknown>:0: warning: upcoming feature 'GlobalActorIsolatedTypesUsability' is already enabled as of Swift version 6
<unknown>:0: warning: upcoming feature 'DisableOutwardActorInference' is already enabled as of Swift version 6
/host/spi-builder-workspace/Sources/Atoms/Atom/ObservableObjectAtom.swift:1:8: error: no such module 'Combine'
  1 | import Combine
    |        `- error: no such module 'Combine'
  2 | import Foundation
  3 |
[71/73] Compiling Atoms TaskAtom.swift
<unknown>:0: warning: upcoming feature 'InferSendableFromCaptures' is already enabled as of Swift version 6
<unknown>:0: warning: upcoming feature 'GlobalActorIsolatedTypesUsability' is already enabled as of Swift version 6
<unknown>:0: warning: upcoming feature 'DisableOutwardActorInference' is already enabled as of Swift version 6
/host/spi-builder-workspace/Sources/Atoms/Atom/ObservableObjectAtom.swift:1:8: error: no such module 'Combine'
  1 | import Combine
    |        `- error: no such module 'Combine'
  2 | import Foundation
  3 |
[72/73] Compiling Atoms ThrowingTaskAtom.swift
<unknown>:0: warning: upcoming feature 'InferSendableFromCaptures' is already enabled as of Swift version 6
<unknown>:0: warning: upcoming feature 'GlobalActorIsolatedTypesUsability' is already enabled as of Swift version 6
<unknown>:0: warning: upcoming feature 'DisableOutwardActorInference' is already enabled as of Swift version 6
/host/spi-builder-workspace/Sources/Atoms/Atom/ObservableObjectAtom.swift:1:8: error: no such module 'Combine'
  1 | import Combine
    |        `- error: no such module 'Combine'
  2 | import Foundation
  3 |
[73/73] Compiling Atoms ValueAtom.swift
<unknown>:0: warning: upcoming feature 'InferSendableFromCaptures' is already enabled as of Swift version 6
<unknown>:0: warning: upcoming feature 'GlobalActorIsolatedTypesUsability' is already enabled as of Swift version 6
<unknown>:0: warning: upcoming feature 'DisableOutwardActorInference' is already enabled as of Swift version 6
/host/spi-builder-workspace/Sources/Atoms/Atom/ObservableObjectAtom.swift:1:8: error: no such module 'Combine'
  1 | import Combine
    |        `- error: no such module 'Combine'
  2 | import Foundation
  3 |
Running build ...
bash -c docker run --pull=always --rm -v "checkouts-53886768-0":/host -w "$PWD" -e JAVA_HOME="/root/.sdkman/candidates/java/current" -e SPI_BUILD="1" -e SPI_PROCESSING="1" registry.gitlab.com/saguaro1/spi-images:wasm-6.1-latest swift build --swift-sdk wasm32-unknown-wasi 2>&1
wasm-6.1-latest: Pulling from saguaro1/spi-images
Digest: sha256:1ad245dad3d2ae0004e1afbc92334bd39884ed9ca587cf04d0a8d5f640fb02e9
Status: Image is up to date for registry.gitlab.com/saguaro1/spi-images:wasm-6.1-latest
[0/1] Planning build
Building for debugging...
[0/1] Write swift-version-24593BA9C3E375BF.txt
[2/64] Compiling Atoms SubscriberState.swift
/host/spi-builder-workspace/Sources/Atoms/Atom/ObservableObjectAtom.swift:1:8: error: no such module 'Combine'
  1 | import Combine
    |        `- error: no such module 'Combine'
  2 | import Foundation
  3 |
[3/64] Compiling Atoms Subscription.swift
/host/spi-builder-workspace/Sources/Atoms/Atom/ObservableObjectAtom.swift:1:8: error: no such module 'Combine'
  1 | import Combine
    |        `- error: no such module 'Combine'
  2 | import Foundation
  3 |
[4/64] Compiling Atoms TopologicalSort.swift
/host/spi-builder-workspace/Sources/Atoms/Atom/ObservableObjectAtom.swift:1:8: error: no such module 'Combine'
  1 | import Combine
    |        `- error: no such module 'Combine'
  2 | import Foundation
  3 |
[5/64] Compiling Atoms TransactionState.swift
/host/spi-builder-workspace/Sources/Atoms/Atom/ObservableObjectAtom.swift:1:8: error: no such module 'Combine'
  1 | import Combine
    |        `- error: no such module 'Combine'
  2 | import Foundation
  3 |
[6/64] Compiling Atoms UnsafeUncheckedSendable.swift
/host/spi-builder-workspace/Sources/Atoms/Atom/ObservableObjectAtom.swift:1:8: error: no such module 'Combine'
  1 | import Combine
    |        `- error: no such module 'Combine'
  2 | import Foundation
  3 |
[7/64] Compiling Atoms Utilities.swift
/host/spi-builder-workspace/Sources/Atoms/Atom/ObservableObjectAtom.swift:1:8: error: no such module 'Combine'
  1 | import Combine
    |        `- error: no such module 'Combine'
  2 | import Foundation
  3 |
[8/64] Compiling Atoms AtomEffect.swift
/host/spi-builder-workspace/Sources/Atoms/Atom/ObservableObjectAtom.swift:1:8: error: no such module 'Combine'
  1 | import Combine
    |        `- error: no such module 'Combine'
  2 | import Foundation
  3 |
[9/64] Compiling Atoms AtomEffectBuilder.swift
/host/spi-builder-workspace/Sources/Atoms/Atom/ObservableObjectAtom.swift:1:8: error: no such module 'Combine'
  1 | import Combine
    |        `- error: no such module 'Combine'
  2 | import Foundation
  3 |
[10/64] Compiling Atoms InitializeEffect.swift
/host/spi-builder-workspace/Sources/Atoms/Atom/ObservableObjectAtom.swift:1:8: error: no such module 'Combine'
  1 | import Combine
    |        `- error: no such module 'Combine'
  2 | import Foundation
  3 |
[11/72] Compiling Atoms AsyncPhase.swift
/host/spi-builder-workspace/Sources/Atoms/Atom/ObservableObjectAtom.swift:1:8: error: no such module 'Combine'
  1 | import Combine
    |        `- error: no such module 'Combine'
  2 | import Foundation
  3 |
[12/72] Compiling Atoms AsyncPhaseAtom.swift
/host/spi-builder-workspace/Sources/Atoms/Atom/ObservableObjectAtom.swift:1:8: error: no such module 'Combine'
  1 | import Combine
    |        `- error: no such module 'Combine'
  2 | import Foundation
  3 |
[13/72] Compiling Atoms AsyncSequenceAtom.swift
/host/spi-builder-workspace/Sources/Atoms/Atom/ObservableObjectAtom.swift:1:8: error: no such module 'Combine'
  1 | import Combine
    |        `- error: no such module 'Combine'
  2 | import Foundation
  3 |
[14/72] Compiling Atoms ObservableObjectAtom.swift
/host/spi-builder-workspace/Sources/Atoms/Atom/ObservableObjectAtom.swift:1:8: error: no such module 'Combine'
  1 | import Combine
    |        `- error: no such module 'Combine'
  2 | import Foundation
  3 |
[15/72] Compiling Atoms PublisherAtom.swift
/host/spi-builder-workspace/Sources/Atoms/Atom/ObservableObjectAtom.swift:1:8: error: no such module 'Combine'
  1 | import Combine
    |        `- error: no such module 'Combine'
  2 | import Foundation
  3 |
[16/72] Compiling Atoms StateAtom.swift
/host/spi-builder-workspace/Sources/Atoms/Atom/ObservableObjectAtom.swift:1:8: error: no such module 'Combine'
  1 | import Combine
    |        `- error: no such module 'Combine'
  2 | import Foundation
  3 |
[17/72] Compiling Atoms TaskAtom.swift
/host/spi-builder-workspace/Sources/Atoms/Atom/ObservableObjectAtom.swift:1:8: error: no such module 'Combine'
  1 | import Combine
    |        `- error: no such module 'Combine'
  2 | import Foundation
  3 |
[18/72] Compiling Atoms ThrowingTaskAtom.swift
/host/spi-builder-workspace/Sources/Atoms/Atom/ObservableObjectAtom.swift:1:8: error: no such module 'Combine'
  1 | import Combine
    |        `- error: no such module 'Combine'
  2 | import Foundation
  3 |
[19/72] Compiling Atoms ValueAtom.swift
/host/spi-builder-workspace/Sources/Atoms/Atom/ObservableObjectAtom.swift:1:8: error: no such module 'Combine'
  1 | import Combine
    |        `- error: no such module 'Combine'
  2 | import Foundation
  3 |
[20/72] Compiling Atoms InitializingEffect.swift
/host/spi-builder-workspace/Sources/Atoms/Atom/ObservableObjectAtom.swift:1:8: error: no such module 'Combine'
  1 | import Combine
    |        `- error: no such module 'Combine'
  2 | import Foundation
  3 |
[21/72] Compiling Atoms ReleaseEffect.swift
/host/spi-builder-workspace/Sources/Atoms/Atom/ObservableObjectAtom.swift:1:8: error: no such module 'Combine'
  1 | import Combine
    |        `- error: no such module 'Combine'
  2 | import Foundation
  3 |
[22/72] Compiling Atoms UpdateEffect.swift
/host/spi-builder-workspace/Sources/Atoms/Atom/ObservableObjectAtom.swift:1:8: error: no such module 'Combine'
  1 | import Combine
    |        `- error: no such module 'Combine'
  2 | import Foundation
  3 |
[23/72] Compiling Atoms AnimationModifier.swift
/host/spi-builder-workspace/Sources/Atoms/Atom/ObservableObjectAtom.swift:1:8: error: no such module 'Combine'
  1 | import Combine
    |        `- error: no such module 'Combine'
  2 | import Foundation
  3 |
[24/72] Compiling Atoms ChangesModifier.swift
/host/spi-builder-workspace/Sources/Atoms/Atom/ObservableObjectAtom.swift:1:8: error: no such module 'Combine'
  1 | import Combine
    |        `- error: no such module 'Combine'
  2 | import Foundation
  3 |
[25/72] Compiling Atoms ChangesOfModifier.swift
/host/spi-builder-workspace/Sources/Atoms/Atom/ObservableObjectAtom.swift:1:8: error: no such module 'Combine'
  1 | import Combine
    |        `- error: no such module 'Combine'
  2 | import Foundation
  3 |
[26/72] Compiling Atoms DebounceModifier.swift
/host/spi-builder-workspace/Sources/Atoms/Atom/ObservableObjectAtom.swift:1:8: error: no such module 'Combine'
  1 | import Combine
    |        `- error: no such module 'Combine'
  2 | import Foundation
  3 |
[27/72] Compiling Atoms LatestModifier.swift
/host/spi-builder-workspace/Sources/Atoms/Atom/ObservableObjectAtom.swift:1:8: error: no such module 'Combine'
  1 | import Combine
    |        `- error: no such module 'Combine'
  2 | import Foundation
  3 |
[28/72] Compiling Atoms AtomTestContext.swift
/host/spi-builder-workspace/Sources/Atoms/Atom/ObservableObjectAtom.swift:1:8: error: no such module 'Combine'
  1 | import Combine
    |        `- error: no such module 'Combine'
  2 | import Foundation
  3 |
[29/72] Compiling Atoms AtomTransactionContext.swift
/host/spi-builder-workspace/Sources/Atoms/Atom/ObservableObjectAtom.swift:1:8: error: no such module 'Combine'
  1 | import Combine
    |        `- error: no such module 'Combine'
  2 | import Foundation
  3 |
[30/72] Compiling Atoms AtomViewContext.swift
/host/spi-builder-workspace/Sources/Atoms/Atom/ObservableObjectAtom.swift:1:8: error: no such module 'Combine'
  1 | import Combine
    |        `- error: no such module 'Combine'
  2 | import Foundation
  3 |
[31/72] Compiling Atoms AsyncAtom.swift
/host/spi-builder-workspace/Sources/Atoms/Atom/ObservableObjectAtom.swift:1:8: error: no such module 'Combine'
  1 | import Combine
    |        `- error: no such module 'Combine'
  2 | import Foundation
  3 |
[32/72] Compiling Atoms Atom.swift
/host/spi-builder-workspace/Sources/Atoms/Atom/ObservableObjectAtom.swift:1:8: error: no such module 'Combine'
  1 | import Combine
    |        `- error: no such module 'Combine'
  2 | import Foundation
  3 |
[33/72] Compiling Atoms ModifiedAtom.swift
/host/spi-builder-workspace/Sources/Atoms/Atom/ObservableObjectAtom.swift:1:8: error: no such module 'Combine'
  1 | import Combine
    |        `- error: no such module 'Combine'
  2 | import Foundation
  3 |
[34/72] Compiling Atoms AtomCache.swift
/host/spi-builder-workspace/Sources/Atoms/Atom/ObservableObjectAtom.swift:1:8: error: no such module 'Combine'
  1 | import Combine
    |        `- error: no such module 'Combine'
  2 | import Foundation
  3 |
[35/72] Compiling Atoms AtomKey.swift
/host/spi-builder-workspace/Sources/Atoms/Atom/ObservableObjectAtom.swift:1:8: error: no such module 'Combine'
  1 | import Combine
    |        `- error: no such module 'Combine'
  2 | import Foundation
  3 |
[36/72] Compiling Atoms AtomState.swift
/host/spi-builder-workspace/Sources/Atoms/Atom/ObservableObjectAtom.swift:1:8: error: no such module 'Combine'
  1 | import Combine
    |        `- error: no such module 'Combine'
  2 | import Foundation
  3 |
[37/72] Compiling Atoms Environment.swift
/host/spi-builder-workspace/Sources/Atoms/Atom/ObservableObjectAtom.swift:1:8: error: no such module 'Combine'
  1 | import Combine
    |        `- error: no such module 'Combine'
  2 | import Foundation
  3 |
[38/72] Compiling Atoms AsyncAtomModifier.swift
/host/spi-builder-workspace/Sources/Atoms/Atom/ObservableObjectAtom.swift:1:8: error: no such module 'Combine'
  1 | import Combine
    |        `- error: no such module 'Combine'
  2 | import Foundation
  3 |
[39/72] Compiling Atoms AtomModifier.swift
/host/spi-builder-workspace/Sources/Atoms/Atom/ObservableObjectAtom.swift:1:8: error: no such module 'Combine'
  1 | import Combine
    |        `- error: no such module 'Combine'
  2 | import Foundation
  3 |
[40/72] Compiling Atoms Observer.swift
/host/spi-builder-workspace/Sources/Atoms/Atom/ObservableObjectAtom.swift:1:8: error: no such module 'Combine'
  1 | import Combine
    |        `- error: no such module 'Combine'
  2 | import Foundation
  3 |
[41/72] Compiling Atoms Override.swift
/host/spi-builder-workspace/Sources/Atoms/Atom/ObservableObjectAtom.swift:1:8: error: no such module 'Combine'
  1 | import Combine
    |        `- error: no such module 'Combine'
  2 | import Foundation
  3 |
[42/72] Compiling Atoms OverrideContainer.swift
/host/spi-builder-workspace/Sources/Atoms/Atom/ObservableObjectAtom.swift:1:8: error: no such module 'Combine'
  1 | import Combine
    |        `- error: no such module 'Combine'
  2 | import Foundation
  3 |
[43/72] Compiling Atoms AtomProducer.swift
/host/spi-builder-workspace/Sources/Atoms/Atom/ObservableObjectAtom.swift:1:8: error: no such module 'Combine'
  1 | import Combine
    |        `- error: no such module 'Combine'
  2 | import Foundation
  3 |
[44/72] Compiling Atoms AtomProducerContext.swift
/host/spi-builder-workspace/Sources/Atoms/Atom/ObservableObjectAtom.swift:1:8: error: no such module 'Combine'
  1 | import Combine
    |        `- error: no such module 'Combine'
  2 | import Foundation
  3 |
[45/72] Compiling Atoms AtomRefreshProducer.swift
/host/spi-builder-workspace/Sources/Atoms/Atom/ObservableObjectAtom.swift:1:8: error: no such module 'Combine'
  1 | import Combine
    |        `- error: no such module 'Combine'
  2 | import Foundation
  3 |
[46/72] Compiling Atoms Scope.swift
/host/spi-builder-workspace/Sources/Atoms/Atom/ObservableObjectAtom.swift:1:8: error: no such module 'Combine'
  1 | import Combine
    |        `- error: no such module 'Combine'
  2 | import Foundation
  3 |
[47/72] Compiling Atoms ScopeID.swift
/host/spi-builder-workspace/Sources/Atoms/Atom/ObservableObjectAtom.swift:1:8: error: no such module 'Combine'
  1 | import Combine
    |        `- error: no such module 'Combine'
  2 | import Foundation
  3 |
[48/72] Compiling Atoms ScopeKey.swift
/host/spi-builder-workspace/Sources/Atoms/Atom/ObservableObjectAtom.swift:1:8: error: no such module 'Combine'
  1 | import Combine
    |        `- error: no such module 'Combine'
  2 | import Foundation
  3 |
[49/72] Compiling Atoms ScopeState.swift
/host/spi-builder-workspace/Sources/Atoms/Atom/ObservableObjectAtom.swift:1:8: error: no such module 'Combine'
  1 | import Combine
    |        `- error: no such module 'Combine'
  2 | import Foundation
  3 |
[50/72] Compiling Atoms ScopeValues.swift
/host/spi-builder-workspace/Sources/Atoms/Atom/ObservableObjectAtom.swift:1:8: error: no such module 'Combine'
  1 | import Combine
    |        `- error: no such module 'Combine'
  2 | import Foundation
  3 |
[51/72] Compiling Atoms SourceLocation.swift
/host/spi-builder-workspace/Sources/Atoms/Atom/ObservableObjectAtom.swift:1:8: error: no such module 'Combine'
  1 | import Combine
    |        `- error: no such module 'Combine'
  2 | import Foundation
  3 |
[52/72] Compiling Atoms StoreContext.swift
/host/spi-builder-workspace/Sources/Atoms/Atom/ObservableObjectAtom.swift:1:8: error: no such module 'Combine'
  1 | import Combine
    |        `- error: no such module 'Combine'
  2 | import Foundation
  3 |
[53/72] Compiling Atoms Subscriber.swift
/host/spi-builder-workspace/Sources/Atoms/Atom/ObservableObjectAtom.swift:1:8: error: no such module 'Combine'
  1 | import Combine
    |        `- error: no such module 'Combine'
  2 | import Foundation
  3 |
[54/72] Compiling Atoms SubscriberKey.swift
/host/spi-builder-workspace/Sources/Atoms/Atom/ObservableObjectAtom.swift:1:8: error: no such module 'Combine'
  1 | import Combine
    |        `- error: no such module 'Combine'
  2 | import Foundation
  3 |
error: emit-module command failed with exit code 1 (use -v to see invocation)
[55/72] Emitting module Atoms
/host/spi-builder-workspace/Sources/Atoms/Atom/ObservableObjectAtom.swift:1:8: error: no such module 'Combine'
  1 | import Combine
    |        `- error: no such module 'Combine'
  2 | import Foundation
  3 |
[56/72] Compiling Atoms AtomDerivedScope.swift
/host/spi-builder-workspace/Sources/Atoms/Atom/ObservableObjectAtom.swift:1:8: error: no such module 'Combine'
  1 | import Combine
    |        `- error: no such module 'Combine'
  2 | import Foundation
  3 |
[57/72] Compiling Atoms AtomRoot.swift
/host/spi-builder-workspace/Sources/Atoms/Atom/ObservableObjectAtom.swift:1:8: error: no such module 'Combine'
  1 | import Combine
    |        `- error: no such module 'Combine'
  2 | import Foundation
  3 |
[58/72] Compiling Atoms AtomScope.swift
/host/spi-builder-workspace/Sources/Atoms/Atom/ObservableObjectAtom.swift:1:8: error: no such module 'Combine'
  1 | import Combine
    |        `- error: no such module 'Combine'
  2 | import Foundation
  3 |
[59/72] Compiling Atoms AtomStore.swift
/host/spi-builder-workspace/Sources/Atoms/Atom/ObservableObjectAtom.swift:1:8: error: no such module 'Combine'
  1 | import Combine
    |        `- error: no such module 'Combine'
  2 | import Foundation
  3 |
[60/72] Compiling Atoms AtomTestContextTimeoutError.swift
/host/spi-builder-workspace/Sources/Atoms/Atom/ObservableObjectAtom.swift:1:8: error: no such module 'Combine'
  1 | import Combine
    |        `- error: no such module 'Combine'
  2 | import Foundation
  3 |
[61/72] Compiling Atoms KeepAlive.swift
/host/spi-builder-workspace/Sources/Atoms/Atom/ObservableObjectAtom.swift:1:8: error: no such module 'Combine'
  1 | import Combine
    |        `- error: no such module 'Combine'
  2 | import Foundation
  3 |
[62/72] Compiling Atoms Scoped.swift
/host/spi-builder-workspace/Sources/Atoms/Atom/ObservableObjectAtom.swift:1:8: error: no such module 'Combine'
  1 | import Combine
    |        `- error: no such module 'Combine'
  2 | import Foundation
  3 |
[63/72] Compiling Atoms AtomContext.swift
/host/spi-builder-workspace/Sources/Atoms/Atom/ObservableObjectAtom.swift:1:8: error: no such module 'Combine'
  1 | import Combine
    |        `- error: no such module 'Combine'
  2 | import Foundation
  3 |
[64/72] Compiling Atoms AtomCurrentContext.swift
/host/spi-builder-workspace/Sources/Atoms/Atom/ObservableObjectAtom.swift:1:8: error: no such module 'Combine'
  1 | import Combine
    |        `- error: no such module 'Combine'
  2 | import Foundation
  3 |
[65/72] Compiling Atoms PreviousModifier.swift
/host/spi-builder-workspace/Sources/Atoms/Atom/ObservableObjectAtom.swift:1:8: error: no such module 'Combine'
  1 | import Combine
    |        `- error: no such module 'Combine'
  2 | import Foundation
  3 |
[66/72] Compiling Atoms TaskPhaseModifier.swift
/host/spi-builder-workspace/Sources/Atoms/Atom/ObservableObjectAtom.swift:1:8: error: no such module 'Combine'
  1 | import Combine
    |        `- error: no such module 'Combine'
  2 | import Foundation
  3 |
[67/72] Compiling Atoms ViewContext.swift
/host/spi-builder-workspace/Sources/Atoms/Atom/ObservableObjectAtom.swift:1:8: error: no such module 'Combine'
  1 | import Combine
    |        `- error: no such module 'Combine'
  2 | import Foundation
  3 |
[68/72] Compiling Atoms Watch.swift
/host/spi-builder-workspace/Sources/Atoms/Atom/ObservableObjectAtom.swift:1:8: error: no such module 'Combine'
  1 | import Combine
    |        `- error: no such module 'Combine'
  2 | import Foundation
  3 |
[69/72] Compiling Atoms WatchState.swift
/host/spi-builder-workspace/Sources/Atoms/Atom/ObservableObjectAtom.swift:1:8: error: no such module 'Combine'
  1 | import Combine
    |        `- error: no such module 'Combine'
  2 | import Foundation
  3 |
[70/72] Compiling Atoms WatchStateObject.swift
/host/spi-builder-workspace/Sources/Atoms/Atom/ObservableObjectAtom.swift:1:8: error: no such module 'Combine'
  1 | import Combine
    |        `- error: no such module 'Combine'
  2 | import Foundation
  3 |
[71/72] Compiling Atoms Snapshot.swift
/host/spi-builder-workspace/Sources/Atoms/Atom/ObservableObjectAtom.swift:1:8: error: no such module 'Combine'
  1 | import Combine
    |        `- error: no such module 'Combine'
  2 | import Foundation
  3 |
[72/72] Compiling Atoms Suspense.swift
/host/spi-builder-workspace/Sources/Atoms/Atom/ObservableObjectAtom.swift:1:8: error: no such module 'Combine'
  1 | import Combine
    |        `- error: no such module 'Combine'
  2 | import Foundation
  3 |
BUILD FAILURE 6.1 wasm