The Swift Package Index logo.Swift Package Index

Build Information

Failed to build MSAL, reference 2.16.1 (61ee58), with Swift 6.4 for watchOS using Xcode 27.0 on 3 Oct 2026 02:53:02 UTC.

Build Command

No build command. This typically means the build failed at an early stage where we determine the build command.

Build Log

========================================
RunAll
========================================
Builder version: 5.1.1
Interrupt handler set up.
========================================
Checkout
========================================
Clone URL: https://github.com/AzureAD/microsoft-authentication-library-for-objc.git
Reference: 2.16.1
Initialized empty Git repository in /Users/admin/builder/spi-builder-workspace/.git/
From https://github.com/AzureAD/microsoft-authentication-library-for-objc
 * tag               2.16.1     -> FETCH_HEAD
HEAD is now at 61ee586 Updating MSAL framework checksum & url for 2.16.1 [skip ci]
Submodule path 'MSAL/IdentityCore': checked out 'fa4eb4fee4d1ce459c3b6ba480e5c25e8d67026a'
Submodule 'MSAL/IdentityCore' (https://github.com/AzureAD/microsoft-authentication-library-common-for-objc) registered for path 'MSAL/IdentityCore'
Cloning into '/Users/admin/builder/spi-builder-workspace/MSAL/IdentityCore'...
Cloned https://github.com/AzureAD/microsoft-authentication-library-for-objc.git
Revision (git rev-parse @):
61ee5867c4de7ff01e35a6634bdfbca9c646bcf6
SUCCESS checkout https://github.com/AzureAD/microsoft-authentication-library-for-objc.git at 2.16.1
========================================
Build
========================================
Selected platform:         watchOS
Swift version:             6.4
Building package at path:  $PWD
https://github.com/AzureAD/microsoft-authentication-library-for-objc.git
Command line invocation:
    /Applications/Xcode-27.0.0-Release.Candidate.app/Contents/Developer/usr/bin/xcodebuild -IDEClonedSourcePackagesDirPathOverride=/Users/admin/builder/spi-builder-workspace/.dependencies -resolvePackageDependencies
resolved source packages:
{
  "dependencies" : [
  ],
  "manifest_display_name" : "MSAL",
  "name" : "MSAL",
  "path" : "/Users/admin/builder/spi-builder-workspace",
  "platforms" : [
    {
      "name" : "macos",
      "version" : "14.0"
    },
    {
      "name" : "ios",
      "version" : "17.0"
    },
    {
      "name" : "visionos",
      "version" : "1.0"
    }
  ],
  "products" : [
    {
      "name" : "MSAL",
      "targets" : [
        "MSAL"
      ],
      "type" : {
        "library" : [
          "automatic"
        ]
      }
    }
  ],
  "targets" : [
    {
      "c99name" : "MSAL",
      "module_type" : "BinaryTarget",
      "name" : "MSAL",
      "path" : "remote/archive/MSAL.zip",
      "product_memberships" : [
        "MSAL"
      ],
      "sources" : [
      ],
      "type" : "binary"
    }
  ],
  "tools_version" : "5.9"
}
{
  "workspace" : {
    "name" : "MSAL",
    "schemes" : [
      "IdentityAutomationAppLib iOS",
      "IdentityAutomationAppLib Mac",
      "IdentityAutomationTestLib iOS",
      "IdentityAutomationTestLib Mac",
      "IdentityCore iOS",
      "IdentityCore Mac",
      "IdentityCoreSwift",
      "IdentityTest iOS",
      "IdentityTest Mac",
      "MSAL (iOS Framework)",
      "MSAL (iOS Static Library)",
      "MSAL (Mac Framework)",
      "MSAL (Mac Static Library)",
      "MSAL iOS Native Auth E2E Tests",
      "MSAL Mac Native Auth E2E Tests",
      "MSAL Test App (iOS)",
      "MSAL Test App (Mac)",
      "MSAL Test App (visionOS)",
      "MSAL Test Automation (iOS)",
      "MSIDTestsHostApp",
      "unit-test-host",
      "unit-test-host-mac"
    ]
  }
}
2026-10-02 22:53:01.092 xcodebuild[636:3838] Writing error result bundle to /var/folders/xq/y_g06wb113726d38xsyx71_h0000gn/T/ResultBundle_2026-02-10_22-53-0001.xcresult
xcodebuild: error: Could not resolve package dependencies:
  failed downloading 'https://github.com/AzureAD/microsoft-authentication-library-for-objc/releases/download/2.16.1/MSAL.zip' which is required by binary target 'MSAL': badResponseStatusCode(404)
  fatalError
Command line invocation:
    /Applications/Xcode-27.0.0-Release.Candidate.app/Contents/Developer/usr/bin/xcodebuild -IDEClonedSourcePackagesDirPathOverride=/Users/admin/builder/spi-builder-workspace/.dependencies -resolvePackageDependencies
Resolve Package Graph
failed downloading 'https://github.com/AzureAD/microsoft-authentication-library-for-objc/releases/download/2.16.1/MSAL.zip' which is required by binary target 'MSAL': badResponseStatusCode(404)fatalError
Resolved source packages:
  spi-builder-workspace: (null)
2026-10-02 22:53:02.773 xcodebuild[695:4358] Writing error result bundle to /var/folders/xq/y_g06wb113726d38xsyx71_h0000gn/T/ResultBundle_2026-02-10_22-53-0002.xcresult
xcodebuild: error: Could not resolve package dependencies:
  failed downloading 'https://github.com/AzureAD/microsoft-authentication-library-for-objc/releases/download/2.16.1/MSAL.zip' which is required by binary target 'MSAL': badResponseStatusCode(404)
  fatalError
BUILD FAILURE 6.4 watchOS