The Swift Package Index logo.Swift Package Index

Build Information

Failed to build CocoaCompose, reference main (061a1d), with Swift 6.1 for macOS (SPM) on 21 Sep 2026 02:36:33 UTC.

Build Command

env DEVELOPER_DIR=/Applications/Xcode-16.3.0.app xcrun swift build --arch arm64

Build Log

========================================
RunAll
========================================
Builder version: 5.1.0
Interrupt handler set up.
========================================
Checkout
========================================
Clone URL: https://github.com/PasiSalenius/CocoaCompose.git
Reference: main
Initialized empty Git repository in /Users/admin/builder/spi-builder-workspace/.git/
From https://github.com/PasiSalenius/CocoaCompose
 * branch            main       -> FETCH_HEAD
 * [new branch]      main       -> origin/main
HEAD is now at 061a1d7 Clear a build warning.
Cloned https://github.com/PasiSalenius/CocoaCompose.git
Revision (git rev-parse @):
061a1d73108b0ad01cf5a4a799e76a329185cab9
SUCCESS checkout https://github.com/PasiSalenius/CocoaCompose.git at main
========================================
Build
========================================
Selected platform:         macosSpm
Swift version:             6.1
Building package at path:  $PWD
https://github.com/PasiSalenius/CocoaCompose.git
https://github.com/PasiSalenius/CocoaCompose.git
{
  "default_localization" : "en",
  "dependencies" : [
  ],
  "manifest_display_name" : "CocoaCompose",
  "name" : "CocoaCompose",
  "path" : "/Users/admin/builder/spi-builder-workspace",
  "platforms" : [
    {
      "name" : "macos",
      "version" : "12.0"
    }
  ],
  "products" : [
    {
      "name" : "CocoaCompose",
      "targets" : [
        "CocoaCompose"
      ],
      "type" : {
        "library" : [
          "automatic"
        ]
      }
    }
  ],
  "targets" : [
    {
      "c99name" : "CocoaComposeTests",
      "module_type" : "SwiftTarget",
      "name" : "CocoaComposeTests",
      "path" : "Tests/CocoaComposeTests",
      "sources" : [
        "CocoaComposeTests.swift"
      ],
      "target_dependencies" : [
        "CocoaCompose"
      ],
      "type" : "test"
    },
    {
      "c99name" : "CocoaCompose",
      "module_type" : "SwiftTarget",
      "name" : "CocoaCompose",
      "path" : "Sources/CocoaCompose",
      "product_memberships" : [
        "CocoaCompose"
      ],
      "sources" : [
        "Components/Box.swift",
        "Components/Button.swift",
        "Components/CalendarPicker.swift",
        "Components/Checkbox.swift",
        "Components/ClockPicker.swift",
        "Components/ColorWell.swift",
        "Components/ComboBox.swift",
        "Components/DatePicker.swift",
        "Components/DisclosureGroup.swift",
        "Components/FlexibleSpacer.swift",
        "Components/FontPicker.swift",
        "Components/HelpButton.swift",
        "Components/Image.swift",
        "Components/Label.swift",
        "Components/Level.swift",
        "Components/PathControl.swift",
        "Components/PopUp.swift",
        "Components/ProgressIndicator.swift",
        "Components/Radio.swift",
        "Components/ScrollView.swift",
        "Components/SearchField.swift",
        "Components/SegmentedControl.swift",
        "Components/Separator.swift",
        "Components/Slider.swift",
        "Components/StatusIndicator.swift",
        "Components/Stepper.swift",
        "Components/Switch.swift",
        "Components/Tabs.swift",
        "Components/TextField.swift",
        "Components/TextView.swift",
        "Components/TimePicker.swift",
        "Components/TokenField.swift",
        "Extensions/NSLayoutConstraint+Extensions.swift",
        "Extensions/NSStackView+Extensions.swift",
        "Extensions/NSView+Extensions.swift",
        "Preferences/PreferenceBlock.swift",
        "Preferences/PreferenceButtonSection.swift",
        "Preferences/PreferenceGroup.swift",
        "Preferences/PreferenceList.swift",
        "Preferences/PreferenceSection.swift",
        "Utils/ConstrainingStackView.swift",
        "Utils/FlippedClipView.swift"
      ],
      "type" : "library"
    }
  ],
  "tools_version" : "5.8"
}
Running build ...
env DEVELOPER_DIR=/Applications/Xcode-16.3.0.app xcrun swift build --arch arm64 -Xswiftc -Xfrontend -Xswiftc -stats-output-dir -Xswiftc -Xfrontend -Xswiftc .stats -Xswiftc -strict-concurrency=complete -Xswiftc -enable-upcoming-feature -Xswiftc StrictConcurrency -Xswiftc -enable-upcoming-feature -Xswiftc DisableOutwardActorInference -Xswiftc -enable-upcoming-feature -Xswiftc GlobalActorIsolatedTypesUsability -Xswiftc -enable-upcoming-feature -Xswiftc InferSendableFromCaptures
Building for debugging...
[0/2] Write sources
[1/2] Write swift-version-2F0A5646E1D333AE.txt
[3/41] Emitting module CocoaCompose
[4/45] Compiling CocoaCompose Separator.swift
/Users/admin/builder/spi-builder-workspace/Sources/CocoaCompose/Components/StatusIndicator.swift:68:15: error: type 'NSControl.ControlSize' has no member 'extraLarge'
 66 |         case .regular:      return 13
 67 |         case .large:        return 16
 68 |         case .extraLarge:   return 19
    |               `- error: type 'NSControl.ControlSize' has no member 'extraLarge'
 69 |         @unknown default:   return 13
 70 |         }
[5/45] Compiling CocoaCompose Slider.swift
/Users/admin/builder/spi-builder-workspace/Sources/CocoaCompose/Components/StatusIndicator.swift:68:15: error: type 'NSControl.ControlSize' has no member 'extraLarge'
 66 |         case .regular:      return 13
 67 |         case .large:        return 16
 68 |         case .extraLarge:   return 19
    |               `- error: type 'NSControl.ControlSize' has no member 'extraLarge'
 69 |         @unknown default:   return 13
 70 |         }
[6/45] Compiling CocoaCompose StatusIndicator.swift
/Users/admin/builder/spi-builder-workspace/Sources/CocoaCompose/Components/StatusIndicator.swift:68:15: error: type 'NSControl.ControlSize' has no member 'extraLarge'
 66 |         case .regular:      return 13
 67 |         case .large:        return 16
 68 |         case .extraLarge:   return 19
    |               `- error: type 'NSControl.ControlSize' has no member 'extraLarge'
 69 |         @unknown default:   return 13
 70 |         }
[7/45] Compiling CocoaCompose Stepper.swift
/Users/admin/builder/spi-builder-workspace/Sources/CocoaCompose/Components/StatusIndicator.swift:68:15: error: type 'NSControl.ControlSize' has no member 'extraLarge'
 66 |         case .regular:      return 13
 67 |         case .large:        return 16
 68 |         case .extraLarge:   return 19
    |               `- error: type 'NSControl.ControlSize' has no member 'extraLarge'
 69 |         @unknown default:   return 13
 70 |         }
[8/45] Compiling CocoaCompose PreferenceList.swift
[9/45] Compiling CocoaCompose PreferenceSection.swift
[10/45] Compiling CocoaCompose ConstrainingStackView.swift
[11/45] Compiling CocoaCompose FlippedClipView.swift
[12/45] Compiling CocoaCompose Box.swift
[13/45] Compiling CocoaCompose Button.swift
[14/45] Compiling CocoaCompose CalendarPicker.swift
[15/45] Compiling CocoaCompose Checkbox.swift
[16/45] Compiling CocoaCompose ClockPicker.swift
[17/45] Compiling CocoaCompose Level.swift
[18/45] Compiling CocoaCompose PathControl.swift
[19/45] Compiling CocoaCompose PopUp.swift
[20/45] Compiling CocoaCompose ProgressIndicator.swift
[21/45] Compiling CocoaCompose ColorWell.swift
[22/45] Compiling CocoaCompose ComboBox.swift
[23/45] Compiling CocoaCompose DatePicker.swift
[24/45] Compiling CocoaCompose DisclosureGroup.swift
[25/45] Compiling CocoaCompose FlexibleSpacer.swift
[26/45] Compiling CocoaCompose TimePicker.swift
[27/45] Compiling CocoaCompose TokenField.swift
[28/45] Compiling CocoaCompose NSLayoutConstraint+Extensions.swift
[29/45] Compiling CocoaCompose NSStackView+Extensions.swift
[30/45] Compiling CocoaCompose NSView+Extensions.swift
[31/45] Compiling CocoaCompose PreferenceBlock.swift
[32/45] Compiling CocoaCompose PreferenceButtonSection.swift
[33/45] Compiling CocoaCompose PreferenceGroup.swift
[34/45] Compiling CocoaCompose FontPicker.swift
[35/45] Compiling CocoaCompose HelpButton.swift
[36/45] Compiling CocoaCompose Image.swift
[37/45] Compiling CocoaCompose Label.swift
[38/45] Compiling CocoaCompose Switch.swift
[39/45] Compiling CocoaCompose Tabs.swift
[40/45] Compiling CocoaCompose TextField.swift
[41/45] Compiling CocoaCompose TextView.swift
[42/45] Compiling CocoaCompose Radio.swift
/Users/admin/builder/spi-builder-workspace/Sources/CocoaCompose/Components/SegmentedControl.swift:27:18: error: value of type 'SegmentedControl' has no member 'borderShape'
25 |
26 |         if #available(macOS 26.0, *) {
27 |             self.borderShape = .capsule
   |                  `- error: value of type 'SegmentedControl' has no member 'borderShape'
28 |         }
29 |
/Users/admin/builder/spi-builder-workspace/Sources/CocoaCompose/Components/SegmentedControl.swift:27:33: error: cannot infer contextual base in reference to member 'capsule'
25 |
26 |         if #available(macOS 26.0, *) {
27 |             self.borderShape = .capsule
   |                                 `- error: cannot infer contextual base in reference to member 'capsule'
28 |         }
29 |
[43/45] Compiling CocoaCompose ScrollView.swift
/Users/admin/builder/spi-builder-workspace/Sources/CocoaCompose/Components/SegmentedControl.swift:27:18: error: value of type 'SegmentedControl' has no member 'borderShape'
25 |
26 |         if #available(macOS 26.0, *) {
27 |             self.borderShape = .capsule
   |                  `- error: value of type 'SegmentedControl' has no member 'borderShape'
28 |         }
29 |
/Users/admin/builder/spi-builder-workspace/Sources/CocoaCompose/Components/SegmentedControl.swift:27:33: error: cannot infer contextual base in reference to member 'capsule'
25 |
26 |         if #available(macOS 26.0, *) {
27 |             self.borderShape = .capsule
   |                                 `- error: cannot infer contextual base in reference to member 'capsule'
28 |         }
29 |
[44/45] Compiling CocoaCompose SearchField.swift
/Users/admin/builder/spi-builder-workspace/Sources/CocoaCompose/Components/SegmentedControl.swift:27:18: error: value of type 'SegmentedControl' has no member 'borderShape'
25 |
26 |         if #available(macOS 26.0, *) {
27 |             self.borderShape = .capsule
   |                  `- error: value of type 'SegmentedControl' has no member 'borderShape'
28 |         }
29 |
/Users/admin/builder/spi-builder-workspace/Sources/CocoaCompose/Components/SegmentedControl.swift:27:33: error: cannot infer contextual base in reference to member 'capsule'
25 |
26 |         if #available(macOS 26.0, *) {
27 |             self.borderShape = .capsule
   |                                 `- error: cannot infer contextual base in reference to member 'capsule'
28 |         }
29 |
[45/45] Compiling CocoaCompose SegmentedControl.swift
/Users/admin/builder/spi-builder-workspace/Sources/CocoaCompose/Components/SegmentedControl.swift:27:18: error: value of type 'SegmentedControl' has no member 'borderShape'
25 |
26 |         if #available(macOS 26.0, *) {
27 |             self.borderShape = .capsule
   |                  `- error: value of type 'SegmentedControl' has no member 'borderShape'
28 |         }
29 |
/Users/admin/builder/spi-builder-workspace/Sources/CocoaCompose/Components/SegmentedControl.swift:27:33: error: cannot infer contextual base in reference to member 'capsule'
25 |
26 |         if #available(macOS 26.0, *) {
27 |             self.borderShape = .capsule
   |                                 `- error: cannot infer contextual base in reference to member 'capsule'
28 |         }
29 |
Running build ...
env DEVELOPER_DIR=/Applications/Xcode-16.3.0.app xcrun swift build --arch arm64
[0/1] Planning build
Building for debugging...
[0/1] Write swift-version-2F0A5646E1D333AE.txt
[2/40] Emitting module CocoaCompose
[3/44] Compiling CocoaCompose NSView+Extensions.swift
[4/44] Compiling CocoaCompose PreferenceBlock.swift
[5/44] Compiling CocoaCompose PreferenceButtonSection.swift
[6/44] Compiling CocoaCompose PreferenceGroup.swift
[7/44] Compiling CocoaCompose TimePicker.swift
[8/44] Compiling CocoaCompose TokenField.swift
[9/44] Compiling CocoaCompose NSLayoutConstraint+Extensions.swift
[10/44] Compiling CocoaCompose NSStackView+Extensions.swift
[11/44] Compiling CocoaCompose Switch.swift
[12/44] Compiling CocoaCompose Tabs.swift
[13/44] Compiling CocoaCompose TextField.swift
[14/44] Compiling CocoaCompose TextView.swift
[15/44] Compiling CocoaCompose Radio.swift
/Users/admin/builder/spi-builder-workspace/Sources/CocoaCompose/Components/SegmentedControl.swift:27:18: error: value of type 'SegmentedControl' has no member 'borderShape'
25 |
26 |         if #available(macOS 26.0, *) {
27 |             self.borderShape = .capsule
   |                  `- error: value of type 'SegmentedControl' has no member 'borderShape'
28 |         }
29 |
/Users/admin/builder/spi-builder-workspace/Sources/CocoaCompose/Components/SegmentedControl.swift:27:33: error: cannot infer contextual base in reference to member 'capsule'
25 |
26 |         if #available(macOS 26.0, *) {
27 |             self.borderShape = .capsule
   |                                 `- error: cannot infer contextual base in reference to member 'capsule'
28 |         }
29 |
[16/44] Compiling CocoaCompose ScrollView.swift
/Users/admin/builder/spi-builder-workspace/Sources/CocoaCompose/Components/SegmentedControl.swift:27:18: error: value of type 'SegmentedControl' has no member 'borderShape'
25 |
26 |         if #available(macOS 26.0, *) {
27 |             self.borderShape = .capsule
   |                  `- error: value of type 'SegmentedControl' has no member 'borderShape'
28 |         }
29 |
/Users/admin/builder/spi-builder-workspace/Sources/CocoaCompose/Components/SegmentedControl.swift:27:33: error: cannot infer contextual base in reference to member 'capsule'
25 |
26 |         if #available(macOS 26.0, *) {
27 |             self.borderShape = .capsule
   |                                 `- error: cannot infer contextual base in reference to member 'capsule'
28 |         }
29 |
[17/44] Compiling CocoaCompose SearchField.swift
/Users/admin/builder/spi-builder-workspace/Sources/CocoaCompose/Components/SegmentedControl.swift:27:18: error: value of type 'SegmentedControl' has no member 'borderShape'
25 |
26 |         if #available(macOS 26.0, *) {
27 |             self.borderShape = .capsule
   |                  `- error: value of type 'SegmentedControl' has no member 'borderShape'
28 |         }
29 |
/Users/admin/builder/spi-builder-workspace/Sources/CocoaCompose/Components/SegmentedControl.swift:27:33: error: cannot infer contextual base in reference to member 'capsule'
25 |
26 |         if #available(macOS 26.0, *) {
27 |             self.borderShape = .capsule
   |                                 `- error: cannot infer contextual base in reference to member 'capsule'
28 |         }
29 |
[18/44] Compiling CocoaCompose SegmentedControl.swift
/Users/admin/builder/spi-builder-workspace/Sources/CocoaCompose/Components/SegmentedControl.swift:27:18: error: value of type 'SegmentedControl' has no member 'borderShape'
25 |
26 |         if #available(macOS 26.0, *) {
27 |             self.borderShape = .capsule
   |                  `- error: value of type 'SegmentedControl' has no member 'borderShape'
28 |         }
29 |
/Users/admin/builder/spi-builder-workspace/Sources/CocoaCompose/Components/SegmentedControl.swift:27:33: error: cannot infer contextual base in reference to member 'capsule'
25 |
26 |         if #available(macOS 26.0, *) {
27 |             self.borderShape = .capsule
   |                                 `- error: cannot infer contextual base in reference to member 'capsule'
28 |         }
29 |
[19/44] Compiling CocoaCompose Level.swift
[20/44] Compiling CocoaCompose PathControl.swift
[21/44] Compiling CocoaCompose PopUp.swift
[22/44] Compiling CocoaCompose ProgressIndicator.swift
[23/44] Compiling CocoaCompose FontPicker.swift
[24/44] Compiling CocoaCompose HelpButton.swift
[25/44] Compiling CocoaCompose Image.swift
[26/44] Compiling CocoaCompose Label.swift
[27/44] Compiling CocoaCompose ColorWell.swift
[28/44] Compiling CocoaCompose ComboBox.swift
[29/44] Compiling CocoaCompose DatePicker.swift
[30/44] Compiling CocoaCompose DisclosureGroup.swift
[31/44] Compiling CocoaCompose FlexibleSpacer.swift
[32/44] Compiling CocoaCompose Separator.swift
/Users/admin/builder/spi-builder-workspace/Sources/CocoaCompose/Components/StatusIndicator.swift:68:15: error: type 'NSControl.ControlSize' has no member 'extraLarge'
 66 |         case .regular:      return 13
 67 |         case .large:        return 16
 68 |         case .extraLarge:   return 19
    |               `- error: type 'NSControl.ControlSize' has no member 'extraLarge'
 69 |         @unknown default:   return 13
 70 |         }
[33/44] Compiling CocoaCompose Slider.swift
/Users/admin/builder/spi-builder-workspace/Sources/CocoaCompose/Components/StatusIndicator.swift:68:15: error: type 'NSControl.ControlSize' has no member 'extraLarge'
 66 |         case .regular:      return 13
 67 |         case .large:        return 16
 68 |         case .extraLarge:   return 19
    |               `- error: type 'NSControl.ControlSize' has no member 'extraLarge'
 69 |         @unknown default:   return 13
 70 |         }
[34/44] Compiling CocoaCompose StatusIndicator.swift
/Users/admin/builder/spi-builder-workspace/Sources/CocoaCompose/Components/StatusIndicator.swift:68:15: error: type 'NSControl.ControlSize' has no member 'extraLarge'
 66 |         case .regular:      return 13
 67 |         case .large:        return 16
 68 |         case .extraLarge:   return 19
    |               `- error: type 'NSControl.ControlSize' has no member 'extraLarge'
 69 |         @unknown default:   return 13
 70 |         }
[35/44] Compiling CocoaCompose Stepper.swift
/Users/admin/builder/spi-builder-workspace/Sources/CocoaCompose/Components/StatusIndicator.swift:68:15: error: type 'NSControl.ControlSize' has no member 'extraLarge'
 66 |         case .regular:      return 13
 67 |         case .large:        return 16
 68 |         case .extraLarge:   return 19
    |               `- error: type 'NSControl.ControlSize' has no member 'extraLarge'
 69 |         @unknown default:   return 13
 70 |         }
[36/44] Compiling CocoaCompose Box.swift
[37/44] Compiling CocoaCompose Button.swift
[38/44] Compiling CocoaCompose CalendarPicker.swift
[39/44] Compiling CocoaCompose Checkbox.swift
[40/44] Compiling CocoaCompose ClockPicker.swift
[41/44] Compiling CocoaCompose PreferenceList.swift
[42/44] Compiling CocoaCompose PreferenceSection.swift
[43/44] Compiling CocoaCompose ConstrainingStackView.swift
[44/44] Compiling CocoaCompose FlippedClipView.swift
BUILD FAILURE 6.1 macosSpm