The Swift Package Index logo.Swift Package Index

Build Information

Failed to build ReactiveStreams, reference main (b66ce5), with Swift 6.4 for watchOS using Xcode 27.0 on 17 Sep 2026 10:31:11 UTC.

Build Command

env DEVELOPER_DIR=/Applications/Xcode-27.0.0-Release.Candidate.app xcrun xcodebuild -IDEClonedSourcePackagesDirPathOverride=$PWD/.dependencies -skipMacroValidation -skipPackagePluginValidation -derivedDataPath $PWD/.derivedData build -scheme ReactiveStreams -destination generic/platform=watchOS

Build Log

SwiftExplicitDependencyGeneratePcm arm64_32 /Users/admin/builder/spi-builder-workspace/.derivedData/SDKExplicitPrecompiledModules/Foundation-BJ2VQGI3OGR34500MEQ1VKHPH.pcm
SwiftDriverJobDiscovery normal arm64_32 Compiling CurrentQoS.swift (in target 'CurrentQoS' from project 'CurrentQoS')
SwiftDriverJobDiscovery normal arm64_32 Compiling BetterQoS.swift (in target 'CurrentQoS' from project 'CurrentQoS')
SwiftDriver\ Compilation CurrentQoS normal arm64_32 com.apple.xcode.tools.swift.compiler (in target 'CurrentQoS' from project 'CurrentQoS')
    cd /Users/admin/builder/spi-builder-workspace/.swiftpm/xcode
    builtin-Swift-Compilation -- /Applications/Xcode-27.0.0-Release.Candidate.app/Contents/Developer/Toolchains/XcodeDefault.xctoolchain/usr/bin/swiftc -parse-as-library -module-name CurrentQoS -Onone @/Users/admin/builder/spi-builder-workspace/.derivedData/Build/Intermediates.noindex/CurrentQoS.build/Debug-watchos/CurrentQoS-t.build/Objects-normal/arm64_32/CurrentQoS.SwiftFileList -DSWIFT_PACKAGE -DDEBUG -DSWIFT_MODULE_RESOURCE_BUNDLE_UNAVAILABLE -DXcode -plugin-path /Applications/Xcode-27.0.0-Release.Candidate.app/Contents/Developer/Toolchains/XcodeDefault.xctoolchain/usr/lib/swift/host/plugins/testing -enable-experimental-feature DebugDescriptionMacro -sdk /Applications/Xcode-27.0.0-Release.Candidate.app/Contents/Developer/Platforms/WatchOS.platform/Developer/SDKs/WatchOS27.0.sdk -target arm64_32-apple-watchos9.0 -g -module-cache-path /Users/admin/builder/spi-builder-workspace/.derivedData/ModuleCache.noindex -Xfrontend -serialize-debugging-options -profile-coverage-mapping -profile-generate -enable-testing -suppress-warnings -index-store-path /Users/admin/builder/spi-builder-workspace/.derivedData/Index.noindex/DataStore -Xcc -D_LIBCPP_HARDENING_MODE\=_LIBCPP_HARDENING_MODE_DEBUG -swift-version 5 -I /Users/admin/builder/spi-builder-workspace/.derivedData/Build/Products/Debug-watchos -Isystem /Applications/Xcode-27.0.0-Release.Candidate.app/Contents/Developer/Platforms/WatchOS.platform/Developer/usr/lib -F /Users/admin/builder/spi-builder-workspace/.derivedData/Build/Products/Debug-watchos -F /Applications/Xcode-27.0.0-Release.Candidate.app/Contents/Developer/Platforms/WatchOS.platform/Developer/Library/Frameworks -F /Applications/Xcode-27.0.0-Release.Candidate.app/Contents/Developer/Platforms/WatchOS.platform/Developer/SDKs/WatchOS27.0.sdk/Developer/Library/Frameworks -c -j10 -enable-batch-mode -incremental -Xcc -ivfsstatcache -Xcc /Users/admin/builder/spi-builder-workspace/.derivedData/SDKStatCaches.noindex/watchos27.0-24R360-e829b21a6f8c9b70876ba0858053c04477534ef55a1706bf4c1112bbb242f0a2.sdkstatcache -output-file-map /Users/admin/builder/spi-builder-workspace/.derivedData/Build/Intermediates.noindex/CurrentQoS.build/Debug-watchos/CurrentQoS-t.build/Objects-normal/arm64_32/CurrentQoS-OutputFileMap.json -save-temps -no-color-diagnostics -explicit-module-build -module-cache-path /Users/admin/builder/spi-builder-workspace/.derivedData/Build/Intermediates.noindex/SwiftExplicitPrecompiledModules -clang-scanner-module-cache-path /Users/admin/builder/spi-builder-workspace/.derivedData/ModuleCache.noindex -sdk-module-cache-path /Users/admin/builder/spi-builder-workspace/.derivedData/SDKExplicitPrecompiledModules -emit-dependencies -emit-module -emit-module-path /Users/admin/builder/spi-builder-workspace/.derivedData/Build/Intermediates.noindex/CurrentQoS.build/Debug-watchos/CurrentQoS-t.build/Objects-normal/arm64_32/CurrentQoS.swiftmodule -serialize-diagnostics -dependency-scan-serialize-diagnostics-path /Users/admin/builder/spi-builder-workspace/.derivedData/Build/Intermediates.noindex/CurrentQoS.build/Debug-watchos/CurrentQoS-t.build/Objects-normal/arm64_32/CurrentQoS-dependency-scan.dia -validate-clang-modules-once -clang-build-session-file /Users/admin/builder/spi-builder-workspace/.derivedData/ModuleCache.noindex/Session.modulevalidation -Xcc -fmodules-prune-interval\=86400 -Xcc -fmodules-prune-after\=345600 -emit-const-values -const-gather-protocols-list /Users/admin/builder/spi-builder-workspace/.derivedData/Build/Intermediates.noindex/CurrentQoS.build/Debug-watchos/CurrentQoS-t.build/Objects-normal/arm64_32/CurrentQoS_const_extract_protocols.json -Xcc -I/Users/admin/builder/spi-builder-workspace/.derivedData/Build/Products/Debug-watchos/include -Xcc -I/Users/admin/builder/spi-builder-workspace/.derivedData/Build/Intermediates.noindex/CurrentQoS.build/Debug-watchos/CurrentQoS-t.build/DerivedSources-normal/arm64_32 -Xcc -I/Users/admin/builder/spi-builder-workspace/.derivedData/Build/Intermediates.noindex/CurrentQoS.build/Debug-watchos/CurrentQoS-t.build/DerivedSources/arm64_32 -Xcc -I/Users/admin/builder/spi-builder-workspace/.derivedData/Build/Intermediates.noindex/CurrentQoS.build/Debug-watchos/CurrentQoS-t.build/DerivedSources -Xcc -DSWIFT_PACKAGE -Xcc -DDEBUG\=1 -emit-objc-header -emit-objc-header-path /Users/admin/builder/spi-builder-workspace/.derivedData/Build/Intermediates.noindex/CurrentQoS.build/Debug-watchos/CurrentQoS-t.build/Objects-normal/arm64_32/CurrentQoS-Swift.h -working-directory /Users/admin/builder/spi-builder-workspace/.swiftpm/xcode -experimental-emit-module-separately -disable-cmo
SwiftExplicitDependencyGeneratePcm arm64 /Users/admin/builder/spi-builder-workspace/.derivedData/SDKExplicitPrecompiledModules/Foundation-DLBKUSGXN8QHAT8W0OARR9S8A.pcm
Ld /Users/admin/builder/spi-builder-workspace/.derivedData/Build/Intermediates.noindex/CurrentQoS.build/Debug-watchos/CurrentQoS-t.build/Objects-normal/arm64_32/Binary/CurrentQoS.o normal arm64_32 (in target 'CurrentQoS' from project 'CurrentQoS')
    cd /Users/admin/builder/spi-builder-workspace/.dependencies/checkouts/CurrentQoS
    /Applications/Xcode-27.0.0-Release.Candidate.app/Contents/Developer/Toolchains/XcodeDefault.xctoolchain/usr/bin/clang -Xlinker -reproducible -target arm64_32-apple-watchos9.0 -r -isysroot /Applications/Xcode-27.0.0-Release.Candidate.app/Contents/Developer/Platforms/WatchOS.platform/Developer/SDKs/WatchOS27.0.sdk -O0 -w -Xlinker -no_warn_duplicate_libraries -F/Users/admin/builder/spi-builder-workspace/.derivedData/Build/Intermediates.noindex/EagerLinkingTBDs/Debug-watchos -F/Users/admin/builder/spi-builder-workspace/.derivedData/Build/Products/Debug-watchos -iframework /Applications/Xcode-27.0.0-Release.Candidate.app/Contents/Developer/Platforms/WatchOS.platform/Developer/Library/Frameworks -iframework /Applications/Xcode-27.0.0-Release.Candidate.app/Contents/Developer/Platforms/WatchOS.platform/Developer/SDKs/WatchOS27.0.sdk/Developer/Library/Frameworks -filelist /Users/admin/builder/spi-builder-workspace/.derivedData/Build/Intermediates.noindex/CurrentQoS.build/Debug-watchos/CurrentQoS-t.build/Objects-normal/arm64_32/CurrentQoS.LinkFileList -nostdlib -Xlinker -object_path_lto -Xlinker /Users/admin/builder/spi-builder-workspace/.derivedData/Build/Intermediates.noindex/CurrentQoS.build/Debug-watchos/CurrentQoS-t.build/Objects-normal/arm64_32/CurrentQoS_lto.o -Xlinker -no_deduplicate -Xlinker -debug_variant -Xlinker -dependency_info -Xlinker /Users/admin/builder/spi-builder-workspace/.derivedData/Build/Intermediates.noindex/CurrentQoS.build/Debug-watchos/CurrentQoS-t.build/Objects-normal/arm64_32/CurrentQoS_dependency_info.dat -fobjc-link-runtime -L/Applications/Xcode-27.0.0-Release.Candidate.app/Contents/Developer/Toolchains/XcodeDefault.xctoolchain/usr/lib/swift/watchos -L/usr/lib/swift -Xlinker -add_ast_path -Xlinker /Users/admin/builder/spi-builder-workspace/.derivedData/Build/Intermediates.noindex/CurrentQoS.build/Debug-watchos/CurrentQoS-t.build/Objects-normal/arm64_32/CurrentQoS.swiftmodule -o /Users/admin/builder/spi-builder-workspace/.derivedData/Build/Intermediates.noindex/CurrentQoS.build/Debug-watchos/CurrentQoS-t.build/Objects-normal/arm64_32/Binary/CurrentQoS.o
CreateUniversalBinary /Users/admin/builder/spi-builder-workspace/.derivedData/Build/Products/Debug-watchos/CurrentQoS.o normal arm64\ arm64_32 (in target 'CurrentQoS' from project 'CurrentQoS')
    cd /Users/admin/builder/spi-builder-workspace/.dependencies/checkouts/CurrentQoS
    /Applications/Xcode-27.0.0-Release.Candidate.app/Contents/Developer/Toolchains/XcodeDefault.xctoolchain/usr/bin/lipo -create /Users/admin/builder/spi-builder-workspace/.derivedData/Build/Intermediates.noindex/CurrentQoS.build/Debug-watchos/CurrentQoS-t.build/Objects-normal/arm64/Binary/CurrentQoS.o /Users/admin/builder/spi-builder-workspace/.derivedData/Build/Intermediates.noindex/CurrentQoS.build/Debug-watchos/CurrentQoS-t.build/Objects-normal/arm64_32/Binary/CurrentQoS.o -output /Users/admin/builder/spi-builder-workspace/.derivedData/Build/Products/Debug-watchos/CurrentQoS.o
ExtractAppIntentsMetadata (in target 'CurrentQoS' from project 'CurrentQoS')
    cd /Users/admin/builder/spi-builder-workspace/.dependencies/checkouts/CurrentQoS
    /Applications/Xcode-27.0.0-Release.Candidate.app/Contents/Developer/Toolchains/XcodeDefault.xctoolchain/usr/bin/appintentsmetadataprocessor --toolchain-dir /var/run/com.apple.security.cryptexd/mnt/com.apple.MobileAsset.MetalToolchain-v27.1.266.1.YR6FYM/Metal.xctoolchain --module-name CurrentQoS --sdk-root /Applications/Xcode-27.0.0-Release.Candidate.app/Contents/Developer/Platforms/WatchOS.platform/Developer/SDKs/WatchOS27.0.sdk --xcode-version 27A266a --platform-family watchOS --deployment-target 9.0 --bundle-identifier currentqos.CurrentQoS --output /Users/admin/builder/spi-builder-workspace/.derivedData/Build/Products/Debug-watchos/CurrentQoS.appintents --target-triple arm64-apple-watchos9.0 --target-triple arm64_32-apple-watchos9.0 --binary-file /Users/admin/builder/spi-builder-workspace/.derivedData/Build/Products/Debug-watchos/CurrentQoS.o --dependency-file /Users/admin/builder/spi-builder-workspace/.derivedData/Build/Intermediates.noindex/CurrentQoS.build/Debug-watchos/CurrentQoS-t.build/Objects-normal/arm64/CurrentQoS_dependency_info.dat --dependency-file /Users/admin/builder/spi-builder-workspace/.derivedData/Build/Intermediates.noindex/CurrentQoS.build/Debug-watchos/CurrentQoS-t.build/Objects-normal/arm64_32/CurrentQoS_dependency_info.dat --stringsdata-file /Users/admin/builder/spi-builder-workspace/.derivedData/Build/Intermediates.noindex/CurrentQoS.build/Debug-watchos/CurrentQoS-t.build/Objects-normal/arm64/ExtractedAppShortcutsMetadata.stringsdata --stringsdata-file /Users/admin/builder/spi-builder-workspace/.derivedData/Build/Intermediates.noindex/CurrentQoS.build/Debug-watchos/CurrentQoS-t.build/Objects-normal/arm64_32/ExtractedAppShortcutsMetadata.stringsdata --source-file-list /Users/admin/builder/spi-builder-workspace/.derivedData/Build/Intermediates.noindex/CurrentQoS.build/Debug-watchos/CurrentQoS-t.build/Objects-normal/arm64/CurrentQoS.SwiftFileList --source-file-list /Users/admin/builder/spi-builder-workspace/.derivedData/Build/Intermediates.noindex/CurrentQoS.build/Debug-watchos/CurrentQoS-t.build/Objects-normal/arm64_32/CurrentQoS.SwiftFileList --metadata-file-list /Users/admin/builder/spi-builder-workspace/.derivedData/Build/Intermediates.noindex/CurrentQoS.build/Debug-watchos/CurrentQoS-t.build/CurrentQoS.DependencyMetadataFileList --static-metadata-file-list /Users/admin/builder/spi-builder-workspace/.derivedData/Build/Intermediates.noindex/CurrentQoS.build/Debug-watchos/CurrentQoS-t.build/CurrentQoS.DependencyStaticMetadataFileList --swift-const-vals-list /Users/admin/builder/spi-builder-workspace/.derivedData/Build/Intermediates.noindex/CurrentQoS.build/Debug-watchos/CurrentQoS-t.build/Objects-normal/arm64/CurrentQoS.SwiftConstValuesFileList --swift-const-vals-list /Users/admin/builder/spi-builder-workspace/.derivedData/Build/Intermediates.noindex/CurrentQoS.build/Debug-watchos/CurrentQoS-t.build/Objects-normal/arm64_32/CurrentQoS.SwiftConstValuesFileList --force --compile-time-extraction --deployment-aware-processing --no-app-shortcuts-localization
2026-09-17 06:31:04.028 appintentsmetadataprocessor[956:5416] Starting appintentsmetadataprocessor export
2026-09-17 06:31:04.124 appintentsmetadataprocessor[956:5416] Extracted no relevant App Intents symbols, skipping writing output
SwiftEmitModule normal arm64 Emitting\ module\ for\ deferred (in target 'deferred' from project 'deferred')
SwiftCompile normal arm64 (in target 'deferred' from project 'deferred')
    cd /Users/admin/builder/spi-builder-workspace/.swiftpm/xcode

SwiftCompile normal arm64 Compiling\ result-extensions.swift /Users/admin/builder/spi-builder-workspace/.dependencies/checkouts/deferred/Source/deferred/result-extensions.swift (in target 'deferred' from project 'deferred')
SwiftCompile normal arm64 /Users/admin/builder/spi-builder-workspace/.dependencies/checkouts/deferred/Source/deferred/result-extensions.swift (in target 'deferred' from project 'deferred')
    cd /Users/admin/builder/spi-builder-workspace/.swiftpm/xcode
    builtin-SwiftPerFileCompile result-extensions.swift
SwiftCompile normal arm64 Compiling\ deferred-timeout.swift /Users/admin/builder/spi-builder-workspace/.dependencies/checkouts/deferred/Source/deferred/deferred-timeout.swift (in target 'deferred' from project 'deferred')
SwiftCompile normal arm64 /Users/admin/builder/spi-builder-workspace/.dependencies/checkouts/deferred/Source/deferred/deferred-timeout.swift (in target 'deferred' from project 'deferred')
    cd /Users/admin/builder/spi-builder-workspace/.swiftpm/xcode
    builtin-SwiftPerFileCompile deferred-timeout.swift
SwiftCompile normal arm64 Compiling\ deferred-split.swift /Users/admin/builder/spi-builder-workspace/.dependencies/checkouts/deferred/Source/deferred/deferred-split.swift (in target 'deferred' from project 'deferred')
SwiftCompile normal arm64 /Users/admin/builder/spi-builder-workspace/.dependencies/checkouts/deferred/Source/deferred/deferred-split.swift (in target 'deferred' from project 'deferred')
    cd /Users/admin/builder/spi-builder-workspace/.swiftpm/xcode
    builtin-SwiftPerFileCompile deferred-split.swift
SwiftCompile normal arm64 Compiling\ deferred-error.swift,\ deferred-extras.swift /Users/admin/builder/spi-builder-workspace/.dependencies/checkouts/deferred/Source/deferred/deferred-error.swift /Users/admin/builder/spi-builder-workspace/.dependencies/checkouts/deferred/Source/deferred/deferred-extras.swift (in target 'deferred' from project 'deferred')
SwiftCompile normal arm64 /Users/admin/builder/spi-builder-workspace/.dependencies/checkouts/deferred/Source/deferred/deferred-error.swift (in target 'deferred' from project 'deferred')
    cd /Users/admin/builder/spi-builder-workspace/.swiftpm/xcode
    builtin-SwiftPerFileCompile deferred-error.swift
SwiftCompile normal arm64 /Users/admin/builder/spi-builder-workspace/.dependencies/checkouts/deferred/Source/deferred/deferred-extras.swift (in target 'deferred' from project 'deferred')
    cd /Users/admin/builder/spi-builder-workspace/.swiftpm/xcode
    builtin-SwiftPerFileCompile deferred-extras.swift
SwiftCompile normal arm64 Compiling\ deferred-combine.swift,\ deferred-delay.swift /Users/admin/builder/spi-builder-workspace/.dependencies/checkouts/deferred/Source/deferred/deferred-combine.swift /Users/admin/builder/spi-builder-workspace/.dependencies/checkouts/deferred/Source/deferred/deferred-delay.swift (in target 'deferred' from project 'deferred')
SwiftCompile normal arm64 /Users/admin/builder/spi-builder-workspace/.dependencies/checkouts/deferred/Source/deferred/deferred-combine.swift (in target 'deferred' from project 'deferred')
    cd /Users/admin/builder/spi-builder-workspace/.swiftpm/xcode
    builtin-SwiftPerFileCompile deferred-combine.swift
SwiftCompile normal arm64 /Users/admin/builder/spi-builder-workspace/.dependencies/checkouts/deferred/Source/deferred/deferred-delay.swift (in target 'deferred' from project 'deferred')
    cd /Users/admin/builder/spi-builder-workspace/.swiftpm/xcode
    builtin-SwiftPerFileCompile deferred-delay.swift
SwiftCompile normal arm64 Compiling\ deferred-first.swift,\ deferred-parallelize.swift /Users/admin/builder/spi-builder-workspace/.dependencies/checkouts/deferred/Source/deferred/deferred-first.swift /Users/admin/builder/spi-builder-workspace/.dependencies/checkouts/deferred/Source/deferred/deferred-parallelize.swift (in target 'deferred' from project 'deferred')
SwiftCompile normal arm64 /Users/admin/builder/spi-builder-workspace/.dependencies/checkouts/deferred/Source/deferred/deferred-first.swift (in target 'deferred' from project 'deferred')
    cd /Users/admin/builder/spi-builder-workspace/.swiftpm/xcode
    builtin-SwiftPerFileCompile deferred-first.swift
SwiftCompile normal arm64 /Users/admin/builder/spi-builder-workspace/.dependencies/checkouts/deferred/Source/deferred/deferred-parallelize.swift (in target 'deferred' from project 'deferred')
    cd /Users/admin/builder/spi-builder-workspace/.swiftpm/xcode
    builtin-SwiftPerFileCompile deferred-parallelize.swift
SwiftCompile normal arm64 Compiling\ deferred-state.swift /Users/admin/builder/spi-builder-workspace/.dependencies/checkouts/deferred/Source/deferred/deferred-state.swift (in target 'deferred' from project 'deferred')
SwiftCompile normal arm64 /Users/admin/builder/spi-builder-workspace/.dependencies/checkouts/deferred/Source/deferred/deferred-state.swift (in target 'deferred' from project 'deferred')
    cd /Users/admin/builder/spi-builder-workspace/.swiftpm/xcode
    builtin-SwiftPerFileCompile deferred-state.swift
SwiftCompile normal arm64 Compiling\ deferred.swift /Users/admin/builder/spi-builder-workspace/.dependencies/checkouts/deferred/Source/deferred/deferred.swift (in target 'deferred' from project 'deferred')
SwiftCompile normal arm64 /Users/admin/builder/spi-builder-workspace/.dependencies/checkouts/deferred/Source/deferred/deferred.swift (in target 'deferred' from project 'deferred')
    cd /Users/admin/builder/spi-builder-workspace/.swiftpm/xcode
    builtin-SwiftPerFileCompile deferred.swift
SwiftCompile normal arm64 Compiling\ dispatch-utilities.swift /Users/admin/builder/spi-builder-workspace/.dependencies/checkouts/deferred/Source/deferred/dispatch-utilities.swift (in target 'deferred' from project 'deferred')
SwiftCompile normal arm64 /Users/admin/builder/spi-builder-workspace/.dependencies/checkouts/deferred/Source/deferred/dispatch-utilities.swift (in target 'deferred' from project 'deferred')
    cd /Users/admin/builder/spi-builder-workspace/.swiftpm/xcode
    builtin-SwiftPerFileCompile dispatch-utilities.swift
SwiftEmitModule normal arm64_32 Emitting\ module\ for\ deferred (in target 'deferred' from project 'deferred')
SwiftCompile normal arm64_32 (in target 'deferred' from project 'deferred')
    cd /Users/admin/builder/spi-builder-workspace/.swiftpm/xcode

SwiftDriverJobDiscovery normal arm64 Compiling dispatch-utilities.swift (in target 'deferred' from project 'deferred')
SwiftCompile normal arm64_32 Compiling\ deferred-first.swift,\ deferred-parallelize.swift /Users/admin/builder/spi-builder-workspace/.dependencies/checkouts/deferred/Source/deferred/deferred-first.swift /Users/admin/builder/spi-builder-workspace/.dependencies/checkouts/deferred/Source/deferred/deferred-parallelize.swift (in target 'deferred' from project 'deferred')
SwiftCompile normal arm64_32 /Users/admin/builder/spi-builder-workspace/.dependencies/checkouts/deferred/Source/deferred/deferred-first.swift (in target 'deferred' from project 'deferred')
    cd /Users/admin/builder/spi-builder-workspace/.swiftpm/xcode
    builtin-SwiftPerFileCompile deferred-first.swift
SwiftCompile normal arm64_32 /Users/admin/builder/spi-builder-workspace/.dependencies/checkouts/deferred/Source/deferred/deferred-parallelize.swift (in target 'deferred' from project 'deferred')
    cd /Users/admin/builder/spi-builder-workspace/.swiftpm/xcode
    builtin-SwiftPerFileCompile deferred-parallelize.swift
SwiftDriverJobDiscovery normal arm64 Compiling deferred-split.swift (in target 'deferred' from project 'deferred')
SwiftCompile normal arm64_32 Compiling\ deferred-error.swift,\ deferred-extras.swift /Users/admin/builder/spi-builder-workspace/.dependencies/checkouts/deferred/Source/deferred/deferred-error.swift /Users/admin/builder/spi-builder-workspace/.dependencies/checkouts/deferred/Source/deferred/deferred-extras.swift (in target 'deferred' from project 'deferred')
SwiftCompile normal arm64_32 /Users/admin/builder/spi-builder-workspace/.dependencies/checkouts/deferred/Source/deferred/deferred-error.swift (in target 'deferred' from project 'deferred')
    cd /Users/admin/builder/spi-builder-workspace/.swiftpm/xcode
    builtin-SwiftPerFileCompile deferred-error.swift
SwiftCompile normal arm64_32 /Users/admin/builder/spi-builder-workspace/.dependencies/checkouts/deferred/Source/deferred/deferred-extras.swift (in target 'deferred' from project 'deferred')
    cd /Users/admin/builder/spi-builder-workspace/.swiftpm/xcode
    builtin-SwiftPerFileCompile deferred-extras.swift
SwiftDriverJobDiscovery normal arm64 Compiling result-extensions.swift (in target 'deferred' from project 'deferred')
SwiftCompile normal arm64_32 Compiling\ deferred-state.swift /Users/admin/builder/spi-builder-workspace/.dependencies/checkouts/deferred/Source/deferred/deferred-state.swift (in target 'deferred' from project 'deferred')
SwiftCompile normal arm64_32 /Users/admin/builder/spi-builder-workspace/.dependencies/checkouts/deferred/Source/deferred/deferred-state.swift (in target 'deferred' from project 'deferred')
    cd /Users/admin/builder/spi-builder-workspace/.swiftpm/xcode
    builtin-SwiftPerFileCompile deferred-state.swift
SwiftDriverJobDiscovery normal arm64 Compiling deferred-timeout.swift (in target 'deferred' from project 'deferred')
SwiftCompile normal arm64_32 Compiling\ deferred-combine.swift,\ deferred-delay.swift /Users/admin/builder/spi-builder-workspace/.dependencies/checkouts/deferred/Source/deferred/deferred-combine.swift /Users/admin/builder/spi-builder-workspace/.dependencies/checkouts/deferred/Source/deferred/deferred-delay.swift (in target 'deferred' from project 'deferred')
SwiftCompile normal arm64_32 /Users/admin/builder/spi-builder-workspace/.dependencies/checkouts/deferred/Source/deferred/deferred-combine.swift (in target 'deferred' from project 'deferred')
    cd /Users/admin/builder/spi-builder-workspace/.swiftpm/xcode
    builtin-SwiftPerFileCompile deferred-combine.swift
SwiftCompile normal arm64_32 /Users/admin/builder/spi-builder-workspace/.dependencies/checkouts/deferred/Source/deferred/deferred-delay.swift (in target 'deferred' from project 'deferred')
    cd /Users/admin/builder/spi-builder-workspace/.swiftpm/xcode
    builtin-SwiftPerFileCompile deferred-delay.swift
SwiftDriverJobDiscovery normal arm64 Emitting module for deferred (in target 'deferred' from project 'deferred')
SwiftDriver\ Compilation\ Requirements deferred normal arm64 com.apple.xcode.tools.swift.compiler (in target 'deferred' from project 'deferred')
    cd /Users/admin/builder/spi-builder-workspace/.swiftpm/xcode
    builtin-Swift-Compilation-Requirements -- /Applications/Xcode-27.0.0-Release.Candidate.app/Contents/Developer/Toolchains/XcodeDefault.xctoolchain/usr/bin/swiftc -parse-as-library -module-name deferred -Onone @/Users/admin/builder/spi-builder-workspace/.derivedData/Build/Intermediates.noindex/deferred.build/Debug-watchos/deferred-t.build/Objects-normal/arm64/deferred.SwiftFileList -DSWIFT_PACKAGE -DDEBUG -DSWIFT_MODULE_RESOURCE_BUNDLE_UNAVAILABLE -Xcc -fmodule-map-file\=/Users/admin/builder/spi-builder-workspace/.derivedData/Build/Intermediates.noindex/GeneratedModuleMaps-watchos/CAtomics.modulemap -DXcode -plugin-path /Applications/Xcode-27.0.0-Release.Candidate.app/Contents/Developer/Toolchains/XcodeDefault.xctoolchain/usr/lib/swift/host/plugins/testing -enable-experimental-feature DebugDescriptionMacro -sdk /Applications/Xcode-27.0.0-Release.Candidate.app/Contents/Developer/Platforms/WatchOS.platform/Developer/SDKs/WatchOS27.0.sdk -target arm64-apple-watchos9.0 -g -module-cache-path /Users/admin/builder/spi-builder-workspace/.derivedData/ModuleCache.noindex -Xfrontend -serialize-debugging-options -profile-coverage-mapping -profile-generate -enable-testing -suppress-warnings -index-store-path /Users/admin/builder/spi-builder-workspace/.derivedData/Index.noindex/DataStore -Xcc -D_LIBCPP_HARDENING_MODE\=_LIBCPP_HARDENING_MODE_DEBUG -swift-version 5 -I /Users/admin/builder/spi-builder-workspace/.derivedData/Build/Products/Debug-watchos -Isystem /Applications/Xcode-27.0.0-Release.Candidate.app/Contents/Developer/Platforms/WatchOS.platform/Developer/usr/lib -F /Users/admin/builder/spi-builder-workspace/.derivedData/Build/Products/Debug-watchos/PackageFrameworks -F /Users/admin/builder/spi-builder-workspace/.derivedData/Build/Products/Debug-watchos -F /Applications/Xcode-27.0.0-Release.Candidate.app/Contents/Developer/Platforms/WatchOS.platform/Developer/Library/Frameworks -F /Applications/Xcode-27.0.0-Release.Candidate.app/Contents/Developer/Platforms/WatchOS.platform/Developer/SDKs/WatchOS27.0.sdk/Developer/Library/Frameworks -c -j10 -enable-batch-mode -incremental -Xcc -ivfsstatcache -Xcc /Users/admin/builder/spi-builder-workspace/.derivedData/SDKStatCaches.noindex/watchos27.0-24R360-e829b21a6f8c9b70876ba0858053c04477534ef55a1706bf4c1112bbb242f0a2.sdkstatcache -output-file-map /Users/admin/builder/spi-builder-workspace/.derivedData/Build/Intermediates.noindex/deferred.build/Debug-watchos/deferred-t.build/Objects-normal/arm64/deferred-OutputFileMap.json -save-temps -no-color-diagnostics -explicit-module-build -module-cache-path /Users/admin/builder/spi-builder-workspace/.derivedData/Build/Intermediates.noindex/SwiftExplicitPrecompiledModules -clang-scanner-module-cache-path /Users/admin/builder/spi-builder-workspace/.derivedData/ModuleCache.noindex -sdk-module-cache-path /Users/admin/builder/spi-builder-workspace/.derivedData/SDKExplicitPrecompiledModules -emit-dependencies -emit-module -emit-module-path /Users/admin/builder/spi-builder-workspace/.derivedData/Build/Intermediates.noindex/deferred.build/Debug-watchos/deferred-t.build/Objects-normal/arm64/deferred.swiftmodule -serialize-diagnostics -dependency-scan-serialize-diagnostics-path /Users/admin/builder/spi-builder-workspace/.derivedData/Build/Intermediates.noindex/deferred.build/Debug-watchos/deferred-t.build/Objects-normal/arm64/deferred-dependency-scan.dia -validate-clang-modules-once -clang-build-session-file /Users/admin/builder/spi-builder-workspace/.derivedData/ModuleCache.noindex/Session.modulevalidation -Xcc -fmodules-prune-interval\=86400 -Xcc -fmodules-prune-after\=345600 -emit-const-values -const-gather-protocols-list /Users/admin/builder/spi-builder-workspace/.derivedData/Build/Intermediates.noindex/deferred.build/Debug-watchos/deferred-t.build/Objects-normal/arm64/deferred_const_extract_protocols.json -Xcc -I/Users/admin/builder/spi-builder-workspace/.dependencies/checkouts/CAtomics/Sources/CAtomics/include -Xcc -I/Users/admin/builder/spi-builder-workspace/.derivedData/Build/Products/Debug-watchos/include -Xcc -I/Users/admin/builder/spi-builder-workspace/.derivedData/Build/Intermediates.noindex/deferred.build/Debug-watchos/deferred-t.build/DerivedSources-normal/arm64 -Xcc -I/Users/admin/builder/spi-builder-workspace/.derivedData/Build/Intermediates.noindex/deferred.build/Debug-watchos/deferred-t.build/DerivedSources/arm64 -Xcc -I/Users/admin/builder/spi-builder-workspace/.derivedData/Build/Intermediates.noindex/deferred.build/Debug-watchos/deferred-t.build/DerivedSources -Xcc -DSWIFT_PACKAGE -Xcc -DDEBUG\=1 -emit-objc-header -emit-objc-header-path /Users/admin/builder/spi-builder-workspace/.derivedData/Build/Intermediates.noindex/deferred.build/Debug-watchos/deferred-t.build/Objects-normal/arm64/deferred-Swift.h -working-directory /Users/admin/builder/spi-builder-workspace/.swiftpm/xcode -experimental-emit-module-separately -disable-cmo
SwiftDriverJobDiscovery normal arm64 Compiling deferred-combine.swift, deferred-delay.swift (in target 'deferred' from project 'deferred')
SwiftCompile normal arm64_32 Compiling\ waiter.swift /Users/admin/builder/spi-builder-workspace/.dependencies/checkouts/deferred/Source/deferred/waiter.swift (in target 'deferred' from project 'deferred')
SwiftCompile normal arm64_32 /Users/admin/builder/spi-builder-workspace/.dependencies/checkouts/deferred/Source/deferred/waiter.swift (in target 'deferred' from project 'deferred')
    cd /Users/admin/builder/spi-builder-workspace/.swiftpm/xcode
    builtin-SwiftPerFileCompile waiter.swift
Copy /Users/admin/builder/spi-builder-workspace/.derivedData/Build/Products/Debug-watchos/deferred.swiftmodule/arm64-apple-watchos.swiftmodule /Users/admin/builder/spi-builder-workspace/.derivedData/Build/Intermediates.noindex/deferred.build/Debug-watchos/deferred-t.build/Objects-normal/arm64/deferred.swiftmodule (in target 'deferred' from project 'deferred')
    cd /Users/admin/builder/spi-builder-workspace/.dependencies/checkouts/deferred
    builtin-copy -exclude .DS_Store -exclude CVS -exclude .svn -exclude .git -exclude .hg -resolve-src-symlinks -rename /Users/admin/builder/spi-builder-workspace/.derivedData/Build/Intermediates.noindex/deferred.build/Debug-watchos/deferred-t.build/Objects-normal/arm64/deferred.swiftmodule /Users/admin/builder/spi-builder-workspace/.derivedData/Build/Products/Debug-watchos/deferred.swiftmodule/arm64-apple-watchos.swiftmodule
SwiftDriverJobDiscovery normal arm64_32 Emitting module for deferred (in target 'deferred' from project 'deferred')
SwiftDriver\ Compilation\ Requirements deferred normal arm64_32 com.apple.xcode.tools.swift.compiler (in target 'deferred' from project 'deferred')
    cd /Users/admin/builder/spi-builder-workspace/.swiftpm/xcode
    builtin-Swift-Compilation-Requirements -- /Applications/Xcode-27.0.0-Release.Candidate.app/Contents/Developer/Toolchains/XcodeDefault.xctoolchain/usr/bin/swiftc -parse-as-library -module-name deferred -Onone @/Users/admin/builder/spi-builder-workspace/.derivedData/Build/Intermediates.noindex/deferred.build/Debug-watchos/deferred-t.build/Objects-normal/arm64_32/deferred.SwiftFileList -DSWIFT_PACKAGE -DDEBUG -DSWIFT_MODULE_RESOURCE_BUNDLE_UNAVAILABLE -Xcc -fmodule-map-file\=/Users/admin/builder/spi-builder-workspace/.derivedData/Build/Intermediates.noindex/GeneratedModuleMaps-watchos/CAtomics.modulemap -DXcode -plugin-path /Applications/Xcode-27.0.0-Release.Candidate.app/Contents/Developer/Toolchains/XcodeDefault.xctoolchain/usr/lib/swift/host/plugins/testing -enable-experimental-feature DebugDescriptionMacro -sdk /Applications/Xcode-27.0.0-Release.Candidate.app/Contents/Developer/Platforms/WatchOS.platform/Developer/SDKs/WatchOS27.0.sdk -target arm64_32-apple-watchos9.0 -g -module-cache-path /Users/admin/builder/spi-builder-workspace/.derivedData/ModuleCache.noindex -Xfrontend -serialize-debugging-options -profile-coverage-mapping -profile-generate -enable-testing -suppress-warnings -index-store-path /Users/admin/builder/spi-builder-workspace/.derivedData/Index.noindex/DataStore -Xcc -D_LIBCPP_HARDENING_MODE\=_LIBCPP_HARDENING_MODE_DEBUG -swift-version 5 -I /Users/admin/builder/spi-builder-workspace/.derivedData/Build/Products/Debug-watchos -Isystem /Applications/Xcode-27.0.0-Release.Candidate.app/Contents/Developer/Platforms/WatchOS.platform/Developer/usr/lib -F /Users/admin/builder/spi-builder-workspace/.derivedData/Build/Products/Debug-watchos/PackageFrameworks -F /Users/admin/builder/spi-builder-workspace/.derivedData/Build/Products/Debug-watchos -F /Applications/Xcode-27.0.0-Release.Candidate.app/Contents/Developer/Platforms/WatchOS.platform/Developer/Library/Frameworks -F /Applications/Xcode-27.0.0-Release.Candidate.app/Contents/Developer/Platforms/WatchOS.platform/Developer/SDKs/WatchOS27.0.sdk/Developer/Library/Frameworks -c -j10 -enable-batch-mode -incremental -Xcc -ivfsstatcache -Xcc /Users/admin/builder/spi-builder-workspace/.derivedData/SDKStatCaches.noindex/watchos27.0-24R360-e829b21a6f8c9b70876ba0858053c04477534ef55a1706bf4c1112bbb242f0a2.sdkstatcache -output-file-map /Users/admin/builder/spi-builder-workspace/.derivedData/Build/Intermediates.noindex/deferred.build/Debug-watchos/deferred-t.build/Objects-normal/arm64_32/deferred-OutputFileMap.json -save-temps -no-color-diagnostics -explicit-module-build -module-cache-path /Users/admin/builder/spi-builder-workspace/.derivedData/Build/Intermediates.noindex/SwiftExplicitPrecompiledModules -clang-scanner-module-cache-path /Users/admin/builder/spi-builder-workspace/.derivedData/ModuleCache.noindex -sdk-module-cache-path /Users/admin/builder/spi-builder-workspace/.derivedData/SDKExplicitPrecompiledModules -emit-dependencies -emit-module -emit-module-path /Users/admin/builder/spi-builder-workspace/.derivedData/Build/Intermediates.noindex/deferred.build/Debug-watchos/deferred-t.build/Objects-normal/arm64_32/deferred.swiftmodule -serialize-diagnostics -dependency-scan-serialize-diagnostics-path /Users/admin/builder/spi-builder-workspace/.derivedData/Build/Intermediates.noindex/deferred.build/Debug-watchos/deferred-t.build/Objects-normal/arm64_32/deferred-dependency-scan.dia -validate-clang-modules-once -clang-build-session-file /Users/admin/builder/spi-builder-workspace/.derivedData/ModuleCache.noindex/Session.modulevalidation -Xcc -fmodules-prune-interval\=86400 -Xcc -fmodules-prune-after\=345600 -emit-const-values -const-gather-protocols-list /Users/admin/builder/spi-builder-workspace/.derivedData/Build/Intermediates.noindex/deferred.build/Debug-watchos/deferred-t.build/Objects-normal/arm64_32/deferred_const_extract_protocols.json -Xcc -I/Users/admin/builder/spi-builder-workspace/.dependencies/checkouts/CAtomics/Sources/CAtomics/include -Xcc -I/Users/admin/builder/spi-builder-workspace/.derivedData/Build/Products/Debug-watchos/include -Xcc -I/Users/admin/builder/spi-builder-workspace/.derivedData/Build/Intermediates.noindex/deferred.build/Debug-watchos/deferred-t.build/DerivedSources-normal/arm64_32 -Xcc -I/Users/admin/builder/spi-builder-workspace/.derivedData/Build/Intermediates.noindex/deferred.build/Debug-watchos/deferred-t.build/DerivedSources/arm64_32 -Xcc -I/Users/admin/builder/spi-builder-workspace/.derivedData/Build/Intermediates.noindex/deferred.build/Debug-watchos/deferred-t.build/DerivedSources -Xcc -DSWIFT_PACKAGE -Xcc -DDEBUG\=1 -emit-objc-header -emit-objc-header-path /Users/admin/builder/spi-builder-workspace/.derivedData/Build/Intermediates.noindex/deferred.build/Debug-watchos/deferred-t.build/Objects-normal/arm64_32/deferred-Swift.h -working-directory /Users/admin/builder/spi-builder-workspace/.swiftpm/xcode -experimental-emit-module-separately -disable-cmo
Copy /Users/admin/builder/spi-builder-workspace/.derivedData/Build/Products/Debug-watchos/deferred.swiftmodule/arm64-apple-watchos.swiftdoc /Users/admin/builder/spi-builder-workspace/.derivedData/Build/Intermediates.noindex/deferred.build/Debug-watchos/deferred-t.build/Objects-normal/arm64/deferred.swiftdoc (in target 'deferred' from project 'deferred')
    cd /Users/admin/builder/spi-builder-workspace/.dependencies/checkouts/deferred
    builtin-copy -exclude .DS_Store -exclude CVS -exclude .svn -exclude .git -exclude .hg -resolve-src-symlinks -rename /Users/admin/builder/spi-builder-workspace/.derivedData/Build/Intermediates.noindex/deferred.build/Debug-watchos/deferred-t.build/Objects-normal/arm64/deferred.swiftdoc /Users/admin/builder/spi-builder-workspace/.derivedData/Build/Products/Debug-watchos/deferred.swiftmodule/arm64-apple-watchos.swiftdoc
SwiftMergeGeneratedHeaders /Users/admin/builder/spi-builder-workspace/.derivedData/Build/Intermediates.noindex/GeneratedModuleMaps-watchos/deferred-Swift.h /Users/admin/builder/spi-builder-workspace/.derivedData/Build/Intermediates.noindex/deferred.build/Debug-watchos/deferred-t.build/Objects-normal/arm64/deferred-Swift.h /Users/admin/builder/spi-builder-workspace/.derivedData/Build/Intermediates.noindex/deferred.build/Debug-watchos/deferred-t.build/Objects-normal/arm64_32/deferred-Swift.h (in target 'deferred' from project 'deferred')
    cd /Users/admin/builder/spi-builder-workspace/.dependencies/checkouts/deferred
    builtin-swiftHeaderTool -arch arm64 /Users/admin/builder/spi-builder-workspace/.derivedData/Build/Intermediates.noindex/deferred.build/Debug-watchos/deferred-t.build/Objects-normal/arm64/deferred-Swift.h -arch arm64_32 /Users/admin/builder/spi-builder-workspace/.derivedData/Build/Intermediates.noindex/deferred.build/Debug-watchos/deferred-t.build/Objects-normal/arm64_32/deferred-Swift.h -o /Users/admin/builder/spi-builder-workspace/.derivedData/Build/Intermediates.noindex/GeneratedModuleMaps-watchos/deferred-Swift.h
Copy /Users/admin/builder/spi-builder-workspace/.derivedData/Build/Products/Debug-watchos/deferred.swiftmodule/arm64_32-apple-watchos.swiftmodule /Users/admin/builder/spi-builder-workspace/.derivedData/Build/Intermediates.noindex/deferred.build/Debug-watchos/deferred-t.build/Objects-normal/arm64_32/deferred.swiftmodule (in target 'deferred' from project 'deferred')
    cd /Users/admin/builder/spi-builder-workspace/.dependencies/checkouts/deferred
    builtin-copy -exclude .DS_Store -exclude CVS -exclude .svn -exclude .git -exclude .hg -resolve-src-symlinks -rename /Users/admin/builder/spi-builder-workspace/.derivedData/Build/Intermediates.noindex/deferred.build/Debug-watchos/deferred-t.build/Objects-normal/arm64_32/deferred.swiftmodule /Users/admin/builder/spi-builder-workspace/.derivedData/Build/Products/Debug-watchos/deferred.swiftmodule/arm64_32-apple-watchos.swiftmodule
Copy /Users/admin/builder/spi-builder-workspace/.derivedData/Build/Products/Debug-watchos/deferred.swiftmodule/arm64_32-apple-watchos.swiftdoc /Users/admin/builder/spi-builder-workspace/.derivedData/Build/Intermediates.noindex/deferred.build/Debug-watchos/deferred-t.build/Objects-normal/arm64_32/deferred.swiftdoc (in target 'deferred' from project 'deferred')
    cd /Users/admin/builder/spi-builder-workspace/.dependencies/checkouts/deferred
    builtin-copy -exclude .DS_Store -exclude CVS -exclude .svn -exclude .git -exclude .hg -resolve-src-symlinks -rename /Users/admin/builder/spi-builder-workspace/.derivedData/Build/Intermediates.noindex/deferred.build/Debug-watchos/deferred-t.build/Objects-normal/arm64_32/deferred.swiftdoc /Users/admin/builder/spi-builder-workspace/.derivedData/Build/Products/Debug-watchos/deferred.swiftmodule/arm64_32-apple-watchos.swiftdoc
Copy /Users/admin/builder/spi-builder-workspace/.derivedData/Build/Products/Debug-watchos/deferred.swiftmodule/arm64_32-apple-watchos.abi.json /Users/admin/builder/spi-builder-workspace/.derivedData/Build/Intermediates.noindex/deferred.build/Debug-watchos/deferred-t.build/Objects-normal/arm64_32/deferred.abi.json (in target 'deferred' from project 'deferred')
    cd /Users/admin/builder/spi-builder-workspace/.dependencies/checkouts/deferred
    builtin-copy -exclude .DS_Store -exclude CVS -exclude .svn -exclude .git -exclude .hg -resolve-src-symlinks -rename /Users/admin/builder/spi-builder-workspace/.derivedData/Build/Intermediates.noindex/deferred.build/Debug-watchos/deferred-t.build/Objects-normal/arm64_32/deferred.abi.json /Users/admin/builder/spi-builder-workspace/.derivedData/Build/Products/Debug-watchos/deferred.swiftmodule/arm64_32-apple-watchos.abi.json
Copy /Users/admin/builder/spi-builder-workspace/.derivedData/Build/Products/Debug-watchos/deferred.swiftmodule/arm64-apple-watchos.abi.json /Users/admin/builder/spi-builder-workspace/.derivedData/Build/Intermediates.noindex/deferred.build/Debug-watchos/deferred-t.build/Objects-normal/arm64/deferred.abi.json (in target 'deferred' from project 'deferred')
    cd /Users/admin/builder/spi-builder-workspace/.dependencies/checkouts/deferred
    builtin-copy -exclude .DS_Store -exclude CVS -exclude .svn -exclude .git -exclude .hg -resolve-src-symlinks -rename /Users/admin/builder/spi-builder-workspace/.derivedData/Build/Intermediates.noindex/deferred.build/Debug-watchos/deferred-t.build/Objects-normal/arm64/deferred.abi.json /Users/admin/builder/spi-builder-workspace/.derivedData/Build/Products/Debug-watchos/deferred.swiftmodule/arm64-apple-watchos.abi.json
Copy /Users/admin/builder/spi-builder-workspace/.derivedData/Build/Products/Debug-watchos/deferred.swiftmodule/Project/arm64_32-apple-watchos.swiftsourceinfo /Users/admin/builder/spi-builder-workspace/.derivedData/Build/Intermediates.noindex/deferred.build/Debug-watchos/deferred-t.build/Objects-normal/arm64_32/deferred.swiftsourceinfo (in target 'deferred' from project 'deferred')
    cd /Users/admin/builder/spi-builder-workspace/.dependencies/checkouts/deferred
    builtin-copy -exclude .DS_Store -exclude CVS -exclude .svn -exclude .git -exclude .hg -resolve-src-symlinks -rename /Users/admin/builder/spi-builder-workspace/.derivedData/Build/Intermediates.noindex/deferred.build/Debug-watchos/deferred-t.build/Objects-normal/arm64_32/deferred.swiftsourceinfo /Users/admin/builder/spi-builder-workspace/.derivedData/Build/Products/Debug-watchos/deferred.swiftmodule/Project/arm64_32-apple-watchos.swiftsourceinfo
Copy /Users/admin/builder/spi-builder-workspace/.derivedData/Build/Products/Debug-watchos/deferred.swiftmodule/Project/arm64-apple-watchos.swiftsourceinfo /Users/admin/builder/spi-builder-workspace/.derivedData/Build/Intermediates.noindex/deferred.build/Debug-watchos/deferred-t.build/Objects-normal/arm64/deferred.swiftsourceinfo (in target 'deferred' from project 'deferred')
    cd /Users/admin/builder/spi-builder-workspace/.dependencies/checkouts/deferred
    builtin-copy -exclude .DS_Store -exclude CVS -exclude .svn -exclude .git -exclude .hg -resolve-src-symlinks -rename /Users/admin/builder/spi-builder-workspace/.derivedData/Build/Intermediates.noindex/deferred.build/Debug-watchos/deferred-t.build/Objects-normal/arm64/deferred.swiftsourceinfo /Users/admin/builder/spi-builder-workspace/.derivedData/Build/Products/Debug-watchos/deferred.swiftmodule/Project/arm64-apple-watchos.swiftsourceinfo
SwiftCompile normal arm64_32 Compiling\ deferred-timeout.swift /Users/admin/builder/spi-builder-workspace/.dependencies/checkouts/deferred/Source/deferred/deferred-timeout.swift (in target 'deferred' from project 'deferred')
SwiftCompile normal arm64_32 /Users/admin/builder/spi-builder-workspace/.dependencies/checkouts/deferred/Source/deferred/deferred-timeout.swift (in target 'deferred' from project 'deferred')
    cd /Users/admin/builder/spi-builder-workspace/.swiftpm/xcode
    builtin-SwiftPerFileCompile deferred-timeout.swift
SwiftDriverJobDiscovery normal arm64 Compiling deferred.swift (in target 'deferred' from project 'deferred')
SwiftCompile normal arm64_32 Compiling\ deferred-split.swift /Users/admin/builder/spi-builder-workspace/.dependencies/checkouts/deferred/Source/deferred/deferred-split.swift (in target 'deferred' from project 'deferred')
SwiftCompile normal arm64_32 /Users/admin/builder/spi-builder-workspace/.dependencies/checkouts/deferred/Source/deferred/deferred-split.swift (in target 'deferred' from project 'deferred')
    cd /Users/admin/builder/spi-builder-workspace/.swiftpm/xcode
    builtin-SwiftPerFileCompile deferred-split.swift
SwiftDriverJobDiscovery normal arm64 Compiling deferred-error.swift, deferred-extras.swift (in target 'deferred' from project 'deferred')
SwiftCompile normal arm64_32 Compiling\ dispatch-utilities.swift /Users/admin/builder/spi-builder-workspace/.dependencies/checkouts/deferred/Source/deferred/dispatch-utilities.swift (in target 'deferred' from project 'deferred')
SwiftCompile normal arm64_32 /Users/admin/builder/spi-builder-workspace/.dependencies/checkouts/deferred/Source/deferred/dispatch-utilities.swift (in target 'deferred' from project 'deferred')
    cd /Users/admin/builder/spi-builder-workspace/.swiftpm/xcode
    builtin-SwiftPerFileCompile dispatch-utilities.swift
SwiftDriverJobDiscovery normal arm64_32 Compiling waiter.swift (in target 'deferred' from project 'deferred')
SwiftCompile normal arm64_32 Compiling\ deferred.swift /Users/admin/builder/spi-builder-workspace/.dependencies/checkouts/deferred/Source/deferred/deferred.swift (in target 'deferred' from project 'deferred')
SwiftCompile normal arm64_32 /Users/admin/builder/spi-builder-workspace/.dependencies/checkouts/deferred/Source/deferred/deferred.swift (in target 'deferred' from project 'deferred')
    cd /Users/admin/builder/spi-builder-workspace/.swiftpm/xcode
    builtin-SwiftPerFileCompile deferred.swift
SwiftDriverJobDiscovery normal arm64 Compiling deferred-first.swift, deferred-parallelize.swift (in target 'deferred' from project 'deferred')
SwiftCompile normal arm64_32 Compiling\ result-extensions.swift /Users/admin/builder/spi-builder-workspace/.dependencies/checkouts/deferred/Source/deferred/result-extensions.swift (in target 'deferred' from project 'deferred')
SwiftCompile normal arm64_32 /Users/admin/builder/spi-builder-workspace/.dependencies/checkouts/deferred/Source/deferred/result-extensions.swift (in target 'deferred' from project 'deferred')
    cd /Users/admin/builder/spi-builder-workspace/.swiftpm/xcode
    builtin-SwiftPerFileCompile result-extensions.swift
SwiftCompile normal arm64 Compiling\ waiter.swift /Users/admin/builder/spi-builder-workspace/.dependencies/checkouts/deferred/Source/deferred/waiter.swift (in target 'deferred' from project 'deferred')
SwiftCompile normal arm64 /Users/admin/builder/spi-builder-workspace/.dependencies/checkouts/deferred/Source/deferred/waiter.swift (in target 'deferred' from project 'deferred')
    cd /Users/admin/builder/spi-builder-workspace/.swiftpm/xcode
    builtin-SwiftPerFileCompile waiter.swift
SwiftDriverJobDiscovery normal arm64_32 Compiling deferred-combine.swift, deferred-delay.swift (in target 'deferred' from project 'deferred')
SwiftDriverJobDiscovery normal arm64_32 Compiling deferred-split.swift (in target 'deferred' from project 'deferred')
SwiftDriver ReactiveStreams normal arm64_32 com.apple.xcode.tools.swift.compiler (in target 'ReactiveStreams' from project 'ReactiveStreams')
    cd /Users/admin/builder/spi-builder-workspace/.swiftpm/xcode
    builtin-SwiftDriver -- /Applications/Xcode-27.0.0-Release.Candidate.app/Contents/Developer/Toolchains/XcodeDefault.xctoolchain/usr/bin/swiftc -parse-as-library -module-name ReactiveStreams -Onone @/Users/admin/builder/spi-builder-workspace/.derivedData/Build/Intermediates.noindex/ReactiveStreams.build/Debug-watchos/ReactiveStreams-t.build/Objects-normal/arm64_32/ReactiveStreams.SwiftFileList -DSWIFT_PACKAGE -DDEBUG -DSWIFT_MODULE_RESOURCE_BUNDLE_UNAVAILABLE -Xcc -fmodule-map-file\=/Users/admin/builder/spi-builder-workspace/.derivedData/Build/Intermediates.noindex/GeneratedModuleMaps-watchos/CAtomics.modulemap -DXcode -plugin-path /Applications/Xcode-27.0.0-Release.Candidate.app/Contents/Developer/Toolchains/XcodeDefault.xctoolchain/usr/lib/swift/host/plugins/testing -enable-experimental-feature DebugDescriptionMacro -sdk /Applications/Xcode-27.0.0-Release.Candidate.app/Contents/Developer/Platforms/WatchOS.platform/Developer/SDKs/WatchOS27.0.sdk -target arm64_32-apple-watchos9.0 -g -module-cache-path /Users/admin/builder/spi-builder-workspace/.derivedData/ModuleCache.noindex -Xfrontend -serialize-debugging-options -profile-coverage-mapping -profile-generate -enable-testing -index-store-path /Users/admin/builder/spi-builder-workspace/.derivedData/Index.noindex/DataStore -Xcc -D_LIBCPP_HARDENING_MODE\=_LIBCPP_HARDENING_MODE_DEBUG -swift-version 5 -I /Users/admin/builder/spi-builder-workspace/.derivedData/Build/Products/Debug-watchos -Isystem /Applications/Xcode-27.0.0-Release.Candidate.app/Contents/Developer/Platforms/WatchOS.platform/Developer/usr/lib -F /Users/admin/builder/spi-builder-workspace/.derivedData/Build/Products/Debug-watchos/PackageFrameworks -F /Users/admin/builder/spi-builder-workspace/.derivedData/Build/Products/Debug-watchos -F /Applications/Xcode-27.0.0-Release.Candidate.app/Contents/Developer/Platforms/WatchOS.platform/Developer/Library/Frameworks -F /Applications/Xcode-27.0.0-Release.Candidate.app/Contents/Developer/Platforms/WatchOS.platform/Developer/SDKs/WatchOS27.0.sdk/Developer/Library/Frameworks -c -j10 -enable-batch-mode -incremental -Xcc -ivfsstatcache -Xcc /Users/admin/builder/spi-builder-workspace/.derivedData/SDKStatCaches.noindex/watchos27.0-24R360-e829b21a6f8c9b70876ba0858053c04477534ef55a1706bf4c1112bbb242f0a2.sdkstatcache -output-file-map /Users/admin/builder/spi-builder-workspace/.derivedData/Build/Intermediates.noindex/ReactiveStreams.build/Debug-watchos/ReactiveStreams-t.build/Objects-normal/arm64_32/ReactiveStreams-OutputFileMap.json -save-temps -no-color-diagnostics -explicit-module-build -module-cache-path /Users/admin/builder/spi-builder-workspace/.derivedData/Build/Intermediates.noindex/SwiftExplicitPrecompiledModules -clang-scanner-module-cache-path /Users/admin/builder/spi-builder-workspace/.derivedData/ModuleCache.noindex -sdk-module-cache-path /Users/admin/builder/spi-builder-workspace/.derivedData/SDKExplicitPrecompiledModules -emit-dependencies -emit-module -emit-module-path /Users/admin/builder/spi-builder-workspace/.derivedData/Build/Intermediates.noindex/ReactiveStreams.build/Debug-watchos/ReactiveStreams-t.build/Objects-normal/arm64_32/ReactiveStreams.swiftmodule -serialize-diagnostics -dependency-scan-serialize-diagnostics-path /Users/admin/builder/spi-builder-workspace/.derivedData/Build/Intermediates.noindex/ReactiveStreams.build/Debug-watchos/ReactiveStreams-t.build/Objects-normal/arm64_32/ReactiveStreams-dependency-scan.dia -validate-clang-modules-once -clang-build-session-file /Users/admin/builder/spi-builder-workspace/.derivedData/ModuleCache.noindex/Session.modulevalidation -Xcc -fmodules-prune-interval\=86400 -Xcc -fmodules-prune-after\=345600 -emit-const-values -const-gather-protocols-list /Users/admin/builder/spi-builder-workspace/.derivedData/Build/Intermediates.noindex/ReactiveStreams.build/Debug-watchos/ReactiveStreams-t.build/Objects-normal/arm64_32/ReactiveStreams_const_extract_protocols.json -Xcc -I/Users/admin/builder/spi-builder-workspace/.dependencies/checkouts/CAtomics/Sources/CAtomics/include -Xcc -I/Users/admin/builder/spi-builder-workspace/.derivedData/Build/Products/Debug-watchos/include -Xcc -I/Users/admin/builder/spi-builder-workspace/.derivedData/Build/Intermediates.noindex/ReactiveStreams.build/Debug-watchos/ReactiveStreams-t.build/DerivedSources-normal/arm64_32 -Xcc -I/Users/admin/builder/spi-builder-workspace/.derivedData/Build/Intermediates.noindex/ReactiveStreams.build/Debug-watchos/ReactiveStreams-t.build/DerivedSources/arm64_32 -Xcc -I/Users/admin/builder/spi-builder-workspace/.derivedData/Build/Intermediates.noindex/ReactiveStreams.build/Debug-watchos/ReactiveStreams-t.build/DerivedSources -Xcc -DSWIFT_PACKAGE -Xcc -DDEBUG\=1 -emit-objc-header -emit-objc-header-path /Users/admin/builder/spi-builder-workspace/.derivedData/Build/Intermediates.noindex/ReactiveStreams.build/Debug-watchos/ReactiveStreams-t.build/Objects-normal/arm64_32/ReactiveStreams-Swift.h -working-directory /Users/admin/builder/spi-builder-workspace/.swiftpm/xcode -experimental-emit-module-separately -disable-cmo
SwiftDriver ReactiveStreams normal arm64 com.apple.xcode.tools.swift.compiler (in target 'ReactiveStreams' from project 'ReactiveStreams')
    cd /Users/admin/builder/spi-builder-workspace/.swiftpm/xcode
    builtin-SwiftDriver -- /Applications/Xcode-27.0.0-Release.Candidate.app/Contents/Developer/Toolchains/XcodeDefault.xctoolchain/usr/bin/swiftc -parse-as-library -module-name ReactiveStreams -Onone @/Users/admin/builder/spi-builder-workspace/.derivedData/Build/Intermediates.noindex/ReactiveStreams.build/Debug-watchos/ReactiveStreams-t.build/Objects-normal/arm64/ReactiveStreams.SwiftFileList -DSWIFT_PACKAGE -DDEBUG -DSWIFT_MODULE_RESOURCE_BUNDLE_UNAVAILABLE -Xcc -fmodule-map-file\=/Users/admin/builder/spi-builder-workspace/.derivedData/Build/Intermediates.noindex/GeneratedModuleMaps-watchos/CAtomics.modulemap -DXcode -plugin-path /Applications/Xcode-27.0.0-Release.Candidate.app/Contents/Developer/Toolchains/XcodeDefault.xctoolchain/usr/lib/swift/host/plugins/testing -enable-experimental-feature DebugDescriptionMacro -sdk /Applications/Xcode-27.0.0-Release.Candidate.app/Contents/Developer/Platforms/WatchOS.platform/Developer/SDKs/WatchOS27.0.sdk -target arm64-apple-watchos9.0 -g -module-cache-path /Users/admin/builder/spi-builder-workspace/.derivedData/ModuleCache.noindex -Xfrontend -serialize-debugging-options -profile-coverage-mapping -profile-generate -enable-testing -index-store-path /Users/admin/builder/spi-builder-workspace/.derivedData/Index.noindex/DataStore -Xcc -D_LIBCPP_HARDENING_MODE\=_LIBCPP_HARDENING_MODE_DEBUG -swift-version 5 -I /Users/admin/builder/spi-builder-workspace/.derivedData/Build/Products/Debug-watchos -Isystem /Applications/Xcode-27.0.0-Release.Candidate.app/Contents/Developer/Platforms/WatchOS.platform/Developer/usr/lib -F /Users/admin/builder/spi-builder-workspace/.derivedData/Build/Products/Debug-watchos/PackageFrameworks -F /Users/admin/builder/spi-builder-workspace/.derivedData/Build/Products/Debug-watchos -F /Applications/Xcode-27.0.0-Release.Candidate.app/Contents/Developer/Platforms/WatchOS.platform/Developer/Library/Frameworks -F /Applications/Xcode-27.0.0-Release.Candidate.app/Contents/Developer/Platforms/WatchOS.platform/Developer/SDKs/WatchOS27.0.sdk/Developer/Library/Frameworks -c -j10 -enable-batch-mode -incremental -Xcc -ivfsstatcache -Xcc /Users/admin/builder/spi-builder-workspace/.derivedData/SDKStatCaches.noindex/watchos27.0-24R360-e829b21a6f8c9b70876ba0858053c04477534ef55a1706bf4c1112bbb242f0a2.sdkstatcache -output-file-map /Users/admin/builder/spi-builder-workspace/.derivedData/Build/Intermediates.noindex/ReactiveStreams.build/Debug-watchos/ReactiveStreams-t.build/Objects-normal/arm64/ReactiveStreams-OutputFileMap.json -save-temps -no-color-diagnostics -explicit-module-build -module-cache-path /Users/admin/builder/spi-builder-workspace/.derivedData/Build/Intermediates.noindex/SwiftExplicitPrecompiledModules -clang-scanner-module-cache-path /Users/admin/builder/spi-builder-workspace/.derivedData/ModuleCache.noindex -sdk-module-cache-path /Users/admin/builder/spi-builder-workspace/.derivedData/SDKExplicitPrecompiledModules -emit-dependencies -emit-module -emit-module-path /Users/admin/builder/spi-builder-workspace/.derivedData/Build/Intermediates.noindex/ReactiveStreams.build/Debug-watchos/ReactiveStreams-t.build/Objects-normal/arm64/ReactiveStreams.swiftmodule -serialize-diagnostics -dependency-scan-serialize-diagnostics-path /Users/admin/builder/spi-builder-workspace/.derivedData/Build/Intermediates.noindex/ReactiveStreams.build/Debug-watchos/ReactiveStreams-t.build/Objects-normal/arm64/ReactiveStreams-dependency-scan.dia -validate-clang-modules-once -clang-build-session-file /Users/admin/builder/spi-builder-workspace/.derivedData/ModuleCache.noindex/Session.modulevalidation -Xcc -fmodules-prune-interval\=86400 -Xcc -fmodules-prune-after\=345600 -emit-const-values -const-gather-protocols-list /Users/admin/builder/spi-builder-workspace/.derivedData/Build/Intermediates.noindex/ReactiveStreams.build/Debug-watchos/ReactiveStreams-t.build/Objects-normal/arm64/ReactiveStreams_const_extract_protocols.json -Xcc -I/Users/admin/builder/spi-builder-workspace/.dependencies/checkouts/CAtomics/Sources/CAtomics/include -Xcc -I/Users/admin/builder/spi-builder-workspace/.derivedData/Build/Products/Debug-watchos/include -Xcc -I/Users/admin/builder/spi-builder-workspace/.derivedData/Build/Intermediates.noindex/ReactiveStreams.build/Debug-watchos/ReactiveStreams-t.build/DerivedSources-normal/arm64 -Xcc -I/Users/admin/builder/spi-builder-workspace/.derivedData/Build/Intermediates.noindex/ReactiveStreams.build/Debug-watchos/ReactiveStreams-t.build/DerivedSources/arm64 -Xcc -I/Users/admin/builder/spi-builder-workspace/.derivedData/Build/Intermediates.noindex/ReactiveStreams.build/Debug-watchos/ReactiveStreams-t.build/DerivedSources -Xcc -DSWIFT_PACKAGE -Xcc -DDEBUG\=1 -emit-objc-header -emit-objc-header-path /Users/admin/builder/spi-builder-workspace/.derivedData/Build/Intermediates.noindex/ReactiveStreams.build/Debug-watchos/ReactiveStreams-t.build/Objects-normal/arm64/ReactiveStreams-Swift.h -working-directory /Users/admin/builder/spi-builder-workspace/.swiftpm/xcode -experimental-emit-module-separately -disable-cmo
SwiftDriverJobDiscovery normal arm64_32 Compiling dispatch-utilities.swift (in target 'deferred' from project 'deferred')
SwiftDriverJobDiscovery normal arm64_32 Compiling deferred-timeout.swift (in target 'deferred' from project 'deferred')
SwiftDriverJobDiscovery normal arm64_32 Compiling deferred-error.swift, deferred-extras.swift (in target 'deferred' from project 'deferred')
SwiftDriverJobDiscovery normal arm64_32 Compiling result-extensions.swift (in target 'deferred' from project 'deferred')
SwiftDriverJobDiscovery normal arm64 Compiling waiter.swift (in target 'deferred' from project 'deferred')
SwiftDriverJobDiscovery normal arm64_32 Compiling deferred-first.swift, deferred-parallelize.swift (in target 'deferred' from project 'deferred')
SwiftEmitModule normal arm64_32 Emitting\ module\ for\ ReactiveStreams (in target 'ReactiveStreams' from project 'ReactiveStreams')
SwiftCompile normal arm64_32 (in target 'ReactiveStreams' from project 'ReactiveStreams')
    cd /Users/admin/builder/spi-builder-workspace/.swiftpm/xcode

/Users/admin/builder/spi-builder-workspace/Sources/ReactiveStreams/publisher.swift:9:30: warning: using 'class' keyword to define a class-constrained protocol is deprecated; use 'AnyObject' instead [#deprecation]
 7 | //
 8 |
 9 | public protocol EventSource: class
   |                              `- warning: using 'class' keyword to define a class-constrained protocol is deprecated; use 'AnyObject' instead [#deprecation]
10 | {
11 |   func updateRequest(_ requested: Int64)
/Users/admin/builder/spi-builder-workspace/Sources/ReactiveStreams/stream-limited.swift:18:47: warning: static property 'current' cannot be used in a default argument value because 'CurrentQoS' was not imported by this file; this is an error in the Swift 6 language mode
16 |   public var count: Int64 { return CAtomicsLoad(counter, .relaxed) }
17 |
18 |   public convenience init(qos: DispatchQoS = .current, count: Int64)
   |                                               |- warning: static property 'current' cannot be used in a default argument value because 'CurrentQoS' was not imported by this file; this is an error in the Swift 6 language mode
   |                                               `- note: The missing import of module 'CurrentQoS' will be added implicitly
19 |   {
20 |     self.init(validated: ValidatedQueue(label: "limitedstream", qos: qos), count: max(count,0))
/Users/admin/builder/spi-builder-workspace/Sources/ReactiveStreams/stream-merge.swift:233:61: warning: static property 'current' cannot be used in a default argument value because 'CurrentQoS' was not imported by this file; this is an error in the Swift 6 language mode
231 |   }
232 |
233 |   static public func merge<S: Sequence>(qos: DispatchQoS = .current, streams: S, delayingErrors delay: Bool = false) -> EventStream<Value>
    |                                                             |- warning: static property 'current' cannot be used in a default argument value because 'CurrentQoS' was not imported by this file; this is an error in the Swift 6 language mode
    |                                                             `- note: The missing import of module 'CurrentQoS' will be added implicitly
234 |     where S.Iterator.Element: EventStream<Value>
235 |   {
/Users/admin/builder/spi-builder-workspace/Sources/ReactiveStreams/stream-onrequest.swift:19:47: warning: static property 'current' cannot be used in a default argument value because 'CurrentQoS' was not imported by this file; this is an error in the Swift 6 language mode
17 |   private let task: (Int) throws -> Value
18 |
19 |   public convenience init(qos: DispatchQoS = .current, autostart: Bool = true, task: @escaping (Int) throws -> Value)
   |                                               |- warning: static property 'current' cannot be used in a default argument value because 'CurrentQoS' was not imported by this file; this is an error in the Swift 6 language mode
   |                                               `- note: The missing import of module 'CurrentQoS' will be added implicitly
20 |   {
21 |     self.init(validated: ValidatedQueue(label: "onrequeststream", qos: qos), autostart: autostart, task: task)
/Users/admin/builder/spi-builder-workspace/Sources/ReactiveStreams/stream-onrequest.swift:84:47: warning: static property 'current' cannot be used in a default argument value because 'CurrentQoS' was not imported by this file; this is an error in the Swift 6 language mode
82 | extension OnRequestStream where Value == Int
83 | {
84 |   public convenience init(qos: DispatchQoS = .current, autostart: Bool = true)
   |                                               |- warning: static property 'current' cannot be used in a default argument value because 'CurrentQoS' was not imported by this file; this is an error in the Swift 6 language mode
   |                                               `- note: The missing import of module 'CurrentQoS' will be added implicitly
85 |   {
86 |     self.init(qos: qos, autostart: autostart, task: { $0 })
/Users/admin/builder/spi-builder-workspace/Sources/ReactiveStreams/stream-timer.swift:23:35: warning: static property 'current' cannot be used in a default argument value because 'CurrentQoS' was not imported by this file; this is an error in the Swift 6 language mode
21 |   private let timingLeeway: DispatchTimeInterval
22 |
23 |   public init(qos: DispatchQoS = .current, interval: TimeInterval, tolerance: DispatchTimeInterval? = nil)
   |                                   |- warning: static property 'current' cannot be used in a default argument value because 'CurrentQoS' was not imported by this file; this is an error in the Swift 6 language mode
   |                                   `- note: The missing import of module 'CurrentQoS' will be added implicitly
24 |   {
25 |     let queue = ValidatedQueue(label: "timerstream", qos: qos)
/Users/admin/builder/spi-builder-workspace/Sources/ReactiveStreams/subscriber.swift:9:29: warning: using 'class' keyword to define a class-constrained protocol is deprecated; use 'AnyObject' instead [#deprecation]
 7 | //
 8 |
 9 | public protocol Subscriber: class
   |                             `- warning: using 'class' keyword to define a class-constrained protocol is deprecated; use 'AnyObject' instead [#deprecation]
10 | {
11 |   associatedtype Value
/Users/admin/builder/spi-builder-workspace/Sources/ReactiveStreams/validated-queue.swift:15:50: warning: static property 'current' cannot be used in a default argument value because 'CurrentQoS' was not imported by this file; this is an error in the Swift 6 language mode
13 |   let queue: DispatchQueue
14 |
15 |   public init(label: String, qos: DispatchQoS = .current)
   |                                                  |- warning: static property 'current' cannot be used in a default argument value because 'CurrentQoS' was not imported by this file; this is an error in the Swift 6 language mode
   |                                                  `- note: The missing import of module 'CurrentQoS' will be added implicitly
16 |   {
17 |     self.queue = DispatchQueue(label: label+"-\(qos.qosClass)", qos: qos)
SwiftCompile normal arm64_32 Compiling\ deferred-final.swift,\ deferred-next.swift,\ deferred-stream.swift /Users/admin/builder/spi-builder-workspace/Sources/ReactiveStreams/deferred-final.swift /Users/admin/builder/spi-builder-workspace/Sources/ReactiveStreams/deferred-next.swift /Users/admin/builder/spi-builder-workspace/Sources/ReactiveStreams/deferred-stream.swift (in target 'ReactiveStreams' from project 'ReactiveStreams')
SwiftCompile normal arm64_32 /Users/admin/builder/spi-builder-workspace/Sources/ReactiveStreams/deferred-final.swift (in target 'ReactiveStreams' from project 'ReactiveStreams')
    cd /Users/admin/builder/spi-builder-workspace/.swiftpm/xcode
    builtin-SwiftPerFileCompile deferred-final.swift
SwiftCompile normal arm64_32 /Users/admin/builder/spi-builder-workspace/Sources/ReactiveStreams/deferred-next.swift (in target 'ReactiveStreams' from project 'ReactiveStreams')
    cd /Users/admin/builder/spi-builder-workspace/.swiftpm/xcode
    builtin-SwiftPerFileCompile deferred-next.swift
SwiftCompile normal arm64_32 /Users/admin/builder/spi-builder-workspace/Sources/ReactiveStreams/deferred-stream.swift (in target 'ReactiveStreams' from project 'ReactiveStreams')
    cd /Users/admin/builder/spi-builder-workspace/.swiftpm/xcode
    builtin-SwiftPerFileCompile deferred-stream.swift
SwiftCompile normal arm64_32 Compiling\ deferred-subscriber.swift,\ event.swift,\ publisher.swift /Users/admin/builder/spi-builder-workspace/Sources/ReactiveStreams/deferred-subscriber.swift /Users/admin/builder/spi-builder-workspace/Sources/ReactiveStreams/event.swift /Users/admin/builder/spi-builder-workspace/Sources/ReactiveStreams/publisher.swift (in target 'ReactiveStreams' from project 'ReactiveStreams')
SwiftCompile normal arm64_32 /Users/admin/builder/spi-builder-workspace/Sources/ReactiveStreams/deferred-subscriber.swift (in target 'ReactiveStreams' from project 'ReactiveStreams')
    cd /Users/admin/builder/spi-builder-workspace/.swiftpm/xcode
    builtin-SwiftPerFileCompile deferred-subscriber.swift
SwiftCompile normal arm64_32 /Users/admin/builder/spi-builder-workspace/Sources/ReactiveStreams/event.swift (in target 'ReactiveStreams' from project 'ReactiveStreams')
    cd /Users/admin/builder/spi-builder-workspace/.swiftpm/xcode
    builtin-SwiftPerFileCompile event.swift
SwiftCompile normal arm64_32 /Users/admin/builder/spi-builder-workspace/Sources/ReactiveStreams/publisher.swift (in target 'ReactiveStreams' from project 'ReactiveStreams')
    cd /Users/admin/builder/spi-builder-workspace/.swiftpm/xcode
    builtin-SwiftPerFileCompile publisher.swift
/Users/admin/builder/spi-builder-workspace/Sources/ReactiveStreams/publisher.swift:9:30: warning: using 'class' keyword to define a class-constrained protocol is deprecated; use 'AnyObject' instead [#deprecation]
 7 | //
 8 |
 9 | public protocol EventSource: class
   |                              `- warning: using 'class' keyword to define a class-constrained protocol is deprecated; use 'AnyObject' instead [#deprecation]
10 | {
11 |   func updateRequest(_ requested: Int64)
SwiftCompile normal arm64_32 Compiling\ stream.swift,\ subscriber.swift /Users/admin/builder/spi-builder-workspace/Sources/ReactiveStreams/stream.swift /Users/admin/builder/spi-builder-workspace/Sources/ReactiveStreams/subscriber.swift (in target 'ReactiveStreams' from project 'ReactiveStreams')
SwiftCompile normal arm64_32 /Users/admin/builder/spi-builder-workspace/Sources/ReactiveStreams/stream.swift (in target 'ReactiveStreams' from project 'ReactiveStreams')
    cd /Users/admin/builder/spi-builder-workspace/.swiftpm/xcode
    builtin-SwiftPerFileCompile stream.swift
SwiftCompile normal arm64_32 /Users/admin/builder/spi-builder-workspace/Sources/ReactiveStreams/subscriber.swift (in target 'ReactiveStreams' from project 'ReactiveStreams')
    cd /Users/admin/builder/spi-builder-workspace/.swiftpm/xcode
    builtin-SwiftPerFileCompile subscriber.swift
/Users/admin/builder/spi-builder-workspace/Sources/ReactiveStreams/subscriber.swift:9:29: warning: using 'class' keyword to define a class-constrained protocol is deprecated; use 'AnyObject' instead [#deprecation]
 7 | //
 8 |
 9 | public protocol Subscriber: class
   |                             `- warning: using 'class' keyword to define a class-constrained protocol is deprecated; use 'AnyObject' instead [#deprecation]
10 | {
11 |   associatedtype Value
SwiftCompile normal arm64_32 Compiling\ stream-notifications.swift,\ stream-notifier.swift,\ stream-onrequest.swift /Users/admin/builder/spi-builder-workspace/Sources/ReactiveStreams/stream-notifications.swift /Users/admin/builder/spi-builder-workspace/Sources/ReactiveStreams/stream-notifier.swift /Users/admin/builder/spi-builder-workspace/Sources/ReactiveStreams/stream-onrequest.swift (in target 'ReactiveStreams' from project 'ReactiveStreams')
SwiftCompile normal arm64_32 /Users/admin/builder/spi-builder-workspace/Sources/ReactiveStreams/stream-notifications.swift (in target 'ReactiveStreams' from project 'ReactiveStreams')
    cd /Users/admin/builder/spi-builder-workspace/.swiftpm/xcode
    builtin-SwiftPerFileCompile stream-notifications.swift
SwiftCompile normal arm64_32 /Users/admin/builder/spi-builder-workspace/Sources/ReactiveStreams/stream-notifier.swift (in target 'ReactiveStreams' from project 'ReactiveStreams')
    cd /Users/admin/builder/spi-builder-workspace/.swiftpm/xcode
    builtin-SwiftPerFileCompile stream-notifier.swift
SwiftCompile normal arm64_32 /Users/admin/builder/spi-builder-workspace/Sources/ReactiveStreams/stream-onrequest.swift (in target 'ReactiveStreams' from project 'ReactiveStreams')
    cd /Users/admin/builder/spi-builder-workspace/.swiftpm/xcode
    builtin-SwiftPerFileCompile stream-onrequest.swift
/Users/admin/builder/spi-builder-workspace/Sources/ReactiveStreams/stream-onrequest.swift:19:47: warning: static property 'current' cannot be used in a default argument value because 'CurrentQoS' was not imported by this file; this is an error in the Swift 6 language mode
17 |   private let task: (Int) throws -> Value
18 |
19 |   public convenience init(qos: DispatchQoS = .current, autostart: Bool = true, task: @escaping (Int) throws -> Value)
   |                                               |- warning: static property 'current' cannot be used in a default argument value because 'CurrentQoS' was not imported by this file; this is an error in the Swift 6 language mode
   |                                               `- note: The missing import of module 'CurrentQoS' will be added implicitly
20 |   {
21 |     self.init(validated: ValidatedQueue(label: "onrequeststream", qos: qos), autostart: autostart, task: task)
/Users/admin/builder/spi-builder-workspace/Sources/ReactiveStreams/stream-onrequest.swift:84:47: warning: static property 'current' cannot be used in a default argument value because 'CurrentQoS' was not imported by this file; this is an error in the Swift 6 language mode
82 | extension OnRequestStream where Value == Int
83 | {
84 |   public convenience init(qos: DispatchQoS = .current, autostart: Bool = true)
   |                                               |- warning: static property 'current' cannot be used in a default argument value because 'CurrentQoS' was not imported by this file; this is an error in the Swift 6 language mode
   |                                               `- note: The missing import of module 'CurrentQoS' will be added implicitly
85 |   {
86 |     self.init(qos: qos, autostart: autostart, task: { $0 })
SwiftCompile normal arm64_32 Compiling\ stream-substream.swift,\ stream-timer.swift /Users/admin/builder/spi-builder-workspace/Sources/ReactiveStreams/stream-substream.swift /Users/admin/builder/spi-builder-workspace/Sources/ReactiveStreams/stream-timer.swift (in target 'ReactiveStreams' from project 'ReactiveStreams')
/Users/admin/builder/spi-builder-workspace/Sources/ReactiveStreams/stream-timer.swift:23:35: warning: static property 'current' cannot be used in a default argument value because 'CurrentQoS' was not imported by this file; this is an error in the Swift 6 language mode
21 |   private let timingLeeway: DispatchTimeInterval
22 |
23 |   public init(qos: DispatchQoS = .current, interval: TimeInterval, tolerance: DispatchTimeInterval? = nil)
   |                                   |- warning: static property 'current' cannot be used in a default argument value because 'CurrentQoS' was not imported by this file; this is an error in the Swift 6 language mode
   |                                   `- note: The missing import of module 'CurrentQoS' will be added implicitly
24 |   {
25 |     let queue = ValidatedQueue(label: "timerstream", qos: qos)
SwiftCompile normal arm64_32 /Users/admin/builder/spi-builder-workspace/Sources/ReactiveStreams/stream-substream.swift (in target 'ReactiveStreams' from project 'ReactiveStreams')
    cd /Users/admin/builder/spi-builder-workspace/.swiftpm/xcode
    builtin-SwiftPerFileCompile stream-substream.swift
SwiftCompile normal arm64_32 /Users/admin/builder/spi-builder-workspace/Sources/ReactiveStreams/stream-timer.swift (in target 'ReactiveStreams' from project 'ReactiveStreams')
    cd /Users/admin/builder/spi-builder-workspace/.swiftpm/xcode
    builtin-SwiftPerFileCompile stream-timer.swift
SwiftCompile normal arm64_32 Compiling\ stream-skip.swift,\ stream-split.swift /Users/admin/builder/spi-builder-workspace/Sources/ReactiveStreams/stream-skip.swift /Users/admin/builder/spi-builder-workspace/Sources/ReactiveStreams/stream-split.swift (in target 'ReactiveStreams' from project 'ReactiveStreams')
SwiftCompile normal arm64_32 /Users/admin/builder/spi-builder-workspace/Sources/ReactiveStreams/stream-skip.swift (in target 'ReactiveStreams' from project 'ReactiveStreams')
    cd /Users/admin/builder/spi-builder-workspace/.swiftpm/xcode
    builtin-SwiftPerFileCompile stream-skip.swift
SwiftCompile normal arm64_32 /Users/admin/builder/spi-builder-workspace/Sources/ReactiveStreams/stream-split.swift (in target 'ReactiveStreams' from project 'ReactiveStreams')
    cd /Users/admin/builder/spi-builder-workspace/.swiftpm/xcode
    builtin-SwiftPerFileCompile stream-split.swift
SwiftDriverJobDiscovery normal arm64_32 Compiling deferred.swift (in target 'deferred' from project 'deferred')
SwiftCompile normal arm64_32 Compiling\ stream-map.swift,\ stream-merge.swift,\ stream-next.swift /Users/admin/builder/spi-builder-workspace/Sources/ReactiveStreams/stream-map.swift /Users/admin/builder/spi-builder-workspace/Sources/ReactiveStreams/stream-merge.swift /Users/admin/builder/spi-builder-workspace/Sources/ReactiveStreams/stream-next.swift (in target 'ReactiveStreams' from project 'ReactiveStreams')
SwiftCompile normal arm64_32 /Users/admin/builder/spi-builder-workspace/Sources/ReactiveStreams/stream-map.swift (in target 'ReactiveStreams' from project 'ReactiveStreams')
    cd /Users/admin/builder/spi-builder-workspace/.swiftpm/xcode
    builtin-SwiftPerFileCompile stream-map.swift
SwiftCompile normal arm64_32 /Users/admin/builder/spi-builder-workspace/Sources/ReactiveStreams/stream-merge.swift (in target 'ReactiveStreams' from project 'ReactiveStreams')
    cd /Users/admin/builder/spi-builder-workspace/.swiftpm/xcode
    builtin-SwiftPerFileCompile stream-merge.swift
SwiftCompile normal arm64_32 /Users/admin/builder/spi-builder-workspace/Sources/ReactiveStreams/stream-next.swift (in target 'ReactiveStreams' from project 'ReactiveStreams')
    cd /Users/admin/builder/spi-builder-workspace/.swiftpm/xcode
    builtin-SwiftPerFileCompile stream-next.swift
/Users/admin/builder/spi-builder-workspace/Sources/ReactiveStreams/stream-merge.swift:233:61: warning: static property 'current' cannot be used in a default argument value because 'CurrentQoS' was not imported by this file; this is an error in the Swift 6 language mode
231 |   }
232 |
233 |   static public func merge<S: Sequence>(qos: DispatchQoS = .current, streams: S, delayingErrors delay: Bool = false) -> EventStream<Value>
    |                                                             |- warning: static property 'current' cannot be used in a default argument value because 'CurrentQoS' was not imported by this file; this is an error in the Swift 6 language mode
    |                                                             `- note: The missing import of module 'CurrentQoS' will be added implicitly
234 |     where S.Iterator.Element: EventStream<Value>
235 |   {
SwiftDriverJobDiscovery normal arm64 Compiling deferred-state.swift (in target 'deferred' from project 'deferred')
SwiftCompile normal arm64_32 Compiling\ stream-filter.swift,\ stream-final.swift,\ stream-limited.swift /Users/admin/builder/spi-builder-workspace/Sources/ReactiveStreams/stream-filter.swift /Users/admin/builder/spi-builder-workspace/Sources/ReactiveStreams/stream-final.swift /Users/admin/builder/spi-builder-workspace/Sources/ReactiveStreams/stream-limited.swift (in target 'ReactiveStreams' from project 'ReactiveStreams')
/Users/admin/builder/spi-builder-workspace/Sources/ReactiveStreams/stream-limited.swift:18:47: warning: static property 'current' cannot be used in a default argument value because 'CurrentQoS' was not imported by this file; this is an error in the Swift 6 language mode
16 |   public var count: Int64 { return CAtomicsLoad(counter, .relaxed) }
17 |
18 |   public convenience init(qos: DispatchQoS = .current, count: Int64)
   |                                               |- warning: static property 'current' cannot be used in a default argument value because 'CurrentQoS' was not imported by this file; this is an error in the Swift 6 language mode
   |                                               `- note: The missing import of module 'CurrentQoS' will be added implicitly
19 |   {
20 |     self.init(validated: ValidatedQueue(label: "limitedstream", qos: qos), count: max(count,0))
SwiftCompile normal arm64_32 /Users/admin/builder/spi-builder-workspace/Sources/ReactiveStreams/stream-filter.swift (in target 'ReactiveStreams' from project 'ReactiveStreams')
    cd /Users/admin/builder/spi-builder-workspace/.swiftpm/xcode
    builtin-SwiftPerFileCompile stream-filter.swift
SwiftCompile normal arm64_32 /Users/admin/builder/spi-builder-workspace/Sources/ReactiveStreams/stream-final.swift (in target 'ReactiveStreams' from project 'ReactiveStreams')
    cd /Users/admin/builder/spi-builder-workspace/.swiftpm/xcode
    builtin-SwiftPerFileCompile stream-final.swift
SwiftCompile normal arm64_32 /Users/admin/builder/spi-builder-workspace/Sources/ReactiveStreams/stream-limited.swift (in target 'ReactiveStreams' from project 'ReactiveStreams')
    cd /Users/admin/builder/spi-builder-workspace/.swiftpm/xcode
    builtin-SwiftPerFileCompile stream-limited.swift
SwiftEmitModule normal arm64 Emitting\ module\ for\ ReactiveStreams (in target 'ReactiveStreams' from project 'ReactiveStreams')
/Users/admin/builder/spi-builder-workspace/Sources/ReactiveStreams/publisher.swift:9:30: warning: using 'class' keyword to define a class-constrained protocol is deprecated; use 'AnyObject' instead [#deprecation]
 7 | //
 8 |
 9 | public protocol EventSource: class
   |                              `- warning: using 'class' keyword to define a class-constrained protocol is deprecated; use 'AnyObject' instead [#deprecation]
10 | {
11 |   func updateRequest(_ requested: Int64)
/Users/admin/builder/spi-builder-workspace/Sources/ReactiveStreams/stream-limited.swift:18:47: warning: static property 'current' cannot be used in a default argument value because 'CurrentQoS' was not imported by this file; this is an error in the Swift 6 language mode
16 |   public var count: Int64 { return CAtomicsLoad(counter, .relaxed) }
17 |
18 |   public convenience init(qos: DispatchQoS = .current, count: Int64)
   |                                               |- warning: static property 'current' cannot be used in a default argument value because 'CurrentQoS' was not imported by this file; this is an error in the Swift 6 language mode
   |                                               `- note: The missing import of module 'CurrentQoS' will be added implicitly
19 |   {
20 |     self.init(validated: ValidatedQueue(label: "limitedstream", qos: qos), count: max(count,0))
/Users/admin/builder/spi-builder-workspace/Sources/ReactiveStreams/stream-merge.swift:233:61: warning: static property 'current' cannot be used in a default argument value because 'CurrentQoS' was not imported by this file; this is an error in the Swift 6 language mode
231 |   }
232 |
233 |   static public func merge<S: Sequence>(qos: DispatchQoS = .current, streams: S, delayingErrors delay: Bool = false) -> EventStream<Value>
    |                                                             |- warning: static property 'current' cannot be used in a default argument value because 'CurrentQoS' was not imported by this file; this is an error in the Swift 6 language mode
    |                                                             `- note: The missing import of module 'CurrentQoS' will be added implicitly
234 |     where S.Iterator.Element: EventStream<Value>
235 |   {
/Users/admin/builder/spi-builder-workspace/Sources/ReactiveStreams/stream-onrequest.swift:19:47: warning: static property 'current' cannot be used in a default argument value because 'CurrentQoS' was not imported by this file; this is an error in the Swift 6 language mode
17 |   private let task: (Int) throws -> Value
18 |
19 |   public convenience init(qos: DispatchQoS = .current, autostart: Bool = true, task: @escaping (Int) throws -> Value)
   |                                               |- warning: static property 'current' cannot be used in a default argument value because 'CurrentQoS' was not imported by this file; this is an error in the Swift 6 language mode
   |                                               `- note: The missing import of module 'CurrentQoS' will be added implicitly
20 |   {
21 |     self.init(validated: ValidatedQueue(label: "onrequeststream", qos: qos), autostart: autostart, task: task)
/Users/admin/builder/spi-builder-workspace/Sources/ReactiveStreams/stream-onrequest.swift:84:47: warning: static property 'current' cannot be used in a default argument value because 'CurrentQoS' was not imported by this file; this is an error in the Swift 6 language mode
82 | extension OnRequestStream where Value == Int
83 | {
84 |   public convenience init(qos: DispatchQoS = .current, autostart: Bool = true)
   |                                               |- warning: static property 'current' cannot be used in a default argument value because 'CurrentQoS' was not imported by this file; this is an error in the Swift 6 language mode
   |                                               `- note: The missing import of module 'CurrentQoS' will be added implicitly
85 |   {
86 |     self.init(qos: qos, autostart: autostart, task: { $0 })
/Users/admin/builder/spi-builder-workspace/Sources/ReactiveStreams/stream-timer.swift:23:35: warning: static property 'current' cannot be used in a default argument value because 'CurrentQoS' was not imported by this file; this is an error in the Swift 6 language mode
21 |   private let timingLeeway: DispatchTimeInterval
22 |
23 |   public init(qos: DispatchQoS = .current, interval: TimeInterval, tolerance: DispatchTimeInterval? = nil)
   |                                   |- warning: static property 'current' cannot be used in a default argument value because 'CurrentQoS' was not imported by this file; this is an error in the Swift 6 language mode
   |                                   `- note: The missing import of module 'CurrentQoS' will be added implicitly
24 |   {
25 |     let queue = ValidatedQueue(label: "timerstream", qos: qos)
/Users/admin/builder/spi-builder-workspace/Sources/ReactiveStreams/subscriber.swift:9:29: warning: using 'class' keyword to define a class-constrained protocol is deprecated; use 'AnyObject' instead [#deprecation]
 7 | //
 8 |
 9 | public protocol Subscriber: class
   |                             `- warning: using 'class' keyword to define a class-constrained protocol is deprecated; use 'AnyObject' instead [#deprecation]
10 | {
11 |   associatedtype Value
/Users/admin/builder/spi-builder-workspace/Sources/ReactiveStreams/validated-queue.swift:15:50: warning: static property 'current' cannot be used in a default argument value because 'CurrentQoS' was not imported by this file; this is an error in the Swift 6 language mode
13 |   let queue: DispatchQueue
14 |
15 |   public init(label: String, qos: DispatchQoS = .current)
   |                                                  |- warning: static property 'current' cannot be used in a default argument value because 'CurrentQoS' was not imported by this file; this is an error in the Swift 6 language mode
   |                                                  `- note: The missing import of module 'CurrentQoS' will be added implicitly
16 |   {
17 |     self.queue = DispatchQueue(label: label+"-\(qos.qosClass)", qos: qos)
SwiftCompile normal arm64 (in target 'ReactiveStreams' from project 'ReactiveStreams')
    cd /Users/admin/builder/spi-builder-workspace/.swiftpm/xcode

SwiftDriverJobDiscovery normal arm64_32 Compiling deferred-state.swift (in target 'deferred' from project 'deferred')
SwiftDriver\ Compilation deferred normal arm64_32 com.apple.xcode.tools.swift.compiler (in target 'deferred' from project 'deferred')
    cd /Users/admin/builder/spi-builder-workspace/.swiftpm/xcode
    builtin-Swift-Compilation -- /Applications/Xcode-27.0.0-Release.Candidate.app/Contents/Developer/Toolchains/XcodeDefault.xctoolchain/usr/bin/swiftc -parse-as-library -module-name deferred -Onone @/Users/admin/builder/spi-builder-workspace/.derivedData/Build/Intermediates.noindex/deferred.build/Debug-watchos/deferred-t.build/Objects-normal/arm64_32/deferred.SwiftFileList -DSWIFT_PACKAGE -DDEBUG -DSWIFT_MODULE_RESOURCE_BUNDLE_UNAVAILABLE -Xcc -fmodule-map-file\=/Users/admin/builder/spi-builder-workspace/.derivedData/Build/Intermediates.noindex/GeneratedModuleMaps-watchos/CAtomics.modulemap -DXcode -plugin-path /Applications/Xcode-27.0.0-Release.Candidate.app/Contents/Developer/Toolchains/XcodeDefault.xctoolchain/usr/lib/swift/host/plugins/testing -enable-experimental-feature DebugDescriptionMacro -sdk /Applications/Xcode-27.0.0-Release.Candidate.app/Contents/Developer/Platforms/WatchOS.platform/Developer/SDKs/WatchOS27.0.sdk -target arm64_32-apple-watchos9.0 -g -module-cache-path /Users/admin/builder/spi-builder-workspace/.derivedData/ModuleCache.noindex -Xfrontend -serialize-debugging-options -profile-coverage-mapping -profile-generate -enable-testing -suppress-warnings -index-store-path /Users/admin/builder/spi-builder-workspace/.derivedData/Index.noindex/DataStore -Xcc -D_LIBCPP_HARDENING_MODE\=_LIBCPP_HARDENING_MODE_DEBUG -swift-version 5 -I /Users/admin/builder/spi-builder-workspace/.derivedData/Build/Products/Debug-watchos -Isystem /Applications/Xcode-27.0.0-Release.Candidate.app/Contents/Developer/Platforms/WatchOS.platform/Developer/usr/lib -F /Users/admin/builder/spi-builder-workspace/.derivedData/Build/Products/Debug-watchos/PackageFrameworks -F /Users/admin/builder/spi-builder-workspace/.derivedData/Build/Products/Debug-watchos -F /Applications/Xcode-27.0.0-Release.Candidate.app/Contents/Developer/Platforms/WatchOS.platform/Developer/Library/Frameworks -F /Applications/Xcode-27.0.0-Release.Candidate.app/Contents/Developer/Platforms/WatchOS.platform/Developer/SDKs/WatchOS27.0.sdk/Developer/Library/Frameworks -c -j10 -enable-batch-mode -incremental -Xcc -ivfsstatcache -Xcc /Users/admin/builder/spi-builder-workspace/.derivedData/SDKStatCaches.noindex/watchos27.0-24R360-e829b21a6f8c9b70876ba0858053c04477534ef55a1706bf4c1112bbb242f0a2.sdkstatcache -output-file-map /Users/admin/builder/spi-builder-workspace/.derivedData/Build/Intermediates.noindex/deferred.build/Debug-watchos/deferred-t.build/Objects-normal/arm64_32/deferred-OutputFileMap.json -save-temps -no-color-diagnostics -explicit-module-build -module-cache-path /Users/admin/builder/spi-builder-workspace/.derivedData/Build/Intermediates.noindex/SwiftExplicitPrecompiledModules -clang-scanner-module-cache-path /Users/admin/builder/spi-builder-workspace/.derivedData/ModuleCache.noindex -sdk-module-cache-path /Users/admin/builder/spi-builder-workspace/.derivedData/SDKExplicitPrecompiledModules -emit-dependencies -emit-module -emit-module-path /Users/admin/builder/spi-builder-workspace/.derivedData/Build/Intermediates.noindex/deferred.build/Debug-watchos/deferred-t.build/Objects-normal/arm64_32/deferred.swiftmodule -serialize-diagnostics -dependency-scan-serialize-diagnostics-path /Users/admin/builder/spi-builder-workspace/.derivedData/Build/Intermediates.noindex/deferred.build/Debug-watchos/deferred-t.build/Objects-normal/arm64_32/deferred-dependency-scan.dia -validate-clang-modules-once -clang-build-session-file /Users/admin/builder/spi-builder-workspace/.derivedData/ModuleCache.noindex/Session.modulevalidation -Xcc -fmodules-prune-interval\=86400 -Xcc -fmodules-prune-after\=345600 -emit-const-values -const-gather-protocols-list /Users/admin/builder/spi-builder-workspace/.derivedData/Build/Intermediates.noindex/deferred.build/Debug-watchos/deferred-t.build/Objects-normal/arm64_32/deferred_const_extract_protocols.json -Xcc -I/Users/admin/builder/spi-builder-workspace/.dependencies/checkouts/CAtomics/Sources/CAtomics/include -Xcc -I/Users/admin/builder/spi-builder-workspace/.derivedData/Build/Products/Debug-watchos/include -Xcc -I/Users/admin/builder/spi-builder-workspace/.derivedData/Build/Intermediates.noindex/deferred.build/Debug-watchos/deferred-t.build/DerivedSources-normal/arm64_32 -Xcc -I/Users/admin/builder/spi-builder-workspace/.derivedData/Build/Intermediates.noindex/deferred.build/Debug-watchos/deferred-t.build/DerivedSources/arm64_32 -Xcc -I/Users/admin/builder/spi-builder-workspace/.derivedData/Build/Intermediates.noindex/deferred.build/Debug-watchos/deferred-t.build/DerivedSources -Xcc -DSWIFT_PACKAGE -Xcc -DDEBUG\=1 -emit-objc-header -emit-objc-header-path /Users/admin/builder/spi-builder-workspace/.derivedData/Build/Intermediates.noindex/deferred.build/Debug-watchos/deferred-t.build/Objects-normal/arm64_32/deferred-Swift.h -working-directory /Users/admin/builder/spi-builder-workspace/.swiftpm/xcode -experimental-emit-module-separately -disable-cmo
SwiftDriverJobDiscovery normal arm64_32 Compiling stream-skip.swift, stream-split.swift (in target 'ReactiveStreams' from project 'ReactiveStreams')
SwiftDriver\ Compilation deferred normal arm64 com.apple.xcode.tools.swift.compiler (in target 'deferred' from project 'deferred')
    cd /Users/admin/builder/spi-builder-workspace/.swiftpm/xcode
    builtin-Swift-Compilation -- /Applications/Xcode-27.0.0-Release.Candidate.app/Contents/Developer/Toolchains/XcodeDefault.xctoolchain/usr/bin/swiftc -parse-as-library -module-name deferred -Onone @/Users/admin/builder/spi-builder-workspace/.derivedData/Build/Intermediates.noindex/deferred.build/Debug-watchos/deferred-t.build/Objects-normal/arm64/deferred.SwiftFileList -DSWIFT_PACKAGE -DDEBUG -DSWIFT_MODULE_RESOURCE_BUNDLE_UNAVAILABLE -Xcc -fmodule-map-file\=/Users/admin/builder/spi-builder-workspace/.derivedData/Build/Intermediates.noindex/GeneratedModuleMaps-watchos/CAtomics.modulemap -DXcode -plugin-path /Applications/Xcode-27.0.0-Release.Candidate.app/Contents/Developer/Toolchains/XcodeDefault.xctoolchain/usr/lib/swift/host/plugins/testing -enable-experimental-feature DebugDescriptionMacro -sdk /Applications/Xcode-27.0.0-Release.Candidate.app/Contents/Developer/Platforms/WatchOS.platform/Developer/SDKs/WatchOS27.0.sdk -target arm64-apple-watchos9.0 -g -module-cache-path /Users/admin/builder/spi-builder-workspace/.derivedData/ModuleCache.noindex -Xfrontend -serialize-debugging-options -profile-coverage-mapping -profile-generate -enable-testing -suppress-warnings -index-store-path /Users/admin/builder/spi-builder-workspace/.derivedData/Index.noindex/DataStore -Xcc -D_LIBCPP_HARDENING_MODE\=_LIBCPP_HARDENING_MODE_DEBUG -swift-version 5 -I /Users/admin/builder/spi-builder-workspace/.derivedData/Build/Products/Debug-watchos -Isystem /Applications/Xcode-27.0.0-Release.Candidate.app/Contents/Developer/Platforms/WatchOS.platform/Developer/usr/lib -F /Users/admin/builder/spi-builder-workspace/.derivedData/Build/Products/Debug-watchos/PackageFrameworks -F /Users/admin/builder/spi-builder-workspace/.derivedData/Build/Products/Debug-watchos -F /Applications/Xcode-27.0.0-Release.Candidate.app/Contents/Developer/Platforms/WatchOS.platform/Developer/Library/Frameworks -F /Applications/Xcode-27.0.0-Release.Candidate.app/Contents/Developer/Platforms/WatchOS.platform/Developer/SDKs/WatchOS27.0.sdk/Developer/Library/Frameworks -c -j10 -enable-batch-mode -incremental -Xcc -ivfsstatcache -Xcc /Users/admin/builder/spi-builder-workspace/.derivedData/SDKStatCaches.noindex/watchos27.0-24R360-e829b21a6f8c9b70876ba0858053c04477534ef55a1706bf4c1112bbb242f0a2.sdkstatcache -output-file-map /Users/admin/builder/spi-builder-workspace/.derivedData/Build/Intermediates.noindex/deferred.build/Debug-watchos/deferred-t.build/Objects-normal/arm64/deferred-OutputFileMap.json -save-temps -no-color-diagnostics -explicit-module-build -module-cache-path /Users/admin/builder/spi-builder-workspace/.derivedData/Build/Intermediates.noindex/SwiftExplicitPrecompiledModules -clang-scanner-module-cache-path /Users/admin/builder/spi-builder-workspace/.derivedData/ModuleCache.noindex -sdk-module-cache-path /Users/admin/builder/spi-builder-workspace/.derivedData/SDKExplicitPrecompiledModules -emit-dependencies -emit-module -emit-module-path /Users/admin/builder/spi-builder-workspace/.derivedData/Build/Intermediates.noindex/deferred.build/Debug-watchos/deferred-t.build/Objects-normal/arm64/deferred.swiftmodule -serialize-diagnostics -dependency-scan-serialize-diagnostics-path /Users/admin/builder/spi-builder-workspace/.derivedData/Build/Intermediates.noindex/deferred.build/Debug-watchos/deferred-t.build/Objects-normal/arm64/deferred-dependency-scan.dia -validate-clang-modules-once -clang-build-session-file /Users/admin/builder/spi-builder-workspace/.derivedData/ModuleCache.noindex/Session.modulevalidation -Xcc -fmodules-prune-interval\=86400 -Xcc -fmodules-prune-after\=345600 -emit-const-values -const-gather-protocols-list /Users/admin/builder/spi-builder-workspace/.derivedData/Build/Intermediates.noindex/deferred.build/Debug-watchos/deferred-t.build/Objects-normal/arm64/deferred_const_extract_protocols.json -Xcc -I/Users/admin/builder/spi-builder-workspace/.dependencies/checkouts/CAtomics/Sources/CAtomics/include -Xcc -I/Users/admin/builder/spi-builder-workspace/.derivedData/Build/Products/Debug-watchos/include -Xcc -I/Users/admin/builder/spi-builder-workspace/.derivedData/Build/Intermediates.noindex/deferred.build/Debug-watchos/deferred-t.build/DerivedSources-normal/arm64 -Xcc -I/Users/admin/builder/spi-builder-workspace/.derivedData/Build/Intermediates.noindex/deferred.build/Debug-watchos/deferred-t.build/DerivedSources/arm64 -Xcc -I/Users/admin/builder/spi-builder-workspace/.derivedData/Build/Intermediates.noindex/deferred.build/Debug-watchos/deferred-t.build/DerivedSources -Xcc -DSWIFT_PACKAGE -Xcc -DDEBUG\=1 -emit-objc-header -emit-objc-header-path /Users/admin/builder/spi-builder-workspace/.derivedData/Build/Intermediates.noindex/deferred.build/Debug-watchos/deferred-t.build/Objects-normal/arm64/deferred-Swift.h -working-directory /Users/admin/builder/spi-builder-workspace/.swiftpm/xcode -experimental-emit-module-separately -disable-cmo
Ld /Users/admin/builder/spi-builder-workspace/.derivedData/Build/Intermediates.noindex/deferred.build/Debug-watchos/deferred-t.build/Objects-normal/arm64_32/Binary/deferred.o normal arm64_32 (in target 'deferred' from project 'deferred')
    cd /Users/admin/builder/spi-builder-workspace/.dependencies/checkouts/deferred
    /Applications/Xcode-27.0.0-Release.Candidate.app/Contents/Developer/Toolchains/XcodeDefault.xctoolchain/usr/bin/clang -Xlinker -reproducible -target arm64_32-apple-watchos9.0 -r -isysroot /Applications/Xcode-27.0.0-Release.Candidate.app/Contents/Developer/Platforms/WatchOS.platform/Developer/SDKs/WatchOS27.0.sdk -O0 -w -Xlinker -no_warn_duplicate_libraries -F/Users/admin/builder/spi-builder-workspace/.derivedData/Build/Intermediates.noindex/EagerLinkingTBDs/Debug-watchos -F/Users/admin/builder/spi-builder-workspace/.derivedData/Build/Products/Debug-watchos/PackageFrameworks -F/Users/admin/builder/spi-builder-workspace/.derivedData/Build/Products/Debug-watchos -iframework /Applications/Xcode-27.0.0-Release.Candidate.app/Contents/Developer/Platforms/WatchOS.platform/Developer/Library/Frameworks -iframework /Applications/Xcode-27.0.0-Release.Candidate.app/Contents/Developer/Platforms/WatchOS.platform/Developer/SDKs/WatchOS27.0.sdk/Developer/Library/Frameworks -filelist /Users/admin/builder/spi-builder-workspace/.derivedData/Build/Intermediates.noindex/deferred.build/Debug-watchos/deferred-t.build/Objects-normal/arm64_32/deferred.LinkFileList -nostdlib -Xlinker -object_path_lto -Xlinker /Users/admin/builder/spi-builder-workspace/.derivedData/Build/Intermediates.noindex/deferred.build/Debug-watchos/deferred-t.build/Objects-normal/arm64_32/deferred_lto.o -Xlinker -no_deduplicate -Xlinker -debug_variant -Xlinker -dependency_info -Xlinker /Users/admin/builder/spi-builder-workspace/.derivedData/Build/Intermediates.noindex/deferred.build/Debug-watchos/deferred-t.build/Objects-normal/arm64_32/deferred_dependency_info.dat -fobjc-link-runtime -L/Applications/Xcode-27.0.0-Release.Candidate.app/Contents/Developer/Toolchains/XcodeDefault.xctoolchain/usr/lib/swift/watchos -L/usr/lib/swift -Xlinker -add_ast_path -Xlinker /Users/admin/builder/spi-builder-workspace/.derivedData/Build/Intermediates.noindex/deferred.build/Debug-watchos/deferred-t.build/Objects-normal/arm64_32/deferred.swiftmodule -o /Users/admin/builder/spi-builder-workspace/.derivedData/Build/Intermediates.noindex/deferred.build/Debug-watchos/deferred-t.build/Objects-normal/arm64_32/Binary/deferred.o
Ld /Users/admin/builder/spi-builder-workspace/.derivedData/Build/Intermediates.noindex/deferred.build/Debug-watchos/deferred-t.build/Objects-normal/arm64/Binary/deferred.o normal arm64 (in target 'deferred' from project 'deferred')
    cd /Users/admin/builder/spi-builder-workspace/.dependencies/checkouts/deferred
    /Applications/Xcode-27.0.0-Release.Candidate.app/Contents/Developer/Toolchains/XcodeDefault.xctoolchain/usr/bin/clang -Xlinker -reproducible -target arm64-apple-watchos9.0 -r -isysroot /Applications/Xcode-27.0.0-Release.Candidate.app/Contents/Developer/Platforms/WatchOS.platform/Developer/SDKs/WatchOS27.0.sdk -O0 -w -Xlinker -no_warn_duplicate_libraries -F/Users/admin/builder/spi-builder-workspace/.derivedData/Build/Intermediates.noindex/EagerLinkingTBDs/Debug-watchos -F/Users/admin/builder/spi-builder-workspace/.derivedData/Build/Products/Debug-watchos/PackageFrameworks -F/Users/admin/builder/spi-builder-workspace/.derivedData/Build/Products/Debug-watchos -iframework /Applications/Xcode-27.0.0-Release.Candidate.app/Contents/Developer/Platforms/WatchOS.platform/Developer/Library/Frameworks -iframework /Applications/Xcode-27.0.0-Release.Candidate.app/Contents/Developer/Platforms/WatchOS.platform/Developer/SDKs/WatchOS27.0.sdk/Developer/Library/Frameworks -filelist /Users/admin/builder/spi-builder-workspace/.derivedData/Build/Intermediates.noindex/deferred.build/Debug-watchos/deferred-t.build/Objects-normal/arm64/deferred.LinkFileList -nostdlib -Xlinker -object_path_lto -Xlinker /Users/admin/builder/spi-builder-workspace/.derivedData/Build/Intermediates.noindex/deferred.build/Debug-watchos/deferred-t.build/Objects-normal/arm64/deferred_lto.o -Xlinker -no_deduplicate -Xlinker -debug_variant -Xlinker -dependency_info -Xlinker /Users/admin/builder/spi-builder-workspace/.derivedData/Build/Intermediates.noindex/deferred.build/Debug-watchos/deferred-t.build/Objects-normal/arm64/deferred_dependency_info.dat -fobjc-link-runtime -L/Applications/Xcode-27.0.0-Release.Candidate.app/Contents/Developer/Toolchains/XcodeDefault.xctoolchain/usr/lib/swift/watchos -L/usr/lib/swift -Xlinker -add_ast_path -Xlinker /Users/admin/builder/spi-builder-workspace/.derivedData/Build/Intermediates.noindex/deferred.build/Debug-watchos/deferred-t.build/Objects-normal/arm64/deferred.swiftmodule -o /Users/admin/builder/spi-builder-workspace/.derivedData/Build/Intermediates.noindex/deferred.build/Debug-watchos/deferred-t.build/Objects-normal/arm64/Binary/deferred.o
SwiftDriverJobDiscovery normal arm64_32 Emitting module for ReactiveStreams (in target 'ReactiveStreams' from project 'ReactiveStreams')
SwiftDriver\ Compilation\ Requirements ReactiveStreams normal arm64_32 com.apple.xcode.tools.swift.compiler (in target 'ReactiveStreams' from project 'ReactiveStreams')
    cd /Users/admin/builder/spi-builder-workspace/.swiftpm/xcode
    builtin-Swift-Compilation-Requirements -- /Applications/Xcode-27.0.0-Release.Candidate.app/Contents/Developer/Toolchains/XcodeDefault.xctoolchain/usr/bin/swiftc -parse-as-library -module-name ReactiveStreams -Onone @/Users/admin/builder/spi-builder-workspace/.derivedData/Build/Intermediates.noindex/ReactiveStreams.build/Debug-watchos/ReactiveStreams-t.build/Objects-normal/arm64_32/ReactiveStreams.SwiftFileList -DSWIFT_PACKAGE -DDEBUG -DSWIFT_MODULE_RESOURCE_BUNDLE_UNAVAILABLE -Xcc -fmodule-map-file\=/Users/admin/builder/spi-builder-workspace/.derivedData/Build/Intermediates.noindex/GeneratedModuleMaps-watchos/CAtomics.modulemap -DXcode -plugin-path /Applications/Xcode-27.0.0-Release.Candidate.app/Contents/Developer/Toolchains/XcodeDefault.xctoolchain/usr/lib/swift/host/plugins/testing -enable-experimental-feature DebugDescriptionMacro -sdk /Applications/Xcode-27.0.0-Release.Candidate.app/Contents/Developer/Platforms/WatchOS.platform/Developer/SDKs/WatchOS27.0.sdk -target arm64_32-apple-watchos9.0 -g -module-cache-path /Users/admin/builder/spi-builder-workspace/.derivedData/ModuleCache.noindex -Xfrontend -serialize-debugging-options -profile-coverage-mapping -profile-generate -enable-testing -index-store-path /Users/admin/builder/spi-builder-workspace/.derivedData/Index.noindex/DataStore -Xcc -D_LIBCPP_HARDENING_MODE\=_LIBCPP_HARDENING_MODE_DEBUG -swift-version 5 -I /Users/admin/builder/spi-builder-workspace/.derivedData/Build/Products/Debug-watchos -Isystem /Applications/Xcode-27.0.0-Release.Candidate.app/Contents/Developer/Platforms/WatchOS.platform/Developer/usr/lib -F /Users/admin/builder/spi-builder-workspace/.derivedData/Build/Products/Debug-watchos/PackageFrameworks -F /Users/admin/builder/spi-builder-workspace/.derivedData/Build/Products/Debug-watchos -F /Applications/Xcode-27.0.0-Release.Candidate.app/Contents/Developer/Platforms/WatchOS.platform/Developer/Library/Frameworks -F /Applications/Xcode-27.0.0-Release.Candidate.app/Contents/Developer/Platforms/WatchOS.platform/Developer/SDKs/WatchOS27.0.sdk/Developer/Library/Frameworks -c -j10 -enable-batch-mode -incremental -Xcc -ivfsstatcache -Xcc /Users/admin/builder/spi-builder-workspace/.derivedData/SDKStatCaches.noindex/watchos27.0-24R360-e829b21a6f8c9b70876ba0858053c04477534ef55a1706bf4c1112bbb242f0a2.sdkstatcache -output-file-map /Users/admin/builder/spi-builder-workspace/.derivedData/Build/Intermediates.noindex/ReactiveStreams.build/Debug-watchos/ReactiveStreams-t.build/Objects-normal/arm64_32/ReactiveStreams-OutputFileMap.json -save-temps -no-color-diagnostics -explicit-module-build -module-cache-path /Users/admin/builder/spi-builder-workspace/.derivedData/Build/Intermediates.noindex/SwiftExplicitPrecompiledModules -clang-scanner-module-cache-path /Users/admin/builder/spi-builder-workspace/.derivedData/ModuleCache.noindex -sdk-module-cache-path /Users/admin/builder/spi-builder-workspace/.derivedData/SDKExplicitPrecompiledModules -emit-dependencies -emit-module -emit-module-path /Users/admin/builder/spi-builder-workspace/.derivedData/Build/Intermediates.noindex/ReactiveStreams.build/Debug-watchos/ReactiveStreams-t.build/Objects-normal/arm64_32/ReactiveStreams.swiftmodule -serialize-diagnostics -dependency-scan-serialize-diagnostics-path /Users/admin/builder/spi-builder-workspace/.derivedData/Build/Intermediates.noindex/ReactiveStreams.build/Debug-watchos/ReactiveStreams-t.build/Objects-normal/arm64_32/ReactiveStreams-dependency-scan.dia -validate-clang-modules-once -clang-build-session-file /Users/admin/builder/spi-builder-workspace/.derivedData/ModuleCache.noindex/Session.modulevalidation -Xcc -fmodules-prune-interval\=86400 -Xcc -fmodules-prune-after\=345600 -emit-const-values -const-gather-protocols-list /Users/admin/builder/spi-builder-workspace/.derivedData/Build/Intermediates.noindex/ReactiveStreams.build/Debug-watchos/ReactiveStreams-t.build/Objects-normal/arm64_32/ReactiveStreams_const_extract_protocols.json -Xcc -I/Users/admin/builder/spi-builder-workspace/.dependencies/checkouts/CAtomics/Sources/CAtomics/include -Xcc -I/Users/admin/builder/spi-builder-workspace/.derivedData/Build/Products/Debug-watchos/include -Xcc -I/Users/admin/builder/spi-builder-workspace/.derivedData/Build/Intermediates.noindex/ReactiveStreams.build/Debug-watchos/ReactiveStreams-t.build/DerivedSources-normal/arm64_32 -Xcc -I/Users/admin/builder/spi-builder-workspace/.derivedData/Build/Intermediates.noindex/ReactiveStreams.build/Debug-watchos/ReactiveStreams-t.build/DerivedSources/arm64_32 -Xcc -I/Users/admin/builder/spi-builder-workspace/.derivedData/Build/Intermediates.noindex/ReactiveStreams.build/Debug-watchos/ReactiveStreams-t.build/DerivedSources -Xcc -DSWIFT_PACKAGE -Xcc -DDEBUG\=1 -emit-objc-header -emit-objc-header-path /Users/admin/builder/spi-builder-workspace/.derivedData/Build/Intermediates.noindex/ReactiveStreams.build/Debug-watchos/ReactiveStreams-t.build/Objects-normal/arm64_32/ReactiveStreams-Swift.h -working-directory /Users/admin/builder/spi-builder-workspace/.swiftpm/xcode -experimental-emit-module-separately -disable-cmo
SwiftDriverJobDiscovery normal arm64_32 Compiling stream-substream.swift, stream-timer.swift (in target 'ReactiveStreams' from project 'ReactiveStreams')
SwiftCompile normal arm64 Compiling\ stream-filter.swift,\ stream-final.swift,\ stream-limited.swift /Users/admin/builder/spi-builder-workspace/Sources/ReactiveStreams/stream-filter.swift /Users/admin/builder/spi-builder-workspace/Sources/ReactiveStreams/stream-final.swift /Users/admin/builder/spi-builder-workspace/Sources/ReactiveStreams/stream-limited.swift (in target 'ReactiveStreams' from project 'ReactiveStreams')
SwiftCompile normal arm64 /Users/admin/builder/spi-builder-workspace/Sources/ReactiveStreams/stream-filter.swift (in target 'ReactiveStreams' from project 'ReactiveStreams')
    cd /Users/admin/builder/spi-builder-workspace/.swiftpm/xcode
    builtin-SwiftPerFileCompile stream-filter.swift
SwiftCompile normal arm64 /Users/admin/builder/spi-builder-workspace/Sources/ReactiveStreams/stream-final.swift (in target 'ReactiveStreams' from project 'ReactiveStreams')
    cd /Users/admin/builder/spi-builder-workspace/.swiftpm/xcode
    builtin-SwiftPerFileCompile stream-final.swift
SwiftCompile normal arm64 /Users/admin/builder/spi-builder-workspace/Sources/ReactiveStreams/stream-limited.swift (in target 'ReactiveStreams' from project 'ReactiveStreams')
    cd /Users/admin/builder/spi-builder-workspace/.swiftpm/xcode
    builtin-SwiftPerFileCompile stream-limited.swift
SwiftCompile normal arm64 Compiling\ stream.swift,\ subscriber.swift /Users/admin/builder/spi-builder-workspace/Sources/ReactiveStreams/stream.swift /Users/admin/builder/spi-builder-workspace/Sources/ReactiveStreams/subscriber.swift (in target 'ReactiveStreams' from project 'ReactiveStreams')
SwiftCompile normal arm64 /Users/admin/builder/spi-builder-workspace/Sources/ReactiveStreams/stream.swift (in target 'ReactiveStreams' from project 'ReactiveStreams')
    cd /Users/admin/builder/spi-builder-workspace/.swiftpm/xcode
    builtin-SwiftPerFileCompile stream.swift
SwiftCompile normal arm64 /Users/admin/builder/spi-builder-workspace/Sources/ReactiveStreams/subscriber.swift (in target 'ReactiveStreams' from project 'ReactiveStreams')
    cd /Users/admin/builder/spi-builder-workspace/.swiftpm/xcode
    builtin-SwiftPerFileCompile subscriber.swift
Copy /Users/admin/builder/spi-builder-workspace/.derivedData/Build/Products/Debug-watchos/ReactiveStreams.swiftmodule/arm64_32-apple-watchos.swiftmodule /Users/admin/builder/spi-builder-workspace/.derivedData/Build/Intermediates.noindex/ReactiveStreams.build/Debug-watchos/ReactiveStreams-t.build/Objects-normal/arm64_32/ReactiveStreams.swiftmodule (in target 'ReactiveStreams' from project 'ReactiveStreams')
    cd /Users/admin/builder/spi-builder-workspace
    builtin-copy -exclude .DS_Store -exclude CVS -exclude .svn -exclude .git -exclude .hg -resolve-src-symlinks -rename /Users/admin/builder/spi-builder-workspace/.derivedData/Build/Intermediates.noindex/ReactiveStreams.build/Debug-watchos/ReactiveStreams-t.build/Objects-normal/arm64_32/ReactiveStreams.swiftmodule /Users/admin/builder/spi-builder-workspace/.derivedData/Build/Products/Debug-watchos/ReactiveStreams.swiftmodule/arm64_32-apple-watchos.swiftmodule
SwiftDriverJobDiscovery normal arm64_32 Compiling deferred-final.swift, deferred-next.swift, deferred-stream.swift (in target 'ReactiveStreams' from project 'ReactiveStreams')
Copy /Users/admin/builder/spi-builder-workspace/.derivedData/Build/Products/Debug-watchos/ReactiveStreams.swiftmodule/arm64_32-apple-watchos.swiftdoc /Users/admin/builder/spi-builder-workspace/.derivedData/Build/Intermediates.noindex/ReactiveStreams.build/Debug-watchos/ReactiveStreams-t.build/Objects-normal/arm64_32/ReactiveStreams.swiftdoc (in target 'ReactiveStreams' from project 'ReactiveStreams')
    cd /Users/admin/builder/spi-builder-workspace
    builtin-copy -exclude .DS_Store -exclude CVS -exclude .svn -exclude .git -exclude .hg -resolve-src-symlinks -rename /Users/admin/builder/spi-builder-workspace/.derivedData/Build/Intermediates.noindex/ReactiveStreams.build/Debug-watchos/ReactiveStreams-t.build/Objects-normal/arm64_32/ReactiveStreams.swiftdoc /Users/admin/builder/spi-builder-workspace/.derivedData/Build/Products/Debug-watchos/ReactiveStreams.swiftmodule/arm64_32-apple-watchos.swiftdoc
Copy /Users/admin/builder/spi-builder-workspace/.derivedData/Build/Products/Debug-watchos/ReactiveStreams.swiftmodule/arm64_32-apple-watchos.abi.json /Users/admin/builder/spi-builder-workspace/.derivedData/Build/Intermediates.noindex/ReactiveStreams.build/Debug-watchos/ReactiveStreams-t.build/Objects-normal/arm64_32/ReactiveStreams.abi.json (in target 'ReactiveStreams' from project 'ReactiveStreams')
    cd /Users/admin/builder/spi-builder-workspace
    builtin-copy -exclude .DS_Store -exclude CVS -exclude .svn -exclude .git -exclude .hg -resolve-src-symlinks -rename /Users/admin/builder/spi-builder-workspace/.derivedData/Build/Intermediates.noindex/ReactiveStreams.build/Debug-watchos/ReactiveStreams-t.build/Objects-normal/arm64_32/ReactiveStreams.abi.json /Users/admin/builder/spi-builder-workspace/.derivedData/Build/Products/Debug-watchos/ReactiveStreams.swiftmodule/arm64_32-apple-watchos.abi.json
Copy /Users/admin/builder/spi-builder-workspace/.derivedData/Build/Products/Debug-watchos/ReactiveStreams.swiftmodule/Project/arm64_32-apple-watchos.swiftsourceinfo /Users/admin/builder/spi-builder-workspace/.derivedData/Build/Intermediates.noindex/ReactiveStreams.build/Debug-watchos/ReactiveStreams-t.build/Objects-normal/arm64_32/ReactiveStreams.swiftsourceinfo (in target 'ReactiveStreams' from project 'ReactiveStreams')
    cd /Users/admin/builder/spi-builder-workspace
    builtin-copy -exclude .DS_Store -exclude CVS -exclude .svn -exclude .git -exclude .hg -resolve-src-symlinks -rename /Users/admin/builder/spi-builder-workspace/.derivedData/Build/Intermediates.noindex/ReactiveStreams.build/Debug-watchos/ReactiveStreams-t.build/Objects-normal/arm64_32/ReactiveStreams.swiftsourceinfo /Users/admin/builder/spi-builder-workspace/.derivedData/Build/Products/Debug-watchos/ReactiveStreams.swiftmodule/Project/arm64_32-apple-watchos.swiftsourceinfo
SwiftCompile normal arm64 Compiling\ deferred-final.swift,\ deferred-next.swift,\ deferred-stream.swift /Users/admin/builder/spi-builder-workspace/Sources/ReactiveStreams/deferred-final.swift /Users/admin/builder/spi-builder-workspace/Sources/ReactiveStreams/deferred-next.swift /Users/admin/builder/spi-builder-workspace/Sources/ReactiveStreams/deferred-stream.swift (in target 'ReactiveStreams' from project 'ReactiveStreams')
SwiftCompile normal arm64 /Users/admin/builder/spi-builder-workspace/Sources/ReactiveStreams/deferred-final.swift (in target 'ReactiveStreams' from project 'ReactiveStreams')
    cd /Users/admin/builder/spi-builder-workspace/.swiftpm/xcode
    builtin-SwiftPerFileCompile deferred-final.swift
SwiftCompile normal arm64 /Users/admin/builder/spi-builder-workspace/Sources/ReactiveStreams/deferred-next.swift (in target 'ReactiveStreams' from project 'ReactiveStreams')
    cd /Users/admin/builder/spi-builder-workspace/.swiftpm/xcode
    builtin-SwiftPerFileCompile deferred-next.swift
SwiftCompile normal arm64 /Users/admin/builder/spi-builder-workspace/Sources/ReactiveStreams/deferred-stream.swift (in target 'ReactiveStreams' from project 'ReactiveStreams')
    cd /Users/admin/builder/spi-builder-workspace/.swiftpm/xcode
    builtin-SwiftPerFileCompile deferred-stream.swift
SwiftCompile normal arm64 Compiling\ stream-paused.swift,\ stream-post.swift,\ stream-reduce.swift /Users/admin/builder/spi-builder-workspace/Sources/ReactiveStreams/stream-paused.swift /Users/admin/builder/spi-builder-workspace/Sources/ReactiveStreams/stream-post.swift /Users/admin/builder/spi-builder-workspace/Sources/ReactiveStreams/stream-reduce.swift (in target 'ReactiveStreams' from project 'ReactiveStreams')
SwiftCompile normal arm64 /Users/admin/builder/spi-builder-workspace/Sources/ReactiveStreams/stream-paused.swift (in target 'ReactiveStreams' from project 'ReactiveStreams')
    cd /Users/admin/builder/spi-builder-workspace/.swiftpm/xcode
    builtin-SwiftPerFileCompile stream-paused.swift
SwiftCompile normal arm64 /Users/admin/builder/spi-builder-workspace/Sources/ReactiveStreams/stream-post.swift (in target 'ReactiveStreams' from project 'ReactiveStreams')
    cd /Users/admin/builder/spi-builder-workspace/.swiftpm/xcode
    builtin-SwiftPerFileCompile stream-post.swift
SwiftCompile normal arm64 /Users/admin/builder/spi-builder-workspace/Sources/ReactiveStreams/stream-reduce.swift (in target 'ReactiveStreams' from project 'ReactiveStreams')
    cd /Users/admin/builder/spi-builder-workspace/.swiftpm/xcode
    builtin-SwiftPerFileCompile stream-reduce.swift
CreateUniversalBinary /Users/admin/builder/spi-builder-workspace/.derivedData/Build/Products/Debug-watchos/deferred.o normal arm64\ arm64_32 (in target 'deferred' from project 'deferred')
    cd /Users/admin/builder/spi-builder-workspace/.dependencies/checkouts/deferred
    /Applications/Xcode-27.0.0-Release.Candidate.app/Contents/Developer/Toolchains/XcodeDefault.xctoolchain/usr/bin/lipo -create /Users/admin/builder/spi-builder-workspace/.derivedData/Build/Intermediates.noindex/deferred.build/Debug-watchos/deferred-t.build/Objects-normal/arm64/Binary/deferred.o /Users/admin/builder/spi-builder-workspace/.derivedData/Build/Intermediates.noindex/deferred.build/Debug-watchos/deferred-t.build/Objects-normal/arm64_32/Binary/deferred.o -output /Users/admin/builder/spi-builder-workspace/.derivedData/Build/Products/Debug-watchos/deferred.o
SwiftDriverJobDiscovery normal arm64_32 Compiling deferred-subscriber.swift, event.swift, publisher.swift (in target 'ReactiveStreams' from project 'ReactiveStreams')
SwiftCompile normal arm64 Compiling\ stream-substream.swift,\ stream-timer.swift /Users/admin/builder/spi-builder-workspace/Sources/ReactiveStreams/stream-substream.swift /Users/admin/builder/spi-builder-workspace/Sources/ReactiveStreams/stream-timer.swift (in target 'ReactiveStreams' from project 'ReactiveStreams')
SwiftCompile normal arm64 /Users/admin/builder/spi-builder-workspace/Sources/ReactiveStreams/stream-substream.swift (in target 'ReactiveStreams' from project 'ReactiveStreams')
    cd /Users/admin/builder/spi-builder-workspace/.swiftpm/xcode
    builtin-SwiftPerFileCompile stream-substream.swift
SwiftCompile normal arm64 /Users/admin/builder/spi-builder-workspace/Sources/ReactiveStreams/stream-timer.swift (in target 'ReactiveStreams' from project 'ReactiveStreams')
    cd /Users/admin/builder/spi-builder-workspace/.swiftpm/xcode
    builtin-SwiftPerFileCompile stream-timer.swift
SwiftDriverJobDiscovery normal arm64_32 Compiling stream-filter.swift, stream-final.swift, stream-limited.swift (in target 'ReactiveStreams' from project 'ReactiveStreams')
SwiftCompile normal arm64 Compiling\ deferred-subscriber.swift,\ event.swift,\ publisher.swift /Users/admin/builder/spi-builder-workspace/Sources/ReactiveStreams/deferred-subscriber.swift /Users/admin/builder/spi-builder-workspace/Sources/ReactiveStreams/event.swift /Users/admin/builder/spi-builder-workspace/Sources/ReactiveStreams/publisher.swift (in target 'ReactiveStreams' from project 'ReactiveStreams')
SwiftCompile normal arm64 /Users/admin/builder/spi-builder-workspace/Sources/ReactiveStreams/deferred-subscriber.swift (in target 'ReactiveStreams' from project 'ReactiveStreams')
    cd /Users/admin/builder/spi-builder-workspace/.swiftpm/xcode
    builtin-SwiftPerFileCompile deferred-subscriber.swift
SwiftCompile normal arm64 /Users/admin/builder/spi-builder-workspace/Sources/ReactiveStreams/event.swift (in target 'ReactiveStreams' from project 'ReactiveStreams')
    cd /Users/admin/builder/spi-builder-workspace/.swiftpm/xcode
    builtin-SwiftPerFileCompile event.swift
SwiftCompile normal arm64 /Users/admin/builder/spi-builder-workspace/Sources/ReactiveStreams/publisher.swift (in target 'ReactiveStreams' from project 'ReactiveStreams')
    cd /Users/admin/builder/spi-builder-workspace/.swiftpm/xcode
    builtin-SwiftPerFileCompile publisher.swift
SwiftDriverJobDiscovery normal arm64 Emitting module for ReactiveStreams (in target 'ReactiveStreams' from project 'ReactiveStreams')
SwiftCompile normal arm64_32 Compiling\ stream-paused.swift,\ stream-post.swift,\ stream-reduce.swift /Users/admin/builder/spi-builder-workspace/Sources/ReactiveStreams/stream-paused.swift /Users/admin/builder/spi-builder-workspace/Sources/ReactiveStreams/stream-post.swift /Users/admin/builder/spi-builder-workspace/Sources/ReactiveStreams/stream-reduce.swift (in target 'ReactiveStreams' from project 'ReactiveStreams')
SwiftCompile normal arm64_32 /Users/admin/builder/spi-builder-workspace/Sources/ReactiveStreams/stream-paused.swift (in target 'ReactiveStreams' from project 'ReactiveStreams')
    cd /Users/admin/builder/spi-builder-workspace/.swiftpm/xcode
    builtin-SwiftPerFileCompile stream-paused.swift
SwiftCompile normal arm64_32 /Users/admin/builder/spi-builder-workspace/Sources/ReactiveStreams/stream-post.swift (in target 'ReactiveStreams' from project 'ReactiveStreams')
    cd /Users/admin/builder/spi-builder-workspace/.swiftpm/xcode
    builtin-SwiftPerFileCompile stream-post.swift
SwiftCompile normal arm64_32 /Users/admin/builder/spi-builder-workspace/Sources/ReactiveStreams/stream-reduce.swift (in target 'ReactiveStreams' from project 'ReactiveStreams')
    cd /Users/admin/builder/spi-builder-workspace/.swiftpm/xcode
    builtin-SwiftPerFileCompile stream-reduce.swift
SwiftDriver\ Compilation\ Requirements ReactiveStreams normal arm64 com.apple.xcode.tools.swift.compiler (in target 'ReactiveStreams' from project 'ReactiveStreams')
    cd /Users/admin/builder/spi-builder-workspace/.swiftpm/xcode
    builtin-Swift-Compilation-Requirements -- /Applications/Xcode-27.0.0-Release.Candidate.app/Contents/Developer/Toolchains/XcodeDefault.xctoolchain/usr/bin/swiftc -parse-as-library -module-name ReactiveStreams -Onone @/Users/admin/builder/spi-builder-workspace/.derivedData/Build/Intermediates.noindex/ReactiveStreams.build/Debug-watchos/ReactiveStreams-t.build/Objects-normal/arm64/ReactiveStreams.SwiftFileList -DSWIFT_PACKAGE -DDEBUG -DSWIFT_MODULE_RESOURCE_BUNDLE_UNAVAILABLE -Xcc -fmodule-map-file\=/Users/admin/builder/spi-builder-workspace/.derivedData/Build/Intermediates.noindex/GeneratedModuleMaps-watchos/CAtomics.modulemap -DXcode -plugin-path /Applications/Xcode-27.0.0-Release.Candidate.app/Contents/Developer/Toolchains/XcodeDefault.xctoolchain/usr/lib/swift/host/plugins/testing -enable-experimental-feature DebugDescriptionMacro -sdk /Applications/Xcode-27.0.0-Release.Candidate.app/Contents/Developer/Platforms/WatchOS.platform/Developer/SDKs/WatchOS27.0.sdk -target arm64-apple-watchos9.0 -g -module-cache-path /Users/admin/builder/spi-builder-workspace/.derivedData/ModuleCache.noindex -Xfrontend -serialize-debugging-options -profile-coverage-mapping -profile-generate -enable-testing -index-store-path /Users/admin/builder/spi-builder-workspace/.derivedData/Index.noindex/DataStore -Xcc -D_LIBCPP_HARDENING_MODE\=_LIBCPP_HARDENING_MODE_DEBUG -swift-version 5 -I /Users/admin/builder/spi-builder-workspace/.derivedData/Build/Products/Debug-watchos -Isystem /Applications/Xcode-27.0.0-Release.Candidate.app/Contents/Developer/Platforms/WatchOS.platform/Developer/usr/lib -F /Users/admin/builder/spi-builder-workspace/.derivedData/Build/Products/Debug-watchos/PackageFrameworks -F /Users/admin/builder/spi-builder-workspace/.derivedData/Build/Products/Debug-watchos -F /Applications/Xcode-27.0.0-Release.Candidate.app/Contents/Developer/Platforms/WatchOS.platform/Developer/Library/Frameworks -F /Applications/Xcode-27.0.0-Release.Candidate.app/Contents/Developer/Platforms/WatchOS.platform/Developer/SDKs/WatchOS27.0.sdk/Developer/Library/Frameworks -c -j10 -enable-batch-mode -incremental -Xcc -ivfsstatcache -Xcc /Users/admin/builder/spi-builder-workspace/.derivedData/SDKStatCaches.noindex/watchos27.0-24R360-e829b21a6f8c9b70876ba0858053c04477534ef55a1706bf4c1112bbb242f0a2.sdkstatcache -output-file-map /Users/admin/builder/spi-builder-workspace/.derivedData/Build/Intermediates.noindex/ReactiveStreams.build/Debug-watchos/ReactiveStreams-t.build/Objects-normal/arm64/ReactiveStreams-OutputFileMap.json -save-temps -no-color-diagnostics -explicit-module-build -module-cache-path /Users/admin/builder/spi-builder-workspace/.derivedData/Build/Intermediates.noindex/SwiftExplicitPrecompiledModules -clang-scanner-module-cache-path /Users/admin/builder/spi-builder-workspace/.derivedData/ModuleCache.noindex -sdk-module-cache-path /Users/admin/builder/spi-builder-workspace/.derivedData/SDKExplicitPrecompiledModules -emit-dependencies -emit-module -emit-module-path /Users/admin/builder/spi-builder-workspace/.derivedData/Build/Intermediates.noindex/ReactiveStreams.build/Debug-watchos/ReactiveStreams-t.build/Objects-normal/arm64/ReactiveStreams.swiftmodule -serialize-diagnostics -dependency-scan-serialize-diagnostics-path /Users/admin/builder/spi-builder-workspace/.derivedData/Build/Intermediates.noindex/ReactiveStreams.build/Debug-watchos/ReactiveStreams-t.build/Objects-normal/arm64/ReactiveStreams-dependency-scan.dia -validate-clang-modules-once -clang-build-session-file /Users/admin/builder/spi-builder-workspace/.derivedData/ModuleCache.noindex/Session.modulevalidation -Xcc -fmodules-prune-interval\=86400 -Xcc -fmodules-prune-after\=345600 -emit-const-values -const-gather-protocols-list /Users/admin/builder/spi-builder-workspace/.derivedData/Build/Intermediates.noindex/ReactiveStreams.build/Debug-watchos/ReactiveStreams-t.build/Objects-normal/arm64/ReactiveStreams_const_extract_protocols.json -Xcc -I/Users/admin/builder/spi-builder-workspace/.dependencies/checkouts/CAtomics/Sources/CAtomics/include -Xcc -I/Users/admin/builder/spi-builder-workspace/.derivedData/Build/Products/Debug-watchos/include -Xcc -I/Users/admin/builder/spi-builder-workspace/.derivedData/Build/Intermediates.noindex/ReactiveStreams.build/Debug-watchos/ReactiveStreams-t.build/DerivedSources-normal/arm64 -Xcc -I/Users/admin/builder/spi-builder-workspace/.derivedData/Build/Intermediates.noindex/ReactiveStreams.build/Debug-watchos/ReactiveStreams-t.build/DerivedSources/arm64 -Xcc -I/Users/admin/builder/spi-builder-workspace/.derivedData/Build/Intermediates.noindex/ReactiveStreams.build/Debug-watchos/ReactiveStreams-t.build/DerivedSources -Xcc -DSWIFT_PACKAGE -Xcc -DDEBUG\=1 -emit-objc-header -emit-objc-header-path /Users/admin/builder/spi-builder-workspace/.derivedData/Build/Intermediates.noindex/ReactiveStreams.build/Debug-watchos/ReactiveStreams-t.build/Objects-normal/arm64/ReactiveStreams-Swift.h -working-directory /Users/admin/builder/spi-builder-workspace/.swiftpm/xcode -experimental-emit-module-separately -disable-cmo
SwiftDriverJobDiscovery normal arm64_32 Compiling stream.swift, subscriber.swift (in target 'ReactiveStreams' from project 'ReactiveStreams')
SwiftCompile normal arm64 Compiling\ subscription.swift,\ validated-queue.swift /Users/admin/builder/spi-builder-workspace/Sources/ReactiveStreams/subscription.swift /Users/admin/builder/spi-builder-workspace/Sources/ReactiveStreams/validated-queue.swift (in target 'ReactiveStreams' from project 'ReactiveStreams')
/Users/admin/builder/spi-builder-workspace/Sources/ReactiveStreams/validated-queue.swift:15:50: warning: static property 'current' cannot be used in a default argument value because 'CurrentQoS' was not imported by this file; this is an error in the Swift 6 language mode
13 |   let queue: DispatchQueue
14 |
15 |   public init(label: String, qos: DispatchQoS = .current)
   |                                                  |- warning: static property 'current' cannot be used in a default argument value because 'CurrentQoS' was not imported by this file; this is an error in the Swift 6 language mode
   |                                                  `- note: The missing import of module 'CurrentQoS' will be added implicitly
16 |   {
17 |     self.queue = DispatchQueue(label: label+"-\(qos.qosClass)", qos: qos)
/Users/admin/builder/spi-builder-workspace/Sources/ReactiveStreams/validated-queue.swift:23:18: error: 'OS_dispatch_queue_serial' has been renamed to 'DispatchSerialQueue'
21 |   {
22 | #if (os(macOS) || os(iOS) || os(tvOS) || os(watchOS))
23 |     if target is OS_dispatch_queue_serial
   |                  `- error: 'OS_dispatch_queue_serial' has been renamed to 'DispatchSerialQueue'
24 |     {
25 |       self.queue = target
/Applications/Xcode-27.0.0-Release.Candidate.app/Contents/Developer/Platforms/WatchOS.platform/Developer/SDKs/WatchOS27.0.sdk/usr/include/dispatch/queue.h:149:1: note: 'OS_dispatch_queue_serial' was obsoleted in Swift 3
 147 |  */
 148 | API_AVAILABLE(macos(10.14), ios(12.0), tvos(12.0), watchos(5.0))
 149 | DISPATCH_DECL_SERIAL_EXECUTOR_SWIFT(dispatch_queue_serial, DispatchSerialQueue);
     | `- note: 'OS_dispatch_queue_serial' was obsoleted in Swift 3
 150 |
 151 | /*!
Failed frontend command:
/Applications/Xcode-27.0.0-Release.Candidate.app/Contents/Developer/Toolchains/XcodeDefault.xctoolchain/usr/bin/swift-frontend -frontend -c /Users/admin/builder/spi-builder-workspace/Sources/ReactiveStreams/deferred-final.swift /Users/admin/builder/spi-builder-workspace/Sources/ReactiveStreams/deferred-next.swift /Users/admin/builder/spi-builder-workspace/Sources/ReactiveStreams/deferred-stream.swift /Users/admin/builder/spi-builder-workspace/Sources/ReactiveStreams/deferred-subscriber.swift /Users/admin/builder/spi-builder-workspace/Sources/ReactiveStreams/event.swift /Users/admin/builder/spi-builder-workspace/Sources/ReactiveStreams/publisher.swift /Users/admin/builder/spi-builder-workspace/Sources/ReactiveStreams/stream-filter.swift /Users/admin/builder/spi-builder-workspace/Sources/ReactiveStreams/stream-final.swift /Users/admin/builder/spi-builder-workspace/Sources/ReactiveStreams/stream-limited.swift /Users/admin/builder/spi-builder-workspace/Sources/ReactiveStreams/stream-map.swift /Users/admin/builder/spi-builder-workspace/Sources/ReactiveStreams/stream-merge.swift /Users/admin/builder/spi-builder-workspace/Sources/ReactiveStreams/stream-next.swift /Users/admin/builder/spi-builder-workspace/Sources/ReactiveStreams/stream-notifications.swift /Users/admin/builder/spi-builder-workspace/Sources/ReactiveStreams/stream-notifier.swift /Users/admin/builder/spi-builder-workspace/Sources/ReactiveStreams/stream-onrequest.swift /Users/admin/builder/spi-builder-workspace/Sources/ReactiveStreams/stream-paused.swift /Users/admin/builder/spi-builder-workspace/Sources/ReactiveStreams/stream-post.swift /Users/admin/builder/spi-builder-workspace/Sources/ReactiveStreams/stream-reduce.swift /Users/admin/builder/spi-builder-workspace/Sources/ReactiveStreams/stream-skip.swift /Users/admin/builder/spi-builder-workspace/Sources/ReactiveStreams/stream-split.swift /Users/admin/builder/spi-builder-workspace/Sources/ReactiveStreams/stream-substream.swift /Users/admin/builder/spi-builder-workspace/Sources/ReactiveStreams/stream-timer.swift /Users/admin/builder/spi-builder-workspace/Sources/ReactiveStreams/stream.swift /Users/admin/builder/spi-builder-workspace/Sources/ReactiveStreams/subscriber.swift -primary-file /Users/admin/builder/spi-builder-workspace/Sources/ReactiveStreams/subscription.swift -primary-file /Users/admin/builder/spi-builder-workspace/Sources/ReactiveStreams/validated-queue.swift -emit-dependencies-path /Users/admin/builder/spi-builder-workspace/.derivedData/Build/Intermediates.noindex/ReactiveStreams.build/Debug-watchos/ReactiveStreams-t.build/Objects-normal/arm64/subscription.d -emit-const-values-path /Users/admin/builder/spi-builder-workspace/.derivedData/Build/Intermediates.noindex/ReactiveStreams.build/Debug-watchos/ReactiveStreams-t.build/Objects-normal/arm64/subscription.swiftconstvalues -emit-reference-dependencies-path /Users/admin/builder/spi-builder-workspace/.derivedData/Build/Intermediates.noindex/ReactiveStreams.build/Debug-watchos/ReactiveStreams-t.build/Objects-normal/arm64/subscription.swiftdeps -serialize-diagnostics-path /Users/admin/builder/spi-builder-workspace/.derivedData/Build/Intermediates.noindex/ReactiveStreams.build/Debug-watchos/ReactiveStreams-t.build/Objects-normal/arm64/subscription.dia -emit-dependencies-path /Users/admin/builder/spi-builder-workspace/.derivedData/Build/Intermediates.noindex/ReactiveStreams.build/Debug-watchos/ReactiveStreams-t.build/Objects-normal/arm64/validated-queue.d -emit-const-values-path /Users/admin/builder/spi-builder-workspace/.derivedData/Build/Intermediates.noindex/ReactiveStreams.build/Debug-watchos/ReactiveStreams-t.build/Objects-normal/arm64/validated-queue.swiftconstvalues -emit-reference-dependencies-path /Users/admin/builder/spi-builder-workspace/.derivedData/Build/Intermediates.noindex/ReactiveStreams.build/Debug-watchos/ReactiveStreams-t.build/Objects-normal/arm64/validated-queue.swiftdeps -serialize-diagnostics-path /Users/admin/builder/spi-builder-workspace/.derivedData/Build/Intermediates.noindex/ReactiveStreams.build/Debug-watchos/ReactiveStreams-t.build/Objects-normal/arm64/validated-queue.dia -target arm64-apple-watchos9.0 -disable-cross-import-overlay-search -swift-module-cross-import Darwin /Applications/Xcode-27.0.0-Release.Candidate.app/Contents/Developer/Platforms/WatchOS.platform/Developer/SDKs/WatchOS.sdk/usr/include/Darwin.swiftcrossimport/xlocale.swiftoverlay -load-resolved-plugin /Applications/Xcode-27.0.0-Release.Candidate.app/Contents/Developer/Platforms/WatchOS.platform/Developer/usr/lib/swift/host/plugins/libFoundationMacros.dylib\#/Applications/Xcode-27.0.0-Release.Candidate.app/Contents/Developer/Platforms/WatchOS.platform/Developer/usr/bin/swift-plugin-server\#FoundationMacros -load-resolved-plugin /Applications/Xcode-27.0.0-Release.Candidate.app/Contents/Developer/Platforms/WatchOS.platform/Developer/usr/lib/swift/host/plugins/libObservationMacros.dylib\#/Applications/Xcode-27.0.0-Release.Candidate.app/Contents/Developer/Platforms/WatchOS.platform/Developer/usr/bin/swift-plugin-server\#ObservationMacros -load-resolved-plugin /Applications/Xcode-27.0.0-Release.Candidate.app/Contents/Developer/Platforms/WatchOS.platform/Developer/usr/lib/swift/host/plugins/libSwiftMacros.dylib\#/Applications/Xcode-27.0.0-Release.Candidate.app/Contents/Developer/Platforms/WatchOS.platform/Developer/usr/bin/swift-plugin-server\#SwiftMacros -disable-implicit-swift-modules -Xcc -fno-implicit-modules -Xcc -fno-implicit-module-maps -explicit-swift-module-map-file /Users/admin/builder/spi-builder-workspace/.derivedData/Build/Intermediates.noindex/ReactiveStreams.build/Debug-watchos/ReactiveStreams-t.build/Objects-normal/arm64/ReactiveStreams-dependencies-2.json -Xllvm -aarch64-use-tbi -enable-objc-interop -stack-check -sdk /Applications/Xcode-27.0.0-Release.Candidate.app/Contents/Developer/Platforms/WatchOS.platform/Developer/SDKs/WatchOS27.0.sdk -I /Users/admin/builder/spi-builder-workspace/.derivedData/Build/Products/Debug-watchos -Isystem /Applications/Xcode-27.0.0-Release.Candidate.app/Contents/Developer/Platforms/WatchOS.platform/Developer/usr/lib -F /Users/admin/builder/spi-builder-workspace/.derivedData/Build/Products/Debug-watchos/PackageFrameworks -F /Users/admin/builder/spi-builder-workspace/.derivedData/Build/Products/Debug-watchos -F /Applications/Xcode-27.0.0-Release.Candidate.app/Contents/Developer/Platforms/WatchOS.platform/Developer/Library/Frameworks -F /Applications/Xcode-27.0.0-Release.Candidate.app/Contents/Developer/Platforms/WatchOS.platform/Developer/SDKs/WatchOS27.0.sdk/Developer/Library/Frameworks -module-cache-path /Users/admin/builder/spi-builder-workspace/.derivedData/Build/Intermediates.noindex/SwiftExplicitPrecompiledModules -no-color-diagnostics -Xcc -fno-color-diagnostics -enable-testing -g -debug-info-format\=dwarf -dwarf-version\=4 -profile-generate -profile-coverage-mapping -swift-version 5 -Onone -D SWIFT_PACKAGE -D DEBUG -D SWIFT_MODULE_RESOURCE_BUNDLE_UNAVAILABLE -D Xcode -serialize-debugging-options -enable-experimental-feature DebugDescriptionMacro -empty-abi-descriptor -validate-clang-modules-once -clang-build-session-file /Users/admin/builder/spi-builder-workspace/.derivedData/ModuleCache.noindex/Session.modulevalidation -Xcc -working-directory -Xcc /Users/admin/builder/spi-builder-workspace/.swiftpm/xcode -enable-anonymous-context-mangled-names -file-compilation-dir /Users/admin/builder/spi-builder-workspace/.swiftpm/xcode -Xcc -fmodule-map-file\=/Users/admin/builder/spi-builder-workspace/.derivedData/Build/Intermediates.noindex/GeneratedModuleMaps-watchos/CAtomics.modulemap -Xcc -D_LIBCPP_HARDENING_MODE\=_LIBCPP_HARDENING_MODE_DEBUG -Xcc -ivfsstatcache -Xcc /Users/admin/builder/spi-builder-workspace/.derivedData/SDKStatCaches.noindex/watchos27.0-24R360-e829b21a6f8c9b70876ba0858053c04477534ef55a1706bf4c1112bbb242f0a2.sdkstatcache -Xcc -fmodules-prune-interval\=86400 -Xcc -fmodules-prune-after\=345600 -Xcc -I/Users/admin/builder/spi-builder-workspace/.dependencies/checkouts/CAtomics/Sources/CAtomics/include -Xcc -I/Users/admin/builder/spi-builder-workspace/.derivedData/Build/Products/Debug-watchos/include -Xcc -I/Users/admin/builder/spi-builder-workspace/.derivedData/Build/Intermediates.noindex/ReactiveStreams.build/Debug-watchos/ReactiveStreams-t.build/DerivedSources-normal/arm64 -Xcc -I/Users/admin/builder/spi-builder-workspace/.derivedData/Build/Intermediates.noindex/ReactiveStreams.build/Debug-watchos/ReactiveStreams-t.build/DerivedSources/arm64 -Xcc -I/Users/admin/builder/spi-builder-workspace/.derivedData/Build/Intermediates.noindex/ReactiveStreams.build/Debug-watchos/ReactiveStreams-t.build/DerivedSources -Xcc -DSWIFT_PACKAGE -Xcc -DDEBUG\=1 -no-auto-bridging-header-chaining -module-name ReactiveStreams -const-gather-protocols-file /Users/admin/builder/spi-builder-workspace/.derivedData/Build/Intermediates.noindex/ReactiveStreams.build/Debug-watchos/ReactiveStreams-t.build/Objects-normal/arm64/ReactiveStreams_const_extract_protocols.json -disable-clang-spi -clang-target arm64-apple-watchos27.0 -target-sdk-version 27.0 -target-sdk-name watchos27.0 -in-process-plugin-server-path /Applications/Xcode-27.0.0-Release.Candidate.app/Contents/Developer/Toolchains/XcodeDefault.xctoolchain/usr/lib/swift/host/libSwiftInProcPluginServer.dylib -parse-as-library -o /Users/admin/builder/spi-builder-workspace/.derivedData/Build/Intermediates.noindex/ReactiveStreams.build/Debug-watchos/ReactiveStreams-t.build/Objects-normal/arm64/subscription.o -o /Users/admin/builder/spi-builder-workspace/.derivedData/Build/Intermediates.noindex/ReactiveStreams.build/Debug-watchos/ReactiveStreams-t.build/Objects-normal/arm64/validated-queue.o -debug-module-path /Users/admin/builder/spi-builder-workspace/.derivedData/Build/Intermediates.noindex/ReactiveStreams.build/Debug-watchos/ReactiveStreams-t.build/Objects-normal/arm64/ReactiveStreams.swiftmodule -index-unit-output-path /ReactiveStreams.build/Debug-watchos/ReactiveStreams-t.build/Objects-normal/arm64/subscription.o -index-unit-output-path /ReactiveStreams.build/Debug-watchos/ReactiveStreams-t.build/Objects-normal/arm64/validated-queue.o -index-store-path /Users/admin/builder/spi-builder-workspace/.derivedData/Index.noindex/DataStore -index-system-modules
SwiftCompile normal arm64 /Users/admin/builder/spi-builder-workspace/Sources/ReactiveStreams/subscription.swift (in target 'ReactiveStreams' from project 'ReactiveStreams')
    cd /Users/admin/builder/spi-builder-workspace/.swiftpm/xcode
    builtin-SwiftPerFileCompile subscription.swift
SwiftCompile normal arm64 /Users/admin/builder/spi-builder-workspace/Sources/ReactiveStreams/validated-queue.swift (in target 'ReactiveStreams' from project 'ReactiveStreams')
    cd /Users/admin/builder/spi-builder-workspace/.swiftpm/xcode
    builtin-SwiftPerFileCompile validated-queue.swift
SwiftMergeGeneratedHeaders /Users/admin/builder/spi-builder-workspace/.derivedData/Build/Intermediates.noindex/GeneratedModuleMaps-watchos/ReactiveStreams-Swift.h /Users/admin/builder/spi-builder-workspace/.derivedData/Build/Intermediates.noindex/ReactiveStreams.build/Debug-watchos/ReactiveStreams-t.build/Objects-normal/arm64/ReactiveStreams-Swift.h /Users/admin/builder/spi-builder-workspace/.derivedData/Build/Intermediates.noindex/ReactiveStreams.build/Debug-watchos/ReactiveStreams-t.build/Objects-normal/arm64_32/ReactiveStreams-Swift.h (in target 'ReactiveStreams' from project 'ReactiveStreams')
    cd /Users/admin/builder/spi-builder-workspace
    builtin-swiftHeaderTool -arch arm64 /Users/admin/builder/spi-builder-workspace/.derivedData/Build/Intermediates.noindex/ReactiveStreams.build/Debug-watchos/ReactiveStreams-t.build/Objects-normal/arm64/ReactiveStreams-Swift.h -arch arm64_32 /Users/admin/builder/spi-builder-workspace/.derivedData/Build/Intermediates.noindex/ReactiveStreams.build/Debug-watchos/ReactiveStreams-t.build/Objects-normal/arm64_32/ReactiveStreams-Swift.h -o /Users/admin/builder/spi-builder-workspace/.derivedData/Build/Intermediates.noindex/GeneratedModuleMaps-watchos/ReactiveStreams-Swift.h
SwiftDriverJobDiscovery normal arm64_32 Compiling stream-notifications.swift, stream-notifier.swift, stream-onrequest.swift (in target 'ReactiveStreams' from project 'ReactiveStreams')
Copy /Users/admin/builder/spi-builder-workspace/.derivedData/Build/Products/Debug-watchos/ReactiveStreams.swiftmodule/arm64-apple-watchos.swiftmodule /Users/admin/builder/spi-builder-workspace/.derivedData/Build/Intermediates.noindex/ReactiveStreams.build/Debug-watchos/ReactiveStreams-t.build/Objects-normal/arm64/ReactiveStreams.swiftmodule (in target 'ReactiveStreams' from project 'ReactiveStreams')
    cd /Users/admin/builder/spi-builder-workspace
    builtin-copy -exclude .DS_Store -exclude CVS -exclude .svn -exclude .git -exclude .hg -resolve-src-symlinks -rename /Users/admin/builder/spi-builder-workspace/.derivedData/Build/Intermediates.noindex/ReactiveStreams.build/Debug-watchos/ReactiveStreams-t.build/Objects-normal/arm64/ReactiveStreams.swiftmodule /Users/admin/builder/spi-builder-workspace/.derivedData/Build/Products/Debug-watchos/ReactiveStreams.swiftmodule/arm64-apple-watchos.swiftmodule
Copy /Users/admin/builder/spi-builder-workspace/.derivedData/Build/Products/Debug-watchos/ReactiveStreams.swiftmodule/arm64-apple-watchos.swiftdoc /Users/admin/builder/spi-builder-workspace/.derivedData/Build/Intermediates.noindex/ReactiveStreams.build/Debug-watchos/ReactiveStreams-t.build/Objects-normal/arm64/ReactiveStreams.swiftdoc (in target 'ReactiveStreams' from project 'ReactiveStreams')
    cd /Users/admin/builder/spi-builder-workspace
    builtin-copy -exclude .DS_Store -exclude CVS -exclude .svn -exclude .git -exclude .hg -resolve-src-symlinks -rename /Users/admin/builder/spi-builder-workspace/.derivedData/Build/Intermediates.noindex/ReactiveStreams.build/Debug-watchos/ReactiveStreams-t.build/Objects-normal/arm64/ReactiveStreams.swiftdoc /Users/admin/builder/spi-builder-workspace/.derivedData/Build/Products/Debug-watchos/ReactiveStreams.swiftmodule/arm64-apple-watchos.swiftdoc
Copy /Users/admin/builder/spi-builder-workspace/.derivedData/Build/Products/Debug-watchos/ReactiveStreams.swiftmodule/arm64-apple-watchos.abi.json /Users/admin/builder/spi-builder-workspace/.derivedData/Build/Intermediates.noindex/ReactiveStreams.build/Debug-watchos/ReactiveStreams-t.build/Objects-normal/arm64/ReactiveStreams.abi.json (in target 'ReactiveStreams' from project 'ReactiveStreams')
    cd /Users/admin/builder/spi-builder-workspace
    builtin-copy -exclude .DS_Store -exclude CVS -exclude .svn -exclude .git -exclude .hg -resolve-src-symlinks -rename /Users/admin/builder/spi-builder-workspace/.derivedData/Build/Intermediates.noindex/ReactiveStreams.build/Debug-watchos/ReactiveStreams-t.build/Objects-normal/arm64/ReactiveStreams.abi.json /Users/admin/builder/spi-builder-workspace/.derivedData/Build/Products/Debug-watchos/ReactiveStreams.swiftmodule/arm64-apple-watchos.abi.json
Copy /Users/admin/builder/spi-builder-workspace/.derivedData/Build/Products/Debug-watchos/ReactiveStreams.swiftmodule/Project/arm64-apple-watchos.swiftsourceinfo /Users/admin/builder/spi-builder-workspace/.derivedData/Build/Intermediates.noindex/ReactiveStreams.build/Debug-watchos/ReactiveStreams-t.build/Objects-normal/arm64/ReactiveStreams.swiftsourceinfo (in target 'ReactiveStreams' from project 'ReactiveStreams')
    cd /Users/admin/builder/spi-builder-workspace
    builtin-copy -exclude .DS_Store -exclude CVS -exclude .svn -exclude .git -exclude .hg -resolve-src-symlinks -rename /Users/admin/builder/spi-builder-workspace/.derivedData/Build/Intermediates.noindex/ReactiveStreams.build/Debug-watchos/ReactiveStreams-t.build/Objects-normal/arm64/ReactiveStreams.swiftsourceinfo /Users/admin/builder/spi-builder-workspace/.derivedData/Build/Products/Debug-watchos/ReactiveStreams.swiftmodule/Project/arm64-apple-watchos.swiftsourceinfo
SwiftCompile normal arm64 Compiling\ stream-skip.swift,\ stream-split.swift /Users/admin/builder/spi-builder-workspace/Sources/ReactiveStreams/stream-skip.swift /Users/admin/builder/spi-builder-workspace/Sources/ReactiveStreams/stream-split.swift (in target 'ReactiveStreams' from project 'ReactiveStreams')
SwiftCompile normal arm64 /Users/admin/builder/spi-builder-workspace/Sources/ReactiveStreams/stream-skip.swift (in target 'ReactiveStreams' from project 'ReactiveStreams')
    cd /Users/admin/builder/spi-builder-workspace/.swiftpm/xcode
    builtin-SwiftPerFileCompile stream-skip.swift
SwiftCompile normal arm64 /Users/admin/builder/spi-builder-workspace/Sources/ReactiveStreams/stream-split.swift (in target 'ReactiveStreams' from project 'ReactiveStreams')
    cd /Users/admin/builder/spi-builder-workspace/.swiftpm/xcode
    builtin-SwiftPerFileCompile stream-split.swift
SwiftDriverJobDiscovery normal arm64_32 Compiling stream-map.swift, stream-merge.swift, stream-next.swift (in target 'ReactiveStreams' from project 'ReactiveStreams')
SwiftCompile normal arm64_32 Compiling\ subscription.swift,\ validated-queue.swift /Users/admin/builder/spi-builder-workspace/Sources/ReactiveStreams/subscription.swift /Users/admin/builder/spi-builder-workspace/Sources/ReactiveStreams/validated-queue.swift (in target 'ReactiveStreams' from project 'ReactiveStreams')
SwiftCompile normal arm64_32 /Users/admin/builder/spi-builder-workspace/Sources/ReactiveStreams/subscription.swift (in target 'ReactiveStreams' from project 'ReactiveStreams')
    cd /Users/admin/builder/spi-builder-workspace/.swiftpm/xcode
    builtin-SwiftPerFileCompile subscription.swift
SwiftCompile normal arm64_32 /Users/admin/builder/spi-builder-workspace/Sources/ReactiveStreams/validated-queue.swift (in target 'ReactiveStreams' from project 'ReactiveStreams')
    cd /Users/admin/builder/spi-builder-workspace/.swiftpm/xcode
    builtin-SwiftPerFileCompile validated-queue.swift
PruneExplicitPrecompiledModules /Users/admin/builder/spi-builder-workspace/.derivedData/Build/Intermediates.noindex/SwiftExplicitPrecompiledModules
PruneExplicitPrecompiledModules /Users/admin/builder/spi-builder-workspace/.derivedData/SDKExplicitPrecompiledModules
PruneExplicitPrecompiledModules /Users/admin/builder/spi-builder-workspace/.derivedData/Build/Intermediates.noindex/ExplicitPrecompiledModules
2026-09-17 06:30:57.311 xcodebuild[815:4792] [MT] IDERunDestination: Supported platforms for the buildables in the current scheme is empty.
2026-09-17 06:30:57.563 xcodebuild[815:4792] [MT] IDERunDestination: Supported platforms for the buildables in the current scheme is empty.
** BUILD FAILED **
The following build commands failed:
	SwiftCompile normal arm64 Compiling\ subscription.swift,\ validated-queue.swift /Users/admin/builder/spi-builder-workspace/Sources/ReactiveStreams/subscription.swift /Users/admin/builder/spi-builder-workspace/Sources/ReactiveStreams/validated-queue.swift (in target 'ReactiveStreams' from project 'ReactiveStreams')
	SwiftCompile normal arm64 /Users/admin/builder/spi-builder-workspace/Sources/ReactiveStreams/validated-queue.swift (in target 'ReactiveStreams' from project 'ReactiveStreams')
	Building workspace ReactiveStreams with scheme ReactiveStreams
(3 failures)
Command line invocation:
    /Applications/Xcode-27.0.0-Release.Candidate.app/Contents/Developer/usr/bin/xcodebuild -IDEClonedSourcePackagesDirPathOverride=/Users/admin/builder/spi-builder-workspace/.dependencies -resolvePackageDependencies
Resolve Package Graph
Resolved source packages:
  CurrentQoS: https://github.com/glessard/CurrentQoS.git @ 1.2.2
  CAtomics: https://github.com/glessard/CAtomics.git @ 6.5.1
  deferred: https://github.com/glessard/deferred.git @ 6.7.1
  ReactiveStreams: /Users/admin/builder/spi-builder-workspace
resolved source packages: CurrentQoS, CAtomics, deferred, ReactiveStreams
2026-09-17 06:31:06.401 xcodebuild[1004:5690] [MT] IDERunDestination: Supported platforms for the buildables in the current scheme is empty.
2026-09-17 06:31:06.504 xcodebuild[1004:5690] [MT] IDERunDestination: Supported platforms for the buildables in the current scheme is empty.
{
  "dependencies" : [
    {
      "identity" : "catomics",
      "requirement" : {
        "range" : [
          {
            "lower_bound" : "6.5.0",
            "upper_bound" : "7.0.0"
          }
        ]
      },
      "type" : "sourceControl",
      "url" : "https://github.com/glessard/CAtomics.git"
    },
    {
      "identity" : "currentqos",
      "requirement" : {
        "range" : [
          {
            "lower_bound" : "1.1.0",
            "upper_bound" : "2.0.0"
          }
        ]
      },
      "type" : "sourceControl",
      "url" : "https://github.com/glessard/CurrentQoS.git"
    },
    {
      "identity" : "deferred",
      "requirement" : {
        "range" : [
          {
            "lower_bound" : "6.7.1",
            "upper_bound" : "7.0.0"
          }
        ]
      },
      "type" : "sourceControl",
      "url" : "https://github.com/glessard/deferred.git"
    }
  ],
  "manifest_display_name" : "ReactiveStreams",
  "name" : "ReactiveStreams",
  "path" : "/Users/admin/builder/spi-builder-workspace",
  "platforms" : [
  ],
  "products" : [
    {
      "name" : "ReactiveStreams",
      "targets" : [
        "ReactiveStreams"
      ],
      "type" : {
        "library" : [
          "automatic"
        ]
      }
    }
  ],
  "swift_languages_versions" : [
    "4",
    "4.2",
    "5"
  ],
  "targets" : [
    {
      "c99name" : "ReactiveStreamsTests",
      "module_type" : "SwiftTarget",
      "name" : "ReactiveStreamsTests",
      "path" : "Tests/ReactiveStreamsTests",
      "sources" : [
        "TestError.swift",
        "XCTestManifests.swift",
        "deferredTests.swift",
        "eventTests.swift",
        "filterTests.swift",
        "flatMapTests.swift",
        "mapTests.swift",
        "mergeTests.swift",
        "notificationTests.swift",
        "nzRandom.swift",
        "onRequestTests.swift",
        "postBoxTests.swift",
        "reduceTests.swift",
        "streamTests.swift",
        "subscriberTests.swift",
        "timerTests.swift"
      ],
      "target_dependencies" : [
        "ReactiveStreams"
      ],
      "type" : "test"
    },
    {
      "c99name" : "ReactiveStreams",
      "module_type" : "SwiftTarget",
      "name" : "ReactiveStreams",
      "path" : "Sources/ReactiveStreams",
      "product_dependencies" : [
        "CAtomics",
        "CurrentQoS",
        "deferred"
      ],
      "product_memberships" : [
        "ReactiveStreams"
      ],
      "sources" : [
        "deferred-final.swift",
        "deferred-next.swift",
        "deferred-stream.swift",
        "deferred-subscriber.swift",
        "event.swift",
        "publisher.swift",
        "stream-filter.swift",
        "stream-final.swift",
        "stream-limited.swift",
        "stream-map.swift",
        "stream-merge.swift",
        "stream-next.swift",
        "stream-notifications.swift",
        "stream-notifier.swift",
        "stream-onrequest.swift",
        "stream-paused.swift",
        "stream-post.swift",
        "stream-reduce.swift",
        "stream-skip.swift",
        "stream-split.swift",
        "stream-substream.swift",
        "stream-timer.swift",
        "stream.swift",
        "subscriber.swift",
        "subscription.swift",
        "validated-queue.swift"
      ],
      "type" : "library"
    }
  ],
  "tools_version" : "5.0"
}
{
  "workspace" : {
    "name" : "ReactiveStreams",
    "schemes" : [
      "deferred",
      "ReactiveStreams"
    ]
  }
}
2026-09-17 06:31:07.689 xcodebuild[1012:5758] [MT] IDERunDestination: Supported platforms for the buildables in the current scheme is empty.
2026-09-17 06:31:07.794 xcodebuild[1012:5758] [MT] IDERunDestination: Supported platforms for the buildables in the current scheme is empty.
{
  "workspace" : {
    "name" : "ReactiveStreams",
    "schemes" : [
      "deferred",
      "ReactiveStreams"
    ]
  }
}
2026-09-17 06:31:08.683 xcodebuild[1014:5789] [MT] IDERunDestination: Supported platforms for the buildables in the current scheme is empty.
2026-09-17 06:31:08.786 xcodebuild[1014:5789] [MT] IDERunDestination: Supported platforms for the buildables in the current scheme is empty.
Running build ...
env DEVELOPER_DIR=/Applications/Xcode-27.0.0-Release.Candidate.app xcrun xcodebuild -IDEClonedSourcePackagesDirPathOverride=$PWD/.dependencies -skipMacroValidation -skipPackagePluginValidation -derivedDataPath $PWD/.derivedData build -scheme ReactiveStreams -destination generic/platform=watchOS
Command line invocation:
    /Applications/Xcode-27.0.0-Release.Candidate.app/Contents/Developer/usr/bin/xcodebuild -IDEClonedSourcePackagesDirPathOverride=/Users/admin/builder/spi-builder-workspace/.dependencies -skipMacroValidation -skipPackagePluginValidation -derivedDataPath /Users/admin/builder/spi-builder-workspace/.derivedData build -scheme ReactiveStreams -destination generic/platform=watchOS
Resolve Package Graph
Resolved source packages:
  ReactiveStreams: /Users/admin/builder/spi-builder-workspace
  CAtomics: https://github.com/glessard/CAtomics.git @ 6.5.1
  CurrentQoS: https://github.com/glessard/CurrentQoS.git @ 1.2.2
  deferred: https://github.com/glessard/deferred.git @ 6.7.1
ComputePackagePrebuildTargetDependencyGraph
Prepare packages
CreateBuildRequest
SendProjectDescription
CreateBuildOperation
ComputeTargetDependencyGraph
note: Building targets in dependency order
note: Target dependency graph (9 targets)
    Target 'ReactiveStreamsTests-product' in project 'ReactiveStreams'
        ➜ Explicit dependency on target 'ReactiveStreams' in project 'ReactiveStreams'
        ➜ Explicit dependency on target 'CAtomics-product' in project 'CAtomics'
        ➜ Explicit dependency on target 'CurrentQoS-product' in project 'CurrentQoS'
        ➜ Explicit dependency on target 'deferred-product' in project 'deferred'
    Target 'ReactiveStreams-product' in project 'ReactiveStreams'
        ➜ Explicit dependency on target 'ReactiveStreams' in project 'ReactiveStreams'
        ➜ Explicit dependency on target 'CAtomics-product' in project 'CAtomics'
        ➜ Explicit dependency on target 'CurrentQoS-product' in project 'CurrentQoS'
        ➜ Explicit dependency on target 'deferred-product' in project 'deferred'
    Target 'ReactiveStreams' in project 'ReactiveStreams'
        ➜ Explicit dependency on target 'CAtomics-product' in project 'CAtomics'
        ➜ Explicit dependency on target 'CurrentQoS-product' in project 'CurrentQoS'
        ➜ Explicit dependency on target 'deferred-product' in project 'deferred'
    Target 'deferred-product' in project 'deferred'
        ➜ Explicit dependency on target 'deferred' in project 'deferred'
        ➜ Explicit dependency on target 'CAtomics-product' in project 'CAtomics'
        ➜ Explicit dependency on target 'CurrentQoS-product' in project 'CurrentQoS'
    Target 'deferred' in project 'deferred'
        ➜ Explicit dependency on target 'CAtomics-product' in project 'CAtomics'
        ➜ Explicit dependency on target 'CurrentQoS-product' in project 'CurrentQoS'
    Target 'CurrentQoS-product' in project 'CurrentQoS'
        ➜ Explicit dependency on target 'CurrentQoS' in project 'CurrentQoS'
    Target 'CurrentQoS' in project 'CurrentQoS' (no dependencies)
    Target 'CAtomics-product' in project 'CAtomics'
        ➜ Explicit dependency on target 'CAtomics' in project 'CAtomics'
    Target 'CAtomics' in project 'CAtomics' (no dependencies)
GatherProvisioningInputs
CreateBuildDescription
ClangStatCache /Applications/Xcode-27.0.0-Release.Candidate.app/Contents/Developer/Toolchains/XcodeDefault.xctoolchain/usr/bin/clang-stat-cache /Applications/Xcode-27.0.0-Release.Candidate.app/Contents/Developer/Platforms/WatchOS.platform/Developer/SDKs/WatchOS27.0.sdk /Users/admin/builder/spi-builder-workspace/.derivedData/SDKStatCaches.noindex/watchos27.0-24R360-e829b21a6f8c9b70876ba0858053c04477534ef55a1706bf4c1112bbb242f0a2.sdkstatcache
    cd /Users/admin/builder/spi-builder-workspace/.swiftpm/xcode
    /Applications/Xcode-27.0.0-Release.Candidate.app/Contents/Developer/Toolchains/XcodeDefault.xctoolchain/usr/bin/clang-stat-cache /Applications/Xcode-27.0.0-Release.Candidate.app/Contents/Developer/Platforms/WatchOS.platform/Developer/SDKs/WatchOS27.0.sdk -o /Users/admin/builder/spi-builder-workspace/.derivedData/SDKStatCaches.noindex/watchos27.0-24R360-e829b21a6f8c9b70876ba0858053c04477534ef55a1706bf4c1112bbb242f0a2.sdkstatcache
SwiftDriver ReactiveStreams normal arm64_32 com.apple.xcode.tools.swift.compiler (in target 'ReactiveStreams' from project 'ReactiveStreams')
    cd /Users/admin/builder/spi-builder-workspace/.swiftpm/xcode
    builtin-SwiftDriver -- /Applications/Xcode-27.0.0-Release.Candidate.app/Contents/Developer/Toolchains/XcodeDefault.xctoolchain/usr/bin/swiftc -parse-as-library -module-name ReactiveStreams -Onone @/Users/admin/builder/spi-builder-workspace/.derivedData/Build/Intermediates.noindex/ReactiveStreams.build/Debug-watchos/ReactiveStreams-t.build/Objects-normal/arm64_32/ReactiveStreams.SwiftFileList -DSWIFT_PACKAGE -DDEBUG -DSWIFT_MODULE_RESOURCE_BUNDLE_UNAVAILABLE -Xcc -fmodule-map-file\=/Users/admin/builder/spi-builder-workspace/.derivedData/Build/Intermediates.noindex/GeneratedModuleMaps-watchos/CAtomics.modulemap -DXcode -plugin-path /Applications/Xcode-27.0.0-Release.Candidate.app/Contents/Developer/Toolchains/XcodeDefault.xctoolchain/usr/lib/swift/host/plugins/testing -enable-experimental-feature DebugDescriptionMacro -sdk /Applications/Xcode-27.0.0-Release.Candidate.app/Contents/Developer/Platforms/WatchOS.platform/Developer/SDKs/WatchOS27.0.sdk -target arm64_32-apple-watchos9.0 -g -module-cache-path /Users/admin/builder/spi-builder-workspace/.derivedData/ModuleCache.noindex -Xfrontend -serialize-debugging-options -profile-coverage-mapping -profile-generate -enable-testing -index-store-path /Users/admin/builder/spi-builder-workspace/.derivedData/Index.noindex/DataStore -Xcc -D_LIBCPP_HARDENING_MODE\=_LIBCPP_HARDENING_MODE_DEBUG -swift-version 5 -I /Users/admin/builder/spi-builder-workspace/.derivedData/Build/Products/Debug-watchos -Isystem /Applications/Xcode-27.0.0-Release.Candidate.app/Contents/Developer/Platforms/WatchOS.platform/Developer/usr/lib -F /Users/admin/builder/spi-builder-workspace/.derivedData/Build/Products/Debug-watchos/PackageFrameworks -F /Users/admin/builder/spi-builder-workspace/.derivedData/Build/Products/Debug-watchos -F /Applications/Xcode-27.0.0-Release.Candidate.app/Contents/Developer/Platforms/WatchOS.platform/Developer/Library/Frameworks -F /Applications/Xcode-27.0.0-Release.Candidate.app/Contents/Developer/Platforms/WatchOS.platform/Developer/SDKs/WatchOS27.0.sdk/Developer/Library/Frameworks -c -j10 -enable-batch-mode -incremental -Xcc -ivfsstatcache -Xcc /Users/admin/builder/spi-builder-workspace/.derivedData/SDKStatCaches.noindex/watchos27.0-24R360-e829b21a6f8c9b70876ba0858053c04477534ef55a1706bf4c1112bbb242f0a2.sdkstatcache -output-file-map /Users/admin/builder/spi-builder-workspace/.derivedData/Build/Intermediates.noindex/ReactiveStreams.build/Debug-watchos/ReactiveStreams-t.build/Objects-normal/arm64_32/ReactiveStreams-OutputFileMap.json -save-temps -no-color-diagnostics -explicit-module-build -module-cache-path /Users/admin/builder/spi-builder-workspace/.derivedData/Build/Intermediates.noindex/SwiftExplicitPrecompiledModules -clang-scanner-module-cache-path /Users/admin/builder/spi-builder-workspace/.derivedData/ModuleCache.noindex -sdk-module-cache-path /Users/admin/builder/spi-builder-workspace/.derivedData/SDKExplicitPrecompiledModules -emit-dependencies -emit-module -emit-module-path /Users/admin/builder/spi-builder-workspace/.derivedData/Build/Intermediates.noindex/ReactiveStreams.build/Debug-watchos/ReactiveStreams-t.build/Objects-normal/arm64_32/ReactiveStreams.swiftmodule -serialize-diagnostics -dependency-scan-serialize-diagnostics-path /Users/admin/builder/spi-builder-workspace/.derivedData/Build/Intermediates.noindex/ReactiveStreams.build/Debug-watchos/ReactiveStreams-t.build/Objects-normal/arm64_32/ReactiveStreams-dependency-scan.dia -validate-clang-modules-once -clang-build-session-file /Users/admin/builder/spi-builder-workspace/.derivedData/ModuleCache.noindex/Session.modulevalidation -Xcc -fmodules-prune-interval\=86400 -Xcc -fmodules-prune-after\=345600 -emit-const-values -const-gather-protocols-list /Users/admin/builder/spi-builder-workspace/.derivedData/Build/Intermediates.noindex/ReactiveStreams.build/Debug-watchos/ReactiveStreams-t.build/Objects-normal/arm64_32/ReactiveStreams_const_extract_protocols.json -Xcc -I/Users/admin/builder/spi-builder-workspace/.dependencies/checkouts/CAtomics/Sources/CAtomics/include -Xcc -I/Users/admin/builder/spi-builder-workspace/.derivedData/Build/Products/Debug-watchos/include -Xcc -I/Users/admin/builder/spi-builder-workspace/.derivedData/Build/Intermediates.noindex/ReactiveStreams.build/Debug-watchos/ReactiveStreams-t.build/DerivedSources-normal/arm64_32 -Xcc -I/Users/admin/builder/spi-builder-workspace/.derivedData/Build/Intermediates.noindex/ReactiveStreams.build/Debug-watchos/ReactiveStreams-t.build/DerivedSources/arm64_32 -Xcc -I/Users/admin/builder/spi-builder-workspace/.derivedData/Build/Intermediates.noindex/ReactiveStreams.build/Debug-watchos/ReactiveStreams-t.build/DerivedSources -Xcc -DSWIFT_PACKAGE -Xcc -DDEBUG\=1 -emit-objc-header -emit-objc-header-path /Users/admin/builder/spi-builder-workspace/.derivedData/Build/Intermediates.noindex/ReactiveStreams.build/Debug-watchos/ReactiveStreams-t.build/Objects-normal/arm64_32/ReactiveStreams-Swift.h -working-directory /Users/admin/builder/spi-builder-workspace/.swiftpm/xcode -experimental-emit-module-separately -disable-cmo
SwiftDriver ReactiveStreams normal arm64 com.apple.xcode.tools.swift.compiler (in target 'ReactiveStreams' from project 'ReactiveStreams')
    cd /Users/admin/builder/spi-builder-workspace/.swiftpm/xcode
    builtin-SwiftDriver -- /Applications/Xcode-27.0.0-Release.Candidate.app/Contents/Developer/Toolchains/XcodeDefault.xctoolchain/usr/bin/swiftc -parse-as-library -module-name ReactiveStreams -Onone @/Users/admin/builder/spi-builder-workspace/.derivedData/Build/Intermediates.noindex/ReactiveStreams.build/Debug-watchos/ReactiveStreams-t.build/Objects-normal/arm64/ReactiveStreams.SwiftFileList -DSWIFT_PACKAGE -DDEBUG -DSWIFT_MODULE_RESOURCE_BUNDLE_UNAVAILABLE -Xcc -fmodule-map-file\=/Users/admin/builder/spi-builder-workspace/.derivedData/Build/Intermediates.noindex/GeneratedModuleMaps-watchos/CAtomics.modulemap -DXcode -plugin-path /Applications/Xcode-27.0.0-Release.Candidate.app/Contents/Developer/Toolchains/XcodeDefault.xctoolchain/usr/lib/swift/host/plugins/testing -enable-experimental-feature DebugDescriptionMacro -sdk /Applications/Xcode-27.0.0-Release.Candidate.app/Contents/Developer/Platforms/WatchOS.platform/Developer/SDKs/WatchOS27.0.sdk -target arm64-apple-watchos9.0 -g -module-cache-path /Users/admin/builder/spi-builder-workspace/.derivedData/ModuleCache.noindex -Xfrontend -serialize-debugging-options -profile-coverage-mapping -profile-generate -enable-testing -index-store-path /Users/admin/builder/spi-builder-workspace/.derivedData/Index.noindex/DataStore -Xcc -D_LIBCPP_HARDENING_MODE\=_LIBCPP_HARDENING_MODE_DEBUG -swift-version 5 -I /Users/admin/builder/spi-builder-workspace/.derivedData/Build/Products/Debug-watchos -Isystem /Applications/Xcode-27.0.0-Release.Candidate.app/Contents/Developer/Platforms/WatchOS.platform/Developer/usr/lib -F /Users/admin/builder/spi-builder-workspace/.derivedData/Build/Products/Debug-watchos/PackageFrameworks -F /Users/admin/builder/spi-builder-workspace/.derivedData/Build/Products/Debug-watchos -F /Applications/Xcode-27.0.0-Release.Candidate.app/Contents/Developer/Platforms/WatchOS.platform/Developer/Library/Frameworks -F /Applications/Xcode-27.0.0-Release.Candidate.app/Contents/Developer/Platforms/WatchOS.platform/Developer/SDKs/WatchOS27.0.sdk/Developer/Library/Frameworks -c -j10 -enable-batch-mode -incremental -Xcc -ivfsstatcache -Xcc /Users/admin/builder/spi-builder-workspace/.derivedData/SDKStatCaches.noindex/watchos27.0-24R360-e829b21a6f8c9b70876ba0858053c04477534ef55a1706bf4c1112bbb242f0a2.sdkstatcache -output-file-map /Users/admin/builder/spi-builder-workspace/.derivedData/Build/Intermediates.noindex/ReactiveStreams.build/Debug-watchos/ReactiveStreams-t.build/Objects-normal/arm64/ReactiveStreams-OutputFileMap.json -save-temps -no-color-diagnostics -explicit-module-build -module-cache-path /Users/admin/builder/spi-builder-workspace/.derivedData/Build/Intermediates.noindex/SwiftExplicitPrecompiledModules -clang-scanner-module-cache-path /Users/admin/builder/spi-builder-workspace/.derivedData/ModuleCache.noindex -sdk-module-cache-path /Users/admin/builder/spi-builder-workspace/.derivedData/SDKExplicitPrecompiledModules -emit-dependencies -emit-module -emit-module-path /Users/admin/builder/spi-builder-workspace/.derivedData/Build/Intermediates.noindex/ReactiveStreams.build/Debug-watchos/ReactiveStreams-t.build/Objects-normal/arm64/ReactiveStreams.swiftmodule -serialize-diagnostics -dependency-scan-serialize-diagnostics-path /Users/admin/builder/spi-builder-workspace/.derivedData/Build/Intermediates.noindex/ReactiveStreams.build/Debug-watchos/ReactiveStreams-t.build/Objects-normal/arm64/ReactiveStreams-dependency-scan.dia -validate-clang-modules-once -clang-build-session-file /Users/admin/builder/spi-builder-workspace/.derivedData/ModuleCache.noindex/Session.modulevalidation -Xcc -fmodules-prune-interval\=86400 -Xcc -fmodules-prune-after\=345600 -emit-const-values -const-gather-protocols-list /Users/admin/builder/spi-builder-workspace/.derivedData/Build/Intermediates.noindex/ReactiveStreams.build/Debug-watchos/ReactiveStreams-t.build/Objects-normal/arm64/ReactiveStreams_const_extract_protocols.json -Xcc -I/Users/admin/builder/spi-builder-workspace/.dependencies/checkouts/CAtomics/Sources/CAtomics/include -Xcc -I/Users/admin/builder/spi-builder-workspace/.derivedData/Build/Products/Debug-watchos/include -Xcc -I/Users/admin/builder/spi-builder-workspace/.derivedData/Build/Intermediates.noindex/ReactiveStreams.build/Debug-watchos/ReactiveStreams-t.build/DerivedSources-normal/arm64 -Xcc -I/Users/admin/builder/spi-builder-workspace/.derivedData/Build/Intermediates.noindex/ReactiveStreams.build/Debug-watchos/ReactiveStreams-t.build/DerivedSources/arm64 -Xcc -I/Users/admin/builder/spi-builder-workspace/.derivedData/Build/Intermediates.noindex/ReactiveStreams.build/Debug-watchos/ReactiveStreams-t.build/DerivedSources -Xcc -DSWIFT_PACKAGE -Xcc -DDEBUG\=1 -emit-objc-header -emit-objc-header-path /Users/admin/builder/spi-builder-workspace/.derivedData/Build/Intermediates.noindex/ReactiveStreams.build/Debug-watchos/ReactiveStreams-t.build/Objects-normal/arm64/ReactiveStreams-Swift.h -working-directory /Users/admin/builder/spi-builder-workspace/.swiftpm/xcode -experimental-emit-module-separately -disable-cmo
ExtractAppIntentsMetadata (in target 'deferred' from project 'deferred')
    cd /Users/admin/builder/spi-builder-workspace/.dependencies/checkouts/deferred
    /Applications/Xcode-27.0.0-Release.Candidate.app/Contents/Developer/Toolchains/XcodeDefault.xctoolchain/usr/bin/appintentsmetadataprocessor --toolchain-dir /var/run/com.apple.security.cryptexd/mnt/com.apple.MobileAsset.MetalToolchain-v27.1.266.1.YR6FYM/Metal.xctoolchain --module-name deferred --sdk-root /Applications/Xcode-27.0.0-Release.Candidate.app/Contents/Developer/Platforms/WatchOS.platform/Developer/SDKs/WatchOS27.0.sdk --xcode-version 27A266a --platform-family watchOS --deployment-target 9.0 --bundle-identifier deferred.deferred --output /Users/admin/builder/spi-builder-workspace/.derivedData/Build/Products/Debug-watchos/deferred.appintents --target-triple arm64-apple-watchos9.0 --target-triple arm64_32-apple-watchos9.0 --binary-file /Users/admin/builder/spi-builder-workspace/.derivedData/Build/Products/Debug-watchos/deferred.o --dependency-file /Users/admin/builder/spi-builder-workspace/.derivedData/Build/Intermediates.noindex/deferred.build/Debug-watchos/deferred-t.build/Objects-normal/arm64/deferred_dependency_info.dat --dependency-file /Users/admin/builder/spi-builder-workspace/.derivedData/Build/Intermediates.noindex/deferred.build/Debug-watchos/deferred-t.build/Objects-normal/arm64_32/deferred_dependency_info.dat --stringsdata-file /Users/admin/builder/spi-builder-workspace/.derivedData/Build/Intermediates.noindex/deferred.build/Debug-watchos/deferred-t.build/Objects-normal/arm64/ExtractedAppShortcutsMetadata.stringsdata --stringsdata-file /Users/admin/builder/spi-builder-workspace/.derivedData/Build/Intermediates.noindex/deferred.build/Debug-watchos/deferred-t.build/Objects-normal/arm64_32/ExtractedAppShortcutsMetadata.stringsdata --source-file-list /Users/admin/builder/spi-builder-workspace/.derivedData/Build/Intermediates.noindex/deferred.build/Debug-watchos/deferred-t.build/Objects-normal/arm64/deferred.SwiftFileList --source-file-list /Users/admin/builder/spi-builder-workspace/.derivedData/Build/Intermediates.noindex/deferred.build/Debug-watchos/deferred-t.build/Objects-normal/arm64_32/deferred.SwiftFileList --metadata-file-list /Users/admin/builder/spi-builder-workspace/.derivedData/Build/Intermediates.noindex/deferred.build/Debug-watchos/deferred-t.build/deferred.DependencyMetadataFileList --static-metadata-file-list /Users/admin/builder/spi-builder-workspace/.derivedData/Build/Intermediates.noindex/deferred.build/Debug-watchos/deferred-t.build/deferred.DependencyStaticMetadataFileList --swift-const-vals-list /Users/admin/builder/spi-builder-workspace/.derivedData/Build/Intermediates.noindex/deferred.build/Debug-watchos/deferred-t.build/Objects-normal/arm64/deferred.SwiftConstValuesFileList --swift-const-vals-list /Users/admin/builder/spi-builder-workspace/.derivedData/Build/Intermediates.noindex/deferred.build/Debug-watchos/deferred-t.build/Objects-normal/arm64_32/deferred.SwiftConstValuesFileList --force --compile-time-extraction --deployment-aware-processing --no-app-shortcuts-localization
2026-09-17 06:31:10.525 appintentsmetadataprocessor[1018:5861] Starting appintentsmetadataprocessor export
2026-09-17 06:31:10.588 appintentsmetadataprocessor[1018:5861] Extracted no relevant App Intents symbols, skipping writing output
SwiftDriver ReactiveStreamsTests normal arm64_32 com.apple.xcode.tools.swift.compiler (in target 'ReactiveStreamsTests-product' from project 'ReactiveStreams')
    cd /Users/admin/builder/spi-builder-workspace/.swiftpm/xcode
    builtin-SwiftDriver -- /Applications/Xcode-27.0.0-Release.Candidate.app/Contents/Developer/Toolchains/XcodeDefault.xctoolchain/usr/bin/swiftc -parse-as-library -module-name ReactiveStreamsTests -Onone @/Users/admin/builder/spi-builder-workspace/.derivedData/Build/Intermediates.noindex/ReactiveStreams.build/Debug-watchos/ReactiveStreamsTests-p.build/Objects-normal/arm64_32/ReactiveStreamsTests.SwiftFileList -DSWIFT_PACKAGE -DDEBUG -Xcc -fmodule-map-file\=/Users/admin/builder/spi-builder-workspace/.derivedData/Build/Intermediates.noindex/GeneratedModuleMaps-watchos/CAtomics.modulemap -DXcode -plugin-path /Applications/Xcode-27.0.0-Release.Candidate.app/Contents/Developer/Toolchains/XcodeDefault.xctoolchain/usr/lib/swift/host/plugins/testing -enable-experimental-feature DebugDescriptionMacro -sdk /Applications/Xcode-27.0.0-Release.Candidate.app/Contents/Developer/Platforms/WatchOS.platform/Developer/SDKs/WatchOS27.0.sdk -target arm64_32-apple-watchos10.0 -g -module-cache-path /Users/admin/builder/spi-builder-workspace/.derivedData/ModuleCache.noindex -Xfrontend -serialize-debugging-options -profile-coverage-mapping -profile-generate -enable-testing -index-store-path /Users/admin/builder/spi-builder-workspace/.derivedData/Index.noindex/DataStore -Xcc -D_LIBCPP_HARDENING_MODE\=_LIBCPP_HARDENING_MODE_DEBUG -swift-version 5 -I /Users/admin/builder/spi-builder-workspace/.derivedData/Build/Products/Debug-watchos -Isystem /Applications/Xcode-27.0.0-Release.Candidate.app/Contents/Developer/Platforms/WatchOS.platform/Developer/usr/lib -F /Users/admin/builder/spi-builder-workspace/.derivedData/Build/Products/Debug-watchos/PackageFrameworks -F /Users/admin/builder/spi-builder-workspace/.derivedData/Build/Products/Debug-watchos -F /Applications/Xcode-27.0.0-Release.Candidate.app/Contents/Developer/Platforms/WatchOS.platform/Developer/Library/Frameworks -F /Applications/Xcode-27.0.0-Release.Candidate.app/Contents/Developer/Platforms/WatchOS.platform/Developer/SDKs/WatchOS27.0.sdk/Developer/Library/Frameworks -c -j10 -enable-batch-mode -incremental -Xcc -ivfsstatcache -Xcc /Users/admin/builder/spi-builder-workspace/.derivedData/SDKStatCaches.noindex/watchos27.0-24R360-e829b21a6f8c9b70876ba0858053c04477534ef55a1706bf4c1112bbb242f0a2.sdkstatcache -output-file-map /Users/admin/builder/spi-builder-workspace/.derivedData/Build/Intermediates.noindex/ReactiveStreams.build/Debug-watchos/ReactiveStreamsTests-p.build/Objects-normal/arm64_32/ReactiveStreamsTests-OutputFileMap.json -save-temps -no-color-diagnostics -explicit-module-build -module-cache-path /Users/admin/builder/spi-builder-workspace/.derivedData/Build/Intermediates.noindex/SwiftExplicitPrecompiledModules -clang-scanner-module-cache-path /Users/admin/builder/spi-builder-workspace/.derivedData/ModuleCache.noindex -sdk-module-cache-path /Users/admin/builder/spi-builder-workspace/.derivedData/SDKExplicitPrecompiledModules -emit-dependencies -emit-module -emit-module-path /Users/admin/builder/spi-builder-workspace/.derivedData/Build/Intermediates.noindex/ReactiveStreams.build/Debug-watchos/ReactiveStreamsTests-p.build/Objects-normal/arm64_32/ReactiveStreamsTests.swiftmodule -serialize-diagnostics -dependency-scan-serialize-diagnostics-path /Users/admin/builder/spi-builder-workspace/.derivedData/Build/Intermediates.noindex/ReactiveStreams.build/Debug-watchos/ReactiveStreamsTests-p.build/Objects-normal/arm64_32/ReactiveStreamsTests-dependency-scan.dia -validate-clang-modules-once -clang-build-session-file /Users/admin/builder/spi-builder-workspace/.derivedData/ModuleCache.noindex/Session.modulevalidation -Xcc -fmodules-prune-interval\=86400 -Xcc -fmodules-prune-after\=345600 -emit-const-values -const-gather-protocols-list /Users/admin/builder/spi-builder-workspace/.derivedData/Build/Intermediates.noindex/ReactiveStreams.build/Debug-watchos/ReactiveStreamsTests-p.build/Objects-normal/arm64_32/ReactiveStreamsTests_const_extract_protocols.json -Xcc -I/Users/admin/builder/spi-builder-workspace/.dependencies/checkouts/CAtomics/Sources/CAtomics/include -Xcc -I/Users/admin/builder/spi-builder-workspace/.derivedData/Build/Products/Debug-watchos/include -Xcc -I/Users/admin/builder/spi-builder-workspace/.derivedData/Build/Intermediates.noindex/ReactiveStreams.build/Debug-watchos/ReactiveStreamsTests-p.build/DerivedSources-normal/arm64_32 -Xcc -I/Users/admin/builder/spi-builder-workspace/.derivedData/Build/Intermediates.noindex/ReactiveStreams.build/Debug-watchos/ReactiveStreamsTests-p.build/DerivedSources/arm64_32 -Xcc -I/Users/admin/builder/spi-builder-workspace/.derivedData/Build/Intermediates.noindex/ReactiveStreams.build/Debug-watchos/ReactiveStreamsTests-p.build/DerivedSources -Xcc -DSWIFT_PACKAGE -Xcc -DDEBUG\=1 -working-directory /Users/admin/builder/spi-builder-workspace/.swiftpm/xcode -experimental-emit-module-separately -disable-cmo
SwiftDriver ReactiveStreamsTests normal arm64 com.apple.xcode.tools.swift.compiler (in target 'ReactiveStreamsTests-product' from project 'ReactiveStreams')
    cd /Users/admin/builder/spi-builder-workspace/.swiftpm/xcode
    builtin-SwiftDriver -- /Applications/Xcode-27.0.0-Release.Candidate.app/Contents/Developer/Toolchains/XcodeDefault.xctoolchain/usr/bin/swiftc -parse-as-library -module-name ReactiveStreamsTests -Onone @/Users/admin/builder/spi-builder-workspace/.derivedData/Build/Intermediates.noindex/ReactiveStreams.build/Debug-watchos/ReactiveStreamsTests-p.build/Objects-normal/arm64/ReactiveStreamsTests.SwiftFileList -DSWIFT_PACKAGE -DDEBUG -Xcc -fmodule-map-file\=/Users/admin/builder/spi-builder-workspace/.derivedData/Build/Intermediates.noindex/GeneratedModuleMaps-watchos/CAtomics.modulemap -DXcode -plugin-path /Applications/Xcode-27.0.0-Release.Candidate.app/Contents/Developer/Toolchains/XcodeDefault.xctoolchain/usr/lib/swift/host/plugins/testing -enable-experimental-feature DebugDescriptionMacro -sdk /Applications/Xcode-27.0.0-Release.Candidate.app/Contents/Developer/Platforms/WatchOS.platform/Developer/SDKs/WatchOS27.0.sdk -target arm64-apple-watchos10.0 -g -module-cache-path /Users/admin/builder/spi-builder-workspace/.derivedData/ModuleCache.noindex -Xfrontend -serialize-debugging-options -profile-coverage-mapping -profile-generate -enable-testing -index-store-path /Users/admin/builder/spi-builder-workspace/.derivedData/Index.noindex/DataStore -Xcc -D_LIBCPP_HARDENING_MODE\=_LIBCPP_HARDENING_MODE_DEBUG -swift-version 5 -I /Users/admin/builder/spi-builder-workspace/.derivedData/Build/Products/Debug-watchos -Isystem /Applications/Xcode-27.0.0-Release.Candidate.app/Contents/Developer/Platforms/WatchOS.platform/Developer/usr/lib -F /Users/admin/builder/spi-builder-workspace/.derivedData/Build/Products/Debug-watchos/PackageFrameworks -F /Users/admin/builder/spi-builder-workspace/.derivedData/Build/Products/Debug-watchos -F /Applications/Xcode-27.0.0-Release.Candidate.app/Contents/Developer/Platforms/WatchOS.platform/Developer/Library/Frameworks -F /Applications/Xcode-27.0.0-Release.Candidate.app/Contents/Developer/Platforms/WatchOS.platform/Developer/SDKs/WatchOS27.0.sdk/Developer/Library/Frameworks -c -j10 -enable-batch-mode -incremental -Xcc -ivfsstatcache -Xcc /Users/admin/builder/spi-builder-workspace/.derivedData/SDKStatCaches.noindex/watchos27.0-24R360-e829b21a6f8c9b70876ba0858053c04477534ef55a1706bf4c1112bbb242f0a2.sdkstatcache -output-file-map /Users/admin/builder/spi-builder-workspace/.derivedData/Build/Intermediates.noindex/ReactiveStreams.build/Debug-watchos/ReactiveStreamsTests-p.build/Objects-normal/arm64/ReactiveStreamsTests-OutputFileMap.json -save-temps -no-color-diagnostics -explicit-module-build -module-cache-path /Users/admin/builder/spi-builder-workspace/.derivedData/Build/Intermediates.noindex/SwiftExplicitPrecompiledModules -clang-scanner-module-cache-path /Users/admin/builder/spi-builder-workspace/.derivedData/ModuleCache.noindex -sdk-module-cache-path /Users/admin/builder/spi-builder-workspace/.derivedData/SDKExplicitPrecompiledModules -emit-dependencies -emit-module -emit-module-path /Users/admin/builder/spi-builder-workspace/.derivedData/Build/Intermediates.noindex/ReactiveStreams.build/Debug-watchos/ReactiveStreamsTests-p.build/Objects-normal/arm64/ReactiveStreamsTests.swiftmodule -serialize-diagnostics -dependency-scan-serialize-diagnostics-path /Users/admin/builder/spi-builder-workspace/.derivedData/Build/Intermediates.noindex/ReactiveStreams.build/Debug-watchos/ReactiveStreamsTests-p.build/Objects-normal/arm64/ReactiveStreamsTests-dependency-scan.dia -validate-clang-modules-once -clang-build-session-file /Users/admin/builder/spi-builder-workspace/.derivedData/ModuleCache.noindex/Session.modulevalidation -Xcc -fmodules-prune-interval\=86400 -Xcc -fmodules-prune-after\=345600 -emit-const-values -const-gather-protocols-list /Users/admin/builder/spi-builder-workspace/.derivedData/Build/Intermediates.noindex/ReactiveStreams.build/Debug-watchos/ReactiveStreamsTests-p.build/Objects-normal/arm64/ReactiveStreamsTests_const_extract_protocols.json -Xcc -I/Users/admin/builder/spi-builder-workspace/.dependencies/checkouts/CAtomics/Sources/CAtomics/include -Xcc -I/Users/admin/builder/spi-builder-workspace/.derivedData/Build/Products/Debug-watchos/include -Xcc -I/Users/admin/builder/spi-builder-workspace/.derivedData/Build/Intermediates.noindex/ReactiveStreams.build/Debug-watchos/ReactiveStreamsTests-p.build/DerivedSources-normal/arm64 -Xcc -I/Users/admin/builder/spi-builder-workspace/.derivedData/Build/Intermediates.noindex/ReactiveStreams.build/Debug-watchos/ReactiveStreamsTests-p.build/DerivedSources/arm64 -Xcc -I/Users/admin/builder/spi-builder-workspace/.derivedData/Build/Intermediates.noindex/ReactiveStreams.build/Debug-watchos/ReactiveStreamsTests-p.build/DerivedSources -Xcc -DSWIFT_PACKAGE -Xcc -DDEBUG\=1 -working-directory /Users/admin/builder/spi-builder-workspace/.swiftpm/xcode -experimental-emit-module-separately -disable-cmo
SwiftCompile normal arm64 Compiling\ stream-filter.swift,\ stream-final.swift,\ stream-limited.swift /Users/admin/builder/spi-builder-workspace/Sources/ReactiveStreams/stream-filter.swift /Users/admin/builder/spi-builder-workspace/Sources/ReactiveStreams/stream-final.swift /Users/admin/builder/spi-builder-workspace/Sources/ReactiveStreams/stream-limited.swift (in target 'ReactiveStreams' from project 'ReactiveStreams')
SwiftCompile normal arm64 /Users/admin/builder/spi-builder-workspace/Sources/ReactiveStreams/stream-filter.swift (in target 'ReactiveStreams' from project 'ReactiveStreams')
    cd /Users/admin/builder/spi-builder-workspace/.swiftpm/xcode
    builtin-SwiftPerFileCompile stream-filter.swift
SwiftCompile normal arm64 /Users/admin/builder/spi-builder-workspace/Sources/ReactiveStreams/stream-final.swift (in target 'ReactiveStreams' from project 'ReactiveStreams')
    cd /Users/admin/builder/spi-builder-workspace/.swiftpm/xcode
    builtin-SwiftPerFileCompile stream-final.swift
SwiftCompile normal arm64 /Users/admin/builder/spi-builder-workspace/Sources/ReactiveStreams/stream-limited.swift (in target 'ReactiveStreams' from project 'ReactiveStreams')
    cd /Users/admin/builder/spi-builder-workspace/.swiftpm/xcode
    builtin-SwiftPerFileCompile stream-limited.swift
SwiftCompile normal arm64 Compiling\ stream-map.swift,\ stream-merge.swift,\ stream-next.swift /Users/admin/builder/spi-builder-workspace/Sources/ReactiveStreams/stream-map.swift /Users/admin/builder/spi-builder-workspace/Sources/ReactiveStreams/stream-merge.swift /Users/admin/builder/spi-builder-workspace/Sources/ReactiveStreams/stream-next.swift (in target 'ReactiveStreams' from project 'ReactiveStreams')
SwiftCompile normal arm64 /Users/admin/builder/spi-builder-workspace/Sources/ReactiveStreams/stream-map.swift (in target 'ReactiveStreams' from project 'ReactiveStreams')
    cd /Users/admin/builder/spi-builder-workspace/.swiftpm/xcode
    builtin-SwiftPerFileCompile stream-map.swift
SwiftCompile normal arm64 /Users/admin/builder/spi-builder-workspace/Sources/ReactiveStreams/stream-merge.swift (in target 'ReactiveStreams' from project 'ReactiveStreams')
    cd /Users/admin/builder/spi-builder-workspace/.swiftpm/xcode
    builtin-SwiftPerFileCompile stream-merge.swift
SwiftCompile normal arm64 /Users/admin/builder/spi-builder-workspace/Sources/ReactiveStreams/stream-next.swift (in target 'ReactiveStreams' from project 'ReactiveStreams')
    cd /Users/admin/builder/spi-builder-workspace/.swiftpm/xcode
    builtin-SwiftPerFileCompile stream-next.swift
SwiftCompile normal arm64 Compiling\ stream-substream.swift,\ stream-timer.swift /Users/admin/builder/spi-builder-workspace/Sources/ReactiveStreams/stream-substream.swift /Users/admin/builder/spi-builder-workspace/Sources/ReactiveStreams/stream-timer.swift (in target 'ReactiveStreams' from project 'ReactiveStreams')
SwiftCompile normal arm64 /Users/admin/builder/spi-builder-workspace/Sources/ReactiveStreams/stream-substream.swift (in target 'ReactiveStreams' from project 'ReactiveStreams')
    cd /Users/admin/builder/spi-builder-workspace/.swiftpm/xcode
    builtin-SwiftPerFileCompile stream-substream.swift
SwiftCompile normal arm64 /Users/admin/builder/spi-builder-workspace/Sources/ReactiveStreams/stream-timer.swift (in target 'ReactiveStreams' from project 'ReactiveStreams')
    cd /Users/admin/builder/spi-builder-workspace/.swiftpm/xcode
    builtin-SwiftPerFileCompile stream-timer.swift
SwiftEmitModule normal arm64_32 Emitting\ module\ for\ ReactiveStreams (in target 'ReactiveStreams' from project 'ReactiveStreams')
SwiftCompile normal arm64_32 (in target 'ReactiveStreams' from project 'ReactiveStreams')
    cd /Users/admin/builder/spi-builder-workspace/.swiftpm/xcode

SwiftCompile normal arm64_32 Compiling\ stream-post.swift /Users/admin/builder/spi-builder-workspace/Sources/ReactiveStreams/stream-post.swift (in target 'ReactiveStreams' from project 'ReactiveStreams')
SwiftCompile normal arm64_32 /Users/admin/builder/spi-builder-workspace/Sources/ReactiveStreams/stream-post.swift (in target 'ReactiveStreams' from project 'ReactiveStreams')
    cd /Users/admin/builder/spi-builder-workspace/.swiftpm/xcode
    builtin-SwiftPerFileCompile stream-post.swift
SwiftEmitModule normal arm64 Emitting\ module\ for\ ReactiveStreams (in target 'ReactiveStreams' from project 'ReactiveStreams')
SwiftCompile normal arm64 (in target 'ReactiveStreams' from project 'ReactiveStreams')
    cd /Users/admin/builder/spi-builder-workspace/.swiftpm/xcode

SwiftCompile normal arm64 Compiling\ stream-skip.swift,\ stream-split.swift /Users/admin/builder/spi-builder-workspace/Sources/ReactiveStreams/stream-skip.swift /Users/admin/builder/spi-builder-workspace/Sources/ReactiveStreams/stream-split.swift (in target 'ReactiveStreams' from project 'ReactiveStreams')
SwiftCompile normal arm64 /Users/admin/builder/spi-builder-workspace/Sources/ReactiveStreams/stream-skip.swift (in target 'ReactiveStreams' from project 'ReactiveStreams')
    cd /Users/admin/builder/spi-builder-workspace/.swiftpm/xcode
    builtin-SwiftPerFileCompile stream-skip.swift
SwiftCompile normal arm64 /Users/admin/builder/spi-builder-workspace/Sources/ReactiveStreams/stream-split.swift (in target 'ReactiveStreams' from project 'ReactiveStreams')
    cd /Users/admin/builder/spi-builder-workspace/.swiftpm/xcode
    builtin-SwiftPerFileCompile stream-split.swift
SwiftCompile normal arm64_32 Compiling\ validated-queue.swift /Users/admin/builder/spi-builder-workspace/Sources/ReactiveStreams/validated-queue.swift (in target 'ReactiveStreams' from project 'ReactiveStreams')
/Users/admin/builder/spi-builder-workspace/Sources/ReactiveStreams/validated-queue.swift:15:50: warning: static property 'current' cannot be used in a default argument value because 'CurrentQoS' was not imported by this file; this is an error in the Swift 6 language mode
13 |   let queue: DispatchQueue
14 |
15 |   public init(label: String, qos: DispatchQoS = .current)
   |                                                  |- warning: static property 'current' cannot be used in a default argument value because 'CurrentQoS' was not imported by this file; this is an error in the Swift 6 language mode
   |                                                  `- note: The missing import of module 'CurrentQoS' will be added implicitly
16 |   {
17 |     self.queue = DispatchQueue(label: label+"-\(qos.qosClass)", qos: qos)
/Users/admin/builder/spi-builder-workspace/Sources/ReactiveStreams/validated-queue.swift:23:18: error: 'OS_dispatch_queue_serial' has been renamed to 'DispatchSerialQueue'
21 |   {
22 | #if (os(macOS) || os(iOS) || os(tvOS) || os(watchOS))
23 |     if target is OS_dispatch_queue_serial
   |                  `- error: 'OS_dispatch_queue_serial' has been renamed to 'DispatchSerialQueue'
24 |     {
25 |       self.queue = target
/Applications/Xcode-27.0.0-Release.Candidate.app/Contents/Developer/Platforms/WatchOS.platform/Developer/SDKs/WatchOS27.0.sdk/usr/include/dispatch/queue.h:149:1: note: 'OS_dispatch_queue_serial' was obsoleted in Swift 3
 147 |  */
 148 | API_AVAILABLE(macos(10.14), ios(12.0), tvos(12.0), watchos(5.0))
 149 | DISPATCH_DECL_SERIAL_EXECUTOR_SWIFT(dispatch_queue_serial, DispatchSerialQueue);
     | `- note: 'OS_dispatch_queue_serial' was obsoleted in Swift 3
 150 |
 151 | /*!
Failed frontend command:
/Applications/Xcode-27.0.0-Release.Candidate.app/Contents/Developer/Toolchains/XcodeDefault.xctoolchain/usr/bin/swift-frontend -frontend -c /Users/admin/builder/spi-builder-workspace/Sources/ReactiveStreams/deferred-final.swift /Users/admin/builder/spi-builder-workspace/Sources/ReactiveStreams/deferred-next.swift /Users/admin/builder/spi-builder-workspace/Sources/ReactiveStreams/deferred-stream.swift /Users/admin/builder/spi-builder-workspace/Sources/ReactiveStreams/deferred-subscriber.swift /Users/admin/builder/spi-builder-workspace/Sources/ReactiveStreams/event.swift /Users/admin/builder/spi-builder-workspace/Sources/ReactiveStreams/publisher.swift /Users/admin/builder/spi-builder-workspace/Sources/ReactiveStreams/stream-filter.swift /Users/admin/builder/spi-builder-workspace/Sources/ReactiveStreams/stream-final.swift /Users/admin/builder/spi-builder-workspace/Sources/ReactiveStreams/stream-limited.swift /Users/admin/builder/spi-builder-workspace/Sources/ReactiveStreams/stream-map.swift /Users/admin/builder/spi-builder-workspace/Sources/ReactiveStreams/stream-merge.swift /Users/admin/builder/spi-builder-workspace/Sources/ReactiveStreams/stream-next.swift /Users/admin/builder/spi-builder-workspace/Sources/ReactiveStreams/stream-notifications.swift /Users/admin/builder/spi-builder-workspace/Sources/ReactiveStreams/stream-notifier.swift /Users/admin/builder/spi-builder-workspace/Sources/ReactiveStreams/stream-onrequest.swift /Users/admin/builder/spi-builder-workspace/Sources/ReactiveStreams/stream-paused.swift /Users/admin/builder/spi-builder-workspace/Sources/ReactiveStreams/stream-post.swift /Users/admin/builder/spi-builder-workspace/Sources/ReactiveStreams/stream-reduce.swift /Users/admin/builder/spi-builder-workspace/Sources/ReactiveStreams/stream-skip.swift /Users/admin/builder/spi-builder-workspace/Sources/ReactiveStreams/stream-split.swift /Users/admin/builder/spi-builder-workspace/Sources/ReactiveStreams/stream-substream.swift /Users/admin/builder/spi-builder-workspace/Sources/ReactiveStreams/stream-timer.swift /Users/admin/builder/spi-builder-workspace/Sources/ReactiveStreams/stream.swift /Users/admin/builder/spi-builder-workspace/Sources/ReactiveStreams/subscriber.swift /Users/admin/builder/spi-builder-workspace/Sources/ReactiveStreams/subscription.swift -primary-file /Users/admin/builder/spi-builder-workspace/Sources/ReactiveStreams/validated-queue.swift -emit-dependencies-path /Users/admin/builder/spi-builder-workspace/.derivedData/Build/Intermediates.noindex/ReactiveStreams.build/Debug-watchos/ReactiveStreams-t.build/Objects-normal/arm64_32/validated-queue.d -emit-const-values-path /Users/admin/builder/spi-builder-workspace/.derivedData/Build/Intermediates.noindex/ReactiveStreams.build/Debug-watchos/ReactiveStreams-t.build/Objects-normal/arm64_32/validated-queue.swiftconstvalues -emit-reference-dependencies-path /Users/admin/builder/spi-builder-workspace/.derivedData/Build/Intermediates.noindex/ReactiveStreams.build/Debug-watchos/ReactiveStreams-t.build/Objects-normal/arm64_32/validated-queue.swiftdeps -serialize-diagnostics-path /Users/admin/builder/spi-builder-workspace/.derivedData/Build/Intermediates.noindex/ReactiveStreams.build/Debug-watchos/ReactiveStreams-t.build/Objects-normal/arm64_32/validated-queue.dia -target arm64_32-apple-watchos9.0 -disable-cross-import-overlay-search -swift-module-cross-import Darwin /Applications/Xcode-27.0.0-Release.Candidate.app/Contents/Developer/Platforms/WatchOS.platform/Developer/SDKs/WatchOS.sdk/usr/include/Darwin.swiftcrossimport/xlocale.swiftoverlay -load-resolved-plugin /Applications/Xcode-27.0.0-Release.Candidate.app/Contents/Developer/Platforms/WatchOS.platform/Developer/usr/lib/swift/host/plugins/libFoundationMacros.dylib\#/Applications/Xcode-27.0.0-Release.Candidate.app/Contents/Developer/Platforms/WatchOS.platform/Developer/usr/bin/swift-plugin-server\#FoundationMacros -load-resolved-plugin /Applications/Xcode-27.0.0-Release.Candidate.app/Contents/Developer/Platforms/WatchOS.platform/Developer/usr/lib/swift/host/plugins/libObservationMacros.dylib\#/Applications/Xcode-27.0.0-Release.Candidate.app/Contents/Developer/Platforms/WatchOS.platform/Developer/usr/bin/swift-plugin-server\#ObservationMacros -load-resolved-plugin /Applications/Xcode-27.0.0-Release.Candidate.app/Contents/Developer/Platforms/WatchOS.platform/Developer/usr/lib/swift/host/plugins/libSwiftMacros.dylib\#/Applications/Xcode-27.0.0-Release.Candidate.app/Contents/Developer/Platforms/WatchOS.platform/Developer/usr/bin/swift-plugin-server\#SwiftMacros -disable-implicit-swift-modules -Xcc -fno-implicit-modules -Xcc -fno-implicit-module-maps -explicit-swift-module-map-file /Users/admin/builder/spi-builder-workspace/.derivedData/Build/Intermediates.noindex/ReactiveStreams.build/Debug-watchos/ReactiveStreams-t.build/Objects-normal/arm64_32/ReactiveStreams-dependencies-1.json -enable-objc-interop -sdk /Applications/Xcode-27.0.0-Release.Candidate.app/Contents/Developer/Platforms/WatchOS.platform/Developer/SDKs/WatchOS27.0.sdk -I /Users/admin/builder/spi-builder-workspace/.derivedData/Build/Products/Debug-watchos -Isystem /Applications/Xcode-27.0.0-Release.Candidate.app/Contents/Developer/Platforms/WatchOS.platform/Developer/usr/lib -F /Users/admin/builder/spi-builder-workspace/.derivedData/Build/Products/Debug-watchos/PackageFrameworks -F /Users/admin/builder/spi-builder-workspace/.derivedData/Build/Products/Debug-watchos -F /Applications/Xcode-27.0.0-Release.Candidate.app/Contents/Developer/Platforms/WatchOS.platform/Developer/Library/Frameworks -F /Applications/Xcode-27.0.0-Release.Candidate.app/Contents/Developer/Platforms/WatchOS.platform/Developer/SDKs/WatchOS27.0.sdk/Developer/Library/Frameworks -module-cache-path /Users/admin/builder/spi-builder-workspace/.derivedData/Build/Intermediates.noindex/SwiftExplicitPrecompiledModules -no-color-diagnostics -Xcc -fno-color-diagnostics -enable-testing -g -debug-info-format\=dwarf -dwarf-version\=4 -profile-generate -profile-coverage-mapping -swift-version 5 -Onone -D SWIFT_PACKAGE -D DEBUG -D SWIFT_MODULE_RESOURCE_BUNDLE_UNAVAILABLE -D Xcode -serialize-debugging-options -enable-experimental-feature DebugDescriptionMacro -empty-abi-descriptor -validate-clang-modules-once -clang-build-session-file /Users/admin/builder/spi-builder-workspace/.derivedData/ModuleCache.noindex/Session.modulevalidation -Xcc -working-directory -Xcc /Users/admin/builder/spi-builder-workspace/.swiftpm/xcode -enable-anonymous-context-mangled-names -file-compilation-dir /Users/admin/builder/spi-builder-workspace/.swiftpm/xcode -Xcc -fmodule-map-file\=/Users/admin/builder/spi-builder-workspace/.derivedData/Build/Intermediates.noindex/GeneratedModuleMaps-watchos/CAtomics.modulemap -Xcc -D_LIBCPP_HARDENING_MODE\=_LIBCPP_HARDENING_MODE_DEBUG -Xcc -ivfsstatcache -Xcc /Users/admin/builder/spi-builder-workspace/.derivedData/SDKStatCaches.noindex/watchos27.0-24R360-e829b21a6f8c9b70876ba0858053c04477534ef55a1706bf4c1112bbb242f0a2.sdkstatcache -Xcc -fmodules-prune-interval\=86400 -Xcc -fmodules-prune-after\=345600 -Xcc -I/Users/admin/builder/spi-builder-workspace/.dependencies/checkouts/CAtomics/Sources/CAtomics/include -Xcc -I/Users/admin/builder/spi-builder-workspace/.derivedData/Build/Products/Debug-watchos/include -Xcc -I/Users/admin/builder/spi-builder-workspace/.derivedData/Build/Intermediates.noindex/ReactiveStreams.build/Debug-watchos/ReactiveStreams-t.build/DerivedSources-normal/arm64_32 -Xcc -I/Users/admin/builder/spi-builder-workspace/.derivedData/Build/Intermediates.noindex/ReactiveStreams.build/Debug-watchos/ReactiveStreams-t.build/DerivedSources/arm64_32 -Xcc -I/Users/admin/builder/spi-builder-workspace/.derivedData/Build/Intermediates.noindex/ReactiveStreams.build/Debug-watchos/ReactiveStreams-t.build/DerivedSources -Xcc -DSWIFT_PACKAGE -Xcc -DDEBUG\=1 -no-auto-bridging-header-chaining -module-name ReactiveStreams -const-gather-protocols-file /Users/admin/builder/spi-builder-workspace/.derivedData/Build/Intermediates.noindex/ReactiveStreams.build/Debug-watchos/ReactiveStreams-t.build/Objects-normal/arm64_32/ReactiveStreams_const_extract_protocols.json -disable-clang-spi -clang-target arm64_32-apple-watchos27.0 -target-sdk-version 27.0 -target-sdk-name watchos27.0 -in-process-plugin-server-path /Applications/Xcode-27.0.0-Release.Candidate.app/Contents/Developer/Toolchains/XcodeDefault.xctoolchain/usr/lib/swift/host/libSwiftInProcPluginServer.dylib -parse-as-library -o /Users/admin/builder/spi-builder-workspace/.derivedData/Build/Intermediates.noindex/ReactiveStreams.build/Debug-watchos/ReactiveStreams-t.build/Objects-normal/arm64_32/validated-queue.o -debug-module-path /Users/admin/builder/spi-builder-workspace/.derivedData/Build/Intermediates.noindex/ReactiveStreams.build/Debug-watchos/ReactiveStreams-t.build/Objects-normal/arm64_32/ReactiveStreams.swiftmodule -index-unit-output-path /ReactiveStreams.build/Debug-watchos/ReactiveStreams-t.build/Objects-normal/arm64_32/validated-queue.o -index-store-path /Users/admin/builder/spi-builder-workspace/.derivedData/Index.noindex/DataStore -index-system-modules
SwiftCompile normal arm64_32 /Users/admin/builder/spi-builder-workspace/Sources/ReactiveStreams/validated-queue.swift (in target 'ReactiveStreams' from project 'ReactiveStreams')
    cd /Users/admin/builder/spi-builder-workspace/.swiftpm/xcode
    builtin-SwiftPerFileCompile validated-queue.swift
SwiftCompile normal arm64 Compiling\ stream.swift,\ subscriber.swift /Users/admin/builder/spi-builder-workspace/Sources/ReactiveStreams/stream.swift /Users/admin/builder/spi-builder-workspace/Sources/ReactiveStreams/subscriber.swift (in target 'ReactiveStreams' from project 'ReactiveStreams')
SwiftCompile normal arm64 /Users/admin/builder/spi-builder-workspace/Sources/ReactiveStreams/stream.swift (in target 'ReactiveStreams' from project 'ReactiveStreams')
    cd /Users/admin/builder/spi-builder-workspace/.swiftpm/xcode
    builtin-SwiftPerFileCompile stream.swift
SwiftCompile normal arm64 /Users/admin/builder/spi-builder-workspace/Sources/ReactiveStreams/subscriber.swift (in target 'ReactiveStreams' from project 'ReactiveStreams')
    cd /Users/admin/builder/spi-builder-workspace/.swiftpm/xcode
    builtin-SwiftPerFileCompile subscriber.swift
PruneExplicitPrecompiledModules /Users/admin/builder/spi-builder-workspace/.derivedData/Build/Intermediates.noindex/ExplicitPrecompiledModules
PruneExplicitPrecompiledModules /Users/admin/builder/spi-builder-workspace/.derivedData/Build/Intermediates.noindex/SwiftExplicitPrecompiledModules
PruneExplicitPrecompiledModules /Users/admin/builder/spi-builder-workspace/.derivedData/SDKExplicitPrecompiledModules
2026-09-17 06:31:09.649 xcodebuild[1015:5818] [MT] IDERunDestination: Supported platforms for the buildables in the current scheme is empty.
2026-09-17 06:31:09.753 xcodebuild[1015:5818] [MT] IDERunDestination: Supported platforms for the buildables in the current scheme is empty.
** BUILD FAILED **
The following build commands failed:
	SwiftCompile normal arm64_32 Compiling\ validated-queue.swift /Users/admin/builder/spi-builder-workspace/Sources/ReactiveStreams/validated-queue.swift (in target 'ReactiveStreams' from project 'ReactiveStreams')
	SwiftCompile normal arm64_32 /Users/admin/builder/spi-builder-workspace/Sources/ReactiveStreams/validated-queue.swift (in target 'ReactiveStreams' from project 'ReactiveStreams')
	Building workspace ReactiveStreams with scheme ReactiveStreams
(3 failures)
BUILD FAILURE 6.4 watchOS