The Swift Package Index logo.Swift Package Index

Build Information

Failed to build SwiftSetlistFM, reference main (61806e), with Swift 6.4 for Wasm on 19 Sep 2026 08:24:34 UTC.

Build Command

bash -c docker run --pull=always --rm -v "checkouts-54344844-2":/host -w "$PWD" -e JAVA_HOME="/root/.sdkman/candidates/java/current" -e SPI_BUILD="1" -e SPI_PROCESSING="1" registry.gitlab.com/saguaro1/spi-images:wasm-6.4-latest swift build --swift-sdk swift-6.4.x-DEVELOPMENT-SNAPSHOT-2026-09-04-a_wasm 2>&1

Build Log

========================================
RunAll
========================================
Builder version: 5.1.0
Interrupt handler set up.
========================================
Checkout
========================================
Clone URL: https://github.com/bdh777psu/SwiftSetlistFM.git
Reference: main
Initialized empty Git repository in /host/spi-builder-workspace/.git/
hint: Using 'master' as the name for the initial branch. This default branch name
hint: is subject to change. To configure the initial branch name to use in all
hint: of your new repositories, which will suppress this warning, call:
hint:
hint: 	git config --global init.defaultBranch <name>
hint:
hint: Names commonly chosen instead of 'master' are 'main', 'trunk' and
hint: 'development'. The just-created branch can be renamed via this command:
hint:
hint: 	git branch -m <name>
From https://github.com/bdh777psu/SwiftSetlistFM
 * branch            main       -> FETCH_HEAD
 * [new branch]      main       -> origin/main
HEAD is now at 61806e4 Update README.md
Cloned https://github.com/bdh777psu/SwiftSetlistFM.git
Revision (git rev-parse @):
61806e47463b58b1bf78105f45bed5392ccf83f6
SUCCESS checkout https://github.com/bdh777psu/SwiftSetlistFM.git at main
========================================
Build
========================================
Selected platform:         wasm
Swift version:             6.4
Building package at path:  $PWD
https://github.com/bdh777psu/SwiftSetlistFM.git
Running build ...
bash -c docker run --pull=always --rm -v "checkouts-54344844-2":/host -w "$PWD" -e JAVA_HOME="/root/.sdkman/candidates/java/current" -e SPI_BUILD="1" -e SPI_PROCESSING="1" registry.gitlab.com/saguaro1/spi-images:wasm-6.4-latest swift build --swift-sdk swift-6.4.x-DEVELOPMENT-SNAPSHOT-2026-09-04-a_wasm 2>&1
wasm-6.4-latest: Pulling from saguaro1/spi-images
Digest: sha256:4328fdb43c680d205c1d6761b1e3267aa38277eefdda9ddfb17b6a0f1a77857a
Status: Image is up to date for registry.gitlab.com/saguaro1/spi-images:wasm-6.4-latest
Fetching https://github.com/apple/swift-openapi-runtime
Fetching https://github.com/apple/swift-openapi-urlsession
[1/1179] Fetching swift-openapi-urlsession
[1180/8117] Fetching swift-openapi-urlsession, swift-openapi-runtime
Fetching https://github.com/apple/swift-openapi-generator
Fetched https://github.com/apple/swift-openapi-urlsession (0.55s)
Fetched https://github.com/apple/swift-openapi-runtime (0.55s)
[1/18382] Fetching swift-openapi-generator
Fetched https://github.com/apple/swift-openapi-generator (0.91s)
Computing version for https://github.com/apple/swift-openapi-urlsession
Computed https://github.com/apple/swift-openapi-urlsession at 0.1.3 (2.83s)
Computing version for https://github.com/apple/swift-openapi-runtime
Computed https://github.com/apple/swift-openapi-runtime at 0.1.11 (0.16s)
Computing version for https://github.com/apple/swift-openapi-generator
Computed https://github.com/apple/swift-openapi-generator at 0.1.13 (0.24s)
Fetching https://github.com/apple/swift-format.git
Fetching https://github.com/apple/swift-argument-parser.git
Fetching https://github.com/apple/swift-syntax.git
Fetching https://github.com/jpsim/Yams.git
Fetching https://github.com/mattpolzin/OpenAPIKit.git
Fetching https://github.com/apple/swift-algorithms
[1/6145] Fetching swift-algorithms
[1292/18006] Fetching swift-algorithms, yams
[6502/33010] Fetching swift-algorithms, yams, swift-format
Fetched https://github.com/apple/swift-algorithms (0.58s)
[1613/26865] Fetching yams, swift-format
[6948/45783] Fetching yams, swift-format, swift-argument-parser
[45784/125766] Fetching yams, swift-format, swift-argument-parser, swift-syntax
[47384/300933] Fetching yams, swift-format, swift-argument-parser, swift-syntax, openapikit
Fetched https://github.com/jpsim/Yams.git (1.45s)
[47177/289072] Fetching swift-format, swift-argument-parser, swift-syntax, openapikit
Fetched https://github.com/apple/swift-argument-parser.git (5.10s)
Fetched https://github.com/apple/swift-format.git (5.10s)
Fetched https://github.com/apple/swift-syntax.git (5.12s)
Fetched https://github.com/mattpolzin/OpenAPIKit.git (6.41s)
Computing version for https://github.com/apple/swift-format.git
Computed https://github.com/apple/swift-format.git at 508.0.1 (6.69s)
Fetching https://github.com/apple/swift-tools-support-core.git
[1/7397] Fetching swift-tools-support-core
Fetched https://github.com/apple/swift-tools-support-core.git (0.60s)
Computing version for https://github.com/apple/swift-syntax.git
Computed https://github.com/apple/swift-syntax.git at 508.0.1 (0.86s)
Computing version for https://github.com/apple/swift-algorithms
Computed https://github.com/apple/swift-algorithms at 1.2.1 (0.18s)
Fetching https://github.com/apple/swift-numerics.git
[1/6636] Fetching swift-numerics
Fetched https://github.com/apple/swift-numerics.git (0.68s)
Computing version for https://github.com/apple/swift-numerics.git
Computed https://github.com/apple/swift-numerics.git at 1.1.1 (0.87s)
Computing version for https://github.com/apple/swift-tools-support-core.git
Computed https://github.com/apple/swift-tools-support-core.git at 0.8.0 (0.26s)
Computing version for https://github.com/jpsim/Yams.git
Computed https://github.com/jpsim/Yams.git at 5.4.0 (0.18s)
Computing version for https://github.com/apple/swift-argument-parser.git
Computed https://github.com/apple/swift-argument-parser.git at 1.8.2 (0.20s)
Computing version for https://github.com/mattpolzin/OpenAPIKit.git
Computed https://github.com/mattpolzin/OpenAPIKit.git at 3.0.0-beta.2 (0.22s)
Creating working copy for https://github.com/apple/swift-syntax.git
Working copy of https://github.com/apple/swift-syntax.git resolved at 508.0.1
Creating working copy for https://github.com/apple/swift-argument-parser.git
Working copy of https://github.com/apple/swift-argument-parser.git resolved at 1.8.2
Creating working copy for https://github.com/apple/swift-format.git
Working copy of https://github.com/apple/swift-format.git resolved at 508.0.1
Creating working copy for https://github.com/apple/swift-tools-support-core.git
Working copy of https://github.com/apple/swift-tools-support-core.git resolved at 0.8.0
Creating working copy for https://github.com/apple/swift-algorithms
Working copy of https://github.com/apple/swift-algorithms resolved at 1.2.1
Creating working copy for https://github.com/apple/swift-openapi-runtime
Working copy of https://github.com/apple/swift-openapi-runtime resolved at 0.1.11
Creating working copy for https://github.com/apple/swift-openapi-urlsession
Working copy of https://github.com/apple/swift-openapi-urlsession resolved at 0.1.3
Creating working copy for https://github.com/apple/swift-numerics.git
Working copy of https://github.com/apple/swift-numerics.git resolved at 1.1.1
Creating working copy for https://github.com/jpsim/Yams.git
Working copy of https://github.com/jpsim/Yams.git resolved at 5.4.0
Creating working copy for https://github.com/apple/swift-openapi-generator
Working copy of https://github.com/apple/swift-openapi-generator resolved at 0.1.13
Creating working copy for https://github.com/mattpolzin/OpenAPIKit.git
Working copy of https://github.com/mattpolzin/OpenAPIKit.git resolved at 3.0.0-beta.2
Building for debugging...
[Computing dependencies]
[Constructing description]
[Pre-planning 1 / 896]
[Planning 854 / 896]
[Planning deferred tasks]
[Constructing 1541 / 2016]
[22 / 371] swift-openapi-generator-product
[174 / 371] Algorithms
[187 / 381] _NumericsShims
[191 / 390] CYaml
[194 / 426] Yams
[197 / 426] OpenAPIKitCore
[198 / 426] CYaml
[201 / 426] RealModule
[211 / 426] Yams
[211 / 426] OpenAPIKitCore
[223 / 426] Yams
[224 / 426] Yams
[230 / 426] Yams
[231 / 426] Yams-product
[232 / 426] Yams-product
[234 / 426] Yams-product
[237 / 426] SwiftSyntax
[239 / 427] Yams
[240 / 427] SwiftSyntax
[241 / 427] Yams
[242 / 427] SwiftFormatConfiguration-product
[244 / 428] SwiftFormatConfiguration-product
[248 / 428] RealModule
[249 / 428] RealModule-product
[251 / 428] SwiftSyntax
[253 / 428] SwiftSyntax
[258 / 428] SwiftSyntax-product
[259 / 428] SwiftSyntax-product
[260 / 429] SwiftSyntax-product
[262 / 429] RealModule
[263 / 429] RealModule
[265 / 429] OpenAPIRuntime
[266 / 429] OpenAPIRuntime
[267 / 429] OpenAPIRuntime
[268 / 429] OpenAPIKitCore
[269 / 429] OpenAPIKitCore
[270 / 429] OpenAPIKitCore
[272 / 429] OpenAPIKitCore
[274 / 430] OpenAPIRuntime
[275 / 430] OpenAPIKitCore
[276 / 430] OpenAPIRuntime
[278 / 430] OpenAPIRuntime
[280 / 431] ArgumentParserToolInfo
[282 / 433] ArgumentParserToolInfo
[282 / 433]
[291 / 440] SwiftDiagnostics
[293 / 441] SwiftDiagnostics
[294 / 441] SwiftDiagnostics
[296 / 441] SwiftDiagnostics
[297 / 441] SwiftDiagnostics
[301 / 441] SwiftDiagnostics
[305 / 446] OpenAPIKitCore
[306 / 446] SwiftDiagnostics
[309 / 447] SwiftBasicFormat
[315 / 447] OpenAPIKitCore
[317 / 449] OpenAPIURLSession
[319 / 454] SwiftParser
[320 / 462] SwiftParser
error: SwiftCompile normal wasm32 failed with a nonzero exit code. Command line:     cd /host

/host/spi-builder-workspace/.build/checkouts/swift-openapi-urlsession/Sources/OpenAPIURLSession/URLSessionTransport.swift:71:29: error: cannot find type 'URLSession' in scope
 69 |
 70 |         /// The URLSession used for performing HTTP operations.
 71 |         public var session: URLSession
    |                             `- error: cannot find type 'URLSession' in scope
 72 |
 73 |         /// Creates a new configuration with the provided session.
/host/spi-builder-workspace/.build/checkouts/swift-openapi-urlsession/Sources/OpenAPIURLSession/URLSessionTransport.swift:77:30: error: cannot find type 'URLSession' in scope
 75 |         ///     - session: The URLSession used for performing HTTP operations.
 76 |         ///     If none is provided, the system uses the shared URLSession.
 77 |         public init(session: URLSession = .shared) {
    |                              `- error: cannot find type 'URLSession' in scope
 78 |             self.session = session
 79 |         }
/host/spi-builder-workspace/.build/checkouts/swift-openapi-urlsession/Sources/OpenAPIURLSession/URLSessionTransport.swift:102:81: error: cannot find type 'URLResponse' in scope
100 |     }
101 |
102 |     private func invokeSession(_ urlRequest: URLRequest) async throws -> (Data, URLResponse) {
    |                                                                                 `- error: cannot find type 'URLResponse' in scope
103 |         // Using `dataTask(with:completionHandler:)` instead of the async method `data(for:)` of URLSession because the latter is not available on linux platforms
104 |         return try await withCheckedThrowingContinuation { continuation in
/host/spi-builder-workspace/.build/checkouts/swift-openapi-urlsession/Sources/OpenAPIURLSession/URLSessionTransport.swift:102:46: error: cannot find type 'URLRequest' in scope
100 |     }
101 |
102 |     private func invokeSession(_ urlRequest: URLRequest) async throws -> (Data, URLResponse) {
    |                                              `- error: cannot find type 'URLRequest' in scope
103 |         // Using `dataTask(with:completionHandler:)` instead of the async method `data(for:)` of URLSession because the latter is not available on linux platforms
104 |         return try await withCheckedThrowingContinuation { continuation in
/host/spi-builder-workspace/.build/checkouts/swift-openapi-urlsession/Sources/OpenAPIURLSession/URLSessionTransport.swift:135:26: error: cannot find type 'URLResponse' in scope
133 |
134 |     /// Returned `URLResponse` could not be converted to `HTTPURLResponse`.
135 |     case notHTTPResponse(URLResponse)
    |                          `- error: cannot find type 'URLResponse' in scope
136 |
137 |     /// Returned `URLResponse` was nil
/host/spi-builder-workspace/.build/checkouts/swift-openapi-urlsession/Sources/OpenAPIURLSession/URLSessionTransport.swift:142:28: error: cannot find type 'URLResponse' in scope
140 |
141 | extension OpenAPIRuntime.Response {
142 |     init(from urlResponse: URLResponse, body: Data) throws {
    |                            `- error: cannot find type 'URLResponse' in scope
143 |         guard let httpResponse = urlResponse as? HTTPURLResponse else {
144 |             throw URLSessionTransportError.notHTTPResponse(urlResponse)
/host/spi-builder-workspace/.build/checkouts/swift-openapi-urlsession/Sources/OpenAPIURLSession/URLSessionTransport.swift:158:11: error: cannot find type 'URLRequest' in scope
156 | }
157 |
158 | extension URLRequest {
    |           `- error: cannot find type 'URLRequest' in scope
159 |     init(_ request: OpenAPIRuntime.Request, baseURL: URL) throws {
160 |         guard var baseUrlComponents = URLComponents(string: baseURL.absoluteString) else {
Failed frontend command:
/usr/bin/swift-frontend -frontend -emit-module -experimental-skip-non-inlinable-function-bodies-without-types /host/spi-builder-workspace/.build/checkouts/swift-openapi-urlsession/Sources/OpenAPIURLSession/URLSessionTransport.swift -target wasm32-unknown-wasip1 -disable-objc-interop -sdk /root/.swiftpm/swift-sdks/swift-6.4.x-DEVELOPMENT-SNAPSHOT-2026-09-04-a_wasm.artifactbundle/swift-6.4.x-DEVELOPMENT-SNAPSHOT-2026-09-04-a_wasm/wasm32-unknown-wasip1/WASI.sdk -sysroot /root/.swiftpm/swift-sdks/swift-6.4.x-DEVELOPMENT-SNAPSHOT-2026-09-04-a_wasm.artifactbundle/swift-6.4.x-DEVELOPMENT-SNAPSHOT-2026-09-04-a_wasm/wasm32-unknown-wasip1/WASI.sdk -I /host/spi-builder-workspace/.build/out/Products/Debug-webassembly-wasm32 -module-cache-path /host/spi-builder-workspace/.build/out/ModuleCache.noindex -color-diagnostics -Xcc -fcolor-diagnostics -enable-testing -g -debug-info-format\=dwarf -dwarf-version\=4 -suppress-warnings -swift-version 5 -Onone -D SWIFT_PACKAGE -D DEBUG -D SWIFT_MODULE_RESOURCE_BUNDLE_UNAVAILABLE -D Xcode -serialize-debugging-options -enable-upcoming-feature ExistentialAny -enable-experimental-feature DebugDescriptionMacro -empty-abi-descriptor -external-plugin-path /usr/lib/swift/host/plugins/testing\#/usr/bin/swift-plugin-server -validate-clang-modules-once -clang-build-session-file /host/spi-builder-workspace/.build/out/ModuleCache.noindex/Session.modulevalidation -Xcc -working-directory -Xcc /host -resource-dir /root/.swiftpm/swift-sdks/swift-6.4.x-DEVELOPMENT-SNAPSHOT-2026-09-04-a_wasm.artifactbundle/swift-6.4.x-DEVELOPMENT-SNAPSHOT-2026-09-04-a_wasm/wasm32-unknown-wasip1/swift.xctoolchain/usr/lib/swift_static -use-static-resource-dir -enable-anonymous-context-mangled-names -file-compilation-dir /host -Xcc -resource-dir -Xcc /root/.swiftpm/swift-sdks/swift-6.4.x-DEVELOPMENT-SNAPSHOT-2026-09-04-a_wasm.artifactbundle/swift-6.4.x-DEVELOPMENT-SNAPSHOT-2026-09-04-a_wasm/wasm32-unknown-wasip1/swift.xctoolchain/usr/lib/swift_static/clang -Xcc -D_LIBCPP_HARDENING_MODE\=_LIBCPP_HARDENING_MODE_DEBUG -Xcc -fmodules-prune-interval\=86400 -Xcc -fmodules-prune-after\=345600 -Xcc -I/host/spi-builder-workspace/.build/out/Products/Debug-webassembly-wasm32/include -Xcc -I/host/spi-builder-workspace/.build/out/Intermediates.noindex/swift-openapi-urlsession.build/Debug-webassembly-wasm32/OpenAPIURLSession-t.build/DerivedSources-normal/wasm32 -Xcc -I/host/spi-builder-workspace/.build/out/Intermediates.noindex/swift-openapi-urlsession.build/Debug-webassembly-wasm32/OpenAPIURLSession-t.build/DerivedSources/wasm32 -Xcc -I/host/spi-builder-workspace/.build/out/Intermediates.noindex/swift-openapi-urlsession.build/Debug-webassembly-wasm32/OpenAPIURLSession-t.build/DerivedSources -Xcc -DSWIFT_PACKAGE -Xcc -DDEBUG\=1 -no-auto-bridging-header-chaining -module-name OpenAPIURLSession -const-gather-protocols-file /host/spi-builder-workspace/.build/out/Intermediates.noindex/swift-openapi-urlsession.build/Debug-webassembly-wasm32/OpenAPIURLSession-t.build/Objects-normal/wasm32/OpenAPIURLSession_const_extract_protocols.json -in-process-plugin-server-path /usr/lib/swift/host/libSwiftInProcPluginServer.so -plugin-path /usr/lib/swift/host/plugins -plugin-path /usr/local/lib/swift/host/plugins -emit-module-doc-path /host/spi-builder-workspace/.build/out/Intermediates.noindex/swift-openapi-urlsession.build/Debug-webassembly-wasm32/OpenAPIURLSession-t.build/Objects-normal/wasm32/Modules/OpenAPIURLSession.swiftdoc -emit-module-source-info-path /host/spi-builder-workspace/.build/out/Intermediates.noindex/swift-openapi-urlsession.build/Debug-webassembly-wasm32/OpenAPIURLSession-t.build/Objects-normal/wasm32/Modules/OpenAPIURLSession.swiftsourceinfo -emit-objc-header-path /host/spi-builder-workspace/.build/out/Intermediates.noindex/swift-openapi-urlsession.build/Debug-webassembly-wasm32/OpenAPIURLSession-t.build/Objects-normal/wasm32/OpenAPIURLSession-Swift.h -serialize-diagnostics-path /host/spi-builder-workspace/.build/out/Intermediates.noindex/swift-openapi-urlsession.build/Debug-webassembly-wasm32/OpenAPIURLSession-t.build/Objects-normal/wasm32/OpenAPIURLSession-primary-emit-module.dia -emit-dependencies-path /host/spi-builder-workspace/.build/out/Intermediates.noindex/swift-openapi-urlsession.build/Debug-webassembly-wasm32/OpenAPIURLSession-t.build/Objects-normal/wasm32/OpenAPIURLSession-primary-emit-module.d -parse-as-library -o /host/spi-builder-workspace/.build/out/Intermediates.noindex/swift-openapi-urlsession.build/Debug-webassembly-wasm32/OpenAPIURLSession-t.build/Objects-normal/wasm32/Modules/OpenAPIURLSession.swiftmodule
error: Build failed
BUILD FAILURE 6.4 wasm