Build Information
Failed to build ImageSequencer, reference main (134452), with Swift 6.4 for macOS (Xcode) using Xcode 27.0 on 20 Sep 2026 12:16:11 UTC.
Build Command
env DEVELOPER_DIR=/Applications/Xcode-27.0.0-Release.Candidate.app xcrun xcodebuild -IDEClonedSourcePackagesDirPathOverride=$PWD/.dependencies -skipMacroValidation -skipPackagePluginValidation -derivedDataPath $PWD/.derivedData build -scheme ImageSequencer -destination platform=macOS,arch=arm64Build Log
========================================
RunAll
========================================
Builder version: 5.1.0
Interrupt handler set up.
========================================
Checkout
========================================
Clone URL: https://github.com/samst-one/ImageSequencer.git
Reference: main
Initialized empty Git repository in /Users/admin/builder/spi-builder-workspace/.git/
From https://github.com/samst-one/ImageSequencer
* branch main -> FETCH_HEAD
* [new branch] main -> origin/main
HEAD is now at 1344527 Presenter in sample app updates to accommodate new API
Cloned https://github.com/samst-one/ImageSequencer.git
Revision (git rev-parse @):
1344527d6dceb9ef6c95646fe4acffb3e9b37e6d
SUCCESS checkout https://github.com/samst-one/ImageSequencer.git at main
========================================
Build
========================================
Selected platform: macosXcodebuild
Swift version: 6.4
Building package at path: $PWD
https://github.com/samst-one/ImageSequencer.git
Command line invocation:
/Applications/Xcode-27.0.0-Release.Candidate.app/Contents/Developer/usr/bin/xcodebuild -IDEClonedSourcePackagesDirPathOverride=/Users/admin/builder/spi-builder-workspace/.dependencies -resolvePackageDependencies
Resolve Package Graph
Resolve Package Graph
Resolved source packages:
ImageSequencer: /Users/admin/builder/spi-builder-workspace
resolved source packages: ImageSequencer
2026-09-20 08:15:16.918 xcodebuild[528:3029] [MT] IDERunDestination: Supported platforms for the buildables in the current scheme is empty.
2026-09-20 08:15:17.085 xcodebuild[528:3029] [MT] IDERunDestination: Supported platforms for the buildables in the current scheme is empty.
2026-09-20 08:15:18.719 xcodebuild[528:3029] [MT] IDERunDestination: Supported platforms for the buildables in the current scheme is empty.
{
"dependencies" : [
],
"manifest_display_name" : "ImageSequencer",
"name" : "ImageSequencer",
"path" : "/Users/admin/builder/spi-builder-workspace",
"platforms" : [
{
"name" : "ios",
"version" : "16.0"
}
],
"products" : [
{
"name" : "ImageSequencer",
"targets" : [
"ImageSequencer"
],
"type" : {
"library" : [
"automatic"
]
}
}
],
"targets" : [
{
"c99name" : "ImageSequencerTests",
"module_type" : "SwiftTarget",
"name" : "ImageSequencerTests",
"path" : "Tests/ImageSequencerTests",
"resources" : [
{
"path" : "/Users/admin/builder/spi-builder-workspace/Tests/ImageSequencerTests/Images/cat_1080.jpeg",
"rule" : {
"process" : {
}
}
},
{
"path" : "/Users/admin/builder/spi-builder-workspace/Tests/ImageSequencerTests/Images/cat_1080_portrait.jpeg",
"rule" : {
"process" : {
}
}
}
],
"sources" : [
"AVOutputSettingsTests.swift",
"CancelRenderTests.swift",
"FinishRenderTests.swift",
"PixelBufferAttributesTests.swift",
"RenderImagesTests.swift",
"StartRenderTests.swift",
"System.swift"
],
"target_dependencies" : [
"ImageSequencer"
],
"type" : "test"
},
{
"c99name" : "ImageSequencer",
"module_type" : "SwiftTarget",
"name" : "ImageSequencer",
"path" : "Sources/ImageSequencer",
"product_memberships" : [
"ImageSequencer"
],
"sources" : [
"Implementation/DefaultImageSequencerController.swift",
"Implementation/Frameworks/AVFoundation/AssetWriter.swift",
"Implementation/Frameworks/AVFoundation/AssetWriterInput.swift",
"Implementation/Frameworks/AVFoundation/AssetWriterInputPixelBufferAdaptor.swift",
"Implementation/Frameworks/AVFoundation/OutputSettings.swift",
"Implementation/Frameworks/AVFoundation/PixelBufferOperations.swift",
"Implementation/Frameworks/CoreImage/Canvas.swift",
"Implementation/Frameworks/CoreImage/PixelBufferAttributes.swift",
"Implementation/Use Cases/CancelRenderUseCase.swift",
"Implementation/Use Cases/FinishRenderUseCase.swift",
"Implementation/Use Cases/RenderImagesUseCase.swift",
"Implementation/Use Cases/StartRenderUseCase.swift",
"Public/Factory.swift",
"Public/ImageSequencerController.swift",
"Public/RenderSettings.swift"
],
"type" : "library"
}
],
"tools_version" : "5.8"
}
{
"workspace" : {
"name" : "ImageSequencer",
"schemes" : [
"ImageSequencer"
]
}
}
2026-09-20 08:15:54.538 xcodebuild[625:3843] [MT] IDERunDestination: Supported platforms for the buildables in the current scheme is empty.
2026-09-20 08:15:54.688 xcodebuild[625:3843] [MT] IDERunDestination: Supported platforms for the buildables in the current scheme is empty.
Running build ...
env DEVELOPER_DIR=/Applications/Xcode-27.0.0-Release.Candidate.app xcrun xcodebuild -IDEClonedSourcePackagesDirPathOverride=$PWD/.dependencies -skipMacroValidation -skipPackagePluginValidation -derivedDataPath $PWD/.derivedData build -scheme ImageSequencer -destination platform=macOS,arch=arm64
Command line invocation:
/Applications/Xcode-27.0.0-Release.Candidate.app/Contents/Developer/usr/bin/xcodebuild -IDEClonedSourcePackagesDirPathOverride=/Users/admin/builder/spi-builder-workspace/.dependencies -skipMacroValidation -skipPackagePluginValidation -derivedDataPath /Users/admin/builder/spi-builder-workspace/.derivedData build -scheme ImageSequencer -destination platform=macOS,arch=arm64
Resolve Package Graph
Resolved source packages:
ImageSequencer: /Users/admin/builder/spi-builder-workspace
ComputePackagePrebuildTargetDependencyGraph
Prepare packages
CreateBuildRequest
SendProjectDescription
CreateBuildOperation
ComputeTargetDependencyGraph
note: Building targets in dependency order
note: Target dependency graph (4 targets)
Target 'ImageSequencerTests-product' in project 'ImageSequencer'
➜ Explicit dependency on target 'ImageSequencer_ImageSequencerTests' in project 'ImageSequencer'
➜ Explicit dependency on target 'ImageSequencer' in project 'ImageSequencer'
Target 'ImageSequencer_ImageSequencerTests' in project 'ImageSequencer' (no dependencies)
Target 'ImageSequencer-product' in project 'ImageSequencer'
➜ Explicit dependency on target 'ImageSequencer' in project 'ImageSequencer'
Target 'ImageSequencer' in project 'ImageSequencer' (no dependencies)
GatherProvisioningInputs
CreateBuildDescription
ExecuteExternalTool /Applications/Xcode-27.0.0-Release.Candidate.app/Contents/Developer/Toolchains/XcodeDefault.xctoolchain/usr/bin/swiftc --version
ExecuteExternalTool /Applications/Xcode-27.0.0-Release.Candidate.app/Contents/Developer/Toolchains/XcodeDefault.xctoolchain/usr/bin/clang -v -E -dM -isysroot /Applications/Xcode-27.0.0-Release.Candidate.app/Contents/Developer/Platforms/MacOSX.platform/Developer/SDKs/MacOSX27.0.sdk -x c -c /dev/null
ExecuteExternalTool /Applications/Xcode-27.0.0-Release.Candidate.app/Contents/Developer/Toolchains/XcodeDefault.xctoolchain/usr/bin/ld -version_details
Build description signature: 81895a79deb745e804c0eebcef0ef2a9
Build description path: /Users/admin/builder/spi-builder-workspace/.derivedData/Build/Intermediates.noindex/XCBuildData/81895a79deb745e804c0eebcef0ef2a9.xcbuilddata
CreateBuildDirectory /Users/admin/builder/spi-builder-workspace/.derivedData/SDKExplicitPrecompiledModules
cd /Users/admin/builder/spi-builder-workspace/.swiftpm/xcode
builtin-create-build-directory /Users/admin/builder/spi-builder-workspace/.derivedData/SDKExplicitPrecompiledModules
CreateBuildDirectory /Users/admin/builder/spi-builder-workspace/.derivedData/CompilationCache.noindex
cd /Users/admin/builder/spi-builder-workspace/.swiftpm/xcode
builtin-create-build-directory /Users/admin/builder/spi-builder-workspace/.derivedData/CompilationCache.noindex
CreateBuildDirectory /Users/admin/builder/spi-builder-workspace/.derivedData/ModuleCache.noindex
cd /Users/admin/builder/spi-builder-workspace/.swiftpm/xcode
builtin-create-build-directory /Users/admin/builder/spi-builder-workspace/.derivedData/ModuleCache.noindex
CreateBuildDirectory /Users/admin/builder/spi-builder-workspace/.derivedData/Build/Products
cd /Users/admin/builder/spi-builder-workspace/.swiftpm/xcode
builtin-create-build-directory /Users/admin/builder/spi-builder-workspace/.derivedData/Build/Products
ClangStatCache /Applications/Xcode-27.0.0-Release.Candidate.app/Contents/Developer/Toolchains/XcodeDefault.xctoolchain/usr/bin/clang-stat-cache /Applications/Xcode-27.0.0-Release.Candidate.app/Contents/Developer/Platforms/MacOSX.platform/Developer/SDKs/MacOSX27.0.sdk /Users/admin/builder/spi-builder-workspace/.derivedData/SDKStatCaches.noindex/macosx27.0-26A425-e829b21a6f8c9b70876ba0858053c0446a22442a12e9d48fe1a705f55a1adfc4.sdkstatcache
cd /Users/admin/builder/spi-builder-workspace/.swiftpm/xcode
/Applications/Xcode-27.0.0-Release.Candidate.app/Contents/Developer/Toolchains/XcodeDefault.xctoolchain/usr/bin/clang-stat-cache /Applications/Xcode-27.0.0-Release.Candidate.app/Contents/Developer/Platforms/MacOSX.platform/Developer/SDKs/MacOSX27.0.sdk -o /Users/admin/builder/spi-builder-workspace/.derivedData/SDKStatCaches.noindex/macosx27.0-26A425-e829b21a6f8c9b70876ba0858053c0446a22442a12e9d48fe1a705f55a1adfc4.sdkstatcache
CreateBuildDirectory /Users/admin/builder/spi-builder-workspace/.derivedData/Build/Intermediates.noindex
cd /Users/admin/builder/spi-builder-workspace/.swiftpm/xcode
builtin-create-build-directory /Users/admin/builder/spi-builder-workspace/.derivedData/Build/Intermediates.noindex
CreateBuildDirectory /Users/admin/builder/spi-builder-workspace/.derivedData/Build/Intermediates.noindex/SwiftExplicitPrecompiledModules
cd /Users/admin/builder/spi-builder-workspace/.swiftpm/xcode
builtin-create-build-directory /Users/admin/builder/spi-builder-workspace/.derivedData/Build/Intermediates.noindex/SwiftExplicitPrecompiledModules
CreateBuildDirectory /Users/admin/builder/spi-builder-workspace/.derivedData/Build/Intermediates.noindex/PrecompiledHeaders
cd /Users/admin/builder/spi-builder-workspace/.swiftpm/xcode
builtin-create-build-directory /Users/admin/builder/spi-builder-workspace/.derivedData/Build/Intermediates.noindex/PrecompiledHeaders
CreateBuildDirectory /Users/admin/builder/spi-builder-workspace/.derivedData/Build/Intermediates.noindex/ExplicitPrecompiledModules
cd /Users/admin/builder/spi-builder-workspace/.swiftpm/xcode
builtin-create-build-directory /Users/admin/builder/spi-builder-workspace/.derivedData/Build/Intermediates.noindex/ExplicitPrecompiledModules
CreateBuildDirectory /Users/admin/builder/spi-builder-workspace/.derivedData/Build/Intermediates.noindex/EagerLinkingTBDs/Debug
cd /Users/admin/builder/spi-builder-workspace/.swiftpm/xcode
builtin-create-build-directory /Users/admin/builder/spi-builder-workspace/.derivedData/Build/Intermediates.noindex/EagerLinkingTBDs/Debug
CreateBuildDirectory /Users/admin/builder/spi-builder-workspace/.derivedData/Build/Products/Debug
cd /Users/admin/builder/spi-builder-workspace/.swiftpm/xcode
builtin-create-build-directory /Users/admin/builder/spi-builder-workspace/.derivedData/Build/Products/Debug
CreateBuildDirectory /Users/admin/builder/spi-builder-workspace/.derivedData/Build/Products/Debug/PackageFrameworks
cd /Users/admin/builder/spi-builder-workspace/.swiftpm/xcode
builtin-create-build-directory /Users/admin/builder/spi-builder-workspace/.derivedData/Build/Products/Debug/PackageFrameworks
WriteAuxiliaryFile /Users/admin/builder/spi-builder-workspace/.derivedData/Build/Intermediates.noindex/ImageSequencer.build/Debug/ImageSequencerTests-p.build/empty-ImageSequencerTests.plist (in target 'ImageSequencerTests-product' from project 'ImageSequencer')
cd /Users/admin/builder/spi-builder-workspace
write-file /Users/admin/builder/spi-builder-workspace/.derivedData/Build/Intermediates.noindex/ImageSequencer.build/Debug/ImageSequencerTests-p.build/empty-ImageSequencerTests.plist
WriteAuxiliaryFile /Users/admin/builder/spi-builder-workspace/.derivedData/Build/Intermediates.noindex/ImageSequencer.build/Debug/ImageSequencer_ImageSequencerTests-b.build/empty-ImageSequencer_ImageSequencerTests.plist (in target 'ImageSequencer_ImageSequencerTests' from project 'ImageSequencer')
cd /Users/admin/builder/spi-builder-workspace
write-file /Users/admin/builder/spi-builder-workspace/.derivedData/Build/Intermediates.noindex/ImageSequencer.build/Debug/ImageSequencer_ImageSequencerTests-b.build/empty-ImageSequencer_ImageSequencerTests.plist
WriteAuxiliaryFile /Users/admin/builder/spi-builder-workspace/.derivedData/Build/Intermediates.noindex/ImageSequencer.build/Debug/ImageSequencer_ImageSequencerTests-b.build/ImageSequencer_ImageSequencerTests.DependencyStaticMetadataFileList (in target 'ImageSequencer_ImageSequencerTests' from project 'ImageSequencer')
cd /Users/admin/builder/spi-builder-workspace
write-file /Users/admin/builder/spi-builder-workspace/.derivedData/Build/Intermediates.noindex/ImageSequencer.build/Debug/ImageSequencer_ImageSequencerTests-b.build/ImageSequencer_ImageSequencerTests.DependencyStaticMetadataFileList
WriteAuxiliaryFile /Users/admin/builder/spi-builder-workspace/.derivedData/Build/Intermediates.noindex/ImageSequencer.build/Debug/ImageSequencer_ImageSequencerTests-b.build/ImageSequencer_ImageSequencerTests.DependencyMetadataFileList (in target 'ImageSequencer_ImageSequencerTests' from project 'ImageSequencer')
cd /Users/admin/builder/spi-builder-workspace
write-file /Users/admin/builder/spi-builder-workspace/.derivedData/Build/Intermediates.noindex/ImageSequencer.build/Debug/ImageSequencer_ImageSequencerTests-b.build/ImageSequencer_ImageSequencerTests.DependencyMetadataFileList
WriteAuxiliaryFile /Users/admin/builder/spi-builder-workspace/.derivedData/Build/Intermediates.noindex/ImageSequencer.build/Debug/ImageSequencer-t.build/Objects-normal/arm64/ImageSequencer_const_extract_protocols.json (in target 'ImageSequencer' from project 'ImageSequencer')
cd /Users/admin/builder/spi-builder-workspace
write-file /Users/admin/builder/spi-builder-workspace/.derivedData/Build/Intermediates.noindex/ImageSequencer.build/Debug/ImageSequencer-t.build/Objects-normal/arm64/ImageSequencer_const_extract_protocols.json
WriteAuxiliaryFile /Users/admin/builder/spi-builder-workspace/.derivedData/Build/Intermediates.noindex/ImageSequencer.build/Debug/ImageSequencerTests-p.build/Objects-normal/arm64/ImageSequencerTests.SwiftFileList (in target 'ImageSequencerTests-product' from project 'ImageSequencer')
cd /Users/admin/builder/spi-builder-workspace
write-file /Users/admin/builder/spi-builder-workspace/.derivedData/Build/Intermediates.noindex/ImageSequencer.build/Debug/ImageSequencerTests-p.build/Objects-normal/arm64/ImageSequencerTests.SwiftFileList
WriteAuxiliaryFile /Users/admin/builder/spi-builder-workspace/.derivedData/Build/Intermediates.noindex/ImageSequencer.build/Debug/ImageSequencerTests-p.build/Objects-normal/arm64/ImageSequencerTests_const_extract_protocols.json (in target 'ImageSequencerTests-product' from project 'ImageSequencer')
cd /Users/admin/builder/spi-builder-workspace
write-file /Users/admin/builder/spi-builder-workspace/.derivedData/Build/Intermediates.noindex/ImageSequencer.build/Debug/ImageSequencerTests-p.build/Objects-normal/arm64/ImageSequencerTests_const_extract_protocols.json
WriteAuxiliaryFile /Users/admin/builder/spi-builder-workspace/.derivedData/Build/Intermediates.noindex/ImageSequencer.build/Debug/ImageSequencerTests-p.build/Objects-normal/arm64/ImageSequencerTests.SwiftConstValuesFileList (in target 'ImageSequencerTests-product' from project 'ImageSequencer')
cd /Users/admin/builder/spi-builder-workspace
write-file /Users/admin/builder/spi-builder-workspace/.derivedData/Build/Intermediates.noindex/ImageSequencer.build/Debug/ImageSequencerTests-p.build/Objects-normal/arm64/ImageSequencerTests.SwiftConstValuesFileList
WriteAuxiliaryFile /Users/admin/builder/spi-builder-workspace/.derivedData/Build/Intermediates.noindex/ImageSequencer.build/Debug/ImageSequencerTests-p.build/Objects-normal/arm64/ImageSequencerTests.LinkFileList (in target 'ImageSequencerTests-product' from project 'ImageSequencer')
cd /Users/admin/builder/spi-builder-workspace
write-file /Users/admin/builder/spi-builder-workspace/.derivedData/Build/Intermediates.noindex/ImageSequencer.build/Debug/ImageSequencerTests-p.build/Objects-normal/arm64/ImageSequencerTests.LinkFileList
WriteAuxiliaryFile /Users/admin/builder/spi-builder-workspace/.derivedData/Build/Intermediates.noindex/ImageSequencer.build/Debug/ImageSequencerTests-p.build/Objects-normal/arm64/ImageSequencerTests-OutputFileMap.json (in target 'ImageSequencerTests-product' from project 'ImageSequencer')
cd /Users/admin/builder/spi-builder-workspace
write-file /Users/admin/builder/spi-builder-workspace/.derivedData/Build/Intermediates.noindex/ImageSequencer.build/Debug/ImageSequencerTests-p.build/Objects-normal/arm64/ImageSequencerTests-OutputFileMap.json
WriteAuxiliaryFile /Users/admin/builder/spi-builder-workspace/.derivedData/Build/Intermediates.noindex/ImageSequencer.build/Debug/ImageSequencerTests-p.build/ImageSequencerTests.DependencyStaticMetadataFileList (in target 'ImageSequencerTests-product' from project 'ImageSequencer')
cd /Users/admin/builder/spi-builder-workspace
write-file /Users/admin/builder/spi-builder-workspace/.derivedData/Build/Intermediates.noindex/ImageSequencer.build/Debug/ImageSequencerTests-p.build/ImageSequencerTests.DependencyStaticMetadataFileList
WriteAuxiliaryFile /Users/admin/builder/spi-builder-workspace/.derivedData/Build/Intermediates.noindex/ImageSequencer.build/Debug/ImageSequencerTests-p.build/ImageSequencerTests.DependencyMetadataFileList (in target 'ImageSequencerTests-product' from project 'ImageSequencer')
cd /Users/admin/builder/spi-builder-workspace
write-file /Users/admin/builder/spi-builder-workspace/.derivedData/Build/Intermediates.noindex/ImageSequencer.build/Debug/ImageSequencerTests-p.build/ImageSequencerTests.DependencyMetadataFileList
WriteAuxiliaryFile /Users/admin/builder/spi-builder-workspace/.derivedData/Build/Intermediates.noindex/ImageSequencer.build/Debug/ImageSequencer-t.build/Objects-normal/arm64/ImageSequencer.SwiftFileList (in target 'ImageSequencer' from project 'ImageSequencer')
cd /Users/admin/builder/spi-builder-workspace
write-file /Users/admin/builder/spi-builder-workspace/.derivedData/Build/Intermediates.noindex/ImageSequencer.build/Debug/ImageSequencer-t.build/Objects-normal/arm64/ImageSequencer.SwiftFileList
WriteAuxiliaryFile /Users/admin/builder/spi-builder-workspace/.derivedData/Build/Intermediates.noindex/ImageSequencer.build/Debug/ImageSequencerTests-p.build/DerivedSources/resource_bundle_accessor.swift (in target 'ImageSequencerTests-product' from project 'ImageSequencer')
cd /Users/admin/builder/spi-builder-workspace
write-file /Users/admin/builder/spi-builder-workspace/.derivedData/Build/Intermediates.noindex/ImageSequencer.build/Debug/ImageSequencerTests-p.build/DerivedSources/resource_bundle_accessor.swift
WriteAuxiliaryFile /Users/admin/builder/spi-builder-workspace/.derivedData/Build/Intermediates.noindex/ImageSequencer.build/Debug/ImageSequencer-t.build/Objects-normal/arm64/ImageSequencer.SwiftConstValuesFileList (in target 'ImageSequencer' from project 'ImageSequencer')
cd /Users/admin/builder/spi-builder-workspace
write-file /Users/admin/builder/spi-builder-workspace/.derivedData/Build/Intermediates.noindex/ImageSequencer.build/Debug/ImageSequencer-t.build/Objects-normal/arm64/ImageSequencer.SwiftConstValuesFileList
WriteAuxiliaryFile /Users/admin/builder/spi-builder-workspace/.derivedData/Build/Intermediates.noindex/ImageSequencer.build/Debug/ImageSequencer-t.build/Objects-normal/arm64/ImageSequencer.LinkFileList (in target 'ImageSequencer' from project 'ImageSequencer')
cd /Users/admin/builder/spi-builder-workspace
write-file /Users/admin/builder/spi-builder-workspace/.derivedData/Build/Intermediates.noindex/ImageSequencer.build/Debug/ImageSequencer-t.build/Objects-normal/arm64/ImageSequencer.LinkFileList
WriteAuxiliaryFile /Users/admin/builder/spi-builder-workspace/.derivedData/Build/Intermediates.noindex/ImageSequencer.build/Debug/ImageSequencer-t.build/Objects-normal/arm64/ImageSequencer-OutputFileMap.json (in target 'ImageSequencer' from project 'ImageSequencer')
cd /Users/admin/builder/spi-builder-workspace
write-file /Users/admin/builder/spi-builder-workspace/.derivedData/Build/Intermediates.noindex/ImageSequencer.build/Debug/ImageSequencer-t.build/Objects-normal/arm64/ImageSequencer-OutputFileMap.json
WriteAuxiliaryFile /Users/admin/builder/spi-builder-workspace/.derivedData/Build/Intermediates.noindex/ImageSequencer.build/Debug/ImageSequencer-t.build/ImageSequencer.modulemap (in target 'ImageSequencer' from project 'ImageSequencer')
cd /Users/admin/builder/spi-builder-workspace
write-file /Users/admin/builder/spi-builder-workspace/.derivedData/Build/Intermediates.noindex/ImageSequencer.build/Debug/ImageSequencer-t.build/ImageSequencer.modulemap
WriteAuxiliaryFile /Users/admin/builder/spi-builder-workspace/.derivedData/Build/Intermediates.noindex/ImageSequencer.build/Debug/ImageSequencer-t.build/ImageSequencer.DependencyStaticMetadataFileList (in target 'ImageSequencer' from project 'ImageSequencer')
cd /Users/admin/builder/spi-builder-workspace
write-file /Users/admin/builder/spi-builder-workspace/.derivedData/Build/Intermediates.noindex/ImageSequencer.build/Debug/ImageSequencer-t.build/ImageSequencer.DependencyStaticMetadataFileList
WriteAuxiliaryFile /Users/admin/builder/spi-builder-workspace/.derivedData/Build/Intermediates.noindex/ImageSequencer.build/Debug/ImageSequencer-t.build/ImageSequencer.DependencyMetadataFileList (in target 'ImageSequencer' from project 'ImageSequencer')
cd /Users/admin/builder/spi-builder-workspace
write-file /Users/admin/builder/spi-builder-workspace/.derivedData/Build/Intermediates.noindex/ImageSequencer.build/Debug/ImageSequencer-t.build/ImageSequencer.DependencyMetadataFileList
MkDir /Users/admin/builder/spi-builder-workspace/.derivedData/Build/Products/Debug/ImageSequencer_ImageSequencerTests.bundle (in target 'ImageSequencer_ImageSequencerTests' from project 'ImageSequencer')
cd /Users/admin/builder/spi-builder-workspace
/bin/mkdir -p /Users/admin/builder/spi-builder-workspace/.derivedData/Build/Products/Debug/ImageSequencer_ImageSequencerTests.bundle
MkDir /Users/admin/builder/spi-builder-workspace/.derivedData/Build/Products/Debug/ImageSequencer_ImageSequencerTests.bundle/Contents (in target 'ImageSequencer_ImageSequencerTests' from project 'ImageSequencer')
cd /Users/admin/builder/spi-builder-workspace
/bin/mkdir -p /Users/admin/builder/spi-builder-workspace/.derivedData/Build/Products/Debug/ImageSequencer_ImageSequencerTests.bundle/Contents
MkDir /Users/admin/builder/spi-builder-workspace/.derivedData/Build/Products/Debug/ImageSequencer_ImageSequencerTests.bundle/Contents/Resources (in target 'ImageSequencer_ImageSequencerTests' from project 'ImageSequencer')
cd /Users/admin/builder/spi-builder-workspace
/bin/mkdir -p /Users/admin/builder/spi-builder-workspace/.derivedData/Build/Products/Debug/ImageSequencer_ImageSequencerTests.bundle/Contents/Resources
MkDir /Users/admin/builder/spi-builder-workspace/.derivedData/Build/Products/Debug/ImageSequencerTests.xctest/Contents/Resources (in target 'ImageSequencerTests-product' from project 'ImageSequencer')
cd /Users/admin/builder/spi-builder-workspace
/bin/mkdir -p /Users/admin/builder/spi-builder-workspace/.derivedData/Build/Products/Debug/ImageSequencerTests.xctest/Contents/Resources
MkDir /Users/admin/builder/spi-builder-workspace/.derivedData/Build/Products/Debug/ImageSequencerTests.xctest/Contents/MacOS (in target 'ImageSequencerTests-product' from project 'ImageSequencer')
cd /Users/admin/builder/spi-builder-workspace
/bin/mkdir -p /Users/admin/builder/spi-builder-workspace/.derivedData/Build/Products/Debug/ImageSequencerTests.xctest/Contents/MacOS
MkDir /Users/admin/builder/spi-builder-workspace/.derivedData/Build/Products/Debug/ImageSequencerTests.xctest/Contents (in target 'ImageSequencerTests-product' from project 'ImageSequencer')
cd /Users/admin/builder/spi-builder-workspace
/bin/mkdir -p /Users/admin/builder/spi-builder-workspace/.derivedData/Build/Products/Debug/ImageSequencerTests.xctest/Contents
MkDir /Users/admin/builder/spi-builder-workspace/.derivedData/Build/Products/Debug/ImageSequencerTests.xctest (in target 'ImageSequencerTests-product' from project 'ImageSequencer')
cd /Users/admin/builder/spi-builder-workspace
/bin/mkdir -p /Users/admin/builder/spi-builder-workspace/.derivedData/Build/Products/Debug/ImageSequencerTests.xctest
Copy /Users/admin/builder/spi-builder-workspace/.derivedData/Build/Intermediates.noindex/GeneratedModuleMaps/ImageSequencer.modulemap /Users/admin/builder/spi-builder-workspace/.derivedData/Build/Intermediates.noindex/ImageSequencer.build/Debug/ImageSequencer-t.build/ImageSequencer.modulemap (in target 'ImageSequencer' from project 'ImageSequencer')
cd /Users/admin/builder/spi-builder-workspace
builtin-copy -exclude .DS_Store -exclude CVS -exclude .svn -exclude .git -exclude .hg -resolve-src-symlinks /Users/admin/builder/spi-builder-workspace/.derivedData/Build/Intermediates.noindex/ImageSequencer.build/Debug/ImageSequencer-t.build/ImageSequencer.modulemap /Users/admin/builder/spi-builder-workspace/.derivedData/Build/Intermediates.noindex/GeneratedModuleMaps
ProcessInfoPlistFile /Users/admin/builder/spi-builder-workspace/.derivedData/Build/Products/Debug/ImageSequencer_ImageSequencerTests.bundle/Contents/Info.plist /Users/admin/builder/spi-builder-workspace/.derivedData/Build/Intermediates.noindex/ImageSequencer.build/Debug/ImageSequencer_ImageSequencerTests-b.build/empty-ImageSequencer_ImageSequencerTests.plist (in target 'ImageSequencer_ImageSequencerTests' from project 'ImageSequencer')
cd /Users/admin/builder/spi-builder-workspace
builtin-infoPlistUtility /Users/admin/builder/spi-builder-workspace/.derivedData/Build/Intermediates.noindex/ImageSequencer.build/Debug/ImageSequencer_ImageSequencerTests-b.build/empty-ImageSequencer_ImageSequencerTests.plist -producttype com.apple.product-type.bundle -expandbuildsettings -platform macosx -o /Users/admin/builder/spi-builder-workspace/.derivedData/Build/Products/Debug/ImageSequencer_ImageSequencerTests.bundle/Contents/Info.plist
CpResource /Users/admin/builder/spi-builder-workspace/.derivedData/Build/Products/Debug/ImageSequencer_ImageSequencerTests.bundle/Contents/Resources/cat_1080.jpeg /Users/admin/builder/spi-builder-workspace/Tests/ImageSequencerTests/Images/cat_1080.jpeg (in target 'ImageSequencer_ImageSequencerTests' from project 'ImageSequencer')
cd /Users/admin/builder/spi-builder-workspace
builtin-copy -exclude .DS_Store -exclude CVS -exclude .svn -exclude .git -exclude .hg -resolve-src-symlinks /Users/admin/builder/spi-builder-workspace/Tests/ImageSequencerTests/Images/cat_1080.jpeg /Users/admin/builder/spi-builder-workspace/.derivedData/Build/Products/Debug/ImageSequencer_ImageSequencerTests.bundle/Contents/Resources
CpResource /Users/admin/builder/spi-builder-workspace/.derivedData/Build/Products/Debug/ImageSequencer_ImageSequencerTests.bundle/Contents/Resources/cat_1080_portrait.jpeg /Users/admin/builder/spi-builder-workspace/Tests/ImageSequencerTests/Images/cat_1080_portrait.jpeg (in target 'ImageSequencer_ImageSequencerTests' from project 'ImageSequencer')
cd /Users/admin/builder/spi-builder-workspace
builtin-copy -exclude .DS_Store -exclude CVS -exclude .svn -exclude .git -exclude .hg -resolve-src-symlinks /Users/admin/builder/spi-builder-workspace/Tests/ImageSequencerTests/Images/cat_1080_portrait.jpeg /Users/admin/builder/spi-builder-workspace/.derivedData/Build/Products/Debug/ImageSequencer_ImageSequencerTests.bundle/Contents/Resources
RegisterExecutionPolicyException /Users/admin/builder/spi-builder-workspace/.derivedData/Build/Products/Debug/ImageSequencer_ImageSequencerTests.bundle (in target 'ImageSequencer_ImageSequencerTests' from project 'ImageSequencer')
cd /Users/admin/builder/spi-builder-workspace
builtin-RegisterExecutionPolicyException /Users/admin/builder/spi-builder-workspace/.derivedData/Build/Products/Debug/ImageSequencer_ImageSequencerTests.bundle
Touch /Users/admin/builder/spi-builder-workspace/.derivedData/Build/Products/Debug/ImageSequencer_ImageSequencerTests.bundle (in target 'ImageSequencer_ImageSequencerTests' from project 'ImageSequencer')
cd /Users/admin/builder/spi-builder-workspace
/usr/bin/touch -c /Users/admin/builder/spi-builder-workspace/.derivedData/Build/Products/Debug/ImageSequencer_ImageSequencerTests.bundle
SwiftDriver ImageSequencer normal arm64 com.apple.xcode.tools.swift.compiler (in target 'ImageSequencer' from project 'ImageSequencer')
cd /Users/admin/builder/spi-builder-workspace/.swiftpm/xcode
builtin-SwiftDriver -- /Applications/Xcode-27.0.0-Release.Candidate.app/Contents/Developer/Toolchains/XcodeDefault.xctoolchain/usr/bin/swiftc -parse-as-library -module-name ImageSequencer -Onone @/Users/admin/builder/spi-builder-workspace/.derivedData/Build/Intermediates.noindex/ImageSequencer.build/Debug/ImageSequencer-t.build/Objects-normal/arm64/ImageSequencer.SwiftFileList -DSWIFT_PACKAGE -DDEBUG -DSWIFT_MODULE_RESOURCE_BUNDLE_UNAVAILABLE -DXcode -plugin-path /Applications/Xcode-27.0.0-Release.Candidate.app/Contents/Developer/Toolchains/XcodeDefault.xctoolchain/usr/lib/swift/host/plugins/testing -enable-experimental-feature DebugDescriptionMacro -sdk /Applications/Xcode-27.0.0-Release.Candidate.app/Contents/Developer/Platforms/MacOSX.platform/Developer/SDKs/MacOSX27.0.sdk -target arm64-apple-macos12.0 -g -module-cache-path /Users/admin/builder/spi-builder-workspace/.derivedData/ModuleCache.noindex -Xfrontend -serialize-debugging-options -profile-coverage-mapping -profile-generate -enable-testing -index-store-path /Users/admin/builder/spi-builder-workspace/.derivedData/Index.noindex/DataStore -Xcc -D_LIBCPP_HARDENING_MODE\=_LIBCPP_HARDENING_MODE_DEBUG -swift-version 5 -I /Users/admin/builder/spi-builder-workspace/.derivedData/Build/Products/Debug -Isystem /Applications/Xcode-27.0.0-Release.Candidate.app/Contents/Developer/Platforms/MacOSX.platform/Developer/usr/lib -F /Users/admin/builder/spi-builder-workspace/.derivedData/Build/Products/Debug -F /Applications/Xcode-27.0.0-Release.Candidate.app/Contents/Developer/Platforms/MacOSX.platform/Developer/Library/Frameworks -c -j10 -enable-batch-mode -incremental -Xcc -ivfsstatcache -Xcc /Users/admin/builder/spi-builder-workspace/.derivedData/SDKStatCaches.noindex/macosx27.0-26A425-e829b21a6f8c9b70876ba0858053c0446a22442a12e9d48fe1a705f55a1adfc4.sdkstatcache -output-file-map /Users/admin/builder/spi-builder-workspace/.derivedData/Build/Intermediates.noindex/ImageSequencer.build/Debug/ImageSequencer-t.build/Objects-normal/arm64/ImageSequencer-OutputFileMap.json -save-temps -no-color-diagnostics -explicit-module-build -module-cache-path /Users/admin/builder/spi-builder-workspace/.derivedData/Build/Intermediates.noindex/SwiftExplicitPrecompiledModules -clang-scanner-module-cache-path /Users/admin/builder/spi-builder-workspace/.derivedData/ModuleCache.noindex -sdk-module-cache-path /Users/admin/builder/spi-builder-workspace/.derivedData/SDKExplicitPrecompiledModules -emit-dependencies -emit-module -emit-module-path /Users/admin/builder/spi-builder-workspace/.derivedData/Build/Intermediates.noindex/ImageSequencer.build/Debug/ImageSequencer-t.build/Objects-normal/arm64/ImageSequencer.swiftmodule -serialize-diagnostics -dependency-scan-serialize-diagnostics-path /Users/admin/builder/spi-builder-workspace/.derivedData/Build/Intermediates.noindex/ImageSequencer.build/Debug/ImageSequencer-t.build/Objects-normal/arm64/ImageSequencer-dependency-scan.dia -validate-clang-modules-once -clang-build-session-file /Users/admin/builder/spi-builder-workspace/.derivedData/ModuleCache.noindex/Session.modulevalidation -Xcc -fmodules-prune-interval\=86400 -Xcc -fmodules-prune-after\=345600 -emit-const-values -const-gather-protocols-list /Users/admin/builder/spi-builder-workspace/.derivedData/Build/Intermediates.noindex/ImageSequencer.build/Debug/ImageSequencer-t.build/Objects-normal/arm64/ImageSequencer_const_extract_protocols.json -Xcc -I/Users/admin/builder/spi-builder-workspace/.derivedData/Build/Products/Debug/include -Xcc -I/Users/admin/builder/spi-builder-workspace/.derivedData/Build/Intermediates.noindex/ImageSequencer.build/Debug/ImageSequencer-t.build/DerivedSources-normal/arm64 -Xcc -I/Users/admin/builder/spi-builder-workspace/.derivedData/Build/Intermediates.noindex/ImageSequencer.build/Debug/ImageSequencer-t.build/DerivedSources/arm64 -Xcc -I/Users/admin/builder/spi-builder-workspace/.derivedData/Build/Intermediates.noindex/ImageSequencer.build/Debug/ImageSequencer-t.build/DerivedSources -Xcc -DSWIFT_PACKAGE -Xcc -DDEBUG\=1 -emit-objc-header -emit-objc-header-path /Users/admin/builder/spi-builder-workspace/.derivedData/Build/Intermediates.noindex/ImageSequencer.build/Debug/ImageSequencer-t.build/Objects-normal/arm64/ImageSequencer-Swift.h -working-directory /Users/admin/builder/spi-builder-workspace/.swiftpm/xcode -experimental-emit-module-separately -disable-cmo
SwiftExplicitDependencyGeneratePcm arm64 /Users/admin/builder/spi-builder-workspace/.derivedData/SDKExplicitPrecompiledModules/_Builtin_float-105CRCDRP90FQCQO5ZX1LHV7H.pcm
SwiftExplicitDependencyGeneratePcm arm64 /Users/admin/builder/spi-builder-workspace/.derivedData/SDKExplicitPrecompiledModules/_SwiftConcurrencyShims-BLUUWKI6AGMD7TJ4RGYS7DP6T.pcm
SwiftExplicitDependencyGeneratePcm arm64 /Users/admin/builder/spi-builder-workspace/.derivedData/SDKExplicitPrecompiledModules/_AvailabilityInternal-CJTV5E7EL3MWRA437DUFPBVN2.pcm
SwiftExplicitDependencyGeneratePcm arm64 /Users/admin/builder/spi-builder-workspace/.derivedData/SDKExplicitPrecompiledModules/ptrauth-2W92ZJRLNJU99RJUQGGJG3OC3.pcm
SwiftExplicitDependencyGeneratePcm arm64 /Users/admin/builder/spi-builder-workspace/.derivedData/SDKExplicitPrecompiledModules/_Builtin_stdbool-KYV2HKP8IKLKMKQS9DGA2GUQ.pcm
SwiftExplicitDependencyGeneratePcm arm64 /Users/admin/builder/spi-builder-workspace/.derivedData/SDKExplicitPrecompiledModules/ptrcheck-DHLCBWKPNUZOYTPJ1J3QVTCXK.pcm
SwiftExplicitDependencyGeneratePcm arm64 /Users/admin/builder/spi-builder-workspace/.derivedData/SDKExplicitPrecompiledModules/SwiftShims-C4V0DQ62WSTCYBYGILXXGQNO3.pcm
SwiftExplicitDependencyGeneratePcm arm64 /Users/admin/builder/spi-builder-workspace/.derivedData/SDKExplicitPrecompiledModules/_Builtin_stddef-3GI9GOKXSW3QCTFOI1USFLDZO.pcm
SwiftExplicitDependencyGeneratePcm arm64 /Users/admin/builder/spi-builder-workspace/.derivedData/SDKExplicitPrecompiledModules/_Builtin_stdarg-7CFWA9OSW5N24E7PG4ZOCF1VH.pcm
SwiftExplicitDependencyGeneratePcm arm64 /Users/admin/builder/spi-builder-workspace/.derivedData/SDKExplicitPrecompiledModules/_DarwinFoundation1-7PRJIG163YE9KSKYA3BS35ZZP.pcm
SwiftExplicitDependencyGeneratePcm arm64 /Users/admin/builder/spi-builder-workspace/.derivedData/SDKExplicitPrecompiledModules/_DarwinFoundation2-94WUUGE4H5R03OWXE0QFZX1DN.pcm
SwiftExplicitDependencyGeneratePcm arm64 /Users/admin/builder/spi-builder-workspace/.derivedData/SDKExplicitPrecompiledModules/_Builtin_limits-AXGUGXBFPC0I7QDLJFB0K341Y.pcm
SwiftExplicitDependencyGeneratePcm arm64 /Users/admin/builder/spi-builder-workspace/.derivedData/SDKExplicitPrecompiledModules/_Builtin_tgmath-52XE6HC8DWOG6S7B5QAI046D1.pcm
SwiftExplicitDependencyGeneratePcm arm64 /Users/admin/builder/spi-builder-workspace/.derivedData/SDKExplicitPrecompiledModules/_Builtin_stdint-22CBBOK8BNSF0UELDCAXSHGB.pcm
SwiftExplicitDependencyGeneratePcm arm64 /Users/admin/builder/spi-builder-workspace/.derivedData/SDKExplicitPrecompiledModules/sys_types-F4RNCN6UR5R5OWTLTOUM7TN3E.pcm
SwiftExplicitDependencyGeneratePcm arm64 /Users/admin/builder/spi-builder-workspace/.derivedData/SDKExplicitPrecompiledModules/string_h-10WPXBF3YFYMX5HUAW06LSABR.pcm
SwiftExplicitDependencyGeneratePcm arm64 /Users/admin/builder/spi-builder-workspace/.derivedData/SDKExplicitPrecompiledModules/_DarwinFoundation3-32PO5Q4RCB6WXH5VFO3HA3AVS.pcm
SwiftExplicitDependencyGeneratePcm arm64 /Users/admin/builder/spi-builder-workspace/.derivedData/SDKExplicitPrecompiledModules/_Builtin_intrinsics-4O6R03GTH5FLWSHEUBP0Z3GZ2.pcm
SwiftExplicitDependencyGeneratePcm arm64 /Users/admin/builder/spi-builder-workspace/.derivedData/SDKExplicitPrecompiledModules/libDER-5RCYOD0PCUUY2UGMBNE9LI8N9.pcm
SwiftExplicitDependencyGeneratePcm arm64 /Users/admin/builder/spi-builder-workspace/.derivedData/SDKExplicitPrecompiledModules/_Builtin_inttypes-1U6AP9A8AJ4G9WD98E9RHLGTJ.pcm
SwiftExplicitDependencyGeneratePcm arm64 /Users/admin/builder/spi-builder-workspace/.derivedData/SDKExplicitPrecompiledModules/Darwin-1RAAWNGKQM8YGHV0YJNNN5YDY.pcm
SwiftExplicitDependencyGeneratePcm arm64 /Users/admin/builder/spi-builder-workspace/.derivedData/SDKExplicitPrecompiledModules/simd-A9TKR8OE9APRJ1RNS7F0OBY4Q.pcm
SwiftExplicitDependencyGeneratePcm arm64 /Users/admin/builder/spi-builder-workspace/.derivedData/SDKExplicitPrecompiledModules/launch-2XAORMJNLLVS0OVKC1M0752GY.pcm
SwiftExplicitDependencyGeneratePcm arm64 /Users/admin/builder/spi-builder-workspace/.derivedData/SDKExplicitPrecompiledModules/libkern-22MDXN9G35RPO3OLKX9B2PN16.pcm
SwiftExplicitDependencyGeneratePcm arm64 /Users/admin/builder/spi-builder-workspace/.derivedData/SDKExplicitPrecompiledModules/MachO-AWTJ65TFR7TMST2NUE6ZCC1SL.pcm
SwiftExplicitDependencyGeneratePcm arm64 /Users/admin/builder/spi-builder-workspace/.derivedData/SDKExplicitPrecompiledModules/CUPS-45MNISAOHSEBD6VQA5G0MXN9H.pcm
SwiftExplicitDependencyGeneratePcm arm64 /Users/admin/builder/spi-builder-workspace/.derivedData/SDKExplicitPrecompiledModules/ObjectiveC-B89IQP2TC4CFSWOUMTUZRI1VZ.pcm
SwiftExplicitDependencyGeneratePcm arm64 /Users/admin/builder/spi-builder-workspace/.derivedData/SDKExplicitPrecompiledModules/os_object-3KLCCI03OX6OQTLJ92KQH2KIO.pcm
SwiftExplicitDependencyGeneratePcm arm64 /Users/admin/builder/spi-builder-workspace/.derivedData/SDKExplicitPrecompiledModules/os_workgroup-10SJ5M8R2OB4BG1TPFL9SZMKV.pcm
SwiftExplicitDependencyGeneratePcm arm64 /Users/admin/builder/spi-builder-workspace/.derivedData/SDKExplicitPrecompiledModules/Dispatch-NAMWF9KN29KC7Z5OS3TTTAE8.pcm
SwiftExplicitDependencyGeneratePcm arm64 /Users/admin/builder/spi-builder-workspace/.derivedData/SDKExplicitPrecompiledModules/XPC-E1MSAZG4ZNL24S2WK6K6Y7GWW.pcm
SwiftExplicitDependencyGeneratePcm arm64 /Users/admin/builder/spi-builder-workspace/.derivedData/SDKExplicitPrecompiledModules/CoreFoundation-4ZIITQ30SOGUQE8KJAB99ZV0Q.pcm
SwiftExplicitDependencyGeneratePcm arm64 /Users/admin/builder/spi-builder-workspace/.derivedData/SDKExplicitPrecompiledModules/Security-ESPJ7FP0YAY1EL3VXBGY9MCZ8.pcm
SwiftExplicitDependencyGeneratePcm arm64 /Users/admin/builder/spi-builder-workspace/.derivedData/SDKExplicitPrecompiledModules/IOKit-6H3X691EDBH124EYTC2PEOP5T.pcm
SwiftExplicitDependencyGeneratePcm arm64 /Users/admin/builder/spi-builder-workspace/.derivedData/SDKExplicitPrecompiledModules/CFNetwork-CVHS5CT20191MFYXQIEDWSRGJ.pcm
SwiftExplicitDependencyGeneratePcm arm64 /Users/admin/builder/spi-builder-workspace/.derivedData/SDKExplicitPrecompiledModules/ColorSync-BBCIZDDQ6O3QECFAWJQ6RU4ZJ.pcm
SwiftExplicitDependencyGeneratePcm arm64 /Users/admin/builder/spi-builder-workspace/.derivedData/SDKExplicitPrecompiledModules/CoreAudioTypes-EEH2XZ47XX4YM3FOOISUYVRQE.pcm
SwiftExplicitDependencyGeneratePcm arm64 /Users/admin/builder/spi-builder-workspace/.derivedData/SDKExplicitPrecompiledModules/DiskArbitration-ZNZZU7T0SYELB0DAR56WQF0R.pcm
SwiftExplicitDependencyGeneratePcm arm64 /Users/admin/builder/spi-builder-workspace/.derivedData/SDKExplicitPrecompiledModules/CoreGraphics-5TRMNDB7ZP6FFMRNSZCWEOZMD.pcm
SwiftExplicitDependencyGeneratePcm arm64 /Users/admin/builder/spi-builder-workspace/.derivedData/SDKExplicitPrecompiledModules/CoreServices-CGCGY0FOMEQGSNMO3HQSC09XU.pcm
SwiftExplicitDependencyGeneratePcm arm64 /Users/admin/builder/spi-builder-workspace/.derivedData/SDKExplicitPrecompiledModules/CoreText-C1WSF2HWGIKVJ2XHWBKXQBSEY.pcm
SwiftExplicitDependencyGeneratePcm arm64 /Users/admin/builder/spi-builder-workspace/.derivedData/SDKExplicitPrecompiledModules/ImageIO-88YNP2EU498GB5YXIFJ9ANNYW.pcm
SwiftExplicitDependencyGeneratePcm arm64 /Users/admin/builder/spi-builder-workspace/.derivedData/SDKExplicitPrecompiledModules/Foundation-44WR0NU86C67CV5BW8W1MGKNG.pcm
SwiftExplicitDependencyGeneratePcm arm64 /Users/admin/builder/spi-builder-workspace/.derivedData/SDKExplicitPrecompiledModules/UniformTypeIdentifiers-5LG8RE3Q01MBLZVRR3FFHHL5H.pcm
SwiftExplicitDependencyGeneratePcm arm64 /Users/admin/builder/spi-builder-workspace/.derivedData/SDKExplicitPrecompiledModules/CoreAudio-8XPVZMQXZVBU162UQPW77JTL1.pcm
SwiftExplicitDependencyGeneratePcm arm64 /Users/admin/builder/spi-builder-workspace/.derivedData/SDKExplicitPrecompiledModules/IOSurface-1TUG4NQVIPJF59WSUNATZ447F.pcm
SwiftExplicitDependencyGeneratePcm arm64 /Users/admin/builder/spi-builder-workspace/.derivedData/SDKExplicitPrecompiledModules/ApplicationServices-ALXSS633FQY42UMJSLR6MNLSK.pcm
SwiftExplicitDependencyGeneratePcm arm64 /Users/admin/builder/spi-builder-workspace/.derivedData/SDKExplicitPrecompiledModules/CoreMIDI-CCJ8M3Z4I36O80AMQH4ISET6O.pcm
SwiftExplicitDependencyGeneratePcm arm64 /Users/admin/builder/spi-builder-workspace/.derivedData/SDKExplicitPrecompiledModules/Metal-KM8CI04R5X5OUWMGRMNZE4KP.pcm
SwiftExplicitDependencyGeneratePcm arm64 /Users/admin/builder/spi-builder-workspace/.derivedData/SDKExplicitPrecompiledModules/OpenGL-FXV81CD8YS42YTVJKJH1VLGA.pcm
SwiftExplicitDependencyGeneratePcm arm64 /Users/admin/builder/spi-builder-workspace/.derivedData/SDKExplicitPrecompiledModules/Carbon-2ONS33PR0M3OUK9U5ST5BLH43.pcm
SwiftExplicitDependencyGeneratePcm arm64 /Users/admin/builder/spi-builder-workspace/.derivedData/SDKExplicitPrecompiledModules/CoreVideo-11TKSDKW0L2K02H4B9ZHWLM3B.pcm
SwiftExplicitDependencyGeneratePcm arm64 /Users/admin/builder/spi-builder-workspace/.derivedData/SDKExplicitPrecompiledModules/AudioToolbox-2T0MY057M2IF62UMRCVMCXBCW.pcm
SwiftExplicitDependencyGeneratePcm arm64 /Users/admin/builder/spi-builder-workspace/.derivedData/SDKExplicitPrecompiledModules/CoreMedia-699WGYGEEF2LGFEEGSCM9Y1UF.pcm
SwiftExplicitDependencyGeneratePcm arm64 /Users/admin/builder/spi-builder-workspace/.derivedData/SDKExplicitPrecompiledModules/QuartzCore-AP21NXF3BYPWOG416U3DI6QME.pcm
SwiftExplicitDependencyGeneratePcm arm64 /Users/admin/builder/spi-builder-workspace/.derivedData/SDKExplicitPrecompiledModules/CoreImage-AKYY8VSFWQ6KIIXG3EQJ7PW5T.pcm
SwiftExplicitDependencyGeneratePcm arm64 /Users/admin/builder/spi-builder-workspace/.derivedData/SDKExplicitPrecompiledModules/VideoToolbox-6IDX6DMGASVEDUVPEGSTLUE4G.pcm
SwiftExplicitDependencyGeneratePcm arm64 /Users/admin/builder/spi-builder-workspace/.derivedData/SDKExplicitPrecompiledModules/AVFAudio-8O3YR1E0VTB07VYVVPNE7AW5O.pcm
SwiftExplicitDependencyGeneratePcm arm64 /Users/admin/builder/spi-builder-workspace/.derivedData/SDKExplicitPrecompiledModules/MediaToolbox-A1FBUTL5IVSGB3TSM17GGXT7S.pcm
SwiftExplicitDependencyGeneratePcm arm64 /Users/admin/builder/spi-builder-workspace/.derivedData/SDKExplicitPrecompiledModules/AVFoundation-7AXUV20FGUWS4UKWN8IVZVM84.pcm
SwiftEmitModule normal arm64 Emitting\ module\ for\ ImageSequencer (in target 'ImageSequencer' from project 'ImageSequencer')
SwiftCompile normal arm64 (in target 'ImageSequencer' from project 'ImageSequencer')
cd /Users/admin/builder/spi-builder-workspace/.swiftpm/xcode
SwiftCompile normal arm64 Compiling\ ImageSequencerController.swift /Users/admin/builder/spi-builder-workspace/Sources/ImageSequencer/Public/ImageSequencerController.swift (in target 'ImageSequencer' from project 'ImageSequencer')
SwiftCompile normal arm64 /Users/admin/builder/spi-builder-workspace/Sources/ImageSequencer/Public/ImageSequencerController.swift (in target 'ImageSequencer' from project 'ImageSequencer')
cd /Users/admin/builder/spi-builder-workspace/.swiftpm/xcode
builtin-SwiftPerFileCompile ImageSequencerController.swift
SwiftCompile normal arm64 Compiling\ RenderImagesUseCase.swift /Users/admin/builder/spi-builder-workspace/Sources/ImageSequencer/Implementation/Use\ Cases/RenderImagesUseCase.swift (in target 'ImageSequencer' from project 'ImageSequencer')
SwiftCompile normal arm64 /Users/admin/builder/spi-builder-workspace/Sources/ImageSequencer/Implementation/Use\ Cases/RenderImagesUseCase.swift (in target 'ImageSequencer' from project 'ImageSequencer')
cd /Users/admin/builder/spi-builder-workspace/.swiftpm/xcode
builtin-SwiftPerFileCompile RenderImagesUseCase.swift
SwiftCompile normal arm64 Compiling\ StartRenderUseCase.swift /Users/admin/builder/spi-builder-workspace/Sources/ImageSequencer/Implementation/Use\ Cases/StartRenderUseCase.swift (in target 'ImageSequencer' from project 'ImageSequencer')
SwiftCompile normal arm64 /Users/admin/builder/spi-builder-workspace/Sources/ImageSequencer/Implementation/Use\ Cases/StartRenderUseCase.swift (in target 'ImageSequencer' from project 'ImageSequencer')
cd /Users/admin/builder/spi-builder-workspace/.swiftpm/xcode
builtin-SwiftPerFileCompile StartRenderUseCase.swift
SwiftCompile normal arm64 Compiling\ Factory.swift /Users/admin/builder/spi-builder-workspace/Sources/ImageSequencer/Public/Factory.swift (in target 'ImageSequencer' from project 'ImageSequencer')
SwiftCompile normal arm64 /Users/admin/builder/spi-builder-workspace/Sources/ImageSequencer/Public/Factory.swift (in target 'ImageSequencer' from project 'ImageSequencer')
cd /Users/admin/builder/spi-builder-workspace/.swiftpm/xcode
builtin-SwiftPerFileCompile Factory.swift
SwiftCompile normal arm64 Compiling\ CancelRenderUseCase.swift,\ FinishRenderUseCase.swift /Users/admin/builder/spi-builder-workspace/Sources/ImageSequencer/Implementation/Use\ Cases/CancelRenderUseCase.swift /Users/admin/builder/spi-builder-workspace/Sources/ImageSequencer/Implementation/Use\ Cases/FinishRenderUseCase.swift (in target 'ImageSequencer' from project 'ImageSequencer')
SwiftCompile normal arm64 /Users/admin/builder/spi-builder-workspace/Sources/ImageSequencer/Implementation/Use\ Cases/CancelRenderUseCase.swift (in target 'ImageSequencer' from project 'ImageSequencer')
cd /Users/admin/builder/spi-builder-workspace/.swiftpm/xcode
builtin-SwiftPerFileCompile CancelRenderUseCase.swift
SwiftCompile normal arm64 /Users/admin/builder/spi-builder-workspace/Sources/ImageSequencer/Implementation/Use\ Cases/FinishRenderUseCase.swift (in target 'ImageSequencer' from project 'ImageSequencer')
cd /Users/admin/builder/spi-builder-workspace/.swiftpm/xcode
builtin-SwiftPerFileCompile FinishRenderUseCase.swift
SwiftCompile normal arm64 Compiling\ RenderSettings.swift /Users/admin/builder/spi-builder-workspace/Sources/ImageSequencer/Public/RenderSettings.swift (in target 'ImageSequencer' from project 'ImageSequencer')
SwiftCompile normal arm64 /Users/admin/builder/spi-builder-workspace/Sources/ImageSequencer/Public/RenderSettings.swift (in target 'ImageSequencer' from project 'ImageSequencer')
cd /Users/admin/builder/spi-builder-workspace/.swiftpm/xcode
builtin-SwiftPerFileCompile RenderSettings.swift
SwiftCompile normal arm64 Compiling\ Canvas.swift,\ PixelBufferAttributes.swift /Users/admin/builder/spi-builder-workspace/Sources/ImageSequencer/Implementation/Frameworks/CoreImage/Canvas.swift /Users/admin/builder/spi-builder-workspace/Sources/ImageSequencer/Implementation/Frameworks/CoreImage/PixelBufferAttributes.swift (in target 'ImageSequencer' from project 'ImageSequencer')
SwiftCompile normal arm64 /Users/admin/builder/spi-builder-workspace/Sources/ImageSequencer/Implementation/Frameworks/CoreImage/Canvas.swift (in target 'ImageSequencer' from project 'ImageSequencer')
cd /Users/admin/builder/spi-builder-workspace/.swiftpm/xcode
builtin-SwiftPerFileCompile Canvas.swift
SwiftCompile normal arm64 /Users/admin/builder/spi-builder-workspace/Sources/ImageSequencer/Implementation/Frameworks/CoreImage/PixelBufferAttributes.swift (in target 'ImageSequencer' from project 'ImageSequencer')
cd /Users/admin/builder/spi-builder-workspace/.swiftpm/xcode
builtin-SwiftPerFileCompile PixelBufferAttributes.swift
SwiftCompile normal arm64 Compiling\ AssetWriterInput.swift,\ AssetWriterInputPixelBufferAdaptor.swift /Users/admin/builder/spi-builder-workspace/Sources/ImageSequencer/Implementation/Frameworks/AVFoundation/AssetWriterInput.swift /Users/admin/builder/spi-builder-workspace/Sources/ImageSequencer/Implementation/Frameworks/AVFoundation/AssetWriterInputPixelBufferAdaptor.swift (in target 'ImageSequencer' from project 'ImageSequencer')
SwiftCompile normal arm64 /Users/admin/builder/spi-builder-workspace/Sources/ImageSequencer/Implementation/Frameworks/AVFoundation/AssetWriterInput.swift (in target 'ImageSequencer' from project 'ImageSequencer')
cd /Users/admin/builder/spi-builder-workspace/.swiftpm/xcode
builtin-SwiftPerFileCompile AssetWriterInput.swift
SwiftCompile normal arm64 /Users/admin/builder/spi-builder-workspace/Sources/ImageSequencer/Implementation/Frameworks/AVFoundation/AssetWriterInputPixelBufferAdaptor.swift (in target 'ImageSequencer' from project 'ImageSequencer')
cd /Users/admin/builder/spi-builder-workspace/.swiftpm/xcode
builtin-SwiftPerFileCompile AssetWriterInputPixelBufferAdaptor.swift
SwiftCompile normal arm64 Compiling\ OutputSettings.swift,\ PixelBufferOperations.swift /Users/admin/builder/spi-builder-workspace/Sources/ImageSequencer/Implementation/Frameworks/AVFoundation/OutputSettings.swift /Users/admin/builder/spi-builder-workspace/Sources/ImageSequencer/Implementation/Frameworks/AVFoundation/PixelBufferOperations.swift (in target 'ImageSequencer' from project 'ImageSequencer')
SwiftCompile normal arm64 /Users/admin/builder/spi-builder-workspace/Sources/ImageSequencer/Implementation/Frameworks/AVFoundation/OutputSettings.swift (in target 'ImageSequencer' from project 'ImageSequencer')
cd /Users/admin/builder/spi-builder-workspace/.swiftpm/xcode
builtin-SwiftPerFileCompile OutputSettings.swift
SwiftCompile normal arm64 /Users/admin/builder/spi-builder-workspace/Sources/ImageSequencer/Implementation/Frameworks/AVFoundation/PixelBufferOperations.swift (in target 'ImageSequencer' from project 'ImageSequencer')
cd /Users/admin/builder/spi-builder-workspace/.swiftpm/xcode
builtin-SwiftPerFileCompile PixelBufferOperations.swift
SwiftCompile normal arm64 Compiling\ DefaultImageSequencerController.swift,\ AssetWriter.swift /Users/admin/builder/spi-builder-workspace/Sources/ImageSequencer/Implementation/DefaultImageSequencerController.swift /Users/admin/builder/spi-builder-workspace/Sources/ImageSequencer/Implementation/Frameworks/AVFoundation/AssetWriter.swift (in target 'ImageSequencer' from project 'ImageSequencer')
SwiftCompile normal arm64 /Users/admin/builder/spi-builder-workspace/Sources/ImageSequencer/Implementation/DefaultImageSequencerController.swift (in target 'ImageSequencer' from project 'ImageSequencer')
cd /Users/admin/builder/spi-builder-workspace/.swiftpm/xcode
builtin-SwiftPerFileCompile DefaultImageSequencerController.swift
SwiftCompile normal arm64 /Users/admin/builder/spi-builder-workspace/Sources/ImageSequencer/Implementation/Frameworks/AVFoundation/AssetWriter.swift (in target 'ImageSequencer' from project 'ImageSequencer')
cd /Users/admin/builder/spi-builder-workspace/.swiftpm/xcode
builtin-SwiftPerFileCompile AssetWriter.swift
SwiftDriverJobDiscovery normal arm64 Emitting module for ImageSequencer (in target 'ImageSequencer' from project 'ImageSequencer')
SwiftDriver\ Compilation\ Requirements ImageSequencer normal arm64 com.apple.xcode.tools.swift.compiler (in target 'ImageSequencer' from project 'ImageSequencer')
cd /Users/admin/builder/spi-builder-workspace/.swiftpm/xcode
builtin-Swift-Compilation-Requirements -- /Applications/Xcode-27.0.0-Release.Candidate.app/Contents/Developer/Toolchains/XcodeDefault.xctoolchain/usr/bin/swiftc -parse-as-library -module-name ImageSequencer -Onone @/Users/admin/builder/spi-builder-workspace/.derivedData/Build/Intermediates.noindex/ImageSequencer.build/Debug/ImageSequencer-t.build/Objects-normal/arm64/ImageSequencer.SwiftFileList -DSWIFT_PACKAGE -DDEBUG -DSWIFT_MODULE_RESOURCE_BUNDLE_UNAVAILABLE -DXcode -plugin-path /Applications/Xcode-27.0.0-Release.Candidate.app/Contents/Developer/Toolchains/XcodeDefault.xctoolchain/usr/lib/swift/host/plugins/testing -enable-experimental-feature DebugDescriptionMacro -sdk /Applications/Xcode-27.0.0-Release.Candidate.app/Contents/Developer/Platforms/MacOSX.platform/Developer/SDKs/MacOSX27.0.sdk -target arm64-apple-macos12.0 -g -module-cache-path /Users/admin/builder/spi-builder-workspace/.derivedData/ModuleCache.noindex -Xfrontend -serialize-debugging-options -profile-coverage-mapping -profile-generate -enable-testing -index-store-path /Users/admin/builder/spi-builder-workspace/.derivedData/Index.noindex/DataStore -Xcc -D_LIBCPP_HARDENING_MODE\=_LIBCPP_HARDENING_MODE_DEBUG -swift-version 5 -I /Users/admin/builder/spi-builder-workspace/.derivedData/Build/Products/Debug -Isystem /Applications/Xcode-27.0.0-Release.Candidate.app/Contents/Developer/Platforms/MacOSX.platform/Developer/usr/lib -F /Users/admin/builder/spi-builder-workspace/.derivedData/Build/Products/Debug -F /Applications/Xcode-27.0.0-Release.Candidate.app/Contents/Developer/Platforms/MacOSX.platform/Developer/Library/Frameworks -c -j10 -enable-batch-mode -incremental -Xcc -ivfsstatcache -Xcc /Users/admin/builder/spi-builder-workspace/.derivedData/SDKStatCaches.noindex/macosx27.0-26A425-e829b21a6f8c9b70876ba0858053c0446a22442a12e9d48fe1a705f55a1adfc4.sdkstatcache -output-file-map /Users/admin/builder/spi-builder-workspace/.derivedData/Build/Intermediates.noindex/ImageSequencer.build/Debug/ImageSequencer-t.build/Objects-normal/arm64/ImageSequencer-OutputFileMap.json -save-temps -no-color-diagnostics -explicit-module-build -module-cache-path /Users/admin/builder/spi-builder-workspace/.derivedData/Build/Intermediates.noindex/SwiftExplicitPrecompiledModules -clang-scanner-module-cache-path /Users/admin/builder/spi-builder-workspace/.derivedData/ModuleCache.noindex -sdk-module-cache-path /Users/admin/builder/spi-builder-workspace/.derivedData/SDKExplicitPrecompiledModules -emit-dependencies -emit-module -emit-module-path /Users/admin/builder/spi-builder-workspace/.derivedData/Build/Intermediates.noindex/ImageSequencer.build/Debug/ImageSequencer-t.build/Objects-normal/arm64/ImageSequencer.swiftmodule -serialize-diagnostics -dependency-scan-serialize-diagnostics-path /Users/admin/builder/spi-builder-workspace/.derivedData/Build/Intermediates.noindex/ImageSequencer.build/Debug/ImageSequencer-t.build/Objects-normal/arm64/ImageSequencer-dependency-scan.dia -validate-clang-modules-once -clang-build-session-file /Users/admin/builder/spi-builder-workspace/.derivedData/ModuleCache.noindex/Session.modulevalidation -Xcc -fmodules-prune-interval\=86400 -Xcc -fmodules-prune-after\=345600 -emit-const-values -const-gather-protocols-list /Users/admin/builder/spi-builder-workspace/.derivedData/Build/Intermediates.noindex/ImageSequencer.build/Debug/ImageSequencer-t.build/Objects-normal/arm64/ImageSequencer_const_extract_protocols.json -Xcc -I/Users/admin/builder/spi-builder-workspace/.derivedData/Build/Products/Debug/include -Xcc -I/Users/admin/builder/spi-builder-workspace/.derivedData/Build/Intermediates.noindex/ImageSequencer.build/Debug/ImageSequencer-t.build/DerivedSources-normal/arm64 -Xcc -I/Users/admin/builder/spi-builder-workspace/.derivedData/Build/Intermediates.noindex/ImageSequencer.build/Debug/ImageSequencer-t.build/DerivedSources/arm64 -Xcc -I/Users/admin/builder/spi-builder-workspace/.derivedData/Build/Intermediates.noindex/ImageSequencer.build/Debug/ImageSequencer-t.build/DerivedSources -Xcc -DSWIFT_PACKAGE -Xcc -DDEBUG\=1 -emit-objc-header -emit-objc-header-path /Users/admin/builder/spi-builder-workspace/.derivedData/Build/Intermediates.noindex/ImageSequencer.build/Debug/ImageSequencer-t.build/Objects-normal/arm64/ImageSequencer-Swift.h -working-directory /Users/admin/builder/spi-builder-workspace/.swiftpm/xcode -experimental-emit-module-separately -disable-cmo
SwiftDriverJobDiscovery normal arm64 Compiling CancelRenderUseCase.swift, FinishRenderUseCase.swift (in target 'ImageSequencer' from project 'ImageSequencer')
SwiftDriverJobDiscovery normal arm64 Compiling ImageSequencerController.swift (in target 'ImageSequencer' from project 'ImageSequencer')
SwiftDriverJobDiscovery normal arm64 Compiling StartRenderUseCase.swift (in target 'ImageSequencer' from project 'ImageSequencer')
SwiftDriverJobDiscovery normal arm64 Compiling RenderSettings.swift (in target 'ImageSequencer' from project 'ImageSequencer')
SwiftMergeGeneratedHeaders /Users/admin/builder/spi-builder-workspace/.derivedData/Build/Intermediates.noindex/GeneratedModuleMaps/ImageSequencer-Swift.h /Users/admin/builder/spi-builder-workspace/.derivedData/Build/Intermediates.noindex/ImageSequencer.build/Debug/ImageSequencer-t.build/Objects-normal/arm64/ImageSequencer-Swift.h (in target 'ImageSequencer' from project 'ImageSequencer')
cd /Users/admin/builder/spi-builder-workspace
builtin-swiftHeaderTool -arch arm64 /Users/admin/builder/spi-builder-workspace/.derivedData/Build/Intermediates.noindex/ImageSequencer.build/Debug/ImageSequencer-t.build/Objects-normal/arm64/ImageSequencer-Swift.h -o /Users/admin/builder/spi-builder-workspace/.derivedData/Build/Intermediates.noindex/GeneratedModuleMaps/ImageSequencer-Swift.h
Copy /Users/admin/builder/spi-builder-workspace/.derivedData/Build/Products/Debug/ImageSequencer.swiftmodule/arm64-apple-macos.swiftdoc /Users/admin/builder/spi-builder-workspace/.derivedData/Build/Intermediates.noindex/ImageSequencer.build/Debug/ImageSequencer-t.build/Objects-normal/arm64/ImageSequencer.swiftdoc (in target 'ImageSequencer' from project 'ImageSequencer')
cd /Users/admin/builder/spi-builder-workspace
builtin-copy -exclude .DS_Store -exclude CVS -exclude .svn -exclude .git -exclude .hg -resolve-src-symlinks -rename /Users/admin/builder/spi-builder-workspace/.derivedData/Build/Intermediates.noindex/ImageSequencer.build/Debug/ImageSequencer-t.build/Objects-normal/arm64/ImageSequencer.swiftdoc /Users/admin/builder/spi-builder-workspace/.derivedData/Build/Products/Debug/ImageSequencer.swiftmodule/arm64-apple-macos.swiftdoc
Copy /Users/admin/builder/spi-builder-workspace/.derivedData/Build/Products/Debug/ImageSequencer.swiftmodule/arm64-apple-macos.swiftmodule /Users/admin/builder/spi-builder-workspace/.derivedData/Build/Intermediates.noindex/ImageSequencer.build/Debug/ImageSequencer-t.build/Objects-normal/arm64/ImageSequencer.swiftmodule (in target 'ImageSequencer' from project 'ImageSequencer')
cd /Users/admin/builder/spi-builder-workspace
builtin-copy -exclude .DS_Store -exclude CVS -exclude .svn -exclude .git -exclude .hg -resolve-src-symlinks -rename /Users/admin/builder/spi-builder-workspace/.derivedData/Build/Intermediates.noindex/ImageSequencer.build/Debug/ImageSequencer-t.build/Objects-normal/arm64/ImageSequencer.swiftmodule /Users/admin/builder/spi-builder-workspace/.derivedData/Build/Products/Debug/ImageSequencer.swiftmodule/arm64-apple-macos.swiftmodule
Copy /Users/admin/builder/spi-builder-workspace/.derivedData/Build/Products/Debug/ImageSequencer.swiftmodule/arm64-apple-macos.abi.json /Users/admin/builder/spi-builder-workspace/.derivedData/Build/Intermediates.noindex/ImageSequencer.build/Debug/ImageSequencer-t.build/Objects-normal/arm64/ImageSequencer.abi.json (in target 'ImageSequencer' from project 'ImageSequencer')
cd /Users/admin/builder/spi-builder-workspace
builtin-copy -exclude .DS_Store -exclude CVS -exclude .svn -exclude .git -exclude .hg -resolve-src-symlinks -rename /Users/admin/builder/spi-builder-workspace/.derivedData/Build/Intermediates.noindex/ImageSequencer.build/Debug/ImageSequencer-t.build/Objects-normal/arm64/ImageSequencer.abi.json /Users/admin/builder/spi-builder-workspace/.derivedData/Build/Products/Debug/ImageSequencer.swiftmodule/arm64-apple-macos.abi.json
Copy /Users/admin/builder/spi-builder-workspace/.derivedData/Build/Products/Debug/ImageSequencer.swiftmodule/Project/arm64-apple-macos.swiftsourceinfo /Users/admin/builder/spi-builder-workspace/.derivedData/Build/Intermediates.noindex/ImageSequencer.build/Debug/ImageSequencer-t.build/Objects-normal/arm64/ImageSequencer.swiftsourceinfo (in target 'ImageSequencer' from project 'ImageSequencer')
cd /Users/admin/builder/spi-builder-workspace
builtin-copy -exclude .DS_Store -exclude CVS -exclude .svn -exclude .git -exclude .hg -resolve-src-symlinks -rename /Users/admin/builder/spi-builder-workspace/.derivedData/Build/Intermediates.noindex/ImageSequencer.build/Debug/ImageSequencer-t.build/Objects-normal/arm64/ImageSequencer.swiftsourceinfo /Users/admin/builder/spi-builder-workspace/.derivedData/Build/Products/Debug/ImageSequencer.swiftmodule/Project/arm64-apple-macos.swiftsourceinfo
SwiftDriver ImageSequencerTests normal arm64 com.apple.xcode.tools.swift.compiler (in target 'ImageSequencerTests-product' from project 'ImageSequencer')
cd /Users/admin/builder/spi-builder-workspace/.swiftpm/xcode
builtin-SwiftDriver -- /Applications/Xcode-27.0.0-Release.Candidate.app/Contents/Developer/Toolchains/XcodeDefault.xctoolchain/usr/bin/swiftc -parse-as-library -module-name ImageSequencerTests -Onone @/Users/admin/builder/spi-builder-workspace/.derivedData/Build/Intermediates.noindex/ImageSequencer.build/Debug/ImageSequencerTests-p.build/Objects-normal/arm64/ImageSequencerTests.SwiftFileList -DSWIFT_PACKAGE -DDEBUG -DSWIFT_MODULE_RESOURCE_BUNDLE_AVAILABLE -DXcode -plugin-path /Applications/Xcode-27.0.0-Release.Candidate.app/Contents/Developer/Toolchains/XcodeDefault.xctoolchain/usr/lib/swift/host/plugins/testing -enable-experimental-feature DebugDescriptionMacro -sdk /Applications/Xcode-27.0.0-Release.Candidate.app/Contents/Developer/Platforms/MacOSX.platform/Developer/SDKs/MacOSX27.0.sdk -target arm64-apple-macos14.0 -g -module-cache-path /Users/admin/builder/spi-builder-workspace/.derivedData/ModuleCache.noindex -Xfrontend -serialize-debugging-options -profile-coverage-mapping -profile-generate -enable-testing -index-store-path /Users/admin/builder/spi-builder-workspace/.derivedData/Index.noindex/DataStore -Xcc -D_LIBCPP_HARDENING_MODE\=_LIBCPP_HARDENING_MODE_DEBUG -swift-version 5 -I /Users/admin/builder/spi-builder-workspace/.derivedData/Build/Products/Debug -Isystem /Applications/Xcode-27.0.0-Release.Candidate.app/Contents/Developer/Platforms/MacOSX.platform/Developer/usr/lib -F /Users/admin/builder/spi-builder-workspace/.derivedData/Build/Products/Debug/PackageFrameworks -F /Users/admin/builder/spi-builder-workspace/.derivedData/Build/Products/Debug -F /Applications/Xcode-27.0.0-Release.Candidate.app/Contents/Developer/Platforms/MacOSX.platform/Developer/Library/Frameworks -c -j10 -enable-batch-mode -incremental -Xcc -ivfsstatcache -Xcc /Users/admin/builder/spi-builder-workspace/.derivedData/SDKStatCaches.noindex/macosx27.0-26A425-e829b21a6f8c9b70876ba0858053c0446a22442a12e9d48fe1a705f55a1adfc4.sdkstatcache -output-file-map /Users/admin/builder/spi-builder-workspace/.derivedData/Build/Intermediates.noindex/ImageSequencer.build/Debug/ImageSequencerTests-p.build/Objects-normal/arm64/ImageSequencerTests-OutputFileMap.json -save-temps -no-color-diagnostics -explicit-module-build -module-cache-path /Users/admin/builder/spi-builder-workspace/.derivedData/Build/Intermediates.noindex/SwiftExplicitPrecompiledModules -clang-scanner-module-cache-path /Users/admin/builder/spi-builder-workspace/.derivedData/ModuleCache.noindex -sdk-module-cache-path /Users/admin/builder/spi-builder-workspace/.derivedData/SDKExplicitPrecompiledModules -emit-dependencies -emit-module -emit-module-path /Users/admin/builder/spi-builder-workspace/.derivedData/Build/Intermediates.noindex/ImageSequencer.build/Debug/ImageSequencerTests-p.build/Objects-normal/arm64/ImageSequencerTests.swiftmodule -serialize-diagnostics -dependency-scan-serialize-diagnostics-path /Users/admin/builder/spi-builder-workspace/.derivedData/Build/Intermediates.noindex/ImageSequencer.build/Debug/ImageSequencerTests-p.build/Objects-normal/arm64/ImageSequencerTests-dependency-scan.dia -validate-clang-modules-once -clang-build-session-file /Users/admin/builder/spi-builder-workspace/.derivedData/ModuleCache.noindex/Session.modulevalidation -Xcc -fmodules-prune-interval\=86400 -Xcc -fmodules-prune-after\=345600 -emit-const-values -const-gather-protocols-list /Users/admin/builder/spi-builder-workspace/.derivedData/Build/Intermediates.noindex/ImageSequencer.build/Debug/ImageSequencerTests-p.build/Objects-normal/arm64/ImageSequencerTests_const_extract_protocols.json -Xcc -I/Users/admin/builder/spi-builder-workspace/.derivedData/Build/Products/Debug/include -Xcc -I/Users/admin/builder/spi-builder-workspace/.derivedData/Build/Intermediates.noindex/ImageSequencer.build/Debug/ImageSequencerTests-p.build/DerivedSources-normal/arm64 -Xcc -I/Users/admin/builder/spi-builder-workspace/.derivedData/Build/Intermediates.noindex/ImageSequencer.build/Debug/ImageSequencerTests-p.build/DerivedSources/arm64 -Xcc -I/Users/admin/builder/spi-builder-workspace/.derivedData/Build/Intermediates.noindex/ImageSequencer.build/Debug/ImageSequencerTests-p.build/DerivedSources -Xcc -DSWIFT_PACKAGE -Xcc -DDEBUG\=1 -working-directory /Users/admin/builder/spi-builder-workspace/.swiftpm/xcode -experimental-emit-module-separately -disable-cmo
error: Clang dependency scanning failure: (in target 'ImageSequencerTests-product' from project 'ImageSequencer')
/Users/admin/builder/spi-builder-workspace/Tests/ImageSequencerTests/System.swift:2:8: error: Unable to resolve module dependency: 'UIKit' (in target 'ImageSequencerTests-product' from project 'ImageSequencer')
note: A dependency of main module 'ImageSequencerTests'
/Users/admin/builder/spi-builder-workspace/Tests/ImageSequencerTests/System.swift:2:8: note: A dependency of main module 'ImageSequencerTests'
import UIKit
^ (in target 'ImageSequencerTests-product' from project 'ImageSequencer')
SwiftDriverJobDiscovery normal arm64 Compiling Canvas.swift, PixelBufferAttributes.swift (in target 'ImageSequencer' from project 'ImageSequencer')
PruneExplicitPrecompiledModules /Users/admin/builder/spi-builder-workspace/.derivedData/Build/Intermediates.noindex/SwiftExplicitPrecompiledModules
PruneExplicitPrecompiledModules /Users/admin/builder/spi-builder-workspace/.derivedData/SDKExplicitPrecompiledModules
PruneExplicitPrecompiledModules /Users/admin/builder/spi-builder-workspace/.derivedData/Build/Intermediates.noindex/ExplicitPrecompiledModules
2026-09-20 08:15:55.519 xcodebuild[626:3888] [MT] IDERunDestination: Supported platforms for the buildables in the current scheme is empty.
2026-09-20 08:15:55.631 xcodebuild[626:3888] [MT] IDERunDestination: Supported platforms for the buildables in the current scheme is empty.
--- xcodebuild: WARNING: Using the first of multiple matching destinations:
{ platform:macOS, arch:arm64, id:e045e44aaf42804daf12f94f3745d550e8f32ce1, name:My Mac }
{ platform:macOS, arch:arm64, variant:Mac Catalyst, id:e045e44aaf42804daf12f94f3745d550e8f32ce1, name:My Mac }
{ platform:macOS, arch:arm64, variant:DriverKit, id:e045e44aaf42804daf12f94f3745d550e8f32ce1, name:My Mac }
{ platform:macOS, arch:arm64, variant:Designed for [iPad,iPhone], id:e045e44aaf42804daf12f94f3745d550e8f32ce1, name:My Mac }
** BUILD FAILED **
The following build commands failed:
SwiftDriver ImageSequencerTests normal arm64 com.apple.xcode.tools.swift.compiler (in target 'ImageSequencerTests-product' from project 'ImageSequencer')
Building workspace ImageSequencer with scheme ImageSequencer
(2 failures)
Command line invocation:
/Applications/Xcode-27.0.0-Release.Candidate.app/Contents/Developer/usr/bin/xcodebuild -IDEClonedSourcePackagesDirPathOverride=/Users/admin/builder/spi-builder-workspace/.dependencies -resolvePackageDependencies
Resolve Package Graph
Resolved source packages:
ImageSequencer: /Users/admin/builder/spi-builder-workspace
resolved source packages: ImageSequencer
2026-09-20 08:16:07.732 xcodebuild[739:4569] [MT] IDERunDestination: Supported platforms for the buildables in the current scheme is empty.
2026-09-20 08:16:07.841 xcodebuild[739:4569] [MT] IDERunDestination: Supported platforms for the buildables in the current scheme is empty.
{
"dependencies" : [
],
"manifest_display_name" : "ImageSequencer",
"name" : "ImageSequencer",
"path" : "/Users/admin/builder/spi-builder-workspace",
"platforms" : [
{
"name" : "ios",
"version" : "16.0"
}
],
"products" : [
{
"name" : "ImageSequencer",
"targets" : [
"ImageSequencer"
],
"type" : {
"library" : [
"automatic"
]
}
}
],
"targets" : [
{
"c99name" : "ImageSequencerTests",
"module_type" : "SwiftTarget",
"name" : "ImageSequencerTests",
"path" : "Tests/ImageSequencerTests",
"resources" : [
{
"path" : "/Users/admin/builder/spi-builder-workspace/Tests/ImageSequencerTests/Images/cat_1080.jpeg",
"rule" : {
"process" : {
}
}
},
{
"path" : "/Users/admin/builder/spi-builder-workspace/Tests/ImageSequencerTests/Images/cat_1080_portrait.jpeg",
"rule" : {
"process" : {
}
}
}
],
"sources" : [
"AVOutputSettingsTests.swift",
"CancelRenderTests.swift",
"FinishRenderTests.swift",
"PixelBufferAttributesTests.swift",
"RenderImagesTests.swift",
"StartRenderTests.swift",
"System.swift"
],
"target_dependencies" : [
"ImageSequencer"
],
"type" : "test"
},
{
"c99name" : "ImageSequencer",
"module_type" : "SwiftTarget",
"name" : "ImageSequencer",
"path" : "Sources/ImageSequencer",
"product_memberships" : [
"ImageSequencer"
],
"sources" : [
"Implementation/DefaultImageSequencerController.swift",
"Implementation/Frameworks/AVFoundation/AssetWriter.swift",
"Implementation/Frameworks/AVFoundation/AssetWriterInput.swift",
"Implementation/Frameworks/AVFoundation/AssetWriterInputPixelBufferAdaptor.swift",
"Implementation/Frameworks/AVFoundation/OutputSettings.swift",
"Implementation/Frameworks/AVFoundation/PixelBufferOperations.swift",
"Implementation/Frameworks/CoreImage/Canvas.swift",
"Implementation/Frameworks/CoreImage/PixelBufferAttributes.swift",
"Implementation/Use Cases/CancelRenderUseCase.swift",
"Implementation/Use Cases/FinishRenderUseCase.swift",
"Implementation/Use Cases/RenderImagesUseCase.swift",
"Implementation/Use Cases/StartRenderUseCase.swift",
"Public/Factory.swift",
"Public/ImageSequencerController.swift",
"Public/RenderSettings.swift"
],
"type" : "library"
}
],
"tools_version" : "5.8"
}
{
"workspace" : {
"name" : "ImageSequencer",
"schemes" : [
"ImageSequencer"
]
}
}
2026-09-20 08:16:08.967 xcodebuild[747:4642] [MT] IDERunDestination: Supported platforms for the buildables in the current scheme is empty.
2026-09-20 08:16:09.076 xcodebuild[747:4642] [MT] IDERunDestination: Supported platforms for the buildables in the current scheme is empty.
Running build ...
env DEVELOPER_DIR=/Applications/Xcode-27.0.0-Release.Candidate.app xcrun xcodebuild -IDEClonedSourcePackagesDirPathOverride=$PWD/.dependencies -skipMacroValidation -skipPackagePluginValidation -derivedDataPath $PWD/.derivedData build -scheme ImageSequencer -destination platform=macOS,arch=arm64
Command line invocation:
/Applications/Xcode-27.0.0-Release.Candidate.app/Contents/Developer/usr/bin/xcodebuild -IDEClonedSourcePackagesDirPathOverride=/Users/admin/builder/spi-builder-workspace/.dependencies -skipMacroValidation -skipPackagePluginValidation -derivedDataPath /Users/admin/builder/spi-builder-workspace/.derivedData build -scheme ImageSequencer -destination platform=macOS,arch=arm64
Resolve Package Graph
Resolved source packages:
ImageSequencer: /Users/admin/builder/spi-builder-workspace
ComputePackagePrebuildTargetDependencyGraph
Prepare packages
CreateBuildRequest
SendProjectDescription
CreateBuildOperation
ComputeTargetDependencyGraph
note: Building targets in dependency order
note: Target dependency graph (4 targets)
Target 'ImageSequencerTests-product' in project 'ImageSequencer'
➜ Explicit dependency on target 'ImageSequencer_ImageSequencerTests' in project 'ImageSequencer'
➜ Explicit dependency on target 'ImageSequencer' in project 'ImageSequencer'
Target 'ImageSequencer_ImageSequencerTests' in project 'ImageSequencer' (no dependencies)
Target 'ImageSequencer-product' in project 'ImageSequencer'
➜ Explicit dependency on target 'ImageSequencer' in project 'ImageSequencer'
Target 'ImageSequencer' in project 'ImageSequencer' (no dependencies)
GatherProvisioningInputs
CreateBuildDescription
ClangStatCache /Applications/Xcode-27.0.0-Release.Candidate.app/Contents/Developer/Toolchains/XcodeDefault.xctoolchain/usr/bin/clang-stat-cache /Applications/Xcode-27.0.0-Release.Candidate.app/Contents/Developer/Platforms/MacOSX.platform/Developer/SDKs/MacOSX27.0.sdk /Users/admin/builder/spi-builder-workspace/.derivedData/SDKStatCaches.noindex/macosx27.0-26A425-e829b21a6f8c9b70876ba0858053c0446a22442a12e9d48fe1a705f55a1adfc4.sdkstatcache
cd /Users/admin/builder/spi-builder-workspace/.swiftpm/xcode
/Applications/Xcode-27.0.0-Release.Candidate.app/Contents/Developer/Toolchains/XcodeDefault.xctoolchain/usr/bin/clang-stat-cache /Applications/Xcode-27.0.0-Release.Candidate.app/Contents/Developer/Platforms/MacOSX.platform/Developer/SDKs/MacOSX27.0.sdk -o /Users/admin/builder/spi-builder-workspace/.derivedData/SDKStatCaches.noindex/macosx27.0-26A425-e829b21a6f8c9b70876ba0858053c0446a22442a12e9d48fe1a705f55a1adfc4.sdkstatcache
SwiftDriver ImageSequencer normal arm64 com.apple.xcode.tools.swift.compiler (in target 'ImageSequencer' from project 'ImageSequencer')
cd /Users/admin/builder/spi-builder-workspace/.swiftpm/xcode
builtin-SwiftDriver -- /Applications/Xcode-27.0.0-Release.Candidate.app/Contents/Developer/Toolchains/XcodeDefault.xctoolchain/usr/bin/swiftc -parse-as-library -module-name ImageSequencer -Onone @/Users/admin/builder/spi-builder-workspace/.derivedData/Build/Intermediates.noindex/ImageSequencer.build/Debug/ImageSequencer-t.build/Objects-normal/arm64/ImageSequencer.SwiftFileList -DSWIFT_PACKAGE -DDEBUG -DSWIFT_MODULE_RESOURCE_BUNDLE_UNAVAILABLE -DXcode -plugin-path /Applications/Xcode-27.0.0-Release.Candidate.app/Contents/Developer/Toolchains/XcodeDefault.xctoolchain/usr/lib/swift/host/plugins/testing -enable-experimental-feature DebugDescriptionMacro -sdk /Applications/Xcode-27.0.0-Release.Candidate.app/Contents/Developer/Platforms/MacOSX.platform/Developer/SDKs/MacOSX27.0.sdk -target arm64-apple-macos12.0 -g -module-cache-path /Users/admin/builder/spi-builder-workspace/.derivedData/ModuleCache.noindex -Xfrontend -serialize-debugging-options -profile-coverage-mapping -profile-generate -enable-testing -index-store-path /Users/admin/builder/spi-builder-workspace/.derivedData/Index.noindex/DataStore -Xcc -D_LIBCPP_HARDENING_MODE\=_LIBCPP_HARDENING_MODE_DEBUG -swift-version 5 -I /Users/admin/builder/spi-builder-workspace/.derivedData/Build/Products/Debug -Isystem /Applications/Xcode-27.0.0-Release.Candidate.app/Contents/Developer/Platforms/MacOSX.platform/Developer/usr/lib -F /Users/admin/builder/spi-builder-workspace/.derivedData/Build/Products/Debug -F /Applications/Xcode-27.0.0-Release.Candidate.app/Contents/Developer/Platforms/MacOSX.platform/Developer/Library/Frameworks -c -j10 -enable-batch-mode -incremental -Xcc -ivfsstatcache -Xcc /Users/admin/builder/spi-builder-workspace/.derivedData/SDKStatCaches.noindex/macosx27.0-26A425-e829b21a6f8c9b70876ba0858053c0446a22442a12e9d48fe1a705f55a1adfc4.sdkstatcache -output-file-map /Users/admin/builder/spi-builder-workspace/.derivedData/Build/Intermediates.noindex/ImageSequencer.build/Debug/ImageSequencer-t.build/Objects-normal/arm64/ImageSequencer-OutputFileMap.json -save-temps -no-color-diagnostics -explicit-module-build -module-cache-path /Users/admin/builder/spi-builder-workspace/.derivedData/Build/Intermediates.noindex/SwiftExplicitPrecompiledModules -clang-scanner-module-cache-path /Users/admin/builder/spi-builder-workspace/.derivedData/ModuleCache.noindex -sdk-module-cache-path /Users/admin/builder/spi-builder-workspace/.derivedData/SDKExplicitPrecompiledModules -emit-dependencies -emit-module -emit-module-path /Users/admin/builder/spi-builder-workspace/.derivedData/Build/Intermediates.noindex/ImageSequencer.build/Debug/ImageSequencer-t.build/Objects-normal/arm64/ImageSequencer.swiftmodule -serialize-diagnostics -dependency-scan-serialize-diagnostics-path /Users/admin/builder/spi-builder-workspace/.derivedData/Build/Intermediates.noindex/ImageSequencer.build/Debug/ImageSequencer-t.build/Objects-normal/arm64/ImageSequencer-dependency-scan.dia -validate-clang-modules-once -clang-build-session-file /Users/admin/builder/spi-builder-workspace/.derivedData/ModuleCache.noindex/Session.modulevalidation -Xcc -fmodules-prune-interval\=86400 -Xcc -fmodules-prune-after\=345600 -emit-const-values -const-gather-protocols-list /Users/admin/builder/spi-builder-workspace/.derivedData/Build/Intermediates.noindex/ImageSequencer.build/Debug/ImageSequencer-t.build/Objects-normal/arm64/ImageSequencer_const_extract_protocols.json -Xcc -I/Users/admin/builder/spi-builder-workspace/.derivedData/Build/Products/Debug/include -Xcc -I/Users/admin/builder/spi-builder-workspace/.derivedData/Build/Intermediates.noindex/ImageSequencer.build/Debug/ImageSequencer-t.build/DerivedSources-normal/arm64 -Xcc -I/Users/admin/builder/spi-builder-workspace/.derivedData/Build/Intermediates.noindex/ImageSequencer.build/Debug/ImageSequencer-t.build/DerivedSources/arm64 -Xcc -I/Users/admin/builder/spi-builder-workspace/.derivedData/Build/Intermediates.noindex/ImageSequencer.build/Debug/ImageSequencer-t.build/DerivedSources -Xcc -DSWIFT_PACKAGE -Xcc -DDEBUG\=1 -emit-objc-header -emit-objc-header-path /Users/admin/builder/spi-builder-workspace/.derivedData/Build/Intermediates.noindex/ImageSequencer.build/Debug/ImageSequencer-t.build/Objects-normal/arm64/ImageSequencer-Swift.h -working-directory /Users/admin/builder/spi-builder-workspace/.swiftpm/xcode -experimental-emit-module-separately -disable-cmo
SwiftDriver ImageSequencerTests normal arm64 com.apple.xcode.tools.swift.compiler (in target 'ImageSequencerTests-product' from project 'ImageSequencer')
cd /Users/admin/builder/spi-builder-workspace/.swiftpm/xcode
builtin-SwiftDriver -- /Applications/Xcode-27.0.0-Release.Candidate.app/Contents/Developer/Toolchains/XcodeDefault.xctoolchain/usr/bin/swiftc -parse-as-library -module-name ImageSequencerTests -Onone @/Users/admin/builder/spi-builder-workspace/.derivedData/Build/Intermediates.noindex/ImageSequencer.build/Debug/ImageSequencerTests-p.build/Objects-normal/arm64/ImageSequencerTests.SwiftFileList -DSWIFT_PACKAGE -DDEBUG -DSWIFT_MODULE_RESOURCE_BUNDLE_AVAILABLE -DXcode -plugin-path /Applications/Xcode-27.0.0-Release.Candidate.app/Contents/Developer/Toolchains/XcodeDefault.xctoolchain/usr/lib/swift/host/plugins/testing -enable-experimental-feature DebugDescriptionMacro -sdk /Applications/Xcode-27.0.0-Release.Candidate.app/Contents/Developer/Platforms/MacOSX.platform/Developer/SDKs/MacOSX27.0.sdk -target arm64-apple-macos14.0 -g -module-cache-path /Users/admin/builder/spi-builder-workspace/.derivedData/ModuleCache.noindex -Xfrontend -serialize-debugging-options -profile-coverage-mapping -profile-generate -enable-testing -index-store-path /Users/admin/builder/spi-builder-workspace/.derivedData/Index.noindex/DataStore -Xcc -D_LIBCPP_HARDENING_MODE\=_LIBCPP_HARDENING_MODE_DEBUG -swift-version 5 -I /Users/admin/builder/spi-builder-workspace/.derivedData/Build/Products/Debug -Isystem /Applications/Xcode-27.0.0-Release.Candidate.app/Contents/Developer/Platforms/MacOSX.platform/Developer/usr/lib -F /Users/admin/builder/spi-builder-workspace/.derivedData/Build/Products/Debug/PackageFrameworks -F /Users/admin/builder/spi-builder-workspace/.derivedData/Build/Products/Debug -F /Applications/Xcode-27.0.0-Release.Candidate.app/Contents/Developer/Platforms/MacOSX.platform/Developer/Library/Frameworks -c -j10 -enable-batch-mode -incremental -Xcc -ivfsstatcache -Xcc /Users/admin/builder/spi-builder-workspace/.derivedData/SDKStatCaches.noindex/macosx27.0-26A425-e829b21a6f8c9b70876ba0858053c0446a22442a12e9d48fe1a705f55a1adfc4.sdkstatcache -output-file-map /Users/admin/builder/spi-builder-workspace/.derivedData/Build/Intermediates.noindex/ImageSequencer.build/Debug/ImageSequencerTests-p.build/Objects-normal/arm64/ImageSequencerTests-OutputFileMap.json -save-temps -no-color-diagnostics -explicit-module-build -module-cache-path /Users/admin/builder/spi-builder-workspace/.derivedData/Build/Intermediates.noindex/SwiftExplicitPrecompiledModules -clang-scanner-module-cache-path /Users/admin/builder/spi-builder-workspace/.derivedData/ModuleCache.noindex -sdk-module-cache-path /Users/admin/builder/spi-builder-workspace/.derivedData/SDKExplicitPrecompiledModules -emit-dependencies -emit-module -emit-module-path /Users/admin/builder/spi-builder-workspace/.derivedData/Build/Intermediates.noindex/ImageSequencer.build/Debug/ImageSequencerTests-p.build/Objects-normal/arm64/ImageSequencerTests.swiftmodule -serialize-diagnostics -dependency-scan-serialize-diagnostics-path /Users/admin/builder/spi-builder-workspace/.derivedData/Build/Intermediates.noindex/ImageSequencer.build/Debug/ImageSequencerTests-p.build/Objects-normal/arm64/ImageSequencerTests-dependency-scan.dia -validate-clang-modules-once -clang-build-session-file /Users/admin/builder/spi-builder-workspace/.derivedData/ModuleCache.noindex/Session.modulevalidation -Xcc -fmodules-prune-interval\=86400 -Xcc -fmodules-prune-after\=345600 -emit-const-values -const-gather-protocols-list /Users/admin/builder/spi-builder-workspace/.derivedData/Build/Intermediates.noindex/ImageSequencer.build/Debug/ImageSequencerTests-p.build/Objects-normal/arm64/ImageSequencerTests_const_extract_protocols.json -Xcc -I/Users/admin/builder/spi-builder-workspace/.derivedData/Build/Products/Debug/include -Xcc -I/Users/admin/builder/spi-builder-workspace/.derivedData/Build/Intermediates.noindex/ImageSequencer.build/Debug/ImageSequencerTests-p.build/DerivedSources-normal/arm64 -Xcc -I/Users/admin/builder/spi-builder-workspace/.derivedData/Build/Intermediates.noindex/ImageSequencer.build/Debug/ImageSequencerTests-p.build/DerivedSources/arm64 -Xcc -I/Users/admin/builder/spi-builder-workspace/.derivedData/Build/Intermediates.noindex/ImageSequencer.build/Debug/ImageSequencerTests-p.build/DerivedSources -Xcc -DSWIFT_PACKAGE -Xcc -DDEBUG\=1 -working-directory /Users/admin/builder/spi-builder-workspace/.swiftpm/xcode -experimental-emit-module-separately -disable-cmo
/Users/admin/builder/spi-builder-workspace/Tests/ImageSequencerTests/System.swift:2:8: error: Unable to resolve module dependency: 'UIKit' (in target 'ImageSequencerTests-product' from project 'ImageSequencer')
note: A dependency of main module 'ImageSequencerTests'
/Users/admin/builder/spi-builder-workspace/Tests/ImageSequencerTests/System.swift:2:8: note: A dependency of main module 'ImageSequencerTests'
import UIKit
^ (in target 'ImageSequencerTests-product' from project 'ImageSequencer')
SwiftCompile normal arm64 Compiling\ AssetWriterInput.swift /Users/admin/builder/spi-builder-workspace/Sources/ImageSequencer/Implementation/Frameworks/AVFoundation/AssetWriterInput.swift (in target 'ImageSequencer' from project 'ImageSequencer')
SwiftCompile normal arm64 /Users/admin/builder/spi-builder-workspace/Sources/ImageSequencer/Implementation/Frameworks/AVFoundation/AssetWriterInput.swift (in target 'ImageSequencer' from project 'ImageSequencer')
cd /Users/admin/builder/spi-builder-workspace/.swiftpm/xcode
builtin-SwiftPerFileCompile AssetWriterInput.swift
SwiftCompile normal arm64 Compiling\ DefaultImageSequencerController.swift /Users/admin/builder/spi-builder-workspace/Sources/ImageSequencer/Implementation/DefaultImageSequencerController.swift (in target 'ImageSequencer' from project 'ImageSequencer')
SwiftCompile normal arm64 /Users/admin/builder/spi-builder-workspace/Sources/ImageSequencer/Implementation/DefaultImageSequencerController.swift (in target 'ImageSequencer' from project 'ImageSequencer')
cd /Users/admin/builder/spi-builder-workspace/.swiftpm/xcode
builtin-SwiftPerFileCompile DefaultImageSequencerController.swift
SwiftEmitModule normal arm64 Emitting\ module\ for\ ImageSequencer (in target 'ImageSequencer' from project 'ImageSequencer')
SwiftCompile normal arm64 (in target 'ImageSequencer' from project 'ImageSequencer')
cd /Users/admin/builder/spi-builder-workspace/.swiftpm/xcode
SwiftCompile normal arm64 Compiling\ RenderImagesUseCase.swift /Users/admin/builder/spi-builder-workspace/Sources/ImageSequencer/Implementation/Use\ Cases/RenderImagesUseCase.swift (in target 'ImageSequencer' from project 'ImageSequencer')
SwiftCompile normal arm64 /Users/admin/builder/spi-builder-workspace/Sources/ImageSequencer/Implementation/Use\ Cases/RenderImagesUseCase.swift (in target 'ImageSequencer' from project 'ImageSequencer')
cd /Users/admin/builder/spi-builder-workspace/.swiftpm/xcode
builtin-SwiftPerFileCompile RenderImagesUseCase.swift
SwiftCompile normal arm64 Compiling\ AssetWriter.swift /Users/admin/builder/spi-builder-workspace/Sources/ImageSequencer/Implementation/Frameworks/AVFoundation/AssetWriter.swift (in target 'ImageSequencer' from project 'ImageSequencer')
SwiftCompile normal arm64 /Users/admin/builder/spi-builder-workspace/Sources/ImageSequencer/Implementation/Frameworks/AVFoundation/AssetWriter.swift (in target 'ImageSequencer' from project 'ImageSequencer')
cd /Users/admin/builder/spi-builder-workspace/.swiftpm/xcode
builtin-SwiftPerFileCompile AssetWriter.swift
SwiftCompile normal arm64 Compiling\ AssetWriterInputPixelBufferAdaptor.swift /Users/admin/builder/spi-builder-workspace/Sources/ImageSequencer/Implementation/Frameworks/AVFoundation/AssetWriterInputPixelBufferAdaptor.swift (in target 'ImageSequencer' from project 'ImageSequencer')
SwiftCompile normal arm64 /Users/admin/builder/spi-builder-workspace/Sources/ImageSequencer/Implementation/Frameworks/AVFoundation/AssetWriterInputPixelBufferAdaptor.swift (in target 'ImageSequencer' from project 'ImageSequencer')
cd /Users/admin/builder/spi-builder-workspace/.swiftpm/xcode
builtin-SwiftPerFileCompile AssetWriterInputPixelBufferAdaptor.swift
SwiftCompile normal arm64 Compiling\ PixelBufferOperations.swift /Users/admin/builder/spi-builder-workspace/Sources/ImageSequencer/Implementation/Frameworks/AVFoundation/PixelBufferOperations.swift (in target 'ImageSequencer' from project 'ImageSequencer')
SwiftCompile normal arm64 /Users/admin/builder/spi-builder-workspace/Sources/ImageSequencer/Implementation/Frameworks/AVFoundation/PixelBufferOperations.swift (in target 'ImageSequencer' from project 'ImageSequencer')
cd /Users/admin/builder/spi-builder-workspace/.swiftpm/xcode
builtin-SwiftPerFileCompile PixelBufferOperations.swift
SwiftCompile normal arm64 Compiling\ Factory.swift /Users/admin/builder/spi-builder-workspace/Sources/ImageSequencer/Public/Factory.swift (in target 'ImageSequencer' from project 'ImageSequencer')
SwiftCompile normal arm64 /Users/admin/builder/spi-builder-workspace/Sources/ImageSequencer/Public/Factory.swift (in target 'ImageSequencer' from project 'ImageSequencer')
cd /Users/admin/builder/spi-builder-workspace/.swiftpm/xcode
builtin-SwiftPerFileCompile Factory.swift
SwiftCompile normal arm64 Compiling\ OutputSettings.swift /Users/admin/builder/spi-builder-workspace/Sources/ImageSequencer/Implementation/Frameworks/AVFoundation/OutputSettings.swift (in target 'ImageSequencer' from project 'ImageSequencer')
SwiftCompile normal arm64 /Users/admin/builder/spi-builder-workspace/Sources/ImageSequencer/Implementation/Frameworks/AVFoundation/OutputSettings.swift (in target 'ImageSequencer' from project 'ImageSequencer')
cd /Users/admin/builder/spi-builder-workspace/.swiftpm/xcode
builtin-SwiftPerFileCompile OutputSettings.swift
PruneExplicitPrecompiledModules /Users/admin/builder/spi-builder-workspace/.derivedData/Build/Intermediates.noindex/SwiftExplicitPrecompiledModules
PruneExplicitPrecompiledModules /Users/admin/builder/spi-builder-workspace/.derivedData/SDKExplicitPrecompiledModules
PruneExplicitPrecompiledModules /Users/admin/builder/spi-builder-workspace/.derivedData/Build/Intermediates.noindex/ExplicitPrecompiledModules
2026-09-20 08:16:09.951 xcodebuild[748:4671] [MT] IDERunDestination: Supported platforms for the buildables in the current scheme is empty.
2026-09-20 08:16:10.063 xcodebuild[748:4671] [MT] IDERunDestination: Supported platforms for the buildables in the current scheme is empty.
--- xcodebuild: WARNING: Using the first of multiple matching destinations:
{ platform:macOS, arch:arm64, id:e045e44aaf42804daf12f94f3745d550e8f32ce1, name:My Mac }
{ platform:macOS, arch:arm64, variant:Mac Catalyst, id:e045e44aaf42804daf12f94f3745d550e8f32ce1, name:My Mac }
{ platform:macOS, arch:arm64, variant:DriverKit, id:e045e44aaf42804daf12f94f3745d550e8f32ce1, name:My Mac }
{ platform:macOS, arch:arm64, variant:Designed for [iPad,iPhone], id:e045e44aaf42804daf12f94f3745d550e8f32ce1, name:My Mac }
** BUILD FAILED **
The following build commands failed:
SwiftDriver ImageSequencerTests normal arm64 com.apple.xcode.tools.swift.compiler (in target 'ImageSequencerTests-product' from project 'ImageSequencer')
Building workspace ImageSequencer with scheme ImageSequencer
(2 failures)
BUILD FAILURE 6.4 macosXcodebuild