Build Information
Failed to build Nuke, reference 13.2.0 (30f7a7), with Swift 6.4 for watchOS using Xcode 27.0 on 27 Sep 2026 03:03:11 UTC.
Build Command
env DEVELOPER_DIR=/Applications/Xcode-27.0.0-Release.Candidate.app xcrun xcodebuild -IDEClonedSourcePackagesDirPathOverride=$PWD/.dependencies -skipMacroValidation -skipPackagePluginValidation -derivedDataPath $PWD/.derivedData build -scheme Nuke-Package -destination generic/platform=watchOSBuild Log
WriteAuxiliaryFile /Users/admin/builder/spi-builder-workspace/.derivedData/Build/Intermediates.noindex/Nuke.build/Debug-watchos/Nuke-t.build/Objects-normal/arm64/Nuke.SwiftConstValuesFileList (in target 'Nuke' from project 'Nuke')
cd /Users/admin/builder/spi-builder-workspace
write-file /Users/admin/builder/spi-builder-workspace/.derivedData/Build/Intermediates.noindex/Nuke.build/Debug-watchos/Nuke-t.build/Objects-normal/arm64/Nuke.SwiftConstValuesFileList
WriteAuxiliaryFile /Users/admin/builder/spi-builder-workspace/.derivedData/Build/Intermediates.noindex/Nuke.build/Debug-watchos/Nuke-t.build/Objects-normal/arm64/Nuke.LinkFileList (in target 'Nuke' from project 'Nuke')
cd /Users/admin/builder/spi-builder-workspace
write-file /Users/admin/builder/spi-builder-workspace/.derivedData/Build/Intermediates.noindex/Nuke.build/Debug-watchos/Nuke-t.build/Objects-normal/arm64/Nuke.LinkFileList
WriteAuxiliaryFile /Users/admin/builder/spi-builder-workspace/.derivedData/Build/Intermediates.noindex/Nuke.build/Debug-watchos/Nuke-t.build/Objects-normal/arm64/Nuke-OutputFileMap.json (in target 'Nuke' from project 'Nuke')
cd /Users/admin/builder/spi-builder-workspace
write-file /Users/admin/builder/spi-builder-workspace/.derivedData/Build/Intermediates.noindex/Nuke.build/Debug-watchos/Nuke-t.build/Objects-normal/arm64/Nuke-OutputFileMap.json
WriteAuxiliaryFile /Users/admin/builder/spi-builder-workspace/.derivedData/Build/Intermediates.noindex/Nuke.build/Debug-watchos/Nuke-t.build/Nuke.modulemap (in target 'Nuke' from project 'Nuke')
cd /Users/admin/builder/spi-builder-workspace
write-file /Users/admin/builder/spi-builder-workspace/.derivedData/Build/Intermediates.noindex/Nuke.build/Debug-watchos/Nuke-t.build/Nuke.modulemap
WriteAuxiliaryFile /Users/admin/builder/spi-builder-workspace/.derivedData/Build/Intermediates.noindex/Nuke.build/Debug-watchos/Nuke-t.build/Nuke.DependencyStaticMetadataFileList (in target 'Nuke' from project 'Nuke')
cd /Users/admin/builder/spi-builder-workspace
write-file /Users/admin/builder/spi-builder-workspace/.derivedData/Build/Intermediates.noindex/Nuke.build/Debug-watchos/Nuke-t.build/Nuke.DependencyStaticMetadataFileList
WriteAuxiliaryFile /Users/admin/builder/spi-builder-workspace/.derivedData/Build/Intermediates.noindex/Nuke.build/Debug-watchos/Nuke-t.build/Nuke.DependencyMetadataFileList (in target 'Nuke' from project 'Nuke')
cd /Users/admin/builder/spi-builder-workspace
write-file /Users/admin/builder/spi-builder-workspace/.derivedData/Build/Intermediates.noindex/Nuke.build/Debug-watchos/Nuke-t.build/Nuke.DependencyMetadataFileList
Copy /Users/admin/builder/spi-builder-workspace/.derivedData/Build/Intermediates.noindex/GeneratedModuleMaps-watchos/Nuke.modulemap /Users/admin/builder/spi-builder-workspace/.derivedData/Build/Intermediates.noindex/Nuke.build/Debug-watchos/Nuke-t.build/Nuke.modulemap (in target 'Nuke' from project 'Nuke')
cd /Users/admin/builder/spi-builder-workspace
builtin-copy -exclude .DS_Store -exclude CVS -exclude .svn -exclude .git -exclude .hg -resolve-src-symlinks /Users/admin/builder/spi-builder-workspace/.derivedData/Build/Intermediates.noindex/Nuke.build/Debug-watchos/Nuke-t.build/Nuke.modulemap /Users/admin/builder/spi-builder-workspace/.derivedData/Build/Intermediates.noindex/GeneratedModuleMaps-watchos
SwiftDriver Nuke normal arm64 com.apple.xcode.tools.swift.compiler (in target 'Nuke' from project 'Nuke')
cd /Users/admin/builder/spi-builder-workspace/.swiftpm/xcode
builtin-SwiftDriver -- /Applications/Xcode-27.0.0-Release.Candidate.app/Contents/Developer/Toolchains/XcodeDefault.xctoolchain/usr/bin/swiftc -parse-as-library -module-name Nuke -Onone @/Users/admin/builder/spi-builder-workspace/.derivedData/Build/Intermediates.noindex/Nuke.build/Debug-watchos/Nuke-t.build/Objects-normal/arm64/Nuke.SwiftFileList -DSWIFT_PACKAGE -DDEBUG -DSWIFT_MODULE_RESOURCE_BUNDLE_UNAVAILABLE -DXcode -plugin-path /Applications/Xcode-27.0.0-Release.Candidate.app/Contents/Developer/Toolchains/XcodeDefault.xctoolchain/usr/lib/swift/host/plugins/testing -enable-experimental-feature DebugDescriptionMacro -sdk /Applications/Xcode-27.0.0-Release.Candidate.app/Contents/Developer/Platforms/WatchOS.platform/Developer/SDKs/WatchOS27.0.sdk -target arm64-apple-watchos9.0 -g -module-cache-path /Users/admin/builder/spi-builder-workspace/.derivedData/ModuleCache.noindex -Xfrontend -serialize-debugging-options -enable-testing -index-store-path /Users/admin/builder/spi-builder-workspace/.derivedData/Index.noindex/DataStore -Xcc -D_LIBCPP_HARDENING_MODE\=_LIBCPP_HARDENING_MODE_DEBUG -swift-version 6 -I /Users/admin/builder/spi-builder-workspace/.derivedData/Build/Products/Debug-watchos -Isystem /Applications/Xcode-27.0.0-Release.Candidate.app/Contents/Developer/Platforms/WatchOS.platform/Developer/usr/lib -F /Users/admin/builder/spi-builder-workspace/.derivedData/Build/Products/Debug-watchos -F /Applications/Xcode-27.0.0-Release.Candidate.app/Contents/Developer/Platforms/WatchOS.platform/Developer/Library/Frameworks -F /Applications/Xcode-27.0.0-Release.Candidate.app/Contents/Developer/Platforms/WatchOS.platform/Developer/SDKs/WatchOS27.0.sdk/Developer/Library/Frameworks -c -j10 -enable-batch-mode -incremental -Xcc -ivfsstatcache -Xcc /Users/admin/builder/spi-builder-workspace/.derivedData/SDKStatCaches.noindex/watchos27.0-24R360-e829b21a6f8c9b70876ba0858053c04477534ef55a1706bf4c1112bbb242f0a2.sdkstatcache -output-file-map /Users/admin/builder/spi-builder-workspace/.derivedData/Build/Intermediates.noindex/Nuke.build/Debug-watchos/Nuke-t.build/Objects-normal/arm64/Nuke-OutputFileMap.json -save-temps -no-color-diagnostics -explicit-module-build -module-cache-path /Users/admin/builder/spi-builder-workspace/.derivedData/Build/Intermediates.noindex/SwiftExplicitPrecompiledModules -clang-scanner-module-cache-path /Users/admin/builder/spi-builder-workspace/.derivedData/ModuleCache.noindex -sdk-module-cache-path /Users/admin/builder/spi-builder-workspace/.derivedData/SDKExplicitPrecompiledModules -emit-dependencies -emit-module -emit-module-path /Users/admin/builder/spi-builder-workspace/.derivedData/Build/Intermediates.noindex/Nuke.build/Debug-watchos/Nuke-t.build/Objects-normal/arm64/Nuke.swiftmodule -serialize-diagnostics -dependency-scan-serialize-diagnostics-path /Users/admin/builder/spi-builder-workspace/.derivedData/Build/Intermediates.noindex/Nuke.build/Debug-watchos/Nuke-t.build/Objects-normal/arm64/Nuke-dependency-scan.dia -validate-clang-modules-once -clang-build-session-file /Users/admin/builder/spi-builder-workspace/.derivedData/ModuleCache.noindex/Session.modulevalidation -Xcc -fmodules-prune-interval\=86400 -Xcc -fmodules-prune-after\=345600 -package-name spi_builder_workspace -emit-const-values -const-gather-protocols-list /Users/admin/builder/spi-builder-workspace/.derivedData/Build/Intermediates.noindex/Nuke.build/Debug-watchos/Nuke-t.build/Objects-normal/arm64/Nuke_const_extract_protocols.json -Xcc -I/Users/admin/builder/spi-builder-workspace/.derivedData/Build/Products/Debug-watchos/include -Xcc -I/Users/admin/builder/spi-builder-workspace/.derivedData/Build/Intermediates.noindex/Nuke.build/Debug-watchos/Nuke-t.build/DerivedSources-normal/arm64 -Xcc -I/Users/admin/builder/spi-builder-workspace/.derivedData/Build/Intermediates.noindex/Nuke.build/Debug-watchos/Nuke-t.build/DerivedSources/arm64 -Xcc -I/Users/admin/builder/spi-builder-workspace/.derivedData/Build/Intermediates.noindex/Nuke.build/Debug-watchos/Nuke-t.build/DerivedSources -Xcc -DSWIFT_PACKAGE -Xcc -DDEBUG\=1 -emit-objc-header -emit-objc-header-path /Users/admin/builder/spi-builder-workspace/.derivedData/Build/Intermediates.noindex/Nuke.build/Debug-watchos/Nuke-t.build/Objects-normal/arm64/Nuke-Swift.h -working-directory /Users/admin/builder/spi-builder-workspace/.swiftpm/xcode -experimental-emit-module-separately -disable-cmo
SwiftDriver Nuke normal arm64_32 com.apple.xcode.tools.swift.compiler (in target 'Nuke' from project 'Nuke')
cd /Users/admin/builder/spi-builder-workspace/.swiftpm/xcode
builtin-SwiftDriver -- /Applications/Xcode-27.0.0-Release.Candidate.app/Contents/Developer/Toolchains/XcodeDefault.xctoolchain/usr/bin/swiftc -parse-as-library -module-name Nuke -Onone @/Users/admin/builder/spi-builder-workspace/.derivedData/Build/Intermediates.noindex/Nuke.build/Debug-watchos/Nuke-t.build/Objects-normal/arm64_32/Nuke.SwiftFileList -DSWIFT_PACKAGE -DDEBUG -DSWIFT_MODULE_RESOURCE_BUNDLE_UNAVAILABLE -DXcode -plugin-path /Applications/Xcode-27.0.0-Release.Candidate.app/Contents/Developer/Toolchains/XcodeDefault.xctoolchain/usr/lib/swift/host/plugins/testing -enable-experimental-feature DebugDescriptionMacro -sdk /Applications/Xcode-27.0.0-Release.Candidate.app/Contents/Developer/Platforms/WatchOS.platform/Developer/SDKs/WatchOS27.0.sdk -target arm64_32-apple-watchos9.0 -g -module-cache-path /Users/admin/builder/spi-builder-workspace/.derivedData/ModuleCache.noindex -Xfrontend -serialize-debugging-options -enable-testing -index-store-path /Users/admin/builder/spi-builder-workspace/.derivedData/Index.noindex/DataStore -Xcc -D_LIBCPP_HARDENING_MODE\=_LIBCPP_HARDENING_MODE_DEBUG -swift-version 6 -I /Users/admin/builder/spi-builder-workspace/.derivedData/Build/Products/Debug-watchos -Isystem /Applications/Xcode-27.0.0-Release.Candidate.app/Contents/Developer/Platforms/WatchOS.platform/Developer/usr/lib -F /Users/admin/builder/spi-builder-workspace/.derivedData/Build/Products/Debug-watchos -F /Applications/Xcode-27.0.0-Release.Candidate.app/Contents/Developer/Platforms/WatchOS.platform/Developer/Library/Frameworks -F /Applications/Xcode-27.0.0-Release.Candidate.app/Contents/Developer/Platforms/WatchOS.platform/Developer/SDKs/WatchOS27.0.sdk/Developer/Library/Frameworks -c -j10 -enable-batch-mode -incremental -Xcc -ivfsstatcache -Xcc /Users/admin/builder/spi-builder-workspace/.derivedData/SDKStatCaches.noindex/watchos27.0-24R360-e829b21a6f8c9b70876ba0858053c04477534ef55a1706bf4c1112bbb242f0a2.sdkstatcache -output-file-map /Users/admin/builder/spi-builder-workspace/.derivedData/Build/Intermediates.noindex/Nuke.build/Debug-watchos/Nuke-t.build/Objects-normal/arm64_32/Nuke-OutputFileMap.json -save-temps -no-color-diagnostics -explicit-module-build -module-cache-path /Users/admin/builder/spi-builder-workspace/.derivedData/Build/Intermediates.noindex/SwiftExplicitPrecompiledModules -clang-scanner-module-cache-path /Users/admin/builder/spi-builder-workspace/.derivedData/ModuleCache.noindex -sdk-module-cache-path /Users/admin/builder/spi-builder-workspace/.derivedData/SDKExplicitPrecompiledModules -emit-dependencies -emit-module -emit-module-path /Users/admin/builder/spi-builder-workspace/.derivedData/Build/Intermediates.noindex/Nuke.build/Debug-watchos/Nuke-t.build/Objects-normal/arm64_32/Nuke.swiftmodule -serialize-diagnostics -dependency-scan-serialize-diagnostics-path /Users/admin/builder/spi-builder-workspace/.derivedData/Build/Intermediates.noindex/Nuke.build/Debug-watchos/Nuke-t.build/Objects-normal/arm64_32/Nuke-dependency-scan.dia -validate-clang-modules-once -clang-build-session-file /Users/admin/builder/spi-builder-workspace/.derivedData/ModuleCache.noindex/Session.modulevalidation -Xcc -fmodules-prune-interval\=86400 -Xcc -fmodules-prune-after\=345600 -package-name spi_builder_workspace -emit-const-values -const-gather-protocols-list /Users/admin/builder/spi-builder-workspace/.derivedData/Build/Intermediates.noindex/Nuke.build/Debug-watchos/Nuke-t.build/Objects-normal/arm64_32/Nuke_const_extract_protocols.json -Xcc -I/Users/admin/builder/spi-builder-workspace/.derivedData/Build/Products/Debug-watchos/include -Xcc -I/Users/admin/builder/spi-builder-workspace/.derivedData/Build/Intermediates.noindex/Nuke.build/Debug-watchos/Nuke-t.build/DerivedSources-normal/arm64_32 -Xcc -I/Users/admin/builder/spi-builder-workspace/.derivedData/Build/Intermediates.noindex/Nuke.build/Debug-watchos/Nuke-t.build/DerivedSources/arm64_32 -Xcc -I/Users/admin/builder/spi-builder-workspace/.derivedData/Build/Intermediates.noindex/Nuke.build/Debug-watchos/Nuke-t.build/DerivedSources -Xcc -DSWIFT_PACKAGE -Xcc -DDEBUG\=1 -emit-objc-header -emit-objc-header-path /Users/admin/builder/spi-builder-workspace/.derivedData/Build/Intermediates.noindex/Nuke.build/Debug-watchos/Nuke-t.build/Objects-normal/arm64_32/Nuke-Swift.h -working-directory /Users/admin/builder/spi-builder-workspace/.swiftpm/xcode -experimental-emit-module-separately -disable-cmo
SwiftExplicitDependencyGeneratePcm arm64_32 /Users/admin/builder/spi-builder-workspace/.derivedData/SDKExplicitPrecompiledModules/_Builtin_stdbool-84ZA1VDW90AGWZ2LF5KOCM8DZ.pcm
SwiftExplicitDependencyGeneratePcm arm64_32 /Users/admin/builder/spi-builder-workspace/.derivedData/SDKExplicitPrecompiledModules/_Builtin_stddef-2F9BFIPBQ5EWNSK5G7G7V4EKL.pcm
SwiftExplicitDependencyGeneratePcm arm64_32 /Users/admin/builder/spi-builder-workspace/.derivedData/SDKExplicitPrecompiledModules/ptrauth-EW7YZZ7LEZE1QZF2T8148IPSA.pcm
SwiftExplicitDependencyGeneratePcm arm64_32 /Users/admin/builder/spi-builder-workspace/.derivedData/SDKExplicitPrecompiledModules/_Builtin_stdarg-EYJP6DFYQL9GJLH1TJ84A8MHV.pcm
SwiftExplicitDependencyGeneratePcm arm64_32 /Users/admin/builder/spi-builder-workspace/.derivedData/SDKExplicitPrecompiledModules/_Builtin_float-372PLGDQ1U3B6Z5EA5DJMDORJ.pcm
SwiftExplicitDependencyGeneratePcm arm64_32 /Users/admin/builder/spi-builder-workspace/.derivedData/SDKExplicitPrecompiledModules/DeveloperToolsSupport-3FQKKPF3BW0SWE1YUZ86OZWIB.pcm
SwiftExplicitDependencyGeneratePcm arm64_32 /Users/admin/builder/spi-builder-workspace/.derivedData/SDKExplicitPrecompiledModules/_SwiftConcurrencyShims-58G4ISYSYDV3AT1DDGEE0QCUF.pcm
SwiftExplicitDependencyGeneratePcm arm64_32 /Users/admin/builder/spi-builder-workspace/.derivedData/SDKExplicitPrecompiledModules/SwiftShims-D9VBB138U50XYYGW2C2V21N3L.pcm
SwiftExplicitDependencyGeneratePcm arm64_32 /Users/admin/builder/spi-builder-workspace/.derivedData/SDKExplicitPrecompiledModules/_AvailabilityInternal-22ZP1ILSQW16KHXZS5GBZHOCS.pcm
SwiftExplicitDependencyGeneratePcm arm64 /Users/admin/builder/spi-builder-workspace/.derivedData/SDKExplicitPrecompiledModules/_AvailabilityInternal-42EVAC8Q6P1ZT6G3A168N97G4.pcm
SwiftExplicitDependencyGeneratePcm arm64 /Users/admin/builder/spi-builder-workspace/.derivedData/SDKExplicitPrecompiledModules/ptrcheck-8K07997SIHO7YGY7UQ3LOQ3TJ.pcm
SwiftExplicitDependencyGeneratePcm arm64 /Users/admin/builder/spi-builder-workspace/.derivedData/SDKExplicitPrecompiledModules/_Builtin_stddef-5OH846KKUPSJJT7GCX9XU1TKG.pcm
SwiftExplicitDependencyGeneratePcm arm64 /Users/admin/builder/spi-builder-workspace/.derivedData/SDKExplicitPrecompiledModules/_Builtin_stdbool-B692L2PMR118794VVYBG37897.pcm
SwiftExplicitDependencyGeneratePcm arm64 /Users/admin/builder/spi-builder-workspace/.derivedData/SDKExplicitPrecompiledModules/SwiftShims-AJ4AZYHQNC33R5RLN7AGEIOMP.pcm
SwiftExplicitDependencyGeneratePcm arm64 /Users/admin/builder/spi-builder-workspace/.derivedData/SDKExplicitPrecompiledModules/_Builtin_float-E4M4A8689VXF1T7P7BV56IKBT.pcm
SwiftExplicitDependencyGeneratePcm arm64 /Users/admin/builder/spi-builder-workspace/.derivedData/SDKExplicitPrecompiledModules/DeveloperToolsSupport-CL5QT3CW0ZM498PFTWG64QMLA.pcm
SwiftExplicitDependencyGeneratePcm arm64 /Users/admin/builder/spi-builder-workspace/.derivedData/SDKExplicitPrecompiledModules/_SwiftConcurrencyShims-CTPSFSTDCBVSSQFHL6I305U72.pcm
SwiftExplicitDependencyGeneratePcm arm64 /Users/admin/builder/spi-builder-workspace/.derivedData/SDKExplicitPrecompiledModules/ptrauth-C7VQASAJ967Q4Q6SRD4I3CFWZ.pcm
SwiftExplicitDependencyGeneratePcm arm64_32 /Users/admin/builder/spi-builder-workspace/.derivedData/SDKExplicitPrecompiledModules/ptrcheck-EAZ3I917ZFA9H6ZCL6PGLG4TR.pcm
SwiftExplicitDependencyGeneratePcm arm64 /Users/admin/builder/spi-builder-workspace/.derivedData/SDKExplicitPrecompiledModules/_Builtin_stdarg-3X4KLXUYEI0UGBILP4X7D0CYW.pcm
SwiftExplicitDependencyGeneratePcm arm64 /Users/admin/builder/spi-builder-workspace/.derivedData/SDKExplicitPrecompiledModules/_DarwinFoundation1-7YQ9TVI7XTOGQU9OADRXP33D1.pcm
SwiftExplicitDependencyGeneratePcm arm64_32 /Users/admin/builder/spi-builder-workspace/.derivedData/SDKExplicitPrecompiledModules/_DarwinFoundation1-5SNIO0SFHX9KJZTLQGIPAPXUZ.pcm
SwiftExplicitDependencyGeneratePcm arm64 /Users/admin/builder/spi-builder-workspace/.derivedData/SDKExplicitPrecompiledModules/_Builtin_limits-75TRA1C7IHYOFCG3KJXQVTHJ4.pcm
SwiftExplicitDependencyGeneratePcm arm64 /Users/admin/builder/spi-builder-workspace/.derivedData/SDKExplicitPrecompiledModules/_DarwinFoundation2-CUPL4FH2SA95GMALQP4M6O8UA.pcm
SwiftExplicitDependencyGeneratePcm arm64_32 /Users/admin/builder/spi-builder-workspace/.derivedData/SDKExplicitPrecompiledModules/_Builtin_limits-AQMEC9CLG0FZQN6TLGDQ6WF78.pcm
SwiftExplicitDependencyGeneratePcm arm64_32 /Users/admin/builder/spi-builder-workspace/.derivedData/SDKExplicitPrecompiledModules/_DarwinFoundation2-FP2Q8F1Q2HR151SBYKTU6Q8B.pcm
SwiftExplicitDependencyGeneratePcm arm64 /Users/admin/builder/spi-builder-workspace/.derivedData/SDKExplicitPrecompiledModules/_Builtin_stdint-6TUACK4YPMARFT56PLIO388SJ.pcm
SwiftExplicitDependencyGeneratePcm arm64 /Users/admin/builder/spi-builder-workspace/.derivedData/SDKExplicitPrecompiledModules/_Builtin_tgmath-7JP2AE1NQHA1DV5JYP2OHQ3BF.pcm
SwiftExplicitDependencyGeneratePcm arm64 /Users/admin/builder/spi-builder-workspace/.derivedData/SDKExplicitPrecompiledModules/sys_types-9KPVYINL86WUSHF45TU8PWZZ1.pcm
SwiftExplicitDependencyGeneratePcm arm64 /Users/admin/builder/spi-builder-workspace/.derivedData/SDKExplicitPrecompiledModules/string_h-4N9Z22C0HUO8GV7GFPCLZRZA2.pcm
SwiftExplicitDependencyGeneratePcm arm64_32 /Users/admin/builder/spi-builder-workspace/.derivedData/SDKExplicitPrecompiledModules/_Builtin_stdint-6IWJLTRH2WB6RCG4THPA65RDS.pcm
SwiftExplicitDependencyGeneratePcm arm64_32 /Users/admin/builder/spi-builder-workspace/.derivedData/SDKExplicitPrecompiledModules/string_h-8QY7P4ZQXQAF14WVDITTM4R70.pcm
SwiftExplicitDependencyGeneratePcm arm64_32 /Users/admin/builder/spi-builder-workspace/.derivedData/SDKExplicitPrecompiledModules/sys_types-65NN51P1G7GN2GUAUPC53JJ7N.pcm
SwiftExplicitDependencyGeneratePcm arm64_32 /Users/admin/builder/spi-builder-workspace/.derivedData/SDKExplicitPrecompiledModules/_Builtin_tgmath-414CVW1GW3IL0HRLCNNCS6Q0U.pcm
SwiftExplicitDependencyGeneratePcm arm64 /Users/admin/builder/spi-builder-workspace/.derivedData/SDKExplicitPrecompiledModules/_Builtin_intrinsics-SQV576LJA0QE7RW5HF7CQ1BX.pcm
SwiftExplicitDependencyGeneratePcm arm64 /Users/admin/builder/spi-builder-workspace/.derivedData/SDKExplicitPrecompiledModules/_DarwinFoundation3-EJXZKD8LN9EYM9OWP9VLJ49PK.pcm
SwiftExplicitDependencyGeneratePcm arm64 /Users/admin/builder/spi-builder-workspace/.derivedData/SDKExplicitPrecompiledModules/_Builtin_stdatomic-25T9UW3XDYID74302F31PX0RP.pcm
SwiftExplicitDependencyGeneratePcm arm64_32 /Users/admin/builder/spi-builder-workspace/.derivedData/SDKExplicitPrecompiledModules/_DarwinFoundation3-3YOBOPIW2MF1LRNQH7JBUBY4G.pcm
SwiftExplicitDependencyGeneratePcm arm64_32 /Users/admin/builder/spi-builder-workspace/.derivedData/SDKExplicitPrecompiledModules/_Builtin_stdatomic-D2FE5M7JS5NQA5JDADVERWJM4.pcm
SwiftExplicitDependencyGeneratePcm arm64_32 /Users/admin/builder/spi-builder-workspace/.derivedData/SDKExplicitPrecompiledModules/_Builtin_intrinsics-2K07JIG9ZANIKHSNPO3O6L1K6.pcm
SwiftExplicitDependencyGeneratePcm arm64_32 /Users/admin/builder/spi-builder-workspace/.derivedData/SDKExplicitPrecompiledModules/_Builtin_inttypes-BPZJ68HW1IMYWSHROAZ0IMUJP.pcm
SwiftExplicitDependencyGeneratePcm arm64 /Users/admin/builder/spi-builder-workspace/.derivedData/SDKExplicitPrecompiledModules/_Builtin_inttypes-86YTNV5YADPJXFMJ82N3R4GWQ.pcm
SwiftExplicitDependencyGeneratePcm arm64_32 /Users/admin/builder/spi-builder-workspace/.derivedData/SDKExplicitPrecompiledModules/Darwin-10D35ZJWCWG7LJAF579U7I5V7.pcm
SwiftExplicitDependencyGeneratePcm arm64 /Users/admin/builder/spi-builder-workspace/.derivedData/SDKExplicitPrecompiledModules/Darwin-CSB8C43KELVSFIQVR0803IZPN.pcm
SwiftExplicitDependencyGeneratePcm arm64_32 /Users/admin/builder/spi-builder-workspace/.derivedData/SDKExplicitPrecompiledModules/simd-1W6O8NR1QUSWJGAN44DNNWVHX.pcm
SwiftExplicitDependencyGeneratePcm arm64 /Users/admin/builder/spi-builder-workspace/.derivedData/SDKExplicitPrecompiledModules/simd-2C11HKTI5TJB05T724EWNFZXD.pcm
SwiftExplicitDependencyGeneratePcm arm64 /Users/admin/builder/spi-builder-workspace/.derivedData/SDKExplicitPrecompiledModules/MachO-4RYXFVY68ZDEUZYFMVL57WEKU.pcm
SwiftExplicitDependencyGeneratePcm arm64 /Users/admin/builder/spi-builder-workspace/.derivedData/SDKExplicitPrecompiledModules/ObjectiveC-22CZPC4WYQC9G8T393WT2KKLW.pcm
SwiftExplicitDependencyGeneratePcm arm64_32 /Users/admin/builder/spi-builder-workspace/.derivedData/SDKExplicitPrecompiledModules/MachO-F47JQRYVH1SLPOQSJD8RK9MSX.pcm
SwiftExplicitDependencyGeneratePcm arm64_32 /Users/admin/builder/spi-builder-workspace/.derivedData/SDKExplicitPrecompiledModules/ObjectiveC-71AGZNHLBMR2QK817EJNUN54E.pcm
SwiftExplicitDependencyGeneratePcm arm64 /Users/admin/builder/spi-builder-workspace/.derivedData/SDKExplicitPrecompiledModules/os_object-6KYGGZ4DPVZ3BBAZ6QICZN8LI.pcm
SwiftExplicitDependencyGeneratePcm arm64_32 /Users/admin/builder/spi-builder-workspace/.derivedData/SDKExplicitPrecompiledModules/os_object-CTXVQBCWDOH6JHUXIFDUOWFRL.pcm
SwiftExplicitDependencyGeneratePcm arm64 /Users/admin/builder/spi-builder-workspace/.derivedData/SDKExplicitPrecompiledModules/os_workgroup-AHE7ULDQBKER38CYPIKDTZF4M.pcm
SwiftExplicitDependencyGeneratePcm arm64_32 /Users/admin/builder/spi-builder-workspace/.derivedData/SDKExplicitPrecompiledModules/os_workgroup-9L9R05BT5LTFRZ2NM68BZTVV2.pcm
SwiftExplicitDependencyGeneratePcm arm64 /Users/admin/builder/spi-builder-workspace/.derivedData/SDKExplicitPrecompiledModules/Spatial-EZKKX4XFW72RZCTOIG80Z93AP.pcm
SwiftExplicitDependencyGeneratePcm arm64_32 /Users/admin/builder/spi-builder-workspace/.derivedData/SDKExplicitPrecompiledModules/Spatial-4XS0QRL16224ZE9KE9TMKASKT.pcm
SwiftExplicitDependencyGeneratePcm arm64 /Users/admin/builder/spi-builder-workspace/.derivedData/SDKExplicitPrecompiledModules/Dispatch-39VR0G01IUJ09PQKMFGOHXZ4L.pcm
SwiftExplicitDependencyGeneratePcm arm64_32 /Users/admin/builder/spi-builder-workspace/.derivedData/SDKExplicitPrecompiledModules/Dispatch-CGIMI9KQKHNRQHR2IECIPRG14.pcm
SwiftExplicitDependencyGeneratePcm arm64_32 /Users/admin/builder/spi-builder-workspace/.derivedData/SDKExplicitPrecompiledModules/XPC-7SLKI45KYLKXH9QET2WYS3UZ4.pcm
SwiftExplicitDependencyGeneratePcm arm64 /Users/admin/builder/spi-builder-workspace/.derivedData/SDKExplicitPrecompiledModules/XPC-650JAZBTM6I0OMHYO6CKM0CWJ.pcm
SwiftExplicitDependencyGeneratePcm arm64_32 /Users/admin/builder/spi-builder-workspace/.derivedData/SDKExplicitPrecompiledModules/CoreFoundation-76B9WJP9MDYT33HZQVSNNZQZD.pcm
SwiftExplicitDependencyGeneratePcm arm64 /Users/admin/builder/spi-builder-workspace/.derivedData/SDKExplicitPrecompiledModules/CoreFoundation-59XKO8YNRGGYNC5U5LK8B4EM.pcm
SwiftExplicitDependencyGeneratePcm arm64 /Users/admin/builder/spi-builder-workspace/.derivedData/SDKExplicitPrecompiledModules/os-6BCTB8I5DCBBKFJ0Y0G4WQDDJ.pcm
SwiftExplicitDependencyGeneratePcm arm64_32 /Users/admin/builder/spi-builder-workspace/.derivedData/SDKExplicitPrecompiledModules/os-D9NWGT7PQGY2OD43XMA2KGLJK.pcm
SwiftExplicitDependencyGeneratePcm arm64_32 /Users/admin/builder/spi-builder-workspace/.derivedData/SDKExplicitPrecompiledModules/Security-1W411BS4UH2UNMNII2341429S.pcm
SwiftExplicitDependencyGeneratePcm arm64_32 /Users/admin/builder/spi-builder-workspace/.derivedData/SDKExplicitPrecompiledModules/CoreGraphics-A4WOQTM8SYZAQP223LI6RRPEK.pcm
SwiftExplicitDependencyGeneratePcm arm64 /Users/admin/builder/spi-builder-workspace/.derivedData/SDKExplicitPrecompiledModules/CoreGraphics-5488DA9QVJJ7QOFXPYOYIYFUX.pcm
SwiftExplicitDependencyGeneratePcm arm64 /Users/admin/builder/spi-builder-workspace/.derivedData/SDKExplicitPrecompiledModules/Security-69WNGEAVQP55EDBQHP3BLE8QU.pcm
SwiftExplicitDependencyGeneratePcm arm64_32 /Users/admin/builder/spi-builder-workspace/.derivedData/SDKExplicitPrecompiledModules/Foundation-AIQ30TCDC2B0LBUU6FPQZ0HWI.pcm
SwiftExplicitDependencyGeneratePcm arm64 /Users/admin/builder/spi-builder-workspace/.derivedData/SDKExplicitPrecompiledModules/Foundation-B3IXODHI7VO4VRX2RWRXLVJZT.pcm
SwiftExplicitDependencyGeneratePcm arm64 /Users/admin/builder/spi-builder-workspace/.derivedData/SDKExplicitPrecompiledModules/CoreText-BEC0M2J7FJN53VXNFDZDKL9U2.pcm
SwiftExplicitDependencyGeneratePcm arm64 /Users/admin/builder/spi-builder-workspace/.derivedData/SDKExplicitPrecompiledModules/CoreVideo-2YRZ292TS6QDW2V2V92NZMPWM.pcm
SwiftExplicitDependencyGeneratePcm arm64 /Users/admin/builder/spi-builder-workspace/.derivedData/SDKExplicitPrecompiledModules/ImageIO-EE4TF8Z36B37IKXD8A42499DY.pcm
SwiftExplicitDependencyGeneratePcm arm64_32 /Users/admin/builder/spi-builder-workspace/.derivedData/SDKExplicitPrecompiledModules/CoreText-34U50N378SZT64826L0B62MN6.pcm
SwiftExplicitDependencyGeneratePcm arm64_32 /Users/admin/builder/spi-builder-workspace/.derivedData/SDKExplicitPrecompiledModules/ImageIO-1Y1Q4PQ9AWXOU9XVEVXMK77JZ.pcm
SwiftExplicitDependencyGeneratePcm arm64_32 /Users/admin/builder/spi-builder-workspace/.derivedData/SDKExplicitPrecompiledModules/CoreVideo-BX0NALWCB2F1YOTF0NZGV9FWU.pcm
SwiftExplicitDependencyGeneratePcm arm64_32 /Users/admin/builder/spi-builder-workspace/.derivedData/SDKExplicitPrecompiledModules/LocalAuthentication-1XZC5548OHHHWETB1RPNV8QDG.pcm
SwiftExplicitDependencyGeneratePcm arm64_32 /Users/admin/builder/spi-builder-workspace/.derivedData/SDKExplicitPrecompiledModules/UniformTypeIdentifiers-EH256724QTCKT0XATY095QHVP.pcm
SwiftExplicitDependencyGeneratePcm arm64_32 /Users/admin/builder/spi-builder-workspace/.derivedData/SDKExplicitPrecompiledModules/UIUtilities-ABH83C7CSGMIJAARTF384TV0L.pcm
SwiftExplicitDependencyGeneratePcm arm64_32 /Users/admin/builder/spi-builder-workspace/.derivedData/SDKExplicitPrecompiledModules/QuartzCore-72UYR37X0O2APTD1XMSJ20X5X.pcm
SwiftExplicitDependencyGeneratePcm arm64_32 /Users/admin/builder/spi-builder-workspace/.derivedData/SDKExplicitPrecompiledModules/OSLog-DXCLJ0K1EEBRV5MFYJOV1HIUX.pcm
SwiftExplicitDependencyGeneratePcm arm64_32 /Users/admin/builder/spi-builder-workspace/.derivedData/SDKExplicitPrecompiledModules/UserNotifications-F5AOMF9V2Y10QV8U00QNX8B7Q.pcm
SwiftExplicitDependencyGeneratePcm arm64_32 /Users/admin/builder/spi-builder-workspace/.derivedData/SDKExplicitPrecompiledModules/Symbols-DP67QJL9W7VSYP70ZVEBE3KRT.pcm
SwiftExplicitDependencyGeneratePcm arm64_32 /Users/admin/builder/spi-builder-workspace/.derivedData/SDKExplicitPrecompiledModules/CoreTransferable-DSXZOKFM7XQLZ0FRNNKFDWZT0.pcm
SwiftExplicitDependencyGeneratePcm arm64_32 /Users/admin/builder/spi-builder-workspace/.derivedData/SDKExplicitPrecompiledModules/DataDetection-8EDL8T61430CB5CU94L1E3L0C.pcm
SwiftExplicitDependencyGeneratePcm arm64_32 /Users/admin/builder/spi-builder-workspace/.derivedData/SDKExplicitPrecompiledModules/Accessibility-BBXP8Z81UOB3UBBTO3GG9FEEO.pcm
SwiftExplicitDependencyGeneratePcm arm64 /Users/admin/builder/spi-builder-workspace/.derivedData/SDKExplicitPrecompiledModules/DataDetection-8RQ09UCIV0XSYRF8TQQD54MWN.pcm
SwiftExplicitDependencyGeneratePcm arm64 /Users/admin/builder/spi-builder-workspace/.derivedData/SDKExplicitPrecompiledModules/LocalAuthentication-B2TFMTPZVFFVZ7Y4SFJ4HJEBL.pcm
SwiftExplicitDependencyGeneratePcm arm64 /Users/admin/builder/spi-builder-workspace/.derivedData/SDKExplicitPrecompiledModules/UserNotifications-7VIERZPAA371031RT8VBKFYKJ.pcm
SwiftExplicitDependencyGeneratePcm arm64 /Users/admin/builder/spi-builder-workspace/.derivedData/SDKExplicitPrecompiledModules/CoreTransferable-EULYJN53RZTIP2D6F171CT1YZ.pcm
SwiftExplicitDependencyGeneratePcm arm64 /Users/admin/builder/spi-builder-workspace/.derivedData/SDKExplicitPrecompiledModules/UniformTypeIdentifiers-47SS6PHE8KOUZX5UOQUNKH397.pcm
SwiftExplicitDependencyGeneratePcm arm64 /Users/admin/builder/spi-builder-workspace/.derivedData/SDKExplicitPrecompiledModules/SceneKit-4VPDXW2J8W40JMX88G7X30C4G.pcm
SwiftExplicitDependencyGeneratePcm arm64 /Users/admin/builder/spi-builder-workspace/.derivedData/SDKExplicitPrecompiledModules/OSLog-ESJZZ70KT229YQNKF5CWYQVLA.pcm
SwiftExplicitDependencyGeneratePcm arm64 /Users/admin/builder/spi-builder-workspace/.derivedData/SDKExplicitPrecompiledModules/Symbols-B8SNL2YULCKW9SYIL0T5QLMV.pcm
SwiftExplicitDependencyGeneratePcm arm64 /Users/admin/builder/spi-builder-workspace/.derivedData/SDKExplicitPrecompiledModules/_LocationEssentials-C3HYVW8P89QAUDLD9VRHUF48Q.pcm
SwiftExplicitDependencyGeneratePcm arm64 /Users/admin/builder/spi-builder-workspace/.derivedData/SDKExplicitPrecompiledModules/QuartzCore-BRDP6VIMJ6A6HG4W4NYXZ8BI3.pcm
SwiftExplicitDependencyGeneratePcm arm64_32 /Users/admin/builder/spi-builder-workspace/.derivedData/SDKExplicitPrecompiledModules/SwiftUICore-TURER010MQ2QH6SN4BGDJJKP.pcm
SwiftExplicitDependencyGeneratePcm arm64 /Users/admin/builder/spi-builder-workspace/.derivedData/SDKExplicitPrecompiledModules/Accessibility-DB0V1GY4JDAXG2CZ5MW826DDE.pcm
SwiftExplicitDependencyGeneratePcm arm64_32 /Users/admin/builder/spi-builder-workspace/.derivedData/SDKExplicitPrecompiledModules/_LocationEssentials-1XWTF8V96VX3IAHKJO7PJZDU0.pcm
SwiftExplicitDependencyGeneratePcm arm64 /Users/admin/builder/spi-builder-workspace/.derivedData/SDKExplicitPrecompiledModules/UIUtilities-AR3EDJH6PMDGNUXQGV2JND65S.pcm
SwiftExplicitDependencyGeneratePcm arm64_32 /Users/admin/builder/spi-builder-workspace/.derivedData/SDKExplicitPrecompiledModules/SceneKit-CLOM4E4D45A8A94N3QNHOVW3H.pcm
SwiftExplicitDependencyGeneratePcm arm64 /Users/admin/builder/spi-builder-workspace/.derivedData/SDKExplicitPrecompiledModules/CoreLocation-B0A9Z3B1UDU8OLBQROLWD03N3.pcm
SwiftExplicitDependencyGeneratePcm arm64 /Users/admin/builder/spi-builder-workspace/.derivedData/SDKExplicitPrecompiledModules/SwiftUICore-D4BOUT6VJWDXKNATG8P2F95W3.pcm
SwiftExplicitDependencyGeneratePcm arm64_32 /Users/admin/builder/spi-builder-workspace/.derivedData/SDKExplicitPrecompiledModules/CoreLocation-4AZRAZ8X3W0CS36SZ1GS4LT05.pcm
SwiftExplicitDependencyGeneratePcm arm64 /Users/admin/builder/spi-builder-workspace/.derivedData/SDKExplicitPrecompiledModules/CoreMotion-70RNUQRT1QM2F8WR42WPP4KQV.pcm
SwiftExplicitDependencyGeneratePcm arm64_32 /Users/admin/builder/spi-builder-workspace/.derivedData/SDKExplicitPrecompiledModules/CoreMotion-E9C6K7MOTJF3RC93DULCZ130U.pcm
SwiftExplicitDependencyGeneratePcm arm64 /Users/admin/builder/spi-builder-workspace/.derivedData/SDKExplicitPrecompiledModules/UIKit-2XWL6VFNA7WRWSTXI42YLU909.pcm
SwiftExplicitDependencyGeneratePcm arm64_32 /Users/admin/builder/spi-builder-workspace/.derivedData/SDKExplicitPrecompiledModules/UIKit-BGAQE5HOOTG6M9C46O1HHPCDR.pcm
SwiftExplicitDependencyGeneratePcm arm64 /Users/admin/builder/spi-builder-workspace/.derivedData/SDKExplicitPrecompiledModules/HomeKit-2JD3RMVTK0MFX7K570KHTLBBH.pcm
SwiftExplicitDependencyGeneratePcm arm64 /Users/admin/builder/spi-builder-workspace/.derivedData/SDKExplicitPrecompiledModules/MapKit-5U4CPBNVICOGB0BBK9BC7P4E9.pcm
SwiftExplicitDependencyGeneratePcm arm64_32 /Users/admin/builder/spi-builder-workspace/.derivedData/SDKExplicitPrecompiledModules/MapKit-3RCPMYWFYVKLOR1JJH1M1L7O6.pcm
SwiftExplicitDependencyGeneratePcm arm64_32 /Users/admin/builder/spi-builder-workspace/.derivedData/SDKExplicitPrecompiledModules/HomeKit-DXH34ZWEY4P4FEELCOH3LXVCR.pcm
SwiftExplicitDependencyGeneratePcm arm64 /Users/admin/builder/spi-builder-workspace/.derivedData/SDKExplicitPrecompiledModules/WatchKit-22L6Z003SE8XPQ9JS14K57C9N.pcm
SwiftExplicitDependencyGeneratePcm arm64_32 /Users/admin/builder/spi-builder-workspace/.derivedData/SDKExplicitPrecompiledModules/WatchKit-7IATJTA58S6OFDEYHG9JSLLDQ.pcm
SwiftCompile normal arm64 Compiling\ ImagePipeline.swift,\ ImagePipelineActor.swift,\ ImagePrefetcher.swift,\ ImageDecompression.swift,\ ImageProcessing.swift /Users/admin/builder/spi-builder-workspace/Sources/Nuke/Pipeline/ImagePipeline.swift /Users/admin/builder/spi-builder-workspace/Sources/Nuke/Pipeline/ImagePipelineActor.swift /Users/admin/builder/spi-builder-workspace/Sources/Nuke/Prefetching/ImagePrefetcher.swift /Users/admin/builder/spi-builder-workspace/Sources/Nuke/Processing/ImageDecompression.swift /Users/admin/builder/spi-builder-workspace/Sources/Nuke/Processing/ImageProcessing.swift (in target 'Nuke' from project 'Nuke')
SwiftCompile normal arm64 /Users/admin/builder/spi-builder-workspace/Sources/Nuke/Pipeline/ImagePipeline.swift (in target 'Nuke' from project 'Nuke')
cd /Users/admin/builder/spi-builder-workspace/.swiftpm/xcode
builtin-SwiftPerFileCompile ImagePipeline.swift
SwiftCompile normal arm64 /Users/admin/builder/spi-builder-workspace/Sources/Nuke/Pipeline/ImagePipelineActor.swift (in target 'Nuke' from project 'Nuke')
cd /Users/admin/builder/spi-builder-workspace/.swiftpm/xcode
builtin-SwiftPerFileCompile ImagePipelineActor.swift
SwiftCompile normal arm64 /Users/admin/builder/spi-builder-workspace/Sources/Nuke/Prefetching/ImagePrefetcher.swift (in target 'Nuke' from project 'Nuke')
cd /Users/admin/builder/spi-builder-workspace/.swiftpm/xcode
builtin-SwiftPerFileCompile ImagePrefetcher.swift
SwiftCompile normal arm64 /Users/admin/builder/spi-builder-workspace/Sources/Nuke/Processing/ImageDecompression.swift (in target 'Nuke' from project 'Nuke')
cd /Users/admin/builder/spi-builder-workspace/.swiftpm/xcode
builtin-SwiftPerFileCompile ImageDecompression.swift
SwiftCompile normal arm64 /Users/admin/builder/spi-builder-workspace/Sources/Nuke/Processing/ImageProcessing.swift (in target 'Nuke' from project 'Nuke')
cd /Users/admin/builder/spi-builder-workspace/.swiftpm/xcode
builtin-SwiftPerFileCompile ImageProcessing.swift
SwiftEmitModule normal arm64 Emitting\ module\ for\ Nuke (in target 'Nuke' from project 'Nuke')
SwiftCompile normal arm64 (in target 'Nuke' from project 'Nuke')
cd /Users/admin/builder/spi-builder-workspace/.swiftpm/xcode
SwiftCompile normal arm64 Compiling\ AsyncTask.swift,\ TaskFetchOriginalData.swift,\ TaskFetchOriginalImage.swift,\ TaskLoadData.swift,\ TaskLoadImage.swift /Users/admin/builder/spi-builder-workspace/Sources/Nuke/Tasks/AsyncTask.swift /Users/admin/builder/spi-builder-workspace/Sources/Nuke/Tasks/TaskFetchOriginalData.swift /Users/admin/builder/spi-builder-workspace/Sources/Nuke/Tasks/TaskFetchOriginalImage.swift /Users/admin/builder/spi-builder-workspace/Sources/Nuke/Tasks/TaskLoadData.swift /Users/admin/builder/spi-builder-workspace/Sources/Nuke/Tasks/TaskLoadImage.swift (in target 'Nuke' from project 'Nuke')
SwiftCompile normal arm64 /Users/admin/builder/spi-builder-workspace/Sources/Nuke/Tasks/AsyncTask.swift (in target 'Nuke' from project 'Nuke')
cd /Users/admin/builder/spi-builder-workspace/.swiftpm/xcode
builtin-SwiftPerFileCompile AsyncTask.swift
SwiftCompile normal arm64 /Users/admin/builder/spi-builder-workspace/Sources/Nuke/Tasks/TaskFetchOriginalData.swift (in target 'Nuke' from project 'Nuke')
cd /Users/admin/builder/spi-builder-workspace/.swiftpm/xcode
builtin-SwiftPerFileCompile TaskFetchOriginalData.swift
SwiftCompile normal arm64 /Users/admin/builder/spi-builder-workspace/Sources/Nuke/Tasks/TaskFetchOriginalImage.swift (in target 'Nuke' from project 'Nuke')
cd /Users/admin/builder/spi-builder-workspace/.swiftpm/xcode
builtin-SwiftPerFileCompile TaskFetchOriginalImage.swift
SwiftCompile normal arm64 /Users/admin/builder/spi-builder-workspace/Sources/Nuke/Tasks/TaskLoadData.swift (in target 'Nuke' from project 'Nuke')
cd /Users/admin/builder/spi-builder-workspace/.swiftpm/xcode
builtin-SwiftPerFileCompile TaskLoadData.swift
SwiftCompile normal arm64 /Users/admin/builder/spi-builder-workspace/Sources/Nuke/Tasks/TaskLoadImage.swift (in target 'Nuke' from project 'Nuke')
cd /Users/admin/builder/spi-builder-workspace/.swiftpm/xcode
builtin-SwiftPerFileCompile TaskLoadImage.swift
SwiftCompile normal arm64 Compiling\ ImageProcessors+GaussianBlur.swift,\ ImageProcessors+Resize.swift,\ ImageProcessors+RoundedCorners.swift,\ ImageProcessors.swift,\ AsyncPipelineTask.swift /Users/admin/builder/spi-builder-workspace/Sources/Nuke/Processing/ImageProcessors+GaussianBlur.swift /Users/admin/builder/spi-builder-workspace/Sources/Nuke/Processing/ImageProcessors+Resize.swift /Users/admin/builder/spi-builder-workspace/Sources/Nuke/Processing/ImageProcessors+RoundedCorners.swift /Users/admin/builder/spi-builder-workspace/Sources/Nuke/Processing/ImageProcessors.swift /Users/admin/builder/spi-builder-workspace/Sources/Nuke/Tasks/AsyncPipelineTask.swift (in target 'Nuke' from project 'Nuke')
SwiftCompile normal arm64 /Users/admin/builder/spi-builder-workspace/Sources/Nuke/Processing/ImageProcessors+GaussianBlur.swift (in target 'Nuke' from project 'Nuke')
cd /Users/admin/builder/spi-builder-workspace/.swiftpm/xcode
builtin-SwiftPerFileCompile ImageProcessors+GaussianBlur.swift
SwiftCompile normal arm64 /Users/admin/builder/spi-builder-workspace/Sources/Nuke/Processing/ImageProcessors+Resize.swift (in target 'Nuke' from project 'Nuke')
cd /Users/admin/builder/spi-builder-workspace/.swiftpm/xcode
builtin-SwiftPerFileCompile ImageProcessors+Resize.swift
SwiftCompile normal arm64 /Users/admin/builder/spi-builder-workspace/Sources/Nuke/Processing/ImageProcessors+RoundedCorners.swift (in target 'Nuke' from project 'Nuke')
cd /Users/admin/builder/spi-builder-workspace/.swiftpm/xcode
builtin-SwiftPerFileCompile ImageProcessors+RoundedCorners.swift
SwiftCompile normal arm64 /Users/admin/builder/spi-builder-workspace/Sources/Nuke/Processing/ImageProcessors.swift (in target 'Nuke' from project 'Nuke')
cd /Users/admin/builder/spi-builder-workspace/.swiftpm/xcode
builtin-SwiftPerFileCompile ImageProcessors.swift
SwiftCompile normal arm64 /Users/admin/builder/spi-builder-workspace/Sources/Nuke/Tasks/AsyncPipelineTask.swift (in target 'Nuke' from project 'Nuke')
cd /Users/admin/builder/spi-builder-workspace/.swiftpm/xcode
builtin-SwiftPerFileCompile AsyncPipelineTask.swift
SwiftCompile normal arm64 Compiling\ ImageDecoderRegistry.swift,\ ImageDecoders+Default.swift,\ ImageDecoders+Empty.swift,\ ImageDecoding.swift,\ ImageEncoders+Default.swift,\ ImageEncoders+ImageIO.swift /Users/admin/builder/spi-builder-workspace/Sources/Nuke/Decoding/ImageDecoderRegistry.swift /Users/admin/builder/spi-builder-workspace/Sources/Nuke/Decoding/ImageDecoders+Default.swift /Users/admin/builder/spi-builder-workspace/Sources/Nuke/Decoding/ImageDecoders+Empty.swift /Users/admin/builder/spi-builder-workspace/Sources/Nuke/Decoding/ImageDecoding.swift /Users/admin/builder/spi-builder-workspace/Sources/Nuke/Encoding/ImageEncoders+Default.swift /Users/admin/builder/spi-builder-workspace/Sources/Nuke/Encoding/ImageEncoders+ImageIO.swift (in target 'Nuke' from project 'Nuke')
SwiftCompile normal arm64 /Users/admin/builder/spi-builder-workspace/Sources/Nuke/Decoding/ImageDecoderRegistry.swift (in target 'Nuke' from project 'Nuke')
cd /Users/admin/builder/spi-builder-workspace/.swiftpm/xcode
builtin-SwiftPerFileCompile ImageDecoderRegistry.swift
SwiftCompile normal arm64 /Users/admin/builder/spi-builder-workspace/Sources/Nuke/Decoding/ImageDecoders+Default.swift (in target 'Nuke' from project 'Nuke')
cd /Users/admin/builder/spi-builder-workspace/.swiftpm/xcode
builtin-SwiftPerFileCompile ImageDecoders+Default.swift
SwiftCompile normal arm64 /Users/admin/builder/spi-builder-workspace/Sources/Nuke/Decoding/ImageDecoders+Empty.swift (in target 'Nuke' from project 'Nuke')
cd /Users/admin/builder/spi-builder-workspace/.swiftpm/xcode
builtin-SwiftPerFileCompile ImageDecoders+Empty.swift
SwiftCompile normal arm64 /Users/admin/builder/spi-builder-workspace/Sources/Nuke/Decoding/ImageDecoding.swift (in target 'Nuke' from project 'Nuke')
cd /Users/admin/builder/spi-builder-workspace/.swiftpm/xcode
builtin-SwiftPerFileCompile ImageDecoding.swift
SwiftCompile normal arm64 /Users/admin/builder/spi-builder-workspace/Sources/Nuke/Encoding/ImageEncoders+Default.swift (in target 'Nuke' from project 'Nuke')
cd /Users/admin/builder/spi-builder-workspace/.swiftpm/xcode
builtin-SwiftPerFileCompile ImageEncoders+Default.swift
SwiftCompile normal arm64 /Users/admin/builder/spi-builder-workspace/Sources/Nuke/Encoding/ImageEncoders+ImageIO.swift (in target 'Nuke' from project 'Nuke')
cd /Users/admin/builder/spi-builder-workspace/.swiftpm/xcode
builtin-SwiftPerFileCompile ImageEncoders+ImageIO.swift
SwiftCompile normal arm64 Compiling\ ImageEncoders.swift,\ ImageEncoding.swift,\ ImageContainer.swift,\ ImageRequest.swift,\ ImageResponse.swift,\ ImageTask.swift /Users/admin/builder/spi-builder-workspace/Sources/Nuke/Encoding/ImageEncoders.swift /Users/admin/builder/spi-builder-workspace/Sources/Nuke/Encoding/ImageEncoding.swift /Users/admin/builder/spi-builder-workspace/Sources/Nuke/ImageContainer.swift /Users/admin/builder/spi-builder-workspace/Sources/Nuke/ImageRequest.swift /Users/admin/builder/spi-builder-workspace/Sources/Nuke/ImageResponse.swift /Users/admin/builder/spi-builder-workspace/Sources/Nuke/ImageTask.swift (in target 'Nuke' from project 'Nuke')
SwiftCompile normal arm64 /Users/admin/builder/spi-builder-workspace/Sources/Nuke/Encoding/ImageEncoders.swift (in target 'Nuke' from project 'Nuke')
cd /Users/admin/builder/spi-builder-workspace/.swiftpm/xcode
builtin-SwiftPerFileCompile ImageEncoders.swift
SwiftCompile normal arm64 /Users/admin/builder/spi-builder-workspace/Sources/Nuke/Encoding/ImageEncoding.swift (in target 'Nuke' from project 'Nuke')
cd /Users/admin/builder/spi-builder-workspace/.swiftpm/xcode
builtin-SwiftPerFileCompile ImageEncoding.swift
SwiftCompile normal arm64 /Users/admin/builder/spi-builder-workspace/Sources/Nuke/ImageContainer.swift (in target 'Nuke' from project 'Nuke')
cd /Users/admin/builder/spi-builder-workspace/.swiftpm/xcode
builtin-SwiftPerFileCompile ImageContainer.swift
SwiftCompile normal arm64 /Users/admin/builder/spi-builder-workspace/Sources/Nuke/ImageRequest.swift (in target 'Nuke' from project 'Nuke')
cd /Users/admin/builder/spi-builder-workspace/.swiftpm/xcode
builtin-SwiftPerFileCompile ImageRequest.swift
SwiftCompile normal arm64 /Users/admin/builder/spi-builder-workspace/Sources/Nuke/ImageResponse.swift (in target 'Nuke' from project 'Nuke')
cd /Users/admin/builder/spi-builder-workspace/.swiftpm/xcode
builtin-SwiftPerFileCompile ImageResponse.swift
SwiftCompile normal arm64 /Users/admin/builder/spi-builder-workspace/Sources/Nuke/ImageTask.swift (in target 'Nuke' from project 'Nuke')
cd /Users/admin/builder/spi-builder-workspace/.swiftpm/xcode
builtin-SwiftPerFileCompile ImageTask.swift
SwiftCompile normal arm64 Compiling\ Cache.swift,\ DataCache.swift,\ DataCaching.swift,\ ImageCache.swift,\ ImageCaching.swift,\ AssetType.swift /Users/admin/builder/spi-builder-workspace/Sources/Nuke/Caching/Cache.swift /Users/admin/builder/spi-builder-workspace/Sources/Nuke/Caching/DataCache.swift /Users/admin/builder/spi-builder-workspace/Sources/Nuke/Caching/DataCaching.swift /Users/admin/builder/spi-builder-workspace/Sources/Nuke/Caching/ImageCache.swift /Users/admin/builder/spi-builder-workspace/Sources/Nuke/Caching/ImageCaching.swift /Users/admin/builder/spi-builder-workspace/Sources/Nuke/Decoding/AssetType.swift (in target 'Nuke' from project 'Nuke')
SwiftCompile normal arm64 /Users/admin/builder/spi-builder-workspace/Sources/Nuke/Caching/Cache.swift (in target 'Nuke' from project 'Nuke')
cd /Users/admin/builder/spi-builder-workspace/.swiftpm/xcode
builtin-SwiftPerFileCompile Cache.swift
SwiftCompile normal arm64 /Users/admin/builder/spi-builder-workspace/Sources/Nuke/Caching/DataCache.swift (in target 'Nuke' from project 'Nuke')
cd /Users/admin/builder/spi-builder-workspace/.swiftpm/xcode
builtin-SwiftPerFileCompile DataCache.swift
SwiftCompile normal arm64 /Users/admin/builder/spi-builder-workspace/Sources/Nuke/Caching/DataCaching.swift (in target 'Nuke' from project 'Nuke')
cd /Users/admin/builder/spi-builder-workspace/.swiftpm/xcode
builtin-SwiftPerFileCompile DataCaching.swift
SwiftCompile normal arm64 /Users/admin/builder/spi-builder-workspace/Sources/Nuke/Caching/ImageCache.swift (in target 'Nuke' from project 'Nuke')
cd /Users/admin/builder/spi-builder-workspace/.swiftpm/xcode
builtin-SwiftPerFileCompile ImageCache.swift
SwiftCompile normal arm64 /Users/admin/builder/spi-builder-workspace/Sources/Nuke/Caching/ImageCaching.swift (in target 'Nuke' from project 'Nuke')
cd /Users/admin/builder/spi-builder-workspace/.swiftpm/xcode
builtin-SwiftPerFileCompile ImageCaching.swift
SwiftCompile normal arm64 /Users/admin/builder/spi-builder-workspace/Sources/Nuke/Decoding/AssetType.swift (in target 'Nuke' from project 'Nuke')
cd /Users/admin/builder/spi-builder-workspace/.swiftpm/xcode
builtin-SwiftPerFileCompile AssetType.swift
SwiftCompile normal arm64 Compiling\ Mutex.swift,\ RateLimiter.swift,\ ResumableData.swift,\ TaskQueue.swift,\ DataLoader.swift,\ DataLoading.swift /Users/admin/builder/spi-builder-workspace/Sources/Nuke/Internal/Mutex.swift /Users/admin/builder/spi-builder-workspace/Sources/Nuke/Internal/RateLimiter.swift /Users/admin/builder/spi-builder-workspace/Sources/Nuke/Internal/ResumableData.swift /Users/admin/builder/spi-builder-workspace/Sources/Nuke/Internal/TaskQueue.swift /Users/admin/builder/spi-builder-workspace/Sources/Nuke/Loading/DataLoader.swift /Users/admin/builder/spi-builder-workspace/Sources/Nuke/Loading/DataLoading.swift (in target 'Nuke' from project 'Nuke')
SwiftCompile normal arm64 /Users/admin/builder/spi-builder-workspace/Sources/Nuke/Internal/Mutex.swift (in target 'Nuke' from project 'Nuke')
cd /Users/admin/builder/spi-builder-workspace/.swiftpm/xcode
builtin-SwiftPerFileCompile Mutex.swift
SwiftCompile normal arm64 /Users/admin/builder/spi-builder-workspace/Sources/Nuke/Internal/RateLimiter.swift (in target 'Nuke' from project 'Nuke')
cd /Users/admin/builder/spi-builder-workspace/.swiftpm/xcode
builtin-SwiftPerFileCompile RateLimiter.swift
SwiftCompile normal arm64 /Users/admin/builder/spi-builder-workspace/Sources/Nuke/Internal/ResumableData.swift (in target 'Nuke' from project 'Nuke')
cd /Users/admin/builder/spi-builder-workspace/.swiftpm/xcode
builtin-SwiftPerFileCompile ResumableData.swift
SwiftCompile normal arm64 /Users/admin/builder/spi-builder-workspace/Sources/Nuke/Internal/TaskQueue.swift (in target 'Nuke' from project 'Nuke')
cd /Users/admin/builder/spi-builder-workspace/.swiftpm/xcode
builtin-SwiftPerFileCompile TaskQueue.swift
SwiftCompile normal arm64 /Users/admin/builder/spi-builder-workspace/Sources/Nuke/Loading/DataLoader.swift (in target 'Nuke' from project 'Nuke')
cd /Users/admin/builder/spi-builder-workspace/.swiftpm/xcode
builtin-SwiftPerFileCompile DataLoader.swift
SwiftCompile normal arm64 /Users/admin/builder/spi-builder-workspace/Sources/Nuke/Loading/DataLoading.swift (in target 'Nuke' from project 'Nuke')
cd /Users/admin/builder/spi-builder-workspace/.swiftpm/xcode
builtin-SwiftPerFileCompile DataLoading.swift
SwiftCompile normal arm64 Compiling\ Extensions.swift,\ Graphics.swift,\ ImagePublisher.swift,\ ImageRequestKeys.swift,\ LinkedList.swift,\ Log.swift /Users/admin/builder/spi-builder-workspace/Sources/Nuke/Internal/Extensions.swift /Users/admin/builder/spi-builder-workspace/Sources/Nuke/Internal/Graphics.swift /Users/admin/builder/spi-builder-workspace/Sources/Nuke/Internal/ImagePublisher.swift /Users/admin/builder/spi-builder-workspace/Sources/Nuke/Internal/ImageRequestKeys.swift /Users/admin/builder/spi-builder-workspace/Sources/Nuke/Internal/LinkedList.swift /Users/admin/builder/spi-builder-workspace/Sources/Nuke/Internal/Log.swift (in target 'Nuke' from project 'Nuke')
SwiftCompile normal arm64 /Users/admin/builder/spi-builder-workspace/Sources/Nuke/Internal/Extensions.swift (in target 'Nuke' from project 'Nuke')
cd /Users/admin/builder/spi-builder-workspace/.swiftpm/xcode
builtin-SwiftPerFileCompile Extensions.swift
SwiftCompile normal arm64 /Users/admin/builder/spi-builder-workspace/Sources/Nuke/Internal/Graphics.swift (in target 'Nuke' from project 'Nuke')
cd /Users/admin/builder/spi-builder-workspace/.swiftpm/xcode
builtin-SwiftPerFileCompile Graphics.swift
SwiftCompile normal arm64 /Users/admin/builder/spi-builder-workspace/Sources/Nuke/Internal/ImagePublisher.swift (in target 'Nuke' from project 'Nuke')
cd /Users/admin/builder/spi-builder-workspace/.swiftpm/xcode
builtin-SwiftPerFileCompile ImagePublisher.swift
SwiftCompile normal arm64 /Users/admin/builder/spi-builder-workspace/Sources/Nuke/Internal/ImageRequestKeys.swift (in target 'Nuke' from project 'Nuke')
cd /Users/admin/builder/spi-builder-workspace/.swiftpm/xcode
builtin-SwiftPerFileCompile ImageRequestKeys.swift
SwiftCompile normal arm64 /Users/admin/builder/spi-builder-workspace/Sources/Nuke/Internal/LinkedList.swift (in target 'Nuke' from project 'Nuke')
cd /Users/admin/builder/spi-builder-workspace/.swiftpm/xcode
builtin-SwiftPerFileCompile LinkedList.swift
SwiftCompile normal arm64 /Users/admin/builder/spi-builder-workspace/Sources/Nuke/Internal/Log.swift (in target 'Nuke' from project 'Nuke')
cd /Users/admin/builder/spi-builder-workspace/.swiftpm/xcode
builtin-SwiftPerFileCompile Log.swift
SwiftCompile normal arm64 Compiling\ Deprecated.swift,\ ImagePipeline+Cache.swift,\ ImagePipeline+Configuration.swift,\ ImagePipeline+Delegate.swift,\ ImagePipeline+Error.swift /Users/admin/builder/spi-builder-workspace/Sources/Nuke/Pipeline/Deprecated.swift /Users/admin/builder/spi-builder-workspace/Sources/Nuke/Pipeline/ImagePipeline+Cache.swift /Users/admin/builder/spi-builder-workspace/Sources/Nuke/Pipeline/ImagePipeline+Configuration.swift /Users/admin/builder/spi-builder-workspace/Sources/Nuke/Pipeline/ImagePipeline+Delegate.swift /Users/admin/builder/spi-builder-workspace/Sources/Nuke/Pipeline/ImagePipeline+Error.swift (in target 'Nuke' from project 'Nuke')
SwiftCompile normal arm64 /Users/admin/builder/spi-builder-workspace/Sources/Nuke/Pipeline/Deprecated.swift (in target 'Nuke' from project 'Nuke')
cd /Users/admin/builder/spi-builder-workspace/.swiftpm/xcode
builtin-SwiftPerFileCompile Deprecated.swift
SwiftCompile normal arm64 /Users/admin/builder/spi-builder-workspace/Sources/Nuke/Pipeline/ImagePipeline+Cache.swift (in target 'Nuke' from project 'Nuke')
cd /Users/admin/builder/spi-builder-workspace/.swiftpm/xcode
builtin-SwiftPerFileCompile ImagePipeline+Cache.swift
SwiftCompile normal arm64 /Users/admin/builder/spi-builder-workspace/Sources/Nuke/Pipeline/ImagePipeline+Configuration.swift (in target 'Nuke' from project 'Nuke')
cd /Users/admin/builder/spi-builder-workspace/.swiftpm/xcode
builtin-SwiftPerFileCompile ImagePipeline+Configuration.swift
SwiftCompile normal arm64 /Users/admin/builder/spi-builder-workspace/Sources/Nuke/Pipeline/ImagePipeline+Delegate.swift (in target 'Nuke' from project 'Nuke')
cd /Users/admin/builder/spi-builder-workspace/.swiftpm/xcode
builtin-SwiftPerFileCompile ImagePipeline+Delegate.swift
SwiftCompile normal arm64 /Users/admin/builder/spi-builder-workspace/Sources/Nuke/Pipeline/ImagePipeline+Error.swift (in target 'Nuke' from project 'Nuke')
cd /Users/admin/builder/spi-builder-workspace/.swiftpm/xcode
builtin-SwiftPerFileCompile ImagePipeline+Error.swift
SwiftEmitModule normal arm64_32 Emitting\ module\ for\ Nuke (in target 'Nuke' from project 'Nuke')
SwiftCompile normal arm64_32 (in target 'Nuke' from project 'Nuke')
cd /Users/admin/builder/spi-builder-workspace/.swiftpm/xcode
SwiftDriverJobDiscovery normal arm64 Emitting module for Nuke (in target 'Nuke' from project 'Nuke')
SwiftDriver\ Compilation\ Requirements Nuke normal arm64 com.apple.xcode.tools.swift.compiler (in target 'Nuke' from project 'Nuke')
cd /Users/admin/builder/spi-builder-workspace/.swiftpm/xcode
builtin-Swift-Compilation-Requirements -- /Applications/Xcode-27.0.0-Release.Candidate.app/Contents/Developer/Toolchains/XcodeDefault.xctoolchain/usr/bin/swiftc -parse-as-library -module-name Nuke -Onone @/Users/admin/builder/spi-builder-workspace/.derivedData/Build/Intermediates.noindex/Nuke.build/Debug-watchos/Nuke-t.build/Objects-normal/arm64/Nuke.SwiftFileList -DSWIFT_PACKAGE -DDEBUG -DSWIFT_MODULE_RESOURCE_BUNDLE_UNAVAILABLE -DXcode -plugin-path /Applications/Xcode-27.0.0-Release.Candidate.app/Contents/Developer/Toolchains/XcodeDefault.xctoolchain/usr/lib/swift/host/plugins/testing -enable-experimental-feature DebugDescriptionMacro -sdk /Applications/Xcode-27.0.0-Release.Candidate.app/Contents/Developer/Platforms/WatchOS.platform/Developer/SDKs/WatchOS27.0.sdk -target arm64-apple-watchos9.0 -g -module-cache-path /Users/admin/builder/spi-builder-workspace/.derivedData/ModuleCache.noindex -Xfrontend -serialize-debugging-options -enable-testing -index-store-path /Users/admin/builder/spi-builder-workspace/.derivedData/Index.noindex/DataStore -Xcc -D_LIBCPP_HARDENING_MODE\=_LIBCPP_HARDENING_MODE_DEBUG -swift-version 6 -I /Users/admin/builder/spi-builder-workspace/.derivedData/Build/Products/Debug-watchos -Isystem /Applications/Xcode-27.0.0-Release.Candidate.app/Contents/Developer/Platforms/WatchOS.platform/Developer/usr/lib -F /Users/admin/builder/spi-builder-workspace/.derivedData/Build/Products/Debug-watchos -F /Applications/Xcode-27.0.0-Release.Candidate.app/Contents/Developer/Platforms/WatchOS.platform/Developer/Library/Frameworks -F /Applications/Xcode-27.0.0-Release.Candidate.app/Contents/Developer/Platforms/WatchOS.platform/Developer/SDKs/WatchOS27.0.sdk/Developer/Library/Frameworks -c -j10 -enable-batch-mode -incremental -Xcc -ivfsstatcache -Xcc /Users/admin/builder/spi-builder-workspace/.derivedData/SDKStatCaches.noindex/watchos27.0-24R360-e829b21a6f8c9b70876ba0858053c04477534ef55a1706bf4c1112bbb242f0a2.sdkstatcache -output-file-map /Users/admin/builder/spi-builder-workspace/.derivedData/Build/Intermediates.noindex/Nuke.build/Debug-watchos/Nuke-t.build/Objects-normal/arm64/Nuke-OutputFileMap.json -save-temps -no-color-diagnostics -explicit-module-build -module-cache-path /Users/admin/builder/spi-builder-workspace/.derivedData/Build/Intermediates.noindex/SwiftExplicitPrecompiledModules -clang-scanner-module-cache-path /Users/admin/builder/spi-builder-workspace/.derivedData/ModuleCache.noindex -sdk-module-cache-path /Users/admin/builder/spi-builder-workspace/.derivedData/SDKExplicitPrecompiledModules -emit-dependencies -emit-module -emit-module-path /Users/admin/builder/spi-builder-workspace/.derivedData/Build/Intermediates.noindex/Nuke.build/Debug-watchos/Nuke-t.build/Objects-normal/arm64/Nuke.swiftmodule -serialize-diagnostics -dependency-scan-serialize-diagnostics-path /Users/admin/builder/spi-builder-workspace/.derivedData/Build/Intermediates.noindex/Nuke.build/Debug-watchos/Nuke-t.build/Objects-normal/arm64/Nuke-dependency-scan.dia -validate-clang-modules-once -clang-build-session-file /Users/admin/builder/spi-builder-workspace/.derivedData/ModuleCache.noindex/Session.modulevalidation -Xcc -fmodules-prune-interval\=86400 -Xcc -fmodules-prune-after\=345600 -package-name spi_builder_workspace -emit-const-values -const-gather-protocols-list /Users/admin/builder/spi-builder-workspace/.derivedData/Build/Intermediates.noindex/Nuke.build/Debug-watchos/Nuke-t.build/Objects-normal/arm64/Nuke_const_extract_protocols.json -Xcc -I/Users/admin/builder/spi-builder-workspace/.derivedData/Build/Products/Debug-watchos/include -Xcc -I/Users/admin/builder/spi-builder-workspace/.derivedData/Build/Intermediates.noindex/Nuke.build/Debug-watchos/Nuke-t.build/DerivedSources-normal/arm64 -Xcc -I/Users/admin/builder/spi-builder-workspace/.derivedData/Build/Intermediates.noindex/Nuke.build/Debug-watchos/Nuke-t.build/DerivedSources/arm64 -Xcc -I/Users/admin/builder/spi-builder-workspace/.derivedData/Build/Intermediates.noindex/Nuke.build/Debug-watchos/Nuke-t.build/DerivedSources -Xcc -DSWIFT_PACKAGE -Xcc -DDEBUG\=1 -emit-objc-header -emit-objc-header-path /Users/admin/builder/spi-builder-workspace/.derivedData/Build/Intermediates.noindex/Nuke.build/Debug-watchos/Nuke-t.build/Objects-normal/arm64/Nuke-Swift.h -working-directory /Users/admin/builder/spi-builder-workspace/.swiftpm/xcode -experimental-emit-module-separately -disable-cmo
SwiftDriverJobDiscovery normal arm64_32 Emitting module for Nuke (in target 'Nuke' from project 'Nuke')
SwiftDriver\ Compilation\ Requirements Nuke normal arm64_32 com.apple.xcode.tools.swift.compiler (in target 'Nuke' from project 'Nuke')
cd /Users/admin/builder/spi-builder-workspace/.swiftpm/xcode
builtin-Swift-Compilation-Requirements -- /Applications/Xcode-27.0.0-Release.Candidate.app/Contents/Developer/Toolchains/XcodeDefault.xctoolchain/usr/bin/swiftc -parse-as-library -module-name Nuke -Onone @/Users/admin/builder/spi-builder-workspace/.derivedData/Build/Intermediates.noindex/Nuke.build/Debug-watchos/Nuke-t.build/Objects-normal/arm64_32/Nuke.SwiftFileList -DSWIFT_PACKAGE -DDEBUG -DSWIFT_MODULE_RESOURCE_BUNDLE_UNAVAILABLE -DXcode -plugin-path /Applications/Xcode-27.0.0-Release.Candidate.app/Contents/Developer/Toolchains/XcodeDefault.xctoolchain/usr/lib/swift/host/plugins/testing -enable-experimental-feature DebugDescriptionMacro -sdk /Applications/Xcode-27.0.0-Release.Candidate.app/Contents/Developer/Platforms/WatchOS.platform/Developer/SDKs/WatchOS27.0.sdk -target arm64_32-apple-watchos9.0 -g -module-cache-path /Users/admin/builder/spi-builder-workspace/.derivedData/ModuleCache.noindex -Xfrontend -serialize-debugging-options -enable-testing -index-store-path /Users/admin/builder/spi-builder-workspace/.derivedData/Index.noindex/DataStore -Xcc -D_LIBCPP_HARDENING_MODE\=_LIBCPP_HARDENING_MODE_DEBUG -swift-version 6 -I /Users/admin/builder/spi-builder-workspace/.derivedData/Build/Products/Debug-watchos -Isystem /Applications/Xcode-27.0.0-Release.Candidate.app/Contents/Developer/Platforms/WatchOS.platform/Developer/usr/lib -F /Users/admin/builder/spi-builder-workspace/.derivedData/Build/Products/Debug-watchos -F /Applications/Xcode-27.0.0-Release.Candidate.app/Contents/Developer/Platforms/WatchOS.platform/Developer/Library/Frameworks -F /Applications/Xcode-27.0.0-Release.Candidate.app/Contents/Developer/Platforms/WatchOS.platform/Developer/SDKs/WatchOS27.0.sdk/Developer/Library/Frameworks -c -j10 -enable-batch-mode -incremental -Xcc -ivfsstatcache -Xcc /Users/admin/builder/spi-builder-workspace/.derivedData/SDKStatCaches.noindex/watchos27.0-24R360-e829b21a6f8c9b70876ba0858053c04477534ef55a1706bf4c1112bbb242f0a2.sdkstatcache -output-file-map /Users/admin/builder/spi-builder-workspace/.derivedData/Build/Intermediates.noindex/Nuke.build/Debug-watchos/Nuke-t.build/Objects-normal/arm64_32/Nuke-OutputFileMap.json -save-temps -no-color-diagnostics -explicit-module-build -module-cache-path /Users/admin/builder/spi-builder-workspace/.derivedData/Build/Intermediates.noindex/SwiftExplicitPrecompiledModules -clang-scanner-module-cache-path /Users/admin/builder/spi-builder-workspace/.derivedData/ModuleCache.noindex -sdk-module-cache-path /Users/admin/builder/spi-builder-workspace/.derivedData/SDKExplicitPrecompiledModules -emit-dependencies -emit-module -emit-module-path /Users/admin/builder/spi-builder-workspace/.derivedData/Build/Intermediates.noindex/Nuke.build/Debug-watchos/Nuke-t.build/Objects-normal/arm64_32/Nuke.swiftmodule -serialize-diagnostics -dependency-scan-serialize-diagnostics-path /Users/admin/builder/spi-builder-workspace/.derivedData/Build/Intermediates.noindex/Nuke.build/Debug-watchos/Nuke-t.build/Objects-normal/arm64_32/Nuke-dependency-scan.dia -validate-clang-modules-once -clang-build-session-file /Users/admin/builder/spi-builder-workspace/.derivedData/ModuleCache.noindex/Session.modulevalidation -Xcc -fmodules-prune-interval\=86400 -Xcc -fmodules-prune-after\=345600 -package-name spi_builder_workspace -emit-const-values -const-gather-protocols-list /Users/admin/builder/spi-builder-workspace/.derivedData/Build/Intermediates.noindex/Nuke.build/Debug-watchos/Nuke-t.build/Objects-normal/arm64_32/Nuke_const_extract_protocols.json -Xcc -I/Users/admin/builder/spi-builder-workspace/.derivedData/Build/Products/Debug-watchos/include -Xcc -I/Users/admin/builder/spi-builder-workspace/.derivedData/Build/Intermediates.noindex/Nuke.build/Debug-watchos/Nuke-t.build/DerivedSources-normal/arm64_32 -Xcc -I/Users/admin/builder/spi-builder-workspace/.derivedData/Build/Intermediates.noindex/Nuke.build/Debug-watchos/Nuke-t.build/DerivedSources/arm64_32 -Xcc -I/Users/admin/builder/spi-builder-workspace/.derivedData/Build/Intermediates.noindex/Nuke.build/Debug-watchos/Nuke-t.build/DerivedSources -Xcc -DSWIFT_PACKAGE -Xcc -DDEBUG\=1 -emit-objc-header -emit-objc-header-path /Users/admin/builder/spi-builder-workspace/.derivedData/Build/Intermediates.noindex/Nuke.build/Debug-watchos/Nuke-t.build/Objects-normal/arm64_32/Nuke-Swift.h -working-directory /Users/admin/builder/spi-builder-workspace/.swiftpm/xcode -experimental-emit-module-separately -disable-cmo
Copy /Users/admin/builder/spi-builder-workspace/.derivedData/Build/Products/Debug-watchos/Nuke.swiftmodule/arm64-apple-watchos.swiftmodule /Users/admin/builder/spi-builder-workspace/.derivedData/Build/Intermediates.noindex/Nuke.build/Debug-watchos/Nuke-t.build/Objects-normal/arm64/Nuke.swiftmodule (in target 'Nuke' from project 'Nuke')
cd /Users/admin/builder/spi-builder-workspace
builtin-copy -exclude .DS_Store -exclude CVS -exclude .svn -exclude .git -exclude .hg -resolve-src-symlinks -rename /Users/admin/builder/spi-builder-workspace/.derivedData/Build/Intermediates.noindex/Nuke.build/Debug-watchos/Nuke-t.build/Objects-normal/arm64/Nuke.swiftmodule /Users/admin/builder/spi-builder-workspace/.derivedData/Build/Products/Debug-watchos/Nuke.swiftmodule/arm64-apple-watchos.swiftmodule
Copy /Users/admin/builder/spi-builder-workspace/.derivedData/Build/Products/Debug-watchos/Nuke.swiftmodule/arm64-apple-watchos.swiftdoc /Users/admin/builder/spi-builder-workspace/.derivedData/Build/Intermediates.noindex/Nuke.build/Debug-watchos/Nuke-t.build/Objects-normal/arm64/Nuke.swiftdoc (in target 'Nuke' from project 'Nuke')
cd /Users/admin/builder/spi-builder-workspace
builtin-copy -exclude .DS_Store -exclude CVS -exclude .svn -exclude .git -exclude .hg -resolve-src-symlinks -rename /Users/admin/builder/spi-builder-workspace/.derivedData/Build/Intermediates.noindex/Nuke.build/Debug-watchos/Nuke-t.build/Objects-normal/arm64/Nuke.swiftdoc /Users/admin/builder/spi-builder-workspace/.derivedData/Build/Products/Debug-watchos/Nuke.swiftmodule/arm64-apple-watchos.swiftdoc
SwiftMergeGeneratedHeaders /Users/admin/builder/spi-builder-workspace/.derivedData/Build/Intermediates.noindex/GeneratedModuleMaps-watchos/Nuke-Swift.h /Users/admin/builder/spi-builder-workspace/.derivedData/Build/Intermediates.noindex/Nuke.build/Debug-watchos/Nuke-t.build/Objects-normal/arm64/Nuke-Swift.h /Users/admin/builder/spi-builder-workspace/.derivedData/Build/Intermediates.noindex/Nuke.build/Debug-watchos/Nuke-t.build/Objects-normal/arm64_32/Nuke-Swift.h (in target 'Nuke' from project 'Nuke')
cd /Users/admin/builder/spi-builder-workspace
builtin-swiftHeaderTool -arch arm64 /Users/admin/builder/spi-builder-workspace/.derivedData/Build/Intermediates.noindex/Nuke.build/Debug-watchos/Nuke-t.build/Objects-normal/arm64/Nuke-Swift.h -arch arm64_32 /Users/admin/builder/spi-builder-workspace/.derivedData/Build/Intermediates.noindex/Nuke.build/Debug-watchos/Nuke-t.build/Objects-normal/arm64_32/Nuke-Swift.h -o /Users/admin/builder/spi-builder-workspace/.derivedData/Build/Intermediates.noindex/GeneratedModuleMaps-watchos/Nuke-Swift.h
Copy /Users/admin/builder/spi-builder-workspace/.derivedData/Build/Products/Debug-watchos/Nuke.swiftmodule/arm64_32-apple-watchos.swiftmodule /Users/admin/builder/spi-builder-workspace/.derivedData/Build/Intermediates.noindex/Nuke.build/Debug-watchos/Nuke-t.build/Objects-normal/arm64_32/Nuke.swiftmodule (in target 'Nuke' from project 'Nuke')
cd /Users/admin/builder/spi-builder-workspace
builtin-copy -exclude .DS_Store -exclude CVS -exclude .svn -exclude .git -exclude .hg -resolve-src-symlinks -rename /Users/admin/builder/spi-builder-workspace/.derivedData/Build/Intermediates.noindex/Nuke.build/Debug-watchos/Nuke-t.build/Objects-normal/arm64_32/Nuke.swiftmodule /Users/admin/builder/spi-builder-workspace/.derivedData/Build/Products/Debug-watchos/Nuke.swiftmodule/arm64_32-apple-watchos.swiftmodule
Copy /Users/admin/builder/spi-builder-workspace/.derivedData/Build/Products/Debug-watchos/Nuke.swiftmodule/arm64_32-apple-watchos.swiftdoc /Users/admin/builder/spi-builder-workspace/.derivedData/Build/Intermediates.noindex/Nuke.build/Debug-watchos/Nuke-t.build/Objects-normal/arm64_32/Nuke.swiftdoc (in target 'Nuke' from project 'Nuke')
cd /Users/admin/builder/spi-builder-workspace
builtin-copy -exclude .DS_Store -exclude CVS -exclude .svn -exclude .git -exclude .hg -resolve-src-symlinks -rename /Users/admin/builder/spi-builder-workspace/.derivedData/Build/Intermediates.noindex/Nuke.build/Debug-watchos/Nuke-t.build/Objects-normal/arm64_32/Nuke.swiftdoc /Users/admin/builder/spi-builder-workspace/.derivedData/Build/Products/Debug-watchos/Nuke.swiftmodule/arm64_32-apple-watchos.swiftdoc
Copy /Users/admin/builder/spi-builder-workspace/.derivedData/Build/Products/Debug-watchos/Nuke.swiftmodule/arm64_32-apple-watchos.abi.json /Users/admin/builder/spi-builder-workspace/.derivedData/Build/Intermediates.noindex/Nuke.build/Debug-watchos/Nuke-t.build/Objects-normal/arm64_32/Nuke.abi.json (in target 'Nuke' from project 'Nuke')
cd /Users/admin/builder/spi-builder-workspace
builtin-copy -exclude .DS_Store -exclude CVS -exclude .svn -exclude .git -exclude .hg -resolve-src-symlinks -rename /Users/admin/builder/spi-builder-workspace/.derivedData/Build/Intermediates.noindex/Nuke.build/Debug-watchos/Nuke-t.build/Objects-normal/arm64_32/Nuke.abi.json /Users/admin/builder/spi-builder-workspace/.derivedData/Build/Products/Debug-watchos/Nuke.swiftmodule/arm64_32-apple-watchos.abi.json
Copy /Users/admin/builder/spi-builder-workspace/.derivedData/Build/Products/Debug-watchos/Nuke.swiftmodule/arm64-apple-watchos.abi.json /Users/admin/builder/spi-builder-workspace/.derivedData/Build/Intermediates.noindex/Nuke.build/Debug-watchos/Nuke-t.build/Objects-normal/arm64/Nuke.abi.json (in target 'Nuke' from project 'Nuke')
cd /Users/admin/builder/spi-builder-workspace
builtin-copy -exclude .DS_Store -exclude CVS -exclude .svn -exclude .git -exclude .hg -resolve-src-symlinks -rename /Users/admin/builder/spi-builder-workspace/.derivedData/Build/Intermediates.noindex/Nuke.build/Debug-watchos/Nuke-t.build/Objects-normal/arm64/Nuke.abi.json /Users/admin/builder/spi-builder-workspace/.derivedData/Build/Products/Debug-watchos/Nuke.swiftmodule/arm64-apple-watchos.abi.json
Copy /Users/admin/builder/spi-builder-workspace/.derivedData/Build/Products/Debug-watchos/Nuke.swiftmodule/Project/arm64_32-apple-watchos.swiftsourceinfo /Users/admin/builder/spi-builder-workspace/.derivedData/Build/Intermediates.noindex/Nuke.build/Debug-watchos/Nuke-t.build/Objects-normal/arm64_32/Nuke.swiftsourceinfo (in target 'Nuke' from project 'Nuke')
cd /Users/admin/builder/spi-builder-workspace
builtin-copy -exclude .DS_Store -exclude CVS -exclude .svn -exclude .git -exclude .hg -resolve-src-symlinks -rename /Users/admin/builder/spi-builder-workspace/.derivedData/Build/Intermediates.noindex/Nuke.build/Debug-watchos/Nuke-t.build/Objects-normal/arm64_32/Nuke.swiftsourceinfo /Users/admin/builder/spi-builder-workspace/.derivedData/Build/Products/Debug-watchos/Nuke.swiftmodule/Project/arm64_32-apple-watchos.swiftsourceinfo
Copy /Users/admin/builder/spi-builder-workspace/.derivedData/Build/Products/Debug-watchos/Nuke.swiftmodule/Project/arm64-apple-watchos.swiftsourceinfo /Users/admin/builder/spi-builder-workspace/.derivedData/Build/Intermediates.noindex/Nuke.build/Debug-watchos/Nuke-t.build/Objects-normal/arm64/Nuke.swiftsourceinfo (in target 'Nuke' from project 'Nuke')
cd /Users/admin/builder/spi-builder-workspace
builtin-copy -exclude .DS_Store -exclude CVS -exclude .svn -exclude .git -exclude .hg -resolve-src-symlinks -rename /Users/admin/builder/spi-builder-workspace/.derivedData/Build/Intermediates.noindex/Nuke.build/Debug-watchos/Nuke-t.build/Objects-normal/arm64/Nuke.swiftsourceinfo /Users/admin/builder/spi-builder-workspace/.derivedData/Build/Products/Debug-watchos/Nuke.swiftmodule/Project/arm64-apple-watchos.swiftsourceinfo
SwiftCompile normal arm64_32 Compiling\ Cache.swift,\ DataCache.swift,\ DataCaching.swift,\ ImageCache.swift,\ ImageCaching.swift,\ AssetType.swift /Users/admin/builder/spi-builder-workspace/Sources/Nuke/Caching/Cache.swift /Users/admin/builder/spi-builder-workspace/Sources/Nuke/Caching/DataCache.swift /Users/admin/builder/spi-builder-workspace/Sources/Nuke/Caching/DataCaching.swift /Users/admin/builder/spi-builder-workspace/Sources/Nuke/Caching/ImageCache.swift /Users/admin/builder/spi-builder-workspace/Sources/Nuke/Caching/ImageCaching.swift /Users/admin/builder/spi-builder-workspace/Sources/Nuke/Decoding/AssetType.swift (in target 'Nuke' from project 'Nuke')
SwiftCompile normal arm64_32 /Users/admin/builder/spi-builder-workspace/Sources/Nuke/Caching/Cache.swift (in target 'Nuke' from project 'Nuke')
cd /Users/admin/builder/spi-builder-workspace/.swiftpm/xcode
builtin-SwiftPerFileCompile Cache.swift
SwiftCompile normal arm64_32 /Users/admin/builder/spi-builder-workspace/Sources/Nuke/Caching/DataCache.swift (in target 'Nuke' from project 'Nuke')
cd /Users/admin/builder/spi-builder-workspace/.swiftpm/xcode
builtin-SwiftPerFileCompile DataCache.swift
SwiftCompile normal arm64_32 /Users/admin/builder/spi-builder-workspace/Sources/Nuke/Caching/DataCaching.swift (in target 'Nuke' from project 'Nuke')
cd /Users/admin/builder/spi-builder-workspace/.swiftpm/xcode
builtin-SwiftPerFileCompile DataCaching.swift
SwiftCompile normal arm64_32 /Users/admin/builder/spi-builder-workspace/Sources/Nuke/Caching/ImageCache.swift (in target 'Nuke' from project 'Nuke')
cd /Users/admin/builder/spi-builder-workspace/.swiftpm/xcode
builtin-SwiftPerFileCompile ImageCache.swift
SwiftCompile normal arm64_32 /Users/admin/builder/spi-builder-workspace/Sources/Nuke/Caching/ImageCaching.swift (in target 'Nuke' from project 'Nuke')
cd /Users/admin/builder/spi-builder-workspace/.swiftpm/xcode
builtin-SwiftPerFileCompile ImageCaching.swift
SwiftCompile normal arm64_32 /Users/admin/builder/spi-builder-workspace/Sources/Nuke/Decoding/AssetType.swift (in target 'Nuke' from project 'Nuke')
cd /Users/admin/builder/spi-builder-workspace/.swiftpm/xcode
builtin-SwiftPerFileCompile AssetType.swift
SwiftCompile normal arm64_32 Compiling\ ImageEncoders.swift,\ ImageEncoding.swift,\ ImageContainer.swift,\ ImageRequest.swift,\ ImageResponse.swift,\ ImageTask.swift /Users/admin/builder/spi-builder-workspace/Sources/Nuke/Encoding/ImageEncoders.swift /Users/admin/builder/spi-builder-workspace/Sources/Nuke/Encoding/ImageEncoding.swift /Users/admin/builder/spi-builder-workspace/Sources/Nuke/ImageContainer.swift /Users/admin/builder/spi-builder-workspace/Sources/Nuke/ImageRequest.swift /Users/admin/builder/spi-builder-workspace/Sources/Nuke/ImageResponse.swift /Users/admin/builder/spi-builder-workspace/Sources/Nuke/ImageTask.swift (in target 'Nuke' from project 'Nuke')
SwiftCompile normal arm64_32 /Users/admin/builder/spi-builder-workspace/Sources/Nuke/Encoding/ImageEncoders.swift (in target 'Nuke' from project 'Nuke')
cd /Users/admin/builder/spi-builder-workspace/.swiftpm/xcode
builtin-SwiftPerFileCompile ImageEncoders.swift
SwiftCompile normal arm64_32 /Users/admin/builder/spi-builder-workspace/Sources/Nuke/Encoding/ImageEncoding.swift (in target 'Nuke' from project 'Nuke')
cd /Users/admin/builder/spi-builder-workspace/.swiftpm/xcode
builtin-SwiftPerFileCompile ImageEncoding.swift
SwiftCompile normal arm64_32 /Users/admin/builder/spi-builder-workspace/Sources/Nuke/ImageContainer.swift (in target 'Nuke' from project 'Nuke')
cd /Users/admin/builder/spi-builder-workspace/.swiftpm/xcode
builtin-SwiftPerFileCompile ImageContainer.swift
SwiftCompile normal arm64_32 /Users/admin/builder/spi-builder-workspace/Sources/Nuke/ImageRequest.swift (in target 'Nuke' from project 'Nuke')
cd /Users/admin/builder/spi-builder-workspace/.swiftpm/xcode
builtin-SwiftPerFileCompile ImageRequest.swift
SwiftCompile normal arm64_32 /Users/admin/builder/spi-builder-workspace/Sources/Nuke/ImageResponse.swift (in target 'Nuke' from project 'Nuke')
cd /Users/admin/builder/spi-builder-workspace/.swiftpm/xcode
builtin-SwiftPerFileCompile ImageResponse.swift
SwiftCompile normal arm64_32 /Users/admin/builder/spi-builder-workspace/Sources/Nuke/ImageTask.swift (in target 'Nuke' from project 'Nuke')
cd /Users/admin/builder/spi-builder-workspace/.swiftpm/xcode
builtin-SwiftPerFileCompile ImageTask.swift
SwiftDriverJobDiscovery normal arm64 Compiling Mutex.swift, RateLimiter.swift, ResumableData.swift, TaskQueue.swift, DataLoader.swift, DataLoading.swift (in target 'Nuke' from project 'Nuke')
SwiftCompile normal arm64_32 Compiling\ AsyncTask.swift,\ TaskFetchOriginalData.swift,\ TaskFetchOriginalImage.swift,\ TaskLoadData.swift,\ TaskLoadImage.swift /Users/admin/builder/spi-builder-workspace/Sources/Nuke/Tasks/AsyncTask.swift /Users/admin/builder/spi-builder-workspace/Sources/Nuke/Tasks/TaskFetchOriginalData.swift /Users/admin/builder/spi-builder-workspace/Sources/Nuke/Tasks/TaskFetchOriginalImage.swift /Users/admin/builder/spi-builder-workspace/Sources/Nuke/Tasks/TaskLoadData.swift /Users/admin/builder/spi-builder-workspace/Sources/Nuke/Tasks/TaskLoadImage.swift (in target 'Nuke' from project 'Nuke')
SwiftCompile normal arm64_32 /Users/admin/builder/spi-builder-workspace/Sources/Nuke/Tasks/AsyncTask.swift (in target 'Nuke' from project 'Nuke')
cd /Users/admin/builder/spi-builder-workspace/.swiftpm/xcode
builtin-SwiftPerFileCompile AsyncTask.swift
SwiftCompile normal arm64_32 /Users/admin/builder/spi-builder-workspace/Sources/Nuke/Tasks/TaskFetchOriginalData.swift (in target 'Nuke' from project 'Nuke')
cd /Users/admin/builder/spi-builder-workspace/.swiftpm/xcode
builtin-SwiftPerFileCompile TaskFetchOriginalData.swift
SwiftCompile normal arm64_32 /Users/admin/builder/spi-builder-workspace/Sources/Nuke/Tasks/TaskFetchOriginalImage.swift (in target 'Nuke' from project 'Nuke')
cd /Users/admin/builder/spi-builder-workspace/.swiftpm/xcode
builtin-SwiftPerFileCompile TaskFetchOriginalImage.swift
SwiftCompile normal arm64_32 /Users/admin/builder/spi-builder-workspace/Sources/Nuke/Tasks/TaskLoadData.swift (in target 'Nuke' from project 'Nuke')
cd /Users/admin/builder/spi-builder-workspace/.swiftpm/xcode
builtin-SwiftPerFileCompile TaskLoadData.swift
SwiftCompile normal arm64_32 /Users/admin/builder/spi-builder-workspace/Sources/Nuke/Tasks/TaskLoadImage.swift (in target 'Nuke' from project 'Nuke')
cd /Users/admin/builder/spi-builder-workspace/.swiftpm/xcode
builtin-SwiftPerFileCompile TaskLoadImage.swift
SwiftDriverJobDiscovery normal arm64 Compiling AsyncTask.swift, TaskFetchOriginalData.swift, TaskFetchOriginalImage.swift, TaskLoadData.swift, TaskLoadImage.swift (in target 'Nuke' from project 'Nuke')
SwiftCompile normal arm64_32 Compiling\ Deprecated.swift,\ ImagePipeline+Cache.swift,\ ImagePipeline+Configuration.swift,\ ImagePipeline+Delegate.swift,\ ImagePipeline+Error.swift /Users/admin/builder/spi-builder-workspace/Sources/Nuke/Pipeline/Deprecated.swift /Users/admin/builder/spi-builder-workspace/Sources/Nuke/Pipeline/ImagePipeline+Cache.swift /Users/admin/builder/spi-builder-workspace/Sources/Nuke/Pipeline/ImagePipeline+Configuration.swift /Users/admin/builder/spi-builder-workspace/Sources/Nuke/Pipeline/ImagePipeline+Delegate.swift /Users/admin/builder/spi-builder-workspace/Sources/Nuke/Pipeline/ImagePipeline+Error.swift (in target 'Nuke' from project 'Nuke')
SwiftCompile normal arm64_32 /Users/admin/builder/spi-builder-workspace/Sources/Nuke/Pipeline/Deprecated.swift (in target 'Nuke' from project 'Nuke')
cd /Users/admin/builder/spi-builder-workspace/.swiftpm/xcode
builtin-SwiftPerFileCompile Deprecated.swift
SwiftCompile normal arm64_32 /Users/admin/builder/spi-builder-workspace/Sources/Nuke/Pipeline/ImagePipeline+Cache.swift (in target 'Nuke' from project 'Nuke')
cd /Users/admin/builder/spi-builder-workspace/.swiftpm/xcode
builtin-SwiftPerFileCompile ImagePipeline+Cache.swift
SwiftCompile normal arm64_32 /Users/admin/builder/spi-builder-workspace/Sources/Nuke/Pipeline/ImagePipeline+Configuration.swift (in target 'Nuke' from project 'Nuke')
cd /Users/admin/builder/spi-builder-workspace/.swiftpm/xcode
builtin-SwiftPerFileCompile ImagePipeline+Configuration.swift
SwiftCompile normal arm64_32 /Users/admin/builder/spi-builder-workspace/Sources/Nuke/Pipeline/ImagePipeline+Delegate.swift (in target 'Nuke' from project 'Nuke')
cd /Users/admin/builder/spi-builder-workspace/.swiftpm/xcode
builtin-SwiftPerFileCompile ImagePipeline+Delegate.swift
SwiftCompile normal arm64_32 /Users/admin/builder/spi-builder-workspace/Sources/Nuke/Pipeline/ImagePipeline+Error.swift (in target 'Nuke' from project 'Nuke')
cd /Users/admin/builder/spi-builder-workspace/.swiftpm/xcode
builtin-SwiftPerFileCompile ImagePipeline+Error.swift
SwiftDriverJobDiscovery normal arm64 Compiling Deprecated.swift, ImagePipeline+Cache.swift, ImagePipeline+Configuration.swift, ImagePipeline+Delegate.swift, ImagePipeline+Error.swift (in target 'Nuke' from project 'Nuke')
SwiftDriverJobDiscovery normal arm64 Compiling ImageProcessors+GaussianBlur.swift, ImageProcessors+Resize.swift, ImageProcessors+RoundedCorners.swift, ImageProcessors.swift, AsyncPipelineTask.swift (in target 'Nuke' from project 'Nuke')
SwiftCompile normal arm64_32 Compiling\ Extensions.swift,\ Graphics.swift,\ ImagePublisher.swift,\ ImageRequestKeys.swift,\ LinkedList.swift,\ Log.swift /Users/admin/builder/spi-builder-workspace/Sources/Nuke/Internal/Extensions.swift /Users/admin/builder/spi-builder-workspace/Sources/Nuke/Internal/Graphics.swift /Users/admin/builder/spi-builder-workspace/Sources/Nuke/Internal/ImagePublisher.swift /Users/admin/builder/spi-builder-workspace/Sources/Nuke/Internal/ImageRequestKeys.swift /Users/admin/builder/spi-builder-workspace/Sources/Nuke/Internal/LinkedList.swift /Users/admin/builder/spi-builder-workspace/Sources/Nuke/Internal/Log.swift (in target 'Nuke' from project 'Nuke')
SwiftCompile normal arm64_32 /Users/admin/builder/spi-builder-workspace/Sources/Nuke/Internal/Extensions.swift (in target 'Nuke' from project 'Nuke')
cd /Users/admin/builder/spi-builder-workspace/.swiftpm/xcode
builtin-SwiftPerFileCompile Extensions.swift
SwiftCompile normal arm64_32 /Users/admin/builder/spi-builder-workspace/Sources/Nuke/Internal/Graphics.swift (in target 'Nuke' from project 'Nuke')
cd /Users/admin/builder/spi-builder-workspace/.swiftpm/xcode
builtin-SwiftPerFileCompile Graphics.swift
SwiftCompile normal arm64_32 /Users/admin/builder/spi-builder-workspace/Sources/Nuke/Internal/ImagePublisher.swift (in target 'Nuke' from project 'Nuke')
cd /Users/admin/builder/spi-builder-workspace/.swiftpm/xcode
builtin-SwiftPerFileCompile ImagePublisher.swift
SwiftCompile normal arm64_32 /Users/admin/builder/spi-builder-workspace/Sources/Nuke/Internal/ImageRequestKeys.swift (in target 'Nuke' from project 'Nuke')
cd /Users/admin/builder/spi-builder-workspace/.swiftpm/xcode
builtin-SwiftPerFileCompile ImageRequestKeys.swift
SwiftCompile normal arm64_32 /Users/admin/builder/spi-builder-workspace/Sources/Nuke/Internal/LinkedList.swift (in target 'Nuke' from project 'Nuke')
cd /Users/admin/builder/spi-builder-workspace/.swiftpm/xcode
builtin-SwiftPerFileCompile LinkedList.swift
SwiftCompile normal arm64_32 /Users/admin/builder/spi-builder-workspace/Sources/Nuke/Internal/Log.swift (in target 'Nuke' from project 'Nuke')
cd /Users/admin/builder/spi-builder-workspace/.swiftpm/xcode
builtin-SwiftPerFileCompile Log.swift
SwiftDriverJobDiscovery normal arm64 Compiling ImageEncoders.swift, ImageEncoding.swift, ImageContainer.swift, ImageRequest.swift, ImageResponse.swift, ImageTask.swift (in target 'Nuke' from project 'Nuke')
SwiftCompile normal arm64_32 Compiling\ ImageProcessingOptions.swift,\ ImageProcessors+Anonymous.swift,\ ImageProcessors+Circle.swift,\ ImageProcessors+Composition.swift,\ ImageProcessors+CoreImage.swift /Users/admin/builder/spi-builder-workspace/Sources/Nuke/Processing/ImageProcessingOptions.swift /Users/admin/builder/spi-builder-workspace/Sources/Nuke/Processing/ImageProcessors+Anonymous.swift /Users/admin/builder/spi-builder-workspace/Sources/Nuke/Processing/ImageProcessors+Circle.swift /Users/admin/builder/spi-builder-workspace/Sources/Nuke/Processing/ImageProcessors+Composition.swift /Users/admin/builder/spi-builder-workspace/Sources/Nuke/Processing/ImageProcessors+CoreImage.swift (in target 'Nuke' from project 'Nuke')
SwiftCompile normal arm64_32 /Users/admin/builder/spi-builder-workspace/Sources/Nuke/Processing/ImageProcessingOptions.swift (in target 'Nuke' from project 'Nuke')
cd /Users/admin/builder/spi-builder-workspace/.swiftpm/xcode
builtin-SwiftPerFileCompile ImageProcessingOptions.swift
SwiftCompile normal arm64_32 /Users/admin/builder/spi-builder-workspace/Sources/Nuke/Processing/ImageProcessors+Anonymous.swift (in target 'Nuke' from project 'Nuke')
cd /Users/admin/builder/spi-builder-workspace/.swiftpm/xcode
builtin-SwiftPerFileCompile ImageProcessors+Anonymous.swift
SwiftCompile normal arm64_32 /Users/admin/builder/spi-builder-workspace/Sources/Nuke/Processing/ImageProcessors+Circle.swift (in target 'Nuke' from project 'Nuke')
cd /Users/admin/builder/spi-builder-workspace/.swiftpm/xcode
builtin-SwiftPerFileCompile ImageProcessors+Circle.swift
SwiftCompile normal arm64_32 /Users/admin/builder/spi-builder-workspace/Sources/Nuke/Processing/ImageProcessors+Composition.swift (in target 'Nuke' from project 'Nuke')
cd /Users/admin/builder/spi-builder-workspace/.swiftpm/xcode
builtin-SwiftPerFileCompile ImageProcessors+Composition.swift
SwiftCompile normal arm64_32 /Users/admin/builder/spi-builder-workspace/Sources/Nuke/Processing/ImageProcessors+CoreImage.swift (in target 'Nuke' from project 'Nuke')
cd /Users/admin/builder/spi-builder-workspace/.swiftpm/xcode
builtin-SwiftPerFileCompile ImageProcessors+CoreImage.swift
SwiftCompile normal arm64_32 Compiling\ ImagePipeline.swift,\ ImagePipelineActor.swift,\ ImagePrefetcher.swift,\ ImageDecompression.swift,\ ImageProcessing.swift /Users/admin/builder/spi-builder-workspace/Sources/Nuke/Pipeline/ImagePipeline.swift /Users/admin/builder/spi-builder-workspace/Sources/Nuke/Pipeline/ImagePipelineActor.swift /Users/admin/builder/spi-builder-workspace/Sources/Nuke/Prefetching/ImagePrefetcher.swift /Users/admin/builder/spi-builder-workspace/Sources/Nuke/Processing/ImageDecompression.swift /Users/admin/builder/spi-builder-workspace/Sources/Nuke/Processing/ImageProcessing.swift (in target 'Nuke' from project 'Nuke')
SwiftCompile normal arm64_32 /Users/admin/builder/spi-builder-workspace/Sources/Nuke/Pipeline/ImagePipeline.swift (in target 'Nuke' from project 'Nuke')
cd /Users/admin/builder/spi-builder-workspace/.swiftpm/xcode
builtin-SwiftPerFileCompile ImagePipeline.swift
SwiftCompile normal arm64_32 /Users/admin/builder/spi-builder-workspace/Sources/Nuke/Pipeline/ImagePipelineActor.swift (in target 'Nuke' from project 'Nuke')
cd /Users/admin/builder/spi-builder-workspace/.swiftpm/xcode
builtin-SwiftPerFileCompile ImagePipelineActor.swift
SwiftCompile normal arm64_32 /Users/admin/builder/spi-builder-workspace/Sources/Nuke/Prefetching/ImagePrefetcher.swift (in target 'Nuke' from project 'Nuke')
cd /Users/admin/builder/spi-builder-workspace/.swiftpm/xcode
builtin-SwiftPerFileCompile ImagePrefetcher.swift
SwiftCompile normal arm64_32 /Users/admin/builder/spi-builder-workspace/Sources/Nuke/Processing/ImageDecompression.swift (in target 'Nuke' from project 'Nuke')
cd /Users/admin/builder/spi-builder-workspace/.swiftpm/xcode
builtin-SwiftPerFileCompile ImageDecompression.swift
SwiftCompile normal arm64_32 /Users/admin/builder/spi-builder-workspace/Sources/Nuke/Processing/ImageProcessing.swift (in target 'Nuke' from project 'Nuke')
cd /Users/admin/builder/spi-builder-workspace/.swiftpm/xcode
builtin-SwiftPerFileCompile ImageProcessing.swift
SwiftCompile normal arm64_32 Compiling\ ImageProcessors+GaussianBlur.swift,\ ImageProcessors+Resize.swift,\ ImageProcessors+RoundedCorners.swift,\ ImageProcessors.swift,\ AsyncPipelineTask.swift /Users/admin/builder/spi-builder-workspace/Sources/Nuke/Processing/ImageProcessors+GaussianBlur.swift /Users/admin/builder/spi-builder-workspace/Sources/Nuke/Processing/ImageProcessors+Resize.swift /Users/admin/builder/spi-builder-workspace/Sources/Nuke/Processing/ImageProcessors+RoundedCorners.swift /Users/admin/builder/spi-builder-workspace/Sources/Nuke/Processing/ImageProcessors.swift /Users/admin/builder/spi-builder-workspace/Sources/Nuke/Tasks/AsyncPipelineTask.swift (in target 'Nuke' from project 'Nuke')
SwiftCompile normal arm64_32 /Users/admin/builder/spi-builder-workspace/Sources/Nuke/Processing/ImageProcessors+GaussianBlur.swift (in target 'Nuke' from project 'Nuke')
cd /Users/admin/builder/spi-builder-workspace/.swiftpm/xcode
builtin-SwiftPerFileCompile ImageProcessors+GaussianBlur.swift
SwiftCompile normal arm64_32 /Users/admin/builder/spi-builder-workspace/Sources/Nuke/Processing/ImageProcessors+Resize.swift (in target 'Nuke' from project 'Nuke')
cd /Users/admin/builder/spi-builder-workspace/.swiftpm/xcode
builtin-SwiftPerFileCompile ImageProcessors+Resize.swift
SwiftCompile normal arm64_32 /Users/admin/builder/spi-builder-workspace/Sources/Nuke/Processing/ImageProcessors+RoundedCorners.swift (in target 'Nuke' from project 'Nuke')
cd /Users/admin/builder/spi-builder-workspace/.swiftpm/xcode
builtin-SwiftPerFileCompile ImageProcessors+RoundedCorners.swift
SwiftCompile normal arm64_32 /Users/admin/builder/spi-builder-workspace/Sources/Nuke/Processing/ImageProcessors.swift (in target 'Nuke' from project 'Nuke')
cd /Users/admin/builder/spi-builder-workspace/.swiftpm/xcode
builtin-SwiftPerFileCompile ImageProcessors.swift
SwiftCompile normal arm64_32 /Users/admin/builder/spi-builder-workspace/Sources/Nuke/Tasks/AsyncPipelineTask.swift (in target 'Nuke' from project 'Nuke')
cd /Users/admin/builder/spi-builder-workspace/.swiftpm/xcode
builtin-SwiftPerFileCompile AsyncPipelineTask.swift
SwiftDriverJobDiscovery normal arm64 Compiling ImageDecoderRegistry.swift, ImageDecoders+Default.swift, ImageDecoders+Empty.swift, ImageDecoding.swift, ImageEncoders+Default.swift, ImageEncoders+ImageIO.swift (in target 'Nuke' from project 'Nuke')
SwiftCompile normal arm64_32 Compiling\ ImageDecoderRegistry.swift,\ ImageDecoders+Default.swift,\ ImageDecoders+Empty.swift,\ ImageDecoding.swift,\ ImageEncoders+Default.swift,\ ImageEncoders+ImageIO.swift /Users/admin/builder/spi-builder-workspace/Sources/Nuke/Decoding/ImageDecoderRegistry.swift /Users/admin/builder/spi-builder-workspace/Sources/Nuke/Decoding/ImageDecoders+Default.swift /Users/admin/builder/spi-builder-workspace/Sources/Nuke/Decoding/ImageDecoders+Empty.swift /Users/admin/builder/spi-builder-workspace/Sources/Nuke/Decoding/ImageDecoding.swift /Users/admin/builder/spi-builder-workspace/Sources/Nuke/Encoding/ImageEncoders+Default.swift /Users/admin/builder/spi-builder-workspace/Sources/Nuke/Encoding/ImageEncoders+ImageIO.swift (in target 'Nuke' from project 'Nuke')
SwiftCompile normal arm64_32 /Users/admin/builder/spi-builder-workspace/Sources/Nuke/Decoding/ImageDecoderRegistry.swift (in target 'Nuke' from project 'Nuke')
cd /Users/admin/builder/spi-builder-workspace/.swiftpm/xcode
builtin-SwiftPerFileCompile ImageDecoderRegistry.swift
SwiftCompile normal arm64_32 /Users/admin/builder/spi-builder-workspace/Sources/Nuke/Decoding/ImageDecoders+Default.swift (in target 'Nuke' from project 'Nuke')
cd /Users/admin/builder/spi-builder-workspace/.swiftpm/xcode
builtin-SwiftPerFileCompile ImageDecoders+Default.swift
SwiftCompile normal arm64_32 /Users/admin/builder/spi-builder-workspace/Sources/Nuke/Decoding/ImageDecoders+Empty.swift (in target 'Nuke' from project 'Nuke')
cd /Users/admin/builder/spi-builder-workspace/.swiftpm/xcode
builtin-SwiftPerFileCompile ImageDecoders+Empty.swift
SwiftCompile normal arm64_32 /Users/admin/builder/spi-builder-workspace/Sources/Nuke/Decoding/ImageDecoding.swift (in target 'Nuke' from project 'Nuke')
cd /Users/admin/builder/spi-builder-workspace/.swiftpm/xcode
builtin-SwiftPerFileCompile ImageDecoding.swift
SwiftCompile normal arm64_32 /Users/admin/builder/spi-builder-workspace/Sources/Nuke/Encoding/ImageEncoders+Default.swift (in target 'Nuke' from project 'Nuke')
cd /Users/admin/builder/spi-builder-workspace/.swiftpm/xcode
builtin-SwiftPerFileCompile ImageEncoders+Default.swift
SwiftCompile normal arm64_32 /Users/admin/builder/spi-builder-workspace/Sources/Nuke/Encoding/ImageEncoders+ImageIO.swift (in target 'Nuke' from project 'Nuke')
cd /Users/admin/builder/spi-builder-workspace/.swiftpm/xcode
builtin-SwiftPerFileCompile ImageEncoders+ImageIO.swift
SwiftDriverJobDiscovery normal arm64 Compiling Cache.swift, DataCache.swift, DataCaching.swift, ImageCache.swift, ImageCaching.swift, AssetType.swift (in target 'Nuke' from project 'Nuke')
SwiftDriverJobDiscovery normal arm64 Compiling ImagePipeline.swift, ImagePipelineActor.swift, ImagePrefetcher.swift, ImageDecompression.swift, ImageProcessing.swift (in target 'Nuke' from project 'Nuke')
SwiftDriverJobDiscovery normal arm64 Compiling Extensions.swift, Graphics.swift, ImagePublisher.swift, ImageRequestKeys.swift, LinkedList.swift, Log.swift (in target 'Nuke' from project 'Nuke')
SwiftCompile normal arm64_32 Compiling\ Mutex.swift,\ RateLimiter.swift,\ ResumableData.swift,\ TaskQueue.swift,\ DataLoader.swift,\ DataLoading.swift /Users/admin/builder/spi-builder-workspace/Sources/Nuke/Internal/Mutex.swift /Users/admin/builder/spi-builder-workspace/Sources/Nuke/Internal/RateLimiter.swift /Users/admin/builder/spi-builder-workspace/Sources/Nuke/Internal/ResumableData.swift /Users/admin/builder/spi-builder-workspace/Sources/Nuke/Internal/TaskQueue.swift /Users/admin/builder/spi-builder-workspace/Sources/Nuke/Loading/DataLoader.swift /Users/admin/builder/spi-builder-workspace/Sources/Nuke/Loading/DataLoading.swift (in target 'Nuke' from project 'Nuke')
SwiftCompile normal arm64_32 /Users/admin/builder/spi-builder-workspace/Sources/Nuke/Internal/Mutex.swift (in target 'Nuke' from project 'Nuke')
cd /Users/admin/builder/spi-builder-workspace/.swiftpm/xcode
builtin-SwiftPerFileCompile Mutex.swift
SwiftCompile normal arm64_32 /Users/admin/builder/spi-builder-workspace/Sources/Nuke/Internal/RateLimiter.swift (in target 'Nuke' from project 'Nuke')
cd /Users/admin/builder/spi-builder-workspace/.swiftpm/xcode
builtin-SwiftPerFileCompile RateLimiter.swift
SwiftCompile normal arm64_32 /Users/admin/builder/spi-builder-workspace/Sources/Nuke/Internal/ResumableData.swift (in target 'Nuke' from project 'Nuke')
cd /Users/admin/builder/spi-builder-workspace/.swiftpm/xcode
builtin-SwiftPerFileCompile ResumableData.swift
SwiftCompile normal arm64_32 /Users/admin/builder/spi-builder-workspace/Sources/Nuke/Internal/TaskQueue.swift (in target 'Nuke' from project 'Nuke')
cd /Users/admin/builder/spi-builder-workspace/.swiftpm/xcode
builtin-SwiftPerFileCompile TaskQueue.swift
SwiftCompile normal arm64_32 /Users/admin/builder/spi-builder-workspace/Sources/Nuke/Loading/DataLoader.swift (in target 'Nuke' from project 'Nuke')
cd /Users/admin/builder/spi-builder-workspace/.swiftpm/xcode
builtin-SwiftPerFileCompile DataLoader.swift
SwiftCompile normal arm64_32 /Users/admin/builder/spi-builder-workspace/Sources/Nuke/Loading/DataLoading.swift (in target 'Nuke' from project 'Nuke')
cd /Users/admin/builder/spi-builder-workspace/.swiftpm/xcode
builtin-SwiftPerFileCompile DataLoading.swift
SwiftCompile normal arm64 Compiling\ ImageProcessingOptions.swift,\ ImageProcessors+Anonymous.swift,\ ImageProcessors+Circle.swift,\ ImageProcessors+Composition.swift,\ ImageProcessors+CoreImage.swift /Users/admin/builder/spi-builder-workspace/Sources/Nuke/Processing/ImageProcessingOptions.swift /Users/admin/builder/spi-builder-workspace/Sources/Nuke/Processing/ImageProcessors+Anonymous.swift /Users/admin/builder/spi-builder-workspace/Sources/Nuke/Processing/ImageProcessors+Circle.swift /Users/admin/builder/spi-builder-workspace/Sources/Nuke/Processing/ImageProcessors+Composition.swift /Users/admin/builder/spi-builder-workspace/Sources/Nuke/Processing/ImageProcessors+CoreImage.swift (in target 'Nuke' from project 'Nuke')
SwiftCompile normal arm64 /Users/admin/builder/spi-builder-workspace/Sources/Nuke/Processing/ImageProcessingOptions.swift (in target 'Nuke' from project 'Nuke')
cd /Users/admin/builder/spi-builder-workspace/.swiftpm/xcode
builtin-SwiftPerFileCompile ImageProcessingOptions.swift
SwiftCompile normal arm64 /Users/admin/builder/spi-builder-workspace/Sources/Nuke/Processing/ImageProcessors+Anonymous.swift (in target 'Nuke' from project 'Nuke')
cd /Users/admin/builder/spi-builder-workspace/.swiftpm/xcode
builtin-SwiftPerFileCompile ImageProcessors+Anonymous.swift
SwiftCompile normal arm64 /Users/admin/builder/spi-builder-workspace/Sources/Nuke/Processing/ImageProcessors+Circle.swift (in target 'Nuke' from project 'Nuke')
cd /Users/admin/builder/spi-builder-workspace/.swiftpm/xcode
builtin-SwiftPerFileCompile ImageProcessors+Circle.swift
SwiftCompile normal arm64 /Users/admin/builder/spi-builder-workspace/Sources/Nuke/Processing/ImageProcessors+Composition.swift (in target 'Nuke' from project 'Nuke')
cd /Users/admin/builder/spi-builder-workspace/.swiftpm/xcode
builtin-SwiftPerFileCompile ImageProcessors+Composition.swift
SwiftCompile normal arm64 /Users/admin/builder/spi-builder-workspace/Sources/Nuke/Processing/ImageProcessors+CoreImage.swift (in target 'Nuke' from project 'Nuke')
cd /Users/admin/builder/spi-builder-workspace/.swiftpm/xcode
builtin-SwiftPerFileCompile ImageProcessors+CoreImage.swift
SwiftDriverJobDiscovery normal arm64_32 Compiling Deprecated.swift, ImagePipeline+Cache.swift, ImagePipeline+Configuration.swift, ImagePipeline+Delegate.swift, ImagePipeline+Error.swift (in target 'Nuke' from project 'Nuke')
SwiftDriverJobDiscovery normal arm64_32 Compiling AsyncTask.swift, TaskFetchOriginalData.swift, TaskFetchOriginalImage.swift, TaskLoadData.swift, TaskLoadImage.swift (in target 'Nuke' from project 'Nuke')
SwiftDriver NukeVideo normal arm64_32 com.apple.xcode.tools.swift.compiler (in target 'NukeVideo' from project 'Nuke')
cd /Users/admin/builder/spi-builder-workspace/.swiftpm/xcode
builtin-SwiftDriver -- /Applications/Xcode-27.0.0-Release.Candidate.app/Contents/Developer/Toolchains/XcodeDefault.xctoolchain/usr/bin/swiftc -parse-as-library -module-name NukeVideo -Onone @/Users/admin/builder/spi-builder-workspace/.derivedData/Build/Intermediates.noindex/Nuke.build/Debug-watchos/NukeVideo-t.build/Objects-normal/arm64_32/NukeVideo.SwiftFileList -DSWIFT_PACKAGE -DDEBUG -DSWIFT_MODULE_RESOURCE_BUNDLE_UNAVAILABLE -DXcode -plugin-path /Applications/Xcode-27.0.0-Release.Candidate.app/Contents/Developer/Toolchains/XcodeDefault.xctoolchain/usr/lib/swift/host/plugins/testing -enable-experimental-feature DebugDescriptionMacro -sdk /Applications/Xcode-27.0.0-Release.Candidate.app/Contents/Developer/Platforms/WatchOS.platform/Developer/SDKs/WatchOS27.0.sdk -target arm64_32-apple-watchos9.0 -g -module-cache-path /Users/admin/builder/spi-builder-workspace/.derivedData/ModuleCache.noindex -Xfrontend -serialize-debugging-options -enable-testing -index-store-path /Users/admin/builder/spi-builder-workspace/.derivedData/Index.noindex/DataStore -Xcc -D_LIBCPP_HARDENING_MODE\=_LIBCPP_HARDENING_MODE_DEBUG -swift-version 6 -I /Users/admin/builder/spi-builder-workspace/.derivedData/Build/Products/Debug-watchos -Isystem /Applications/Xcode-27.0.0-Release.Candidate.app/Contents/Developer/Platforms/WatchOS.platform/Developer/usr/lib -F /Users/admin/builder/spi-builder-workspace/.derivedData/Build/Products/Debug-watchos/PackageFrameworks -F /Users/admin/builder/spi-builder-workspace/.derivedData/Build/Products/Debug-watchos -F /Applications/Xcode-27.0.0-Release.Candidate.app/Contents/Developer/Platforms/WatchOS.platform/Developer/Library/Frameworks -F /Applications/Xcode-27.0.0-Release.Candidate.app/Contents/Developer/Platforms/WatchOS.platform/Developer/SDKs/WatchOS27.0.sdk/Developer/Library/Frameworks -c -j10 -enable-batch-mode -incremental -Xcc -ivfsstatcache -Xcc /Users/admin/builder/spi-builder-workspace/.derivedData/SDKStatCaches.noindex/watchos27.0-24R360-e829b21a6f8c9b70876ba0858053c04477534ef55a1706bf4c1112bbb242f0a2.sdkstatcache -output-file-map /Users/admin/builder/spi-builder-workspace/.derivedData/Build/Intermediates.noindex/Nuke.build/Debug-watchos/NukeVideo-t.build/Objects-normal/arm64_32/NukeVideo-OutputFileMap.json -save-temps -no-color-diagnostics -explicit-module-build -module-cache-path /Users/admin/builder/spi-builder-workspace/.derivedData/Build/Intermediates.noindex/SwiftExplicitPrecompiledModules -clang-scanner-module-cache-path /Users/admin/builder/spi-builder-workspace/.derivedData/ModuleCache.noindex -sdk-module-cache-path /Users/admin/builder/spi-builder-workspace/.derivedData/SDKExplicitPrecompiledModules -emit-dependencies -emit-module -emit-module-path /Users/admin/builder/spi-builder-workspace/.derivedData/Build/Intermediates.noindex/Nuke.build/Debug-watchos/NukeVideo-t.build/Objects-normal/arm64_32/NukeVideo.swiftmodule -serialize-diagnostics -dependency-scan-serialize-diagnostics-path /Users/admin/builder/spi-builder-workspace/.derivedData/Build/Intermediates.noindex/Nuke.build/Debug-watchos/NukeVideo-t.build/Objects-normal/arm64_32/NukeVideo-dependency-scan.dia -validate-clang-modules-once -clang-build-session-file /Users/admin/builder/spi-builder-workspace/.derivedData/ModuleCache.noindex/Session.modulevalidation -Xcc -fmodules-prune-interval\=86400 -Xcc -fmodules-prune-after\=345600 -package-name spi_builder_workspace -emit-const-values -const-gather-protocols-list /Users/admin/builder/spi-builder-workspace/.derivedData/Build/Intermediates.noindex/Nuke.build/Debug-watchos/NukeVideo-t.build/Objects-normal/arm64_32/NukeVideo_const_extract_protocols.json -Xcc -I/Users/admin/builder/spi-builder-workspace/.derivedData/Build/Products/Debug-watchos/include -Xcc -I/Users/admin/builder/spi-builder-workspace/.derivedData/Build/Intermediates.noindex/Nuke.build/Debug-watchos/NukeVideo-t.build/DerivedSources-normal/arm64_32 -Xcc -I/Users/admin/builder/spi-builder-workspace/.derivedData/Build/Intermediates.noindex/Nuke.build/Debug-watchos/NukeVideo-t.build/DerivedSources/arm64_32 -Xcc -I/Users/admin/builder/spi-builder-workspace/.derivedData/Build/Intermediates.noindex/Nuke.build/Debug-watchos/NukeVideo-t.build/DerivedSources -Xcc -DSWIFT_PACKAGE -Xcc -DDEBUG\=1 -emit-objc-header -emit-objc-header-path /Users/admin/builder/spi-builder-workspace/.derivedData/Build/Intermediates.noindex/Nuke.build/Debug-watchos/NukeVideo-t.build/Objects-normal/arm64_32/NukeVideo-Swift.h -working-directory /Users/admin/builder/spi-builder-workspace/.swiftpm/xcode -experimental-emit-module-separately -disable-cmo
SwiftDriver NukeVideo normal arm64 com.apple.xcode.tools.swift.compiler (in target 'NukeVideo' from project 'Nuke')
cd /Users/admin/builder/spi-builder-workspace/.swiftpm/xcode
builtin-SwiftDriver -- /Applications/Xcode-27.0.0-Release.Candidate.app/Contents/Developer/Toolchains/XcodeDefault.xctoolchain/usr/bin/swiftc -parse-as-library -module-name NukeVideo -Onone @/Users/admin/builder/spi-builder-workspace/.derivedData/Build/Intermediates.noindex/Nuke.build/Debug-watchos/NukeVideo-t.build/Objects-normal/arm64/NukeVideo.SwiftFileList -DSWIFT_PACKAGE -DDEBUG -DSWIFT_MODULE_RESOURCE_BUNDLE_UNAVAILABLE -DXcode -plugin-path /Applications/Xcode-27.0.0-Release.Candidate.app/Contents/Developer/Toolchains/XcodeDefault.xctoolchain/usr/lib/swift/host/plugins/testing -enable-experimental-feature DebugDescriptionMacro -sdk /Applications/Xcode-27.0.0-Release.Candidate.app/Contents/Developer/Platforms/WatchOS.platform/Developer/SDKs/WatchOS27.0.sdk -target arm64-apple-watchos9.0 -g -module-cache-path /Users/admin/builder/spi-builder-workspace/.derivedData/ModuleCache.noindex -Xfrontend -serialize-debugging-options -enable-testing -index-store-path /Users/admin/builder/spi-builder-workspace/.derivedData/Index.noindex/DataStore -Xcc -D_LIBCPP_HARDENING_MODE\=_LIBCPP_HARDENING_MODE_DEBUG -swift-version 6 -I /Users/admin/builder/spi-builder-workspace/.derivedData/Build/Products/Debug-watchos -Isystem /Applications/Xcode-27.0.0-Release.Candidate.app/Contents/Developer/Platforms/WatchOS.platform/Developer/usr/lib -F /Users/admin/builder/spi-builder-workspace/.derivedData/Build/Products/Debug-watchos/PackageFrameworks -F /Users/admin/builder/spi-builder-workspace/.derivedData/Build/Products/Debug-watchos -F /Applications/Xcode-27.0.0-Release.Candidate.app/Contents/Developer/Platforms/WatchOS.platform/Developer/Library/Frameworks -F /Applications/Xcode-27.0.0-Release.Candidate.app/Contents/Developer/Platforms/WatchOS.platform/Developer/SDKs/WatchOS27.0.sdk/Developer/Library/Frameworks -c -j10 -enable-batch-mode -incremental -Xcc -ivfsstatcache -Xcc /Users/admin/builder/spi-builder-workspace/.derivedData/SDKStatCaches.noindex/watchos27.0-24R360-e829b21a6f8c9b70876ba0858053c04477534ef55a1706bf4c1112bbb242f0a2.sdkstatcache -output-file-map /Users/admin/builder/spi-builder-workspace/.derivedData/Build/Intermediates.noindex/Nuke.build/Debug-watchos/NukeVideo-t.build/Objects-normal/arm64/NukeVideo-OutputFileMap.json -save-temps -no-color-diagnostics -explicit-module-build -module-cache-path /Users/admin/builder/spi-builder-workspace/.derivedData/Build/Intermediates.noindex/SwiftExplicitPrecompiledModules -clang-scanner-module-cache-path /Users/admin/builder/spi-builder-workspace/.derivedData/ModuleCache.noindex -sdk-module-cache-path /Users/admin/builder/spi-builder-workspace/.derivedData/SDKExplicitPrecompiledModules -emit-dependencies -emit-module -emit-module-path /Users/admin/builder/spi-builder-workspace/.derivedData/Build/Intermediates.noindex/Nuke.build/Debug-watchos/NukeVideo-t.build/Objects-normal/arm64/NukeVideo.swiftmodule -serialize-diagnostics -dependency-scan-serialize-diagnostics-path /Users/admin/builder/spi-builder-workspace/.derivedData/Build/Intermediates.noindex/Nuke.build/Debug-watchos/NukeVideo-t.build/Objects-normal/arm64/NukeVideo-dependency-scan.dia -validate-clang-modules-once -clang-build-session-file /Users/admin/builder/spi-builder-workspace/.derivedData/ModuleCache.noindex/Session.modulevalidation -Xcc -fmodules-prune-interval\=86400 -Xcc -fmodules-prune-after\=345600 -package-name spi_builder_workspace -emit-const-values -const-gather-protocols-list /Users/admin/builder/spi-builder-workspace/.derivedData/Build/Intermediates.noindex/Nuke.build/Debug-watchos/NukeVideo-t.build/Objects-normal/arm64/NukeVideo_const_extract_protocols.json -Xcc -I/Users/admin/builder/spi-builder-workspace/.derivedData/Build/Products/Debug-watchos/include -Xcc -I/Users/admin/builder/spi-builder-workspace/.derivedData/Build/Intermediates.noindex/Nuke.build/Debug-watchos/NukeVideo-t.build/DerivedSources-normal/arm64 -Xcc -I/Users/admin/builder/spi-builder-workspace/.derivedData/Build/Intermediates.noindex/Nuke.build/Debug-watchos/NukeVideo-t.build/DerivedSources/arm64 -Xcc -I/Users/admin/builder/spi-builder-workspace/.derivedData/Build/Intermediates.noindex/Nuke.build/Debug-watchos/NukeVideo-t.build/DerivedSources -Xcc -DSWIFT_PACKAGE -Xcc -DDEBUG\=1 -emit-objc-header -emit-objc-header-path /Users/admin/builder/spi-builder-workspace/.derivedData/Build/Intermediates.noindex/Nuke.build/Debug-watchos/NukeVideo-t.build/Objects-normal/arm64/NukeVideo-Swift.h -working-directory /Users/admin/builder/spi-builder-workspace/.swiftpm/xcode -experimental-emit-module-separately -disable-cmo
SwiftDriverJobDiscovery normal arm64_32 Compiling Mutex.swift, RateLimiter.swift, ResumableData.swift, TaskQueue.swift, DataLoader.swift, DataLoading.swift (in target 'Nuke' from project 'Nuke')
SwiftDriver NukeUI normal arm64 com.apple.xcode.tools.swift.compiler (in target 'NukeUI' from project 'Nuke')
cd /Users/admin/builder/spi-builder-workspace/.swiftpm/xcode
builtin-SwiftDriver -- /Applications/Xcode-27.0.0-Release.Candidate.app/Contents/Developer/Toolchains/XcodeDefault.xctoolchain/usr/bin/swiftc -parse-as-library -module-name NukeUI -Onone @/Users/admin/builder/spi-builder-workspace/.derivedData/Build/Intermediates.noindex/Nuke.build/Debug-watchos/NukeUI-t.build/Objects-normal/arm64/NukeUI.SwiftFileList -DSWIFT_PACKAGE -DDEBUG -DSWIFT_MODULE_RESOURCE_BUNDLE_UNAVAILABLE -DXcode -plugin-path /Applications/Xcode-27.0.0-Release.Candidate.app/Contents/Developer/Toolchains/XcodeDefault.xctoolchain/usr/lib/swift/host/plugins/testing -enable-experimental-feature DebugDescriptionMacro -sdk /Applications/Xcode-27.0.0-Release.Candidate.app/Contents/Developer/Platforms/WatchOS.platform/Developer/SDKs/WatchOS27.0.sdk -target arm64-apple-watchos9.0 -g -module-cache-path /Users/admin/builder/spi-builder-workspace/.derivedData/ModuleCache.noindex -Xfrontend -serialize-debugging-options -enable-testing -index-store-path /Users/admin/builder/spi-builder-workspace/.derivedData/Index.noindex/DataStore -Xcc -D_LIBCPP_HARDENING_MODE\=_LIBCPP_HARDENING_MODE_DEBUG -swift-version 6 -I /Users/admin/builder/spi-builder-workspace/.derivedData/Build/Products/Debug-watchos -Isystem /Applications/Xcode-27.0.0-Release.Candidate.app/Contents/Developer/Platforms/WatchOS.platform/Developer/usr/lib -F /Users/admin/builder/spi-builder-workspace/.derivedData/Build/Products/Debug-watchos/PackageFrameworks -F /Users/admin/builder/spi-builder-workspace/.derivedData/Build/Products/Debug-watchos -F /Applications/Xcode-27.0.0-Release.Candidate.app/Contents/Developer/Platforms/WatchOS.platform/Developer/Library/Frameworks -F /Applications/Xcode-27.0.0-Release.Candidate.app/Contents/Developer/Platforms/WatchOS.platform/Developer/SDKs/WatchOS27.0.sdk/Developer/Library/Frameworks -c -j10 -enable-batch-mode -incremental -Xcc -ivfsstatcache -Xcc /Users/admin/builder/spi-builder-workspace/.derivedData/SDKStatCaches.noindex/watchos27.0-24R360-e829b21a6f8c9b70876ba0858053c04477534ef55a1706bf4c1112bbb242f0a2.sdkstatcache -output-file-map /Users/admin/builder/spi-builder-workspace/.derivedData/Build/Intermediates.noindex/Nuke.build/Debug-watchos/NukeUI-t.build/Objects-normal/arm64/NukeUI-OutputFileMap.json -save-temps -no-color-diagnostics -explicit-module-build -module-cache-path /Users/admin/builder/spi-builder-workspace/.derivedData/Build/Intermediates.noindex/SwiftExplicitPrecompiledModules -clang-scanner-module-cache-path /Users/admin/builder/spi-builder-workspace/.derivedData/ModuleCache.noindex -sdk-module-cache-path /Users/admin/builder/spi-builder-workspace/.derivedData/SDKExplicitPrecompiledModules -emit-dependencies -emit-module -emit-module-path /Users/admin/builder/spi-builder-workspace/.derivedData/Build/Intermediates.noindex/Nuke.build/Debug-watchos/NukeUI-t.build/Objects-normal/arm64/NukeUI.swiftmodule -serialize-diagnostics -dependency-scan-serialize-diagnostics-path /Users/admin/builder/spi-builder-workspace/.derivedData/Build/Intermediates.noindex/Nuke.build/Debug-watchos/NukeUI-t.build/Objects-normal/arm64/NukeUI-dependency-scan.dia -validate-clang-modules-once -clang-build-session-file /Users/admin/builder/spi-builder-workspace/.derivedData/ModuleCache.noindex/Session.modulevalidation -Xcc -fmodules-prune-interval\=86400 -Xcc -fmodules-prune-after\=345600 -package-name spi_builder_workspace -emit-const-values -const-gather-protocols-list /Users/admin/builder/spi-builder-workspace/.derivedData/Build/Intermediates.noindex/Nuke.build/Debug-watchos/NukeUI-t.build/Objects-normal/arm64/NukeUI_const_extract_protocols.json -Xcc -I/Users/admin/builder/spi-builder-workspace/.derivedData/Build/Products/Debug-watchos/include -Xcc -I/Users/admin/builder/spi-builder-workspace/.derivedData/Build/Intermediates.noindex/Nuke.build/Debug-watchos/NukeUI-t.build/DerivedSources-normal/arm64 -Xcc -I/Users/admin/builder/spi-builder-workspace/.derivedData/Build/Intermediates.noindex/Nuke.build/Debug-watchos/NukeUI-t.build/DerivedSources/arm64 -Xcc -I/Users/admin/builder/spi-builder-workspace/.derivedData/Build/Intermediates.noindex/Nuke.build/Debug-watchos/NukeUI-t.build/DerivedSources -Xcc -DSWIFT_PACKAGE -Xcc -DDEBUG\=1 -emit-objc-header -emit-objc-header-path /Users/admin/builder/spi-builder-workspace/.derivedData/Build/Intermediates.noindex/Nuke.build/Debug-watchos/NukeUI-t.build/Objects-normal/arm64/NukeUI-Swift.h -working-directory /Users/admin/builder/spi-builder-workspace/.swiftpm/xcode -experimental-emit-module-separately -disable-cmo
SwiftDriverJobDiscovery normal arm64 Compiling ImageProcessingOptions.swift, ImageProcessors+Anonymous.swift, ImageProcessors+Circle.swift, ImageProcessors+Composition.swift, ImageProcessors+CoreImage.swift (in target 'Nuke' from project 'Nuke')
SwiftDriver NukeUI normal arm64_32 com.apple.xcode.tools.swift.compiler (in target 'NukeUI' from project 'Nuke')
cd /Users/admin/builder/spi-builder-workspace/.swiftpm/xcode
builtin-SwiftDriver -- /Applications/Xcode-27.0.0-Release.Candidate.app/Contents/Developer/Toolchains/XcodeDefault.xctoolchain/usr/bin/swiftc -parse-as-library -module-name NukeUI -Onone @/Users/admin/builder/spi-builder-workspace/.derivedData/Build/Intermediates.noindex/Nuke.build/Debug-watchos/NukeUI-t.build/Objects-normal/arm64_32/NukeUI.SwiftFileList -DSWIFT_PACKAGE -DDEBUG -DSWIFT_MODULE_RESOURCE_BUNDLE_UNAVAILABLE -DXcode -plugin-path /Applications/Xcode-27.0.0-Release.Candidate.app/Contents/Developer/Toolchains/XcodeDefault.xctoolchain/usr/lib/swift/host/plugins/testing -enable-experimental-feature DebugDescriptionMacro -sdk /Applications/Xcode-27.0.0-Release.Candidate.app/Contents/Developer/Platforms/WatchOS.platform/Developer/SDKs/WatchOS27.0.sdk -target arm64_32-apple-watchos9.0 -g -module-cache-path /Users/admin/builder/spi-builder-workspace/.derivedData/ModuleCache.noindex -Xfrontend -serialize-debugging-options -enable-testing -index-store-path /Users/admin/builder/spi-builder-workspace/.derivedData/Index.noindex/DataStore -Xcc -D_LIBCPP_HARDENING_MODE\=_LIBCPP_HARDENING_MODE_DEBUG -swift-version 6 -I /Users/admin/builder/spi-builder-workspace/.derivedData/Build/Products/Debug-watchos -Isystem /Applications/Xcode-27.0.0-Release.Candidate.app/Contents/Developer/Platforms/WatchOS.platform/Developer/usr/lib -F /Users/admin/builder/spi-builder-workspace/.derivedData/Build/Products/Debug-watchos/PackageFrameworks -F /Users/admin/builder/spi-builder-workspace/.derivedData/Build/Products/Debug-watchos -F /Applications/Xcode-27.0.0-Release.Candidate.app/Contents/Developer/Platforms/WatchOS.platform/Developer/Library/Frameworks -F /Applications/Xcode-27.0.0-Release.Candidate.app/Contents/Developer/Platforms/WatchOS.platform/Developer/SDKs/WatchOS27.0.sdk/Developer/Library/Frameworks -c -j10 -enable-batch-mode -incremental -Xcc -ivfsstatcache -Xcc /Users/admin/builder/spi-builder-workspace/.derivedData/SDKStatCaches.noindex/watchos27.0-24R360-e829b21a6f8c9b70876ba0858053c04477534ef55a1706bf4c1112bbb242f0a2.sdkstatcache -output-file-map /Users/admin/builder/spi-builder-workspace/.derivedData/Build/Intermediates.noindex/Nuke.build/Debug-watchos/NukeUI-t.build/Objects-normal/arm64_32/NukeUI-OutputFileMap.json -save-temps -no-color-diagnostics -explicit-module-build -module-cache-path /Users/admin/builder/spi-builder-workspace/.derivedData/Build/Intermediates.noindex/SwiftExplicitPrecompiledModules -clang-scanner-module-cache-path /Users/admin/builder/spi-builder-workspace/.derivedData/ModuleCache.noindex -sdk-module-cache-path /Users/admin/builder/spi-builder-workspace/.derivedData/SDKExplicitPrecompiledModules -emit-dependencies -emit-module -emit-module-path /Users/admin/builder/spi-builder-workspace/.derivedData/Build/Intermediates.noindex/Nuke.build/Debug-watchos/NukeUI-t.build/Objects-normal/arm64_32/NukeUI.swiftmodule -serialize-diagnostics -dependency-scan-serialize-diagnostics-path /Users/admin/builder/spi-builder-workspace/.derivedData/Build/Intermediates.noindex/Nuke.build/Debug-watchos/NukeUI-t.build/Objects-normal/arm64_32/NukeUI-dependency-scan.dia -validate-clang-modules-once -clang-build-session-file /Users/admin/builder/spi-builder-workspace/.derivedData/ModuleCache.noindex/Session.modulevalidation -Xcc -fmodules-prune-interval\=86400 -Xcc -fmodules-prune-after\=345600 -package-name spi_builder_workspace -emit-const-values -const-gather-protocols-list /Users/admin/builder/spi-builder-workspace/.derivedData/Build/Intermediates.noindex/Nuke.build/Debug-watchos/NukeUI-t.build/Objects-normal/arm64_32/NukeUI_const_extract_protocols.json -Xcc -I/Users/admin/builder/spi-builder-workspace/.derivedData/Build/Products/Debug-watchos/include -Xcc -I/Users/admin/builder/spi-builder-workspace/.derivedData/Build/Intermediates.noindex/Nuke.build/Debug-watchos/NukeUI-t.build/DerivedSources-normal/arm64_32 -Xcc -I/Users/admin/builder/spi-builder-workspace/.derivedData/Build/Intermediates.noindex/Nuke.build/Debug-watchos/NukeUI-t.build/DerivedSources/arm64_32 -Xcc -I/Users/admin/builder/spi-builder-workspace/.derivedData/Build/Intermediates.noindex/Nuke.build/Debug-watchos/NukeUI-t.build/DerivedSources -Xcc -DSWIFT_PACKAGE -Xcc -DDEBUG\=1 -emit-objc-header -emit-objc-header-path /Users/admin/builder/spi-builder-workspace/.derivedData/Build/Intermediates.noindex/Nuke.build/Debug-watchos/NukeUI-t.build/Objects-normal/arm64_32/NukeUI-Swift.h -working-directory /Users/admin/builder/spi-builder-workspace/.swiftpm/xcode -experimental-emit-module-separately -disable-cmo
SwiftExplicitDependencyGeneratePcm arm64_32 /Users/admin/builder/spi-builder-workspace/.derivedData/SDKExplicitPrecompiledModules/AVKit-CGQ47TPYBWJQEVYWOK46LVVXX.pcm
SwiftExplicitDependencyGeneratePcm arm64 /Users/admin/builder/spi-builder-workspace/.derivedData/SDKExplicitPrecompiledModules/AVKit-8O6OT5J1O1ANO605G0KAK8UXZ.pcm
SwiftEmitModule normal arm64_32 Emitting\ module\ for\ NukeVideo (in target 'NukeVideo' from project 'Nuke')
/Users/admin/builder/spi-builder-workspace/Sources/NukeVideo/VideoPlayerView.swift:11:38: error: cannot find type 'UIView' in scope
9 | public typealias _PlatformBaseView = NSView
10 | #else
11 | public typealias _PlatformBaseView = UIView
| `- error: cannot find type 'UIView' in scope
12 | #endif
13 |
/Users/admin/builder/spi-builder-workspace/Sources/NukeVideo/VideoPlayerView.swift:23:30: error: cannot find type 'AVLayerVideoGravity' in scope
21 |
22 | /// The video gravity. `.resizeAspectFill` by default.
23 | public var videoGravity: AVLayerVideoGravity = .resizeAspectFill {
| `- error: cannot find type 'AVLayerVideoGravity' in scope
24 | didSet {
25 | _playerLayer?.videoGravity = videoGravity
/Users/admin/builder/spi-builder-workspace/Sources/NukeVideo/VideoPlayerView.swift:66:31: error: cannot find type 'AVPlayerLayer' in scope
64 | }
65 |
66 | private var _playerLayer: AVPlayerLayer?
| `- error: cannot find type 'AVPlayerLayer' in scope
67 |
68 | #if os(iOS) || os(tvOS) || os(visionOS)
/Users/admin/builder/spi-builder-workspace/Sources/NukeVideo/VideoPlayerView.swift:90:25: error: cannot find type 'AVPlayer' in scope
88 | // MARK: Private
89 |
90 | private var player: AVPlayer? {
| `- error: cannot find type 'AVPlayer' in scope
91 | didSet {
92 | unregisterNotifications()
/Users/admin/builder/spi-builder-workspace/Sources/NukeVideo/VideoPlayerView.swift:110:23: error: cannot find type 'AVAsset' in scope
108 | /// The video asset to play. Setting a new asset prepares the view for playback;
109 | /// call ``play()`` to start.
110 | public var asset: AVAsset? {
| `- error: cannot find type 'AVAsset' in scope
111 | didSet { assetDidChange() }
112 | }
/Users/admin/builder/spi-builder-workspace/Sources/NukeVideo/VideoPlayerView.swift:36:52: error: cannot infer contextual base in reference to member 'none'
34 | didSet {
35 | guard isLooping != oldValue else { return }
36 | player?.actionAtItemEnd = isLooping ? .none : .pause
| `- error: cannot infer contextual base in reference to member 'none'
37 | if isLooping, !(player?.nowPlaying ?? false) {
38 | restart()
/Users/admin/builder/spi-builder-workspace/Sources/NukeVideo/VideoPlayerView.swift:49:29: error: cannot find type 'AVPlayerLayer' in scope
47 |
48 | /// The underlying player layer. Created lazily on first access.
49 | public var playerLayer: AVPlayerLayer {
| `- error: cannot find type 'AVPlayerLayer' in scope
50 | if let layer = _playerLayer {
51 | return layer
/Users/admin/builder/spi-builder-workspace/Sources/NukeVideo/VideoPlayerView.swift:215:11: error: cannot find type 'AVPlayer' in scope
213 |
214 | @MainActor
215 | extension AVPlayer {
| `- error: cannot find type 'AVPlayer' in scope
216 | var nowPlaying: Bool {
217 | rate != 0 && error == nil
Failed frontend command:
/Applications/Xcode-27.0.0-Release.Candidate.app/Contents/Developer/Toolchains/XcodeDefault.xctoolchain/usr/bin/swift-frontend -frontend -emit-module -experimental-skip-non-inlinable-function-bodies-without-types /Users/admin/builder/spi-builder-workspace/Sources/NukeVideo/AVDataAsset.swift /Users/admin/builder/spi-builder-workspace/Sources/NukeVideo/ImageDecoders+Video.swift /Users/admin/builder/spi-builder-workspace/Sources/NukeVideo/VideoPlayerView.swift -target arm64_32-apple-watchos9.0 -disable-cross-import-overlay-search -swift-module-cross-import AVKit /Applications/Xcode-27.0.0-Release.Candidate.app/Contents/Developer/Platforms/WatchOS.platform/Developer/SDKs/WatchOS.sdk/System/Library/Frameworks/AVKit.framework/Modules/AVKit.swiftcrossimport/SwiftUI.swiftoverlay -load-resolved-plugin /Applications/Xcode-27.0.0-Release.Candidate.app/Contents/Developer/Platforms/WatchOS.platform/Developer/usr/lib/swift/host/plugins/libFoundationMacros.dylib\#/Applications/Xcode-27.0.0-Release.Candidate.app/Contents/Developer/Platforms/WatchOS.platform/Developer/usr/bin/swift-plugin-server\#FoundationMacros -load-resolved-plugin /Applications/Xcode-27.0.0-Release.Candidate.app/Contents/Developer/Platforms/WatchOS.platform/Developer/usr/lib/swift/host/plugins/libObservationMacros.dylib\#/Applications/Xcode-27.0.0-Release.Candidate.app/Contents/Developer/Platforms/WatchOS.platform/Developer/usr/bin/swift-plugin-server\#ObservationMacros -load-resolved-plugin /Applications/Xcode-27.0.0-Release.Candidate.app/Contents/Developer/Platforms/WatchOS.platform/Developer/usr/lib/swift/host/plugins/libSwiftMacros.dylib\#/Applications/Xcode-27.0.0-Release.Candidate.app/Contents/Developer/Platforms/WatchOS.platform/Developer/usr/bin/swift-plugin-server\#SwiftMacros -load-resolved-plugin /Applications/Xcode-27.0.0-Release.Candidate.app/Contents/Developer/Platforms/WatchOS.platform/Developer/usr/lib/swift/host/plugins/libSwiftUIMacros.dylib\#/Applications/Xcode-27.0.0-Release.Candidate.app/Contents/Developer/Platforms/WatchOS.platform/Developer/usr/bin/swift-plugin-server\#SwiftUIMacros -disable-implicit-swift-modules -Xcc -fno-implicit-modules -Xcc -fno-implicit-module-maps -explicit-swift-module-map-file /Users/admin/builder/spi-builder-workspace/.derivedData/Build/Intermediates.noindex/Nuke.build/Debug-watchos/NukeVideo-t.build/Objects-normal/arm64_32/NukeVideo-dependencies-1.json -enable-objc-interop -sdk /Applications/Xcode-27.0.0-Release.Candidate.app/Contents/Developer/Platforms/WatchOS.platform/Developer/SDKs/WatchOS27.0.sdk -I /Users/admin/builder/spi-builder-workspace/.derivedData/Build/Products/Debug-watchos -Isystem /Applications/Xcode-27.0.0-Release.Candidate.app/Contents/Developer/Platforms/WatchOS.platform/Developer/usr/lib -F /Users/admin/builder/spi-builder-workspace/.derivedData/Build/Products/Debug-watchos/PackageFrameworks -F /Users/admin/builder/spi-builder-workspace/.derivedData/Build/Products/Debug-watchos -F /Applications/Xcode-27.0.0-Release.Candidate.app/Contents/Developer/Platforms/WatchOS.platform/Developer/Library/Frameworks -F /Applications/Xcode-27.0.0-Release.Candidate.app/Contents/Developer/Platforms/WatchOS.platform/Developer/SDKs/WatchOS27.0.sdk/Developer/Library/Frameworks -module-cache-path /Users/admin/builder/spi-builder-workspace/.derivedData/Build/Intermediates.noindex/SwiftExplicitPrecompiledModules -no-color-diagnostics -Xcc -fno-color-diagnostics -enable-testing -g -debug-info-format\=dwarf -dwarf-version\=4 -swift-version 6 -Onone -D SWIFT_PACKAGE -D DEBUG -D SWIFT_MODULE_RESOURCE_BUNDLE_UNAVAILABLE -D Xcode -serialize-debugging-options -enable-experimental-feature DebugDescriptionMacro -empty-abi-descriptor -validate-clang-modules-once -clang-build-session-file /Users/admin/builder/spi-builder-workspace/.derivedData/ModuleCache.noindex/Session.modulevalidation -Xcc -working-directory -Xcc /Users/admin/builder/spi-builder-workspace/.swiftpm/xcode -enable-anonymous-context-mangled-names -file-compilation-dir /Users/admin/builder/spi-builder-workspace/.swiftpm/xcode -Xcc -D_LIBCPP_HARDENING_MODE\=_LIBCPP_HARDENING_MODE_DEBUG -Xcc -ivfsstatcache -Xcc /Users/admin/builder/spi-builder-workspace/.derivedData/SDKStatCaches.noindex/watchos27.0-24R360-e829b21a6f8c9b70876ba0858053c04477534ef55a1706bf4c1112bbb242f0a2.sdkstatcache -Xcc -fmodules-prune-interval\=86400 -Xcc -fmodules-prune-after\=345600 -Xcc -I/Users/admin/builder/spi-builder-workspace/.derivedData/Build/Products/Debug-watchos/include -Xcc -I/Users/admin/builder/spi-builder-workspace/.derivedData/Build/Intermediates.noindex/Nuke.build/Debug-watchos/NukeVideo-t.build/DerivedSources-normal/arm64_32 -Xcc -I/Users/admin/builder/spi-builder-workspace/.derivedData/Build/Intermediates.noindex/Nuke.build/Debug-watchos/NukeVideo-t.build/DerivedSources/arm64_32 -Xcc -I/Users/admin/builder/spi-builder-workspace/.derivedData/Build/Intermediates.noindex/Nuke.build/Debug-watchos/NukeVideo-t.build/DerivedSources -Xcc -DSWIFT_PACKAGE -Xcc -DDEBUG\=1 -no-auto-bridging-header-chaining -module-name NukeVideo -package-name spi_builder_workspace -const-gather-protocols-file /Users/admin/builder/spi-builder-workspace/.derivedData/Build/Intermediates.noindex/Nuke.build/Debug-watchos/NukeVideo-t.build/Objects-normal/arm64_32/NukeVideo_const_extract_protocols.json -disable-clang-spi -clang-target arm64_32-apple-watchos27.0 -target-sdk-version 27.0 -target-sdk-name watchos27.0 -in-process-plugin-server-path /Applications/Xcode-27.0.0-Release.Candidate.app/Contents/Developer/Toolchains/XcodeDefault.xctoolchain/usr/lib/swift/host/libSwiftInProcPluginServer.dylib -emit-module-doc-path /Users/admin/builder/spi-builder-workspace/.derivedData/Build/Intermediates.noindex/Nuke.build/Debug-watchos/NukeVideo-t.build/Objects-normal/arm64_32/NukeVideo.swiftdoc -emit-module-source-info-path /Users/admin/builder/spi-builder-workspace/.derivedData/Build/Intermediates.noindex/Nuke.build/Debug-watchos/NukeVideo-t.build/Objects-normal/arm64_32/NukeVideo.swiftsourceinfo -emit-objc-header-path /Users/admin/builder/spi-builder-workspace/.derivedData/Build/Intermediates.noindex/Nuke.build/Debug-watchos/NukeVideo-t.build/Objects-normal/arm64_32/NukeVideo-Swift.h -serialize-diagnostics-path /Users/admin/builder/spi-builder-workspace/.derivedData/Build/Intermediates.noindex/Nuke.build/Debug-watchos/NukeVideo-t.build/Objects-normal/arm64_32/NukeVideo-primary-emit-module.dia -emit-dependencies-path /Users/admin/builder/spi-builder-workspace/.derivedData/Build/Intermediates.noindex/Nuke.build/Debug-watchos/NukeVideo-t.build/Objects-normal/arm64_32/NukeVideo-primary-emit-module.d -parse-as-library -o /Users/admin/builder/spi-builder-workspace/.derivedData/Build/Intermediates.noindex/Nuke.build/Debug-watchos/NukeVideo-t.build/Objects-normal/arm64_32/NukeVideo.swiftmodule -emit-abi-descriptor-path /Users/admin/builder/spi-builder-workspace/.derivedData/Build/Intermediates.noindex/Nuke.build/Debug-watchos/NukeVideo-t.build/Objects-normal/arm64_32/NukeVideo.abi.json
SwiftCompile normal arm64_32 (in target 'NukeVideo' from project 'Nuke')
cd /Users/admin/builder/spi-builder-workspace/.swiftpm/xcode
SwiftDriverJobDiscovery normal arm64_32 Compiling ImageProcessors+GaussianBlur.swift, ImageProcessors+Resize.swift, ImageProcessors+RoundedCorners.swift, ImageProcessors.swift, AsyncPipelineTask.swift (in target 'Nuke' from project 'Nuke')
SwiftCompile normal arm64_32 Compiling\ AVDataAsset.swift /Users/admin/builder/spi-builder-workspace/Sources/NukeVideo/AVDataAsset.swift (in target 'NukeVideo' from project 'Nuke')
SwiftCompile normal arm64_32 /Users/admin/builder/spi-builder-workspace/Sources/NukeVideo/AVDataAsset.swift (in target 'NukeVideo' from project 'Nuke')
cd /Users/admin/builder/spi-builder-workspace/.swiftpm/xcode
builtin-SwiftPerFileCompile AVDataAsset.swift
SwiftEmitModule normal arm64 Emitting\ module\ for\ NukeVideo (in target 'NukeVideo' from project 'Nuke')
/Users/admin/builder/spi-builder-workspace/Sources/NukeVideo/VideoPlayerView.swift:11:38: error: cannot find type 'UIView' in scope
9 | public typealias _PlatformBaseView = NSView
10 | #else
11 | public typealias _PlatformBaseView = UIView
| `- error: cannot find type 'UIView' in scope
12 | #endif
13 |
/Users/admin/builder/spi-builder-workspace/Sources/NukeVideo/VideoPlayerView.swift:23:30: error: cannot find type 'AVLayerVideoGravity' in scope
21 |
22 | /// The video gravity. `.resizeAspectFill` by default.
23 | public var videoGravity: AVLayerVideoGravity = .resizeAspectFill {
| `- error: cannot find type 'AVLayerVideoGravity' in scope
24 | didSet {
25 | _playerLayer?.videoGravity = videoGravity
/Users/admin/builder/spi-builder-workspace/Sources/NukeVideo/VideoPlayerView.swift:66:31: error: cannot find type 'AVPlayerLayer' in scope
64 | }
65 |
66 | private var _playerLayer: AVPlayerLayer?
| `- error: cannot find type 'AVPlayerLayer' in scope
67 |
68 | #if os(iOS) || os(tvOS) || os(visionOS)
/Users/admin/builder/spi-builder-workspace/Sources/NukeVideo/VideoPlayerView.swift:90:25: error: cannot find type 'AVPlayer' in scope
88 | // MARK: Private
89 |
90 | private var player: AVPlayer? {
| `- error: cannot find type 'AVPlayer' in scope
91 | didSet {
92 | unregisterNotifications()
/Users/admin/builder/spi-builder-workspace/Sources/NukeVideo/VideoPlayerView.swift:110:23: error: cannot find type 'AVAsset' in scope
108 | /// The video asset to play. Setting a new asset prepares the view for playback;
109 | /// call ``play()`` to start.
110 | public var asset: AVAsset? {
| `- error: cannot find type 'AVAsset' in scope
111 | didSet { assetDidChange() }
112 | }
/Users/admin/builder/spi-builder-workspace/Sources/NukeVideo/VideoPlayerView.swift:36:52: error: cannot infer contextual base in reference to member 'none'
34 | didSet {
35 | guard isLooping != oldValue else { return }
36 | player?.actionAtItemEnd = isLooping ? .none : .pause
| `- error: cannot infer contextual base in reference to member 'none'
37 | if isLooping, !(player?.nowPlaying ?? false) {
38 | restart()
SwiftCompile normal arm64 (in target 'NukeVideo' from project 'Nuke')
cd /Users/admin/builder/spi-builder-workspace/.swiftpm/xcode
SwiftDriverJobDiscovery normal arm64_32 Compiling ImageProcessingOptions.swift, ImageProcessors+Anonymous.swift, ImageProcessors+Circle.swift, ImageProcessors+Composition.swift, ImageProcessors+CoreImage.swift (in target 'Nuke' from project 'Nuke')
SwiftCompile normal arm64 Compiling\ ImageDecoders+Video.swift /Users/admin/builder/spi-builder-workspace/Sources/NukeVideo/ImageDecoders+Video.swift (in target 'NukeVideo' from project 'Nuke')
SwiftCompile normal arm64 /Users/admin/builder/spi-builder-workspace/Sources/NukeVideo/ImageDecoders+Video.swift (in target 'NukeVideo' from project 'Nuke')
cd /Users/admin/builder/spi-builder-workspace/.swiftpm/xcode
builtin-SwiftPerFileCompile ImageDecoders+Video.swift
SwiftDriverJobDiscovery normal arm64_32 Compiling ImageEncoders.swift, ImageEncoding.swift, ImageContainer.swift, ImageRequest.swift, ImageResponse.swift, ImageTask.swift (in target 'Nuke' from project 'Nuke')
SwiftCompile normal arm64_32 Compiling\ VideoPlayerView.swift /Users/admin/builder/spi-builder-workspace/Sources/NukeVideo/VideoPlayerView.swift (in target 'NukeVideo' from project 'Nuke')
/Users/admin/builder/spi-builder-workspace/Sources/NukeVideo/VideoPlayerView.swift:11:38: error: cannot find type 'UIView' in scope
9 | public typealias _PlatformBaseView = NSView
10 | #else
11 | public typealias _PlatformBaseView = UIView
| `- error: cannot find type 'UIView' in scope
12 | #endif
13 |
/Users/admin/builder/spi-builder-workspace/Sources/NukeVideo/VideoPlayerView.swift:23:30: error: cannot find type 'AVLayerVideoGravity' in scope
21 |
22 | /// The video gravity. `.resizeAspectFill` by default.
23 | public var videoGravity: AVLayerVideoGravity = .resizeAspectFill {
| `- error: cannot find type 'AVLayerVideoGravity' in scope
24 | didSet {
25 | _playerLayer?.videoGravity = videoGravity
/Users/admin/builder/spi-builder-workspace/Sources/NukeVideo/VideoPlayerView.swift:66:31: error: cannot find type 'AVPlayerLayer' in scope
64 | }
65 |
66 | private var _playerLayer: AVPlayerLayer?
| `- error: cannot find type 'AVPlayerLayer' in scope
67 |
68 | #if os(iOS) || os(tvOS) || os(visionOS)
/Users/admin/builder/spi-builder-workspace/Sources/NukeVideo/VideoPlayerView.swift:90:25: error: cannot find type 'AVPlayer' in scope
88 | // MARK: Private
89 |
90 | private var player: AVPlayer? {
| `- error: cannot find type 'AVPlayer' in scope
91 | didSet {
92 | unregisterNotifications()
SwiftCompile normal arm64_32 /Users/admin/builder/spi-builder-workspace/Sources/NukeVideo/VideoPlayerView.swift (in target 'NukeVideo' from project 'Nuke')
cd /Users/admin/builder/spi-builder-workspace/.swiftpm/xcode
builtin-SwiftPerFileCompile VideoPlayerView.swift
SwiftDriverJobDiscovery normal arm64_32 Compiling ImageDecoderRegistry.swift, ImageDecoders+Default.swift, ImageDecoders+Empty.swift, ImageDecoding.swift, ImageEncoders+Default.swift, ImageEncoders+ImageIO.swift (in target 'Nuke' from project 'Nuke')
SwiftCompile normal arm64 Compiling\ AVDataAsset.swift /Users/admin/builder/spi-builder-workspace/Sources/NukeVideo/AVDataAsset.swift (in target 'NukeVideo' from project 'Nuke')
SwiftCompile normal arm64 /Users/admin/builder/spi-builder-workspace/Sources/NukeVideo/AVDataAsset.swift (in target 'NukeVideo' from project 'Nuke')
cd /Users/admin/builder/spi-builder-workspace/.swiftpm/xcode
builtin-SwiftPerFileCompile AVDataAsset.swift
SwiftDriverJobDiscovery normal arm64_32 Compiling Cache.swift, DataCache.swift, DataCaching.swift, ImageCache.swift, ImageCaching.swift, AssetType.swift (in target 'Nuke' from project 'Nuke')
SwiftCompile normal arm64 Compiling\ VideoPlayerView.swift /Users/admin/builder/spi-builder-workspace/Sources/NukeVideo/VideoPlayerView.swift (in target 'NukeVideo' from project 'Nuke')
SwiftCompile normal arm64 /Users/admin/builder/spi-builder-workspace/Sources/NukeVideo/VideoPlayerView.swift (in target 'NukeVideo' from project 'Nuke')
cd /Users/admin/builder/spi-builder-workspace/.swiftpm/xcode
builtin-SwiftPerFileCompile VideoPlayerView.swift
SwiftDriverJobDiscovery normal arm64_32 Compiling Extensions.swift, Graphics.swift, ImagePublisher.swift, ImageRequestKeys.swift, LinkedList.swift, Log.swift (in target 'Nuke' from project 'Nuke')
SwiftCompile normal arm64_32 Compiling\ ImageDecoders+Video.swift /Users/admin/builder/spi-builder-workspace/Sources/NukeVideo/ImageDecoders+Video.swift (in target 'NukeVideo' from project 'Nuke')
SwiftCompile normal arm64_32 /Users/admin/builder/spi-builder-workspace/Sources/NukeVideo/ImageDecoders+Video.swift (in target 'NukeVideo' from project 'Nuke')
cd /Users/admin/builder/spi-builder-workspace/.swiftpm/xcode
builtin-SwiftPerFileCompile ImageDecoders+Video.swift
SwiftExplicitDependencyGeneratePcm arm64 /Users/admin/builder/spi-builder-workspace/.derivedData/SDKExplicitPrecompiledModules/CoreAudioTypes-51SR7UBHOMSGMEPVFS6PLSR4M.pcm
SwiftDriverJobDiscovery normal arm64 Compiling ImageDecoders+Video.swift (in target 'NukeVideo' from project 'Nuke')
SwiftExplicitDependencyGeneratePcm arm64 /Users/admin/builder/spi-builder-workspace/.derivedData/SDKExplicitPrecompiledModules/SwiftUI-E6XJI4PF1Q2HPTXKL91GWARU6.pcm
PruneExplicitPrecompiledModules /Users/admin/builder/spi-builder-workspace/.derivedData/SDKExplicitPrecompiledModules
PruneExplicitPrecompiledModules /Users/admin/builder/spi-builder-workspace/.derivedData/Build/Intermediates.noindex/SwiftExplicitPrecompiledModules
PruneExplicitPrecompiledModules /Users/admin/builder/spi-builder-workspace/.derivedData/Build/Intermediates.noindex/ExplicitPrecompiledModules
2026-09-26 23:02:56.166 xcodebuild[649:4143] [MT] IDERunDestination: Supported platforms for the buildables in the current scheme is empty.
** BUILD FAILED **
The following build commands failed:
SwiftEmitModule normal arm64_32 Emitting\ module\ for\ NukeVideo (in target 'NukeVideo' from project 'Nuke')
SwiftCompile normal arm64_32 (in target 'NukeVideo' from project 'Nuke')
Building workspace Nuke with scheme Nuke-Package
(3 failures)
Command line invocation:
/Applications/Xcode-27.0.0-Release.Candidate.app/Contents/Developer/usr/bin/xcodebuild -IDEClonedSourcePackagesDirPathOverride=/Users/admin/builder/spi-builder-workspace/.dependencies -resolvePackageDependencies
Resolve Package Graph
Resolved source packages:
Nuke: /Users/admin/builder/spi-builder-workspace
resolved source packages: Nuke
2026-09-26 23:03:07.602 xcodebuild[835:5260] [MT] IDERunDestination: Supported platforms for the buildables in the current scheme is empty.
{
"dependencies" : [
],
"manifest_display_name" : "Nuke",
"name" : "Nuke",
"path" : "/Users/admin/builder/spi-builder-workspace",
"platforms" : [
{
"name" : "ios",
"version" : "15.0"
},
{
"name" : "tvos",
"version" : "15.0"
},
{
"name" : "macos",
"version" : "12.0"
},
{
"name" : "watchos",
"version" : "8.0"
},
{
"name" : "visionos",
"version" : "1.0"
}
],
"products" : [
{
"name" : "Nuke",
"targets" : [
"Nuke"
],
"type" : {
"library" : [
"automatic"
]
}
},
{
"name" : "NukeUI",
"targets" : [
"NukeUI"
],
"type" : {
"library" : [
"automatic"
]
}
},
{
"name" : "NukeVideo",
"targets" : [
"NukeVideo"
],
"type" : {
"library" : [
"automatic"
]
}
},
{
"name" : "NukeExtensions",
"targets" : [
"NukeExtensions"
],
"type" : {
"library" : [
"automatic"
]
}
}
],
"targets" : [
{
"c99name" : "NukeVideo",
"module_type" : "SwiftTarget",
"name" : "NukeVideo",
"path" : "Sources/NukeVideo",
"product_memberships" : [
"NukeVideo"
],
"sources" : [
"AVDataAsset.swift",
"ImageDecoders+Video.swift",
"VideoPlayerView.swift"
],
"target_dependencies" : [
"Nuke"
],
"type" : "library"
},
{
"c99name" : "NukeUI",
"module_type" : "SwiftTarget",
"name" : "NukeUI",
"path" : "Sources/NukeUI",
"product_memberships" : [
"NukeUI"
],
"sources" : [
"FetchImage.swift",
"Internal.swift",
"LazyImage.swift",
"LazyImageState.swift",
"LazyImageView.swift"
],
"target_dependencies" : [
"Nuke"
],
"type" : "library"
},
{
"c99name" : "NukeExtensions",
"module_type" : "SwiftTarget",
"name" : "NukeExtensions",
"path" : "Sources/NukeExtensions",
"product_memberships" : [
"NukeExtensions"
],
"sources" : [
"ImageLoadingOptions.swift",
"ImageViewExtensions.swift"
],
"target_dependencies" : [
"Nuke"
],
"type" : "library"
},
{
"c99name" : "Nuke",
"module_type" : "SwiftTarget",
"name" : "Nuke",
"path" : "Sources/Nuke",
"product_memberships" : [
"Nuke",
"NukeUI",
"NukeVideo",
"NukeExtensions"
],
"sources" : [
"Caching/Cache.swift",
"Caching/DataCache.swift",
"Caching/DataCaching.swift",
"Caching/ImageCache.swift",
"Caching/ImageCaching.swift",
"Decoding/AssetType.swift",
"Decoding/ImageDecoderRegistry.swift",
"Decoding/ImageDecoders+Default.swift",
"Decoding/ImageDecoders+Empty.swift",
"Decoding/ImageDecoding.swift",
"Encoding/ImageEncoders+Default.swift",
"Encoding/ImageEncoders+ImageIO.swift",
"Encoding/ImageEncoders.swift",
"Encoding/ImageEncoding.swift",
"ImageContainer.swift",
"ImageRequest.swift",
"ImageResponse.swift",
"ImageTask.swift",
"Internal/Extensions.swift",
"Internal/Graphics.swift",
"Internal/ImagePublisher.swift",
"Internal/ImageRequestKeys.swift",
"Internal/LinkedList.swift",
"Internal/Log.swift",
"Internal/Mutex.swift",
"Internal/RateLimiter.swift",
"Internal/ResumableData.swift",
"Internal/TaskQueue.swift",
"Loading/DataLoader.swift",
"Loading/DataLoading.swift",
"Pipeline/Deprecated.swift",
"Pipeline/ImagePipeline+Cache.swift",
"Pipeline/ImagePipeline+Configuration.swift",
"Pipeline/ImagePipeline+Delegate.swift",
"Pipeline/ImagePipeline+Error.swift",
"Pipeline/ImagePipeline.swift",
"Pipeline/ImagePipelineActor.swift",
"Prefetching/ImagePrefetcher.swift",
"Processing/ImageDecompression.swift",
"Processing/ImageProcessing.swift",
"Processing/ImageProcessingOptions.swift",
"Processing/ImageProcessors+Anonymous.swift",
"Processing/ImageProcessors+Circle.swift",
"Processing/ImageProcessors+Composition.swift",
"Processing/ImageProcessors+CoreImage.swift",
"Processing/ImageProcessors+GaussianBlur.swift",
"Processing/ImageProcessors+Resize.swift",
"Processing/ImageProcessors+RoundedCorners.swift",
"Processing/ImageProcessors.swift",
"Tasks/AsyncPipelineTask.swift",
"Tasks/AsyncTask.swift",
"Tasks/TaskFetchOriginalData.swift",
"Tasks/TaskFetchOriginalImage.swift",
"Tasks/TaskLoadData.swift",
"Tasks/TaskLoadImage.swift"
],
"type" : "library"
}
],
"tools_version" : "6.0"
}
{
"workspace" : {
"name" : "Nuke",
"schemes" : [
"Nuke",
"Nuke-Package",
"NukeExtensions",
"NukeUI",
"NukeVideo"
]
}
}
2026-09-26 23:03:08.840 xcodebuild[843:5327] [MT] IDERunDestination: Supported platforms for the buildables in the current scheme is empty.
Running build ...
env DEVELOPER_DIR=/Applications/Xcode-27.0.0-Release.Candidate.app xcrun xcodebuild -IDEClonedSourcePackagesDirPathOverride=$PWD/.dependencies -skipMacroValidation -skipPackagePluginValidation -derivedDataPath $PWD/.derivedData build -scheme Nuke-Package -destination generic/platform=watchOS
Command line invocation:
/Applications/Xcode-27.0.0-Release.Candidate.app/Contents/Developer/usr/bin/xcodebuild -IDEClonedSourcePackagesDirPathOverride=/Users/admin/builder/spi-builder-workspace/.dependencies -skipMacroValidation -skipPackagePluginValidation -derivedDataPath /Users/admin/builder/spi-builder-workspace/.derivedData build -scheme Nuke-Package -destination generic/platform=watchOS
Resolve Package Graph
Resolved source packages:
Nuke: /Users/admin/builder/spi-builder-workspace
ComputePackagePrebuildTargetDependencyGraph
Prepare packages
CreateBuildRequest
SendProjectDescription
CreateBuildOperation
ComputeTargetDependencyGraph
note: Building targets in dependency order
note: Target dependency graph (8 targets)
Target 'NukeExtensions-product' in project 'Nuke'
➜ Explicit dependency on target 'NukeExtensions' in project 'Nuke'
➜ Explicit dependency on target 'Nuke' in project 'Nuke'
Target 'NukeExtensions' in project 'Nuke'
➜ Explicit dependency on target 'Nuke' in project 'Nuke'
Target 'NukeVideo-product' in project 'Nuke'
➜ Explicit dependency on target 'NukeVideo' in project 'Nuke'
➜ Explicit dependency on target 'Nuke' in project 'Nuke'
Target 'NukeVideo' in project 'Nuke'
➜ Explicit dependency on target 'Nuke' in project 'Nuke'
Target 'NukeUI-product' in project 'Nuke'
➜ Explicit dependency on target 'NukeUI' in project 'Nuke'
➜ Explicit dependency on target 'Nuke' in project 'Nuke'
Target 'NukeUI' in project 'Nuke'
➜ Explicit dependency on target 'Nuke' in project 'Nuke'
Target 'Nuke-product' in project 'Nuke'
➜ Explicit dependency on target 'Nuke' in project 'Nuke'
Target 'Nuke' in project 'Nuke' (no dependencies)
GatherProvisioningInputs
CreateBuildDescription
ClangStatCache /Applications/Xcode-27.0.0-Release.Candidate.app/Contents/Developer/Toolchains/XcodeDefault.xctoolchain/usr/bin/clang-stat-cache /Applications/Xcode-27.0.0-Release.Candidate.app/Contents/Developer/Platforms/WatchOS.platform/Developer/SDKs/WatchOS27.0.sdk /Users/admin/builder/spi-builder-workspace/.derivedData/SDKStatCaches.noindex/watchos27.0-24R360-e829b21a6f8c9b70876ba0858053c04477534ef55a1706bf4c1112bbb242f0a2.sdkstatcache
cd /Users/admin/builder/spi-builder-workspace/.swiftpm/xcode
/Applications/Xcode-27.0.0-Release.Candidate.app/Contents/Developer/Toolchains/XcodeDefault.xctoolchain/usr/bin/clang-stat-cache /Applications/Xcode-27.0.0-Release.Candidate.app/Contents/Developer/Platforms/WatchOS.platform/Developer/SDKs/WatchOS27.0.sdk -o /Users/admin/builder/spi-builder-workspace/.derivedData/SDKStatCaches.noindex/watchos27.0-24R360-e829b21a6f8c9b70876ba0858053c04477534ef55a1706bf4c1112bbb242f0a2.sdkstatcache
SwiftDriver NukeVideo normal arm64_32 com.apple.xcode.tools.swift.compiler (in target 'NukeVideo' from project 'Nuke')
cd /Users/admin/builder/spi-builder-workspace/.swiftpm/xcode
builtin-SwiftDriver -- /Applications/Xcode-27.0.0-Release.Candidate.app/Contents/Developer/Toolchains/XcodeDefault.xctoolchain/usr/bin/swiftc -parse-as-library -module-name NukeVideo -Onone @/Users/admin/builder/spi-builder-workspace/.derivedData/Build/Intermediates.noindex/Nuke.build/Debug-watchos/NukeVideo-t.build/Objects-normal/arm64_32/NukeVideo.SwiftFileList -DSWIFT_PACKAGE -DDEBUG -DSWIFT_MODULE_RESOURCE_BUNDLE_UNAVAILABLE -DXcode -plugin-path /Applications/Xcode-27.0.0-Release.Candidate.app/Contents/Developer/Toolchains/XcodeDefault.xctoolchain/usr/lib/swift/host/plugins/testing -enable-experimental-feature DebugDescriptionMacro -sdk /Applications/Xcode-27.0.0-Release.Candidate.app/Contents/Developer/Platforms/WatchOS.platform/Developer/SDKs/WatchOS27.0.sdk -target arm64_32-apple-watchos9.0 -g -module-cache-path /Users/admin/builder/spi-builder-workspace/.derivedData/ModuleCache.noindex -Xfrontend -serialize-debugging-options -enable-testing -index-store-path /Users/admin/builder/spi-builder-workspace/.derivedData/Index.noindex/DataStore -Xcc -D_LIBCPP_HARDENING_MODE\=_LIBCPP_HARDENING_MODE_DEBUG -swift-version 6 -I /Users/admin/builder/spi-builder-workspace/.derivedData/Build/Products/Debug-watchos -Isystem /Applications/Xcode-27.0.0-Release.Candidate.app/Contents/Developer/Platforms/WatchOS.platform/Developer/usr/lib -F /Users/admin/builder/spi-builder-workspace/.derivedData/Build/Products/Debug-watchos/PackageFrameworks -F /Users/admin/builder/spi-builder-workspace/.derivedData/Build/Products/Debug-watchos -F /Applications/Xcode-27.0.0-Release.Candidate.app/Contents/Developer/Platforms/WatchOS.platform/Developer/Library/Frameworks -F /Applications/Xcode-27.0.0-Release.Candidate.app/Contents/Developer/Platforms/WatchOS.platform/Developer/SDKs/WatchOS27.0.sdk/Developer/Library/Frameworks -c -j10 -enable-batch-mode -incremental -Xcc -ivfsstatcache -Xcc /Users/admin/builder/spi-builder-workspace/.derivedData/SDKStatCaches.noindex/watchos27.0-24R360-e829b21a6f8c9b70876ba0858053c04477534ef55a1706bf4c1112bbb242f0a2.sdkstatcache -output-file-map /Users/admin/builder/spi-builder-workspace/.derivedData/Build/Intermediates.noindex/Nuke.build/Debug-watchos/NukeVideo-t.build/Objects-normal/arm64_32/NukeVideo-OutputFileMap.json -save-temps -no-color-diagnostics -explicit-module-build -module-cache-path /Users/admin/builder/spi-builder-workspace/.derivedData/Build/Intermediates.noindex/SwiftExplicitPrecompiledModules -clang-scanner-module-cache-path /Users/admin/builder/spi-builder-workspace/.derivedData/ModuleCache.noindex -sdk-module-cache-path /Users/admin/builder/spi-builder-workspace/.derivedData/SDKExplicitPrecompiledModules -emit-dependencies -emit-module -emit-module-path /Users/admin/builder/spi-builder-workspace/.derivedData/Build/Intermediates.noindex/Nuke.build/Debug-watchos/NukeVideo-t.build/Objects-normal/arm64_32/NukeVideo.swiftmodule -serialize-diagnostics -dependency-scan-serialize-diagnostics-path /Users/admin/builder/spi-builder-workspace/.derivedData/Build/Intermediates.noindex/Nuke.build/Debug-watchos/NukeVideo-t.build/Objects-normal/arm64_32/NukeVideo-dependency-scan.dia -validate-clang-modules-once -clang-build-session-file /Users/admin/builder/spi-builder-workspace/.derivedData/ModuleCache.noindex/Session.modulevalidation -Xcc -fmodules-prune-interval\=86400 -Xcc -fmodules-prune-after\=345600 -package-name spi_builder_workspace -emit-const-values -const-gather-protocols-list /Users/admin/builder/spi-builder-workspace/.derivedData/Build/Intermediates.noindex/Nuke.build/Debug-watchos/NukeVideo-t.build/Objects-normal/arm64_32/NukeVideo_const_extract_protocols.json -Xcc -I/Users/admin/builder/spi-builder-workspace/.derivedData/Build/Products/Debug-watchos/include -Xcc -I/Users/admin/builder/spi-builder-workspace/.derivedData/Build/Intermediates.noindex/Nuke.build/Debug-watchos/NukeVideo-t.build/DerivedSources-normal/arm64_32 -Xcc -I/Users/admin/builder/spi-builder-workspace/.derivedData/Build/Intermediates.noindex/Nuke.build/Debug-watchos/NukeVideo-t.build/DerivedSources/arm64_32 -Xcc -I/Users/admin/builder/spi-builder-workspace/.derivedData/Build/Intermediates.noindex/Nuke.build/Debug-watchos/NukeVideo-t.build/DerivedSources -Xcc -DSWIFT_PACKAGE -Xcc -DDEBUG\=1 -emit-objc-header -emit-objc-header-path /Users/admin/builder/spi-builder-workspace/.derivedData/Build/Intermediates.noindex/Nuke.build/Debug-watchos/NukeVideo-t.build/Objects-normal/arm64_32/NukeVideo-Swift.h -working-directory /Users/admin/builder/spi-builder-workspace/.swiftpm/xcode -experimental-emit-module-separately -disable-cmo
SwiftDriver NukeVideo normal arm64 com.apple.xcode.tools.swift.compiler (in target 'NukeVideo' from project 'Nuke')
cd /Users/admin/builder/spi-builder-workspace/.swiftpm/xcode
builtin-SwiftDriver -- /Applications/Xcode-27.0.0-Release.Candidate.app/Contents/Developer/Toolchains/XcodeDefault.xctoolchain/usr/bin/swiftc -parse-as-library -module-name NukeVideo -Onone @/Users/admin/builder/spi-builder-workspace/.derivedData/Build/Intermediates.noindex/Nuke.build/Debug-watchos/NukeVideo-t.build/Objects-normal/arm64/NukeVideo.SwiftFileList -DSWIFT_PACKAGE -DDEBUG -DSWIFT_MODULE_RESOURCE_BUNDLE_UNAVAILABLE -DXcode -plugin-path /Applications/Xcode-27.0.0-Release.Candidate.app/Contents/Developer/Toolchains/XcodeDefault.xctoolchain/usr/lib/swift/host/plugins/testing -enable-experimental-feature DebugDescriptionMacro -sdk /Applications/Xcode-27.0.0-Release.Candidate.app/Contents/Developer/Platforms/WatchOS.platform/Developer/SDKs/WatchOS27.0.sdk -target arm64-apple-watchos9.0 -g -module-cache-path /Users/admin/builder/spi-builder-workspace/.derivedData/ModuleCache.noindex -Xfrontend -serialize-debugging-options -enable-testing -index-store-path /Users/admin/builder/spi-builder-workspace/.derivedData/Index.noindex/DataStore -Xcc -D_LIBCPP_HARDENING_MODE\=_LIBCPP_HARDENING_MODE_DEBUG -swift-version 6 -I /Users/admin/builder/spi-builder-workspace/.derivedData/Build/Products/Debug-watchos -Isystem /Applications/Xcode-27.0.0-Release.Candidate.app/Contents/Developer/Platforms/WatchOS.platform/Developer/usr/lib -F /Users/admin/builder/spi-builder-workspace/.derivedData/Build/Products/Debug-watchos/PackageFrameworks -F /Users/admin/builder/spi-builder-workspace/.derivedData/Build/Products/Debug-watchos -F /Applications/Xcode-27.0.0-Release.Candidate.app/Contents/Developer/Platforms/WatchOS.platform/Developer/Library/Frameworks -F /Applications/Xcode-27.0.0-Release.Candidate.app/Contents/Developer/Platforms/WatchOS.platform/Developer/SDKs/WatchOS27.0.sdk/Developer/Library/Frameworks -c -j10 -enable-batch-mode -incremental -Xcc -ivfsstatcache -Xcc /Users/admin/builder/spi-builder-workspace/.derivedData/SDKStatCaches.noindex/watchos27.0-24R360-e829b21a6f8c9b70876ba0858053c04477534ef55a1706bf4c1112bbb242f0a2.sdkstatcache -output-file-map /Users/admin/builder/spi-builder-workspace/.derivedData/Build/Intermediates.noindex/Nuke.build/Debug-watchos/NukeVideo-t.build/Objects-normal/arm64/NukeVideo-OutputFileMap.json -save-temps -no-color-diagnostics -explicit-module-build -module-cache-path /Users/admin/builder/spi-builder-workspace/.derivedData/Build/Intermediates.noindex/SwiftExplicitPrecompiledModules -clang-scanner-module-cache-path /Users/admin/builder/spi-builder-workspace/.derivedData/ModuleCache.noindex -sdk-module-cache-path /Users/admin/builder/spi-builder-workspace/.derivedData/SDKExplicitPrecompiledModules -emit-dependencies -emit-module -emit-module-path /Users/admin/builder/spi-builder-workspace/.derivedData/Build/Intermediates.noindex/Nuke.build/Debug-watchos/NukeVideo-t.build/Objects-normal/arm64/NukeVideo.swiftmodule -serialize-diagnostics -dependency-scan-serialize-diagnostics-path /Users/admin/builder/spi-builder-workspace/.derivedData/Build/Intermediates.noindex/Nuke.build/Debug-watchos/NukeVideo-t.build/Objects-normal/arm64/NukeVideo-dependency-scan.dia -validate-clang-modules-once -clang-build-session-file /Users/admin/builder/spi-builder-workspace/.derivedData/ModuleCache.noindex/Session.modulevalidation -Xcc -fmodules-prune-interval\=86400 -Xcc -fmodules-prune-after\=345600 -package-name spi_builder_workspace -emit-const-values -const-gather-protocols-list /Users/admin/builder/spi-builder-workspace/.derivedData/Build/Intermediates.noindex/Nuke.build/Debug-watchos/NukeVideo-t.build/Objects-normal/arm64/NukeVideo_const_extract_protocols.json -Xcc -I/Users/admin/builder/spi-builder-workspace/.derivedData/Build/Products/Debug-watchos/include -Xcc -I/Users/admin/builder/spi-builder-workspace/.derivedData/Build/Intermediates.noindex/Nuke.build/Debug-watchos/NukeVideo-t.build/DerivedSources-normal/arm64 -Xcc -I/Users/admin/builder/spi-builder-workspace/.derivedData/Build/Intermediates.noindex/Nuke.build/Debug-watchos/NukeVideo-t.build/DerivedSources/arm64 -Xcc -I/Users/admin/builder/spi-builder-workspace/.derivedData/Build/Intermediates.noindex/Nuke.build/Debug-watchos/NukeVideo-t.build/DerivedSources -Xcc -DSWIFT_PACKAGE -Xcc -DDEBUG\=1 -emit-objc-header -emit-objc-header-path /Users/admin/builder/spi-builder-workspace/.derivedData/Build/Intermediates.noindex/Nuke.build/Debug-watchos/NukeVideo-t.build/Objects-normal/arm64/NukeVideo-Swift.h -working-directory /Users/admin/builder/spi-builder-workspace/.swiftpm/xcode -experimental-emit-module-separately -disable-cmo
SwiftDriver NukeUI normal arm64 com.apple.xcode.tools.swift.compiler (in target 'NukeUI' from project 'Nuke')
cd /Users/admin/builder/spi-builder-workspace/.swiftpm/xcode
builtin-SwiftDriver -- /Applications/Xcode-27.0.0-Release.Candidate.app/Contents/Developer/Toolchains/XcodeDefault.xctoolchain/usr/bin/swiftc -parse-as-library -module-name NukeUI -Onone @/Users/admin/builder/spi-builder-workspace/.derivedData/Build/Intermediates.noindex/Nuke.build/Debug-watchos/NukeUI-t.build/Objects-normal/arm64/NukeUI.SwiftFileList -DSWIFT_PACKAGE -DDEBUG -DSWIFT_MODULE_RESOURCE_BUNDLE_UNAVAILABLE -DXcode -plugin-path /Applications/Xcode-27.0.0-Release.Candidate.app/Contents/Developer/Toolchains/XcodeDefault.xctoolchain/usr/lib/swift/host/plugins/testing -enable-experimental-feature DebugDescriptionMacro -sdk /Applications/Xcode-27.0.0-Release.Candidate.app/Contents/Developer/Platforms/WatchOS.platform/Developer/SDKs/WatchOS27.0.sdk -target arm64-apple-watchos9.0 -g -module-cache-path /Users/admin/builder/spi-builder-workspace/.derivedData/ModuleCache.noindex -Xfrontend -serialize-debugging-options -enable-testing -index-store-path /Users/admin/builder/spi-builder-workspace/.derivedData/Index.noindex/DataStore -Xcc -D_LIBCPP_HARDENING_MODE\=_LIBCPP_HARDENING_MODE_DEBUG -swift-version 6 -I /Users/admin/builder/spi-builder-workspace/.derivedData/Build/Products/Debug-watchos -Isystem /Applications/Xcode-27.0.0-Release.Candidate.app/Contents/Developer/Platforms/WatchOS.platform/Developer/usr/lib -F /Users/admin/builder/spi-builder-workspace/.derivedData/Build/Products/Debug-watchos/PackageFrameworks -F /Users/admin/builder/spi-builder-workspace/.derivedData/Build/Products/Debug-watchos -F /Applications/Xcode-27.0.0-Release.Candidate.app/Contents/Developer/Platforms/WatchOS.platform/Developer/Library/Frameworks -F /Applications/Xcode-27.0.0-Release.Candidate.app/Contents/Developer/Platforms/WatchOS.platform/Developer/SDKs/WatchOS27.0.sdk/Developer/Library/Frameworks -c -j10 -enable-batch-mode -incremental -Xcc -ivfsstatcache -Xcc /Users/admin/builder/spi-builder-workspace/.derivedData/SDKStatCaches.noindex/watchos27.0-24R360-e829b21a6f8c9b70876ba0858053c04477534ef55a1706bf4c1112bbb242f0a2.sdkstatcache -output-file-map /Users/admin/builder/spi-builder-workspace/.derivedData/Build/Intermediates.noindex/Nuke.build/Debug-watchos/NukeUI-t.build/Objects-normal/arm64/NukeUI-OutputFileMap.json -save-temps -no-color-diagnostics -explicit-module-build -module-cache-path /Users/admin/builder/spi-builder-workspace/.derivedData/Build/Intermediates.noindex/SwiftExplicitPrecompiledModules -clang-scanner-module-cache-path /Users/admin/builder/spi-builder-workspace/.derivedData/ModuleCache.noindex -sdk-module-cache-path /Users/admin/builder/spi-builder-workspace/.derivedData/SDKExplicitPrecompiledModules -emit-dependencies -emit-module -emit-module-path /Users/admin/builder/spi-builder-workspace/.derivedData/Build/Intermediates.noindex/Nuke.build/Debug-watchos/NukeUI-t.build/Objects-normal/arm64/NukeUI.swiftmodule -serialize-diagnostics -dependency-scan-serialize-diagnostics-path /Users/admin/builder/spi-builder-workspace/.derivedData/Build/Intermediates.noindex/Nuke.build/Debug-watchos/NukeUI-t.build/Objects-normal/arm64/NukeUI-dependency-scan.dia -validate-clang-modules-once -clang-build-session-file /Users/admin/builder/spi-builder-workspace/.derivedData/ModuleCache.noindex/Session.modulevalidation -Xcc -fmodules-prune-interval\=86400 -Xcc -fmodules-prune-after\=345600 -package-name spi_builder_workspace -emit-const-values -const-gather-protocols-list /Users/admin/builder/spi-builder-workspace/.derivedData/Build/Intermediates.noindex/Nuke.build/Debug-watchos/NukeUI-t.build/Objects-normal/arm64/NukeUI_const_extract_protocols.json -Xcc -I/Users/admin/builder/spi-builder-workspace/.derivedData/Build/Products/Debug-watchos/include -Xcc -I/Users/admin/builder/spi-builder-workspace/.derivedData/Build/Intermediates.noindex/Nuke.build/Debug-watchos/NukeUI-t.build/DerivedSources-normal/arm64 -Xcc -I/Users/admin/builder/spi-builder-workspace/.derivedData/Build/Intermediates.noindex/Nuke.build/Debug-watchos/NukeUI-t.build/DerivedSources/arm64 -Xcc -I/Users/admin/builder/spi-builder-workspace/.derivedData/Build/Intermediates.noindex/Nuke.build/Debug-watchos/NukeUI-t.build/DerivedSources -Xcc -DSWIFT_PACKAGE -Xcc -DDEBUG\=1 -emit-objc-header -emit-objc-header-path /Users/admin/builder/spi-builder-workspace/.derivedData/Build/Intermediates.noindex/Nuke.build/Debug-watchos/NukeUI-t.build/Objects-normal/arm64/NukeUI-Swift.h -working-directory /Users/admin/builder/spi-builder-workspace/.swiftpm/xcode -experimental-emit-module-separately -disable-cmo
SwiftDriver NukeUI normal arm64_32 com.apple.xcode.tools.swift.compiler (in target 'NukeUI' from project 'Nuke')
cd /Users/admin/builder/spi-builder-workspace/.swiftpm/xcode
builtin-SwiftDriver -- /Applications/Xcode-27.0.0-Release.Candidate.app/Contents/Developer/Toolchains/XcodeDefault.xctoolchain/usr/bin/swiftc -parse-as-library -module-name NukeUI -Onone @/Users/admin/builder/spi-builder-workspace/.derivedData/Build/Intermediates.noindex/Nuke.build/Debug-watchos/NukeUI-t.build/Objects-normal/arm64_32/NukeUI.SwiftFileList -DSWIFT_PACKAGE -DDEBUG -DSWIFT_MODULE_RESOURCE_BUNDLE_UNAVAILABLE -DXcode -plugin-path /Applications/Xcode-27.0.0-Release.Candidate.app/Contents/Developer/Toolchains/XcodeDefault.xctoolchain/usr/lib/swift/host/plugins/testing -enable-experimental-feature DebugDescriptionMacro -sdk /Applications/Xcode-27.0.0-Release.Candidate.app/Contents/Developer/Platforms/WatchOS.platform/Developer/SDKs/WatchOS27.0.sdk -target arm64_32-apple-watchos9.0 -g -module-cache-path /Users/admin/builder/spi-builder-workspace/.derivedData/ModuleCache.noindex -Xfrontend -serialize-debugging-options -enable-testing -index-store-path /Users/admin/builder/spi-builder-workspace/.derivedData/Index.noindex/DataStore -Xcc -D_LIBCPP_HARDENING_MODE\=_LIBCPP_HARDENING_MODE_DEBUG -swift-version 6 -I /Users/admin/builder/spi-builder-workspace/.derivedData/Build/Products/Debug-watchos -Isystem /Applications/Xcode-27.0.0-Release.Candidate.app/Contents/Developer/Platforms/WatchOS.platform/Developer/usr/lib -F /Users/admin/builder/spi-builder-workspace/.derivedData/Build/Products/Debug-watchos/PackageFrameworks -F /Users/admin/builder/spi-builder-workspace/.derivedData/Build/Products/Debug-watchos -F /Applications/Xcode-27.0.0-Release.Candidate.app/Contents/Developer/Platforms/WatchOS.platform/Developer/Library/Frameworks -F /Applications/Xcode-27.0.0-Release.Candidate.app/Contents/Developer/Platforms/WatchOS.platform/Developer/SDKs/WatchOS27.0.sdk/Developer/Library/Frameworks -c -j10 -enable-batch-mode -incremental -Xcc -ivfsstatcache -Xcc /Users/admin/builder/spi-builder-workspace/.derivedData/SDKStatCaches.noindex/watchos27.0-24R360-e829b21a6f8c9b70876ba0858053c04477534ef55a1706bf4c1112bbb242f0a2.sdkstatcache -output-file-map /Users/admin/builder/spi-builder-workspace/.derivedData/Build/Intermediates.noindex/Nuke.build/Debug-watchos/NukeUI-t.build/Objects-normal/arm64_32/NukeUI-OutputFileMap.json -save-temps -no-color-diagnostics -explicit-module-build -module-cache-path /Users/admin/builder/spi-builder-workspace/.derivedData/Build/Intermediates.noindex/SwiftExplicitPrecompiledModules -clang-scanner-module-cache-path /Users/admin/builder/spi-builder-workspace/.derivedData/ModuleCache.noindex -sdk-module-cache-path /Users/admin/builder/spi-builder-workspace/.derivedData/SDKExplicitPrecompiledModules -emit-dependencies -emit-module -emit-module-path /Users/admin/builder/spi-builder-workspace/.derivedData/Build/Intermediates.noindex/Nuke.build/Debug-watchos/NukeUI-t.build/Objects-normal/arm64_32/NukeUI.swiftmodule -serialize-diagnostics -dependency-scan-serialize-diagnostics-path /Users/admin/builder/spi-builder-workspace/.derivedData/Build/Intermediates.noindex/Nuke.build/Debug-watchos/NukeUI-t.build/Objects-normal/arm64_32/NukeUI-dependency-scan.dia -validate-clang-modules-once -clang-build-session-file /Users/admin/builder/spi-builder-workspace/.derivedData/ModuleCache.noindex/Session.modulevalidation -Xcc -fmodules-prune-interval\=86400 -Xcc -fmodules-prune-after\=345600 -package-name spi_builder_workspace -emit-const-values -const-gather-protocols-list /Users/admin/builder/spi-builder-workspace/.derivedData/Build/Intermediates.noindex/Nuke.build/Debug-watchos/NukeUI-t.build/Objects-normal/arm64_32/NukeUI_const_extract_protocols.json -Xcc -I/Users/admin/builder/spi-builder-workspace/.derivedData/Build/Products/Debug-watchos/include -Xcc -I/Users/admin/builder/spi-builder-workspace/.derivedData/Build/Intermediates.noindex/Nuke.build/Debug-watchos/NukeUI-t.build/DerivedSources-normal/arm64_32 -Xcc -I/Users/admin/builder/spi-builder-workspace/.derivedData/Build/Intermediates.noindex/Nuke.build/Debug-watchos/NukeUI-t.build/DerivedSources/arm64_32 -Xcc -I/Users/admin/builder/spi-builder-workspace/.derivedData/Build/Intermediates.noindex/Nuke.build/Debug-watchos/NukeUI-t.build/DerivedSources -Xcc -DSWIFT_PACKAGE -Xcc -DDEBUG\=1 -emit-objc-header -emit-objc-header-path /Users/admin/builder/spi-builder-workspace/.derivedData/Build/Intermediates.noindex/Nuke.build/Debug-watchos/NukeUI-t.build/Objects-normal/arm64_32/NukeUI-Swift.h -working-directory /Users/admin/builder/spi-builder-workspace/.swiftpm/xcode -experimental-emit-module-separately -disable-cmo
SwiftDriver Nuke normal arm64 com.apple.xcode.tools.swift.compiler (in target 'Nuke' from project 'Nuke')
cd /Users/admin/builder/spi-builder-workspace/.swiftpm/xcode
builtin-SwiftDriver -- /Applications/Xcode-27.0.0-Release.Candidate.app/Contents/Developer/Toolchains/XcodeDefault.xctoolchain/usr/bin/swiftc -parse-as-library -module-name Nuke -Onone @/Users/admin/builder/spi-builder-workspace/.derivedData/Build/Intermediates.noindex/Nuke.build/Debug-watchos/Nuke-t.build/Objects-normal/arm64/Nuke.SwiftFileList -DSWIFT_PACKAGE -DDEBUG -DSWIFT_MODULE_RESOURCE_BUNDLE_UNAVAILABLE -DXcode -plugin-path /Applications/Xcode-27.0.0-Release.Candidate.app/Contents/Developer/Toolchains/XcodeDefault.xctoolchain/usr/lib/swift/host/plugins/testing -enable-experimental-feature DebugDescriptionMacro -sdk /Applications/Xcode-27.0.0-Release.Candidate.app/Contents/Developer/Platforms/WatchOS.platform/Developer/SDKs/WatchOS27.0.sdk -target arm64-apple-watchos9.0 -g -module-cache-path /Users/admin/builder/spi-builder-workspace/.derivedData/ModuleCache.noindex -Xfrontend -serialize-debugging-options -enable-testing -index-store-path /Users/admin/builder/spi-builder-workspace/.derivedData/Index.noindex/DataStore -Xcc -D_LIBCPP_HARDENING_MODE\=_LIBCPP_HARDENING_MODE_DEBUG -swift-version 6 -I /Users/admin/builder/spi-builder-workspace/.derivedData/Build/Products/Debug-watchos -Isystem /Applications/Xcode-27.0.0-Release.Candidate.app/Contents/Developer/Platforms/WatchOS.platform/Developer/usr/lib -F /Users/admin/builder/spi-builder-workspace/.derivedData/Build/Products/Debug-watchos -F /Applications/Xcode-27.0.0-Release.Candidate.app/Contents/Developer/Platforms/WatchOS.platform/Developer/Library/Frameworks -F /Applications/Xcode-27.0.0-Release.Candidate.app/Contents/Developer/Platforms/WatchOS.platform/Developer/SDKs/WatchOS27.0.sdk/Developer/Library/Frameworks -c -j10 -enable-batch-mode -incremental -Xcc -ivfsstatcache -Xcc /Users/admin/builder/spi-builder-workspace/.derivedData/SDKStatCaches.noindex/watchos27.0-24R360-e829b21a6f8c9b70876ba0858053c04477534ef55a1706bf4c1112bbb242f0a2.sdkstatcache -output-file-map /Users/admin/builder/spi-builder-workspace/.derivedData/Build/Intermediates.noindex/Nuke.build/Debug-watchos/Nuke-t.build/Objects-normal/arm64/Nuke-OutputFileMap.json -save-temps -no-color-diagnostics -explicit-module-build -module-cache-path /Users/admin/builder/spi-builder-workspace/.derivedData/Build/Intermediates.noindex/SwiftExplicitPrecompiledModules -clang-scanner-module-cache-path /Users/admin/builder/spi-builder-workspace/.derivedData/ModuleCache.noindex -sdk-module-cache-path /Users/admin/builder/spi-builder-workspace/.derivedData/SDKExplicitPrecompiledModules -emit-dependencies -emit-module -emit-module-path /Users/admin/builder/spi-builder-workspace/.derivedData/Build/Intermediates.noindex/Nuke.build/Debug-watchos/Nuke-t.build/Objects-normal/arm64/Nuke.swiftmodule -serialize-diagnostics -dependency-scan-serialize-diagnostics-path /Users/admin/builder/spi-builder-workspace/.derivedData/Build/Intermediates.noindex/Nuke.build/Debug-watchos/Nuke-t.build/Objects-normal/arm64/Nuke-dependency-scan.dia -validate-clang-modules-once -clang-build-session-file /Users/admin/builder/spi-builder-workspace/.derivedData/ModuleCache.noindex/Session.modulevalidation -Xcc -fmodules-prune-interval\=86400 -Xcc -fmodules-prune-after\=345600 -package-name spi_builder_workspace -emit-const-values -const-gather-protocols-list /Users/admin/builder/spi-builder-workspace/.derivedData/Build/Intermediates.noindex/Nuke.build/Debug-watchos/Nuke-t.build/Objects-normal/arm64/Nuke_const_extract_protocols.json -Xcc -I/Users/admin/builder/spi-builder-workspace/.derivedData/Build/Products/Debug-watchos/include -Xcc -I/Users/admin/builder/spi-builder-workspace/.derivedData/Build/Intermediates.noindex/Nuke.build/Debug-watchos/Nuke-t.build/DerivedSources-normal/arm64 -Xcc -I/Users/admin/builder/spi-builder-workspace/.derivedData/Build/Intermediates.noindex/Nuke.build/Debug-watchos/Nuke-t.build/DerivedSources/arm64 -Xcc -I/Users/admin/builder/spi-builder-workspace/.derivedData/Build/Intermediates.noindex/Nuke.build/Debug-watchos/Nuke-t.build/DerivedSources -Xcc -DSWIFT_PACKAGE -Xcc -DDEBUG\=1 -emit-objc-header -emit-objc-header-path /Users/admin/builder/spi-builder-workspace/.derivedData/Build/Intermediates.noindex/Nuke.build/Debug-watchos/Nuke-t.build/Objects-normal/arm64/Nuke-Swift.h -working-directory /Users/admin/builder/spi-builder-workspace/.swiftpm/xcode -experimental-emit-module-separately -disable-cmo
SwiftDriver Nuke normal arm64_32 com.apple.xcode.tools.swift.compiler (in target 'Nuke' from project 'Nuke')
cd /Users/admin/builder/spi-builder-workspace/.swiftpm/xcode
builtin-SwiftDriver -- /Applications/Xcode-27.0.0-Release.Candidate.app/Contents/Developer/Toolchains/XcodeDefault.xctoolchain/usr/bin/swiftc -parse-as-library -module-name Nuke -Onone @/Users/admin/builder/spi-builder-workspace/.derivedData/Build/Intermediates.noindex/Nuke.build/Debug-watchos/Nuke-t.build/Objects-normal/arm64_32/Nuke.SwiftFileList -DSWIFT_PACKAGE -DDEBUG -DSWIFT_MODULE_RESOURCE_BUNDLE_UNAVAILABLE -DXcode -plugin-path /Applications/Xcode-27.0.0-Release.Candidate.app/Contents/Developer/Toolchains/XcodeDefault.xctoolchain/usr/lib/swift/host/plugins/testing -enable-experimental-feature DebugDescriptionMacro -sdk /Applications/Xcode-27.0.0-Release.Candidate.app/Contents/Developer/Platforms/WatchOS.platform/Developer/SDKs/WatchOS27.0.sdk -target arm64_32-apple-watchos9.0 -g -module-cache-path /Users/admin/builder/spi-builder-workspace/.derivedData/ModuleCache.noindex -Xfrontend -serialize-debugging-options -enable-testing -index-store-path /Users/admin/builder/spi-builder-workspace/.derivedData/Index.noindex/DataStore -Xcc -D_LIBCPP_HARDENING_MODE\=_LIBCPP_HARDENING_MODE_DEBUG -swift-version 6 -I /Users/admin/builder/spi-builder-workspace/.derivedData/Build/Products/Debug-watchos -Isystem /Applications/Xcode-27.0.0-Release.Candidate.app/Contents/Developer/Platforms/WatchOS.platform/Developer/usr/lib -F /Users/admin/builder/spi-builder-workspace/.derivedData/Build/Products/Debug-watchos -F /Applications/Xcode-27.0.0-Release.Candidate.app/Contents/Developer/Platforms/WatchOS.platform/Developer/Library/Frameworks -F /Applications/Xcode-27.0.0-Release.Candidate.app/Contents/Developer/Platforms/WatchOS.platform/Developer/SDKs/WatchOS27.0.sdk/Developer/Library/Frameworks -c -j10 -enable-batch-mode -incremental -Xcc -ivfsstatcache -Xcc /Users/admin/builder/spi-builder-workspace/.derivedData/SDKStatCaches.noindex/watchos27.0-24R360-e829b21a6f8c9b70876ba0858053c04477534ef55a1706bf4c1112bbb242f0a2.sdkstatcache -output-file-map /Users/admin/builder/spi-builder-workspace/.derivedData/Build/Intermediates.noindex/Nuke.build/Debug-watchos/Nuke-t.build/Objects-normal/arm64_32/Nuke-OutputFileMap.json -save-temps -no-color-diagnostics -explicit-module-build -module-cache-path /Users/admin/builder/spi-builder-workspace/.derivedData/Build/Intermediates.noindex/SwiftExplicitPrecompiledModules -clang-scanner-module-cache-path /Users/admin/builder/spi-builder-workspace/.derivedData/ModuleCache.noindex -sdk-module-cache-path /Users/admin/builder/spi-builder-workspace/.derivedData/SDKExplicitPrecompiledModules -emit-dependencies -emit-module -emit-module-path /Users/admin/builder/spi-builder-workspace/.derivedData/Build/Intermediates.noindex/Nuke.build/Debug-watchos/Nuke-t.build/Objects-normal/arm64_32/Nuke.swiftmodule -serialize-diagnostics -dependency-scan-serialize-diagnostics-path /Users/admin/builder/spi-builder-workspace/.derivedData/Build/Intermediates.noindex/Nuke.build/Debug-watchos/Nuke-t.build/Objects-normal/arm64_32/Nuke-dependency-scan.dia -validate-clang-modules-once -clang-build-session-file /Users/admin/builder/spi-builder-workspace/.derivedData/ModuleCache.noindex/Session.modulevalidation -Xcc -fmodules-prune-interval\=86400 -Xcc -fmodules-prune-after\=345600 -package-name spi_builder_workspace -emit-const-values -const-gather-protocols-list /Users/admin/builder/spi-builder-workspace/.derivedData/Build/Intermediates.noindex/Nuke.build/Debug-watchos/Nuke-t.build/Objects-normal/arm64_32/Nuke_const_extract_protocols.json -Xcc -I/Users/admin/builder/spi-builder-workspace/.derivedData/Build/Products/Debug-watchos/include -Xcc -I/Users/admin/builder/spi-builder-workspace/.derivedData/Build/Intermediates.noindex/Nuke.build/Debug-watchos/Nuke-t.build/DerivedSources-normal/arm64_32 -Xcc -I/Users/admin/builder/spi-builder-workspace/.derivedData/Build/Intermediates.noindex/Nuke.build/Debug-watchos/Nuke-t.build/DerivedSources/arm64_32 -Xcc -I/Users/admin/builder/spi-builder-workspace/.derivedData/Build/Intermediates.noindex/Nuke.build/Debug-watchos/Nuke-t.build/DerivedSources -Xcc -DSWIFT_PACKAGE -Xcc -DDEBUG\=1 -emit-objc-header -emit-objc-header-path /Users/admin/builder/spi-builder-workspace/.derivedData/Build/Intermediates.noindex/Nuke.build/Debug-watchos/Nuke-t.build/Objects-normal/arm64_32/Nuke-Swift.h -working-directory /Users/admin/builder/spi-builder-workspace/.swiftpm/xcode -experimental-emit-module-separately -disable-cmo
SwiftDriver NukeExtensions normal arm64 com.apple.xcode.tools.swift.compiler (in target 'NukeExtensions' from project 'Nuke')
cd /Users/admin/builder/spi-builder-workspace/.swiftpm/xcode
builtin-SwiftDriver -- /Applications/Xcode-27.0.0-Release.Candidate.app/Contents/Developer/Toolchains/XcodeDefault.xctoolchain/usr/bin/swiftc -parse-as-library -module-name NukeExtensions -Onone @/Users/admin/builder/spi-builder-workspace/.derivedData/Build/Intermediates.noindex/Nuke.build/Debug-watchos/NukeExtensions-t.build/Objects-normal/arm64/NukeExtensions.SwiftFileList -DSWIFT_PACKAGE -DDEBUG -DSWIFT_MODULE_RESOURCE_BUNDLE_UNAVAILABLE -DXcode -plugin-path /Applications/Xcode-27.0.0-Release.Candidate.app/Contents/Developer/Toolchains/XcodeDefault.xctoolchain/usr/lib/swift/host/plugins/testing -enable-experimental-feature DebugDescriptionMacro -sdk /Applications/Xcode-27.0.0-Release.Candidate.app/Contents/Developer/Platforms/WatchOS.platform/Developer/SDKs/WatchOS27.0.sdk -target arm64-apple-watchos9.0 -g -module-cache-path /Users/admin/builder/spi-builder-workspace/.derivedData/ModuleCache.noindex -Xfrontend -serialize-debugging-options -enable-testing -index-store-path /Users/admin/builder/spi-builder-workspace/.derivedData/Index.noindex/DataStore -Xcc -D_LIBCPP_HARDENING_MODE\=_LIBCPP_HARDENING_MODE_DEBUG -swift-version 6 -I /Users/admin/builder/spi-builder-workspace/.derivedData/Build/Products/Debug-watchos -Isystem /Applications/Xcode-27.0.0-Release.Candidate.app/Contents/Developer/Platforms/WatchOS.platform/Developer/usr/lib -F /Users/admin/builder/spi-builder-workspace/.derivedData/Build/Products/Debug-watchos/PackageFrameworks -F /Users/admin/builder/spi-builder-workspace/.derivedData/Build/Products/Debug-watchos -F /Applications/Xcode-27.0.0-Release.Candidate.app/Contents/Developer/Platforms/WatchOS.platform/Developer/Library/Frameworks -F /Applications/Xcode-27.0.0-Release.Candidate.app/Contents/Developer/Platforms/WatchOS.platform/Developer/SDKs/WatchOS27.0.sdk/Developer/Library/Frameworks -c -j10 -enable-batch-mode -incremental -Xcc -ivfsstatcache -Xcc /Users/admin/builder/spi-builder-workspace/.derivedData/SDKStatCaches.noindex/watchos27.0-24R360-e829b21a6f8c9b70876ba0858053c04477534ef55a1706bf4c1112bbb242f0a2.sdkstatcache -output-file-map /Users/admin/builder/spi-builder-workspace/.derivedData/Build/Intermediates.noindex/Nuke.build/Debug-watchos/NukeExtensions-t.build/Objects-normal/arm64/NukeExtensions-OutputFileMap.json -save-temps -no-color-diagnostics -explicit-module-build -module-cache-path /Users/admin/builder/spi-builder-workspace/.derivedData/Build/Intermediates.noindex/SwiftExplicitPrecompiledModules -clang-scanner-module-cache-path /Users/admin/builder/spi-builder-workspace/.derivedData/ModuleCache.noindex -sdk-module-cache-path /Users/admin/builder/spi-builder-workspace/.derivedData/SDKExplicitPrecompiledModules -emit-dependencies -emit-module -emit-module-path /Users/admin/builder/spi-builder-workspace/.derivedData/Build/Intermediates.noindex/Nuke.build/Debug-watchos/NukeExtensions-t.build/Objects-normal/arm64/NukeExtensions.swiftmodule -serialize-diagnostics -dependency-scan-serialize-diagnostics-path /Users/admin/builder/spi-builder-workspace/.derivedData/Build/Intermediates.noindex/Nuke.build/Debug-watchos/NukeExtensions-t.build/Objects-normal/arm64/NukeExtensions-dependency-scan.dia -validate-clang-modules-once -clang-build-session-file /Users/admin/builder/spi-builder-workspace/.derivedData/ModuleCache.noindex/Session.modulevalidation -Xcc -fmodules-prune-interval\=86400 -Xcc -fmodules-prune-after\=345600 -package-name spi_builder_workspace -emit-const-values -const-gather-protocols-list /Users/admin/builder/spi-builder-workspace/.derivedData/Build/Intermediates.noindex/Nuke.build/Debug-watchos/NukeExtensions-t.build/Objects-normal/arm64/NukeExtensions_const_extract_protocols.json -Xcc -I/Users/admin/builder/spi-builder-workspace/.derivedData/Build/Products/Debug-watchos/include -Xcc -I/Users/admin/builder/spi-builder-workspace/.derivedData/Build/Intermediates.noindex/Nuke.build/Debug-watchos/NukeExtensions-t.build/DerivedSources-normal/arm64 -Xcc -I/Users/admin/builder/spi-builder-workspace/.derivedData/Build/Intermediates.noindex/Nuke.build/Debug-watchos/NukeExtensions-t.build/DerivedSources/arm64 -Xcc -I/Users/admin/builder/spi-builder-workspace/.derivedData/Build/Intermediates.noindex/Nuke.build/Debug-watchos/NukeExtensions-t.build/DerivedSources -Xcc -DSWIFT_PACKAGE -Xcc -DDEBUG\=1 -emit-objc-header -emit-objc-header-path /Users/admin/builder/spi-builder-workspace/.derivedData/Build/Intermediates.noindex/Nuke.build/Debug-watchos/NukeExtensions-t.build/Objects-normal/arm64/NukeExtensions-Swift.h -working-directory /Users/admin/builder/spi-builder-workspace/.swiftpm/xcode -experimental-emit-module-separately -disable-cmo
SwiftDriver NukeExtensions normal arm64_32 com.apple.xcode.tools.swift.compiler (in target 'NukeExtensions' from project 'Nuke')
cd /Users/admin/builder/spi-builder-workspace/.swiftpm/xcode
builtin-SwiftDriver -- /Applications/Xcode-27.0.0-Release.Candidate.app/Contents/Developer/Toolchains/XcodeDefault.xctoolchain/usr/bin/swiftc -parse-as-library -module-name NukeExtensions -Onone @/Users/admin/builder/spi-builder-workspace/.derivedData/Build/Intermediates.noindex/Nuke.build/Debug-watchos/NukeExtensions-t.build/Objects-normal/arm64_32/NukeExtensions.SwiftFileList -DSWIFT_PACKAGE -DDEBUG -DSWIFT_MODULE_RESOURCE_BUNDLE_UNAVAILABLE -DXcode -plugin-path /Applications/Xcode-27.0.0-Release.Candidate.app/Contents/Developer/Toolchains/XcodeDefault.xctoolchain/usr/lib/swift/host/plugins/testing -enable-experimental-feature DebugDescriptionMacro -sdk /Applications/Xcode-27.0.0-Release.Candidate.app/Contents/Developer/Platforms/WatchOS.platform/Developer/SDKs/WatchOS27.0.sdk -target arm64_32-apple-watchos9.0 -g -module-cache-path /Users/admin/builder/spi-builder-workspace/.derivedData/ModuleCache.noindex -Xfrontend -serialize-debugging-options -enable-testing -index-store-path /Users/admin/builder/spi-builder-workspace/.derivedData/Index.noindex/DataStore -Xcc -D_LIBCPP_HARDENING_MODE\=_LIBCPP_HARDENING_MODE_DEBUG -swift-version 6 -I /Users/admin/builder/spi-builder-workspace/.derivedData/Build/Products/Debug-watchos -Isystem /Applications/Xcode-27.0.0-Release.Candidate.app/Contents/Developer/Platforms/WatchOS.platform/Developer/usr/lib -F /Users/admin/builder/spi-builder-workspace/.derivedData/Build/Products/Debug-watchos/PackageFrameworks -F /Users/admin/builder/spi-builder-workspace/.derivedData/Build/Products/Debug-watchos -F /Applications/Xcode-27.0.0-Release.Candidate.app/Contents/Developer/Platforms/WatchOS.platform/Developer/Library/Frameworks -F /Applications/Xcode-27.0.0-Release.Candidate.app/Contents/Developer/Platforms/WatchOS.platform/Developer/SDKs/WatchOS27.0.sdk/Developer/Library/Frameworks -c -j10 -enable-batch-mode -incremental -Xcc -ivfsstatcache -Xcc /Users/admin/builder/spi-builder-workspace/.derivedData/SDKStatCaches.noindex/watchos27.0-24R360-e829b21a6f8c9b70876ba0858053c04477534ef55a1706bf4c1112bbb242f0a2.sdkstatcache -output-file-map /Users/admin/builder/spi-builder-workspace/.derivedData/Build/Intermediates.noindex/Nuke.build/Debug-watchos/NukeExtensions-t.build/Objects-normal/arm64_32/NukeExtensions-OutputFileMap.json -save-temps -no-color-diagnostics -explicit-module-build -module-cache-path /Users/admin/builder/spi-builder-workspace/.derivedData/Build/Intermediates.noindex/SwiftExplicitPrecompiledModules -clang-scanner-module-cache-path /Users/admin/builder/spi-builder-workspace/.derivedData/ModuleCache.noindex -sdk-module-cache-path /Users/admin/builder/spi-builder-workspace/.derivedData/SDKExplicitPrecompiledModules -emit-dependencies -emit-module -emit-module-path /Users/admin/builder/spi-builder-workspace/.derivedData/Build/Intermediates.noindex/Nuke.build/Debug-watchos/NukeExtensions-t.build/Objects-normal/arm64_32/NukeExtensions.swiftmodule -serialize-diagnostics -dependency-scan-serialize-diagnostics-path /Users/admin/builder/spi-builder-workspace/.derivedData/Build/Intermediates.noindex/Nuke.build/Debug-watchos/NukeExtensions-t.build/Objects-normal/arm64_32/NukeExtensions-dependency-scan.dia -validate-clang-modules-once -clang-build-session-file /Users/admin/builder/spi-builder-workspace/.derivedData/ModuleCache.noindex/Session.modulevalidation -Xcc -fmodules-prune-interval\=86400 -Xcc -fmodules-prune-after\=345600 -package-name spi_builder_workspace -emit-const-values -const-gather-protocols-list /Users/admin/builder/spi-builder-workspace/.derivedData/Build/Intermediates.noindex/Nuke.build/Debug-watchos/NukeExtensions-t.build/Objects-normal/arm64_32/NukeExtensions_const_extract_protocols.json -Xcc -I/Users/admin/builder/spi-builder-workspace/.derivedData/Build/Products/Debug-watchos/include -Xcc -I/Users/admin/builder/spi-builder-workspace/.derivedData/Build/Intermediates.noindex/Nuke.build/Debug-watchos/NukeExtensions-t.build/DerivedSources-normal/arm64_32 -Xcc -I/Users/admin/builder/spi-builder-workspace/.derivedData/Build/Intermediates.noindex/Nuke.build/Debug-watchos/NukeExtensions-t.build/DerivedSources/arm64_32 -Xcc -I/Users/admin/builder/spi-builder-workspace/.derivedData/Build/Intermediates.noindex/Nuke.build/Debug-watchos/NukeExtensions-t.build/DerivedSources -Xcc -DSWIFT_PACKAGE -Xcc -DDEBUG\=1 -emit-objc-header -emit-objc-header-path /Users/admin/builder/spi-builder-workspace/.derivedData/Build/Intermediates.noindex/Nuke.build/Debug-watchos/NukeExtensions-t.build/Objects-normal/arm64_32/NukeExtensions-Swift.h -working-directory /Users/admin/builder/spi-builder-workspace/.swiftpm/xcode -experimental-emit-module-separately -disable-cmo
SwiftExplicitDependencyGeneratePcm arm64 /Users/admin/builder/spi-builder-workspace/.derivedData/SDKExplicitPrecompiledModules/SwiftUI-E6XJI4PF1Q2HPTXKL91GWARU6.pcm
SwiftExplicitDependencyGeneratePcm arm64 /Users/admin/builder/spi-builder-workspace/.derivedData/SDKExplicitPrecompiledModules/CoreAudioTypes-51SR7UBHOMSGMEPVFS6PLSR4M.pcm
SwiftExplicitDependencyGeneratePcm arm64 /Users/admin/builder/spi-builder-workspace/.derivedData/SDKExplicitPrecompiledModules/CoreData-DAEI6Z48P97TYC3SMMGLERAJ5.pcm
SwiftExplicitDependencyGeneratePcm arm64_32 /Users/admin/builder/spi-builder-workspace/.derivedData/SDKExplicitPrecompiledModules/SwiftUI-6DR5UJH94SD7QMITGWNAX9FBI.pcm
SwiftExplicitDependencyGeneratePcm arm64_32 /Users/admin/builder/spi-builder-workspace/.derivedData/SDKExplicitPrecompiledModules/CoreData-6STZ9DXY0E1K8LHUUEU1F4SE.pcm
SwiftEmitModule normal arm64_32 Emitting\ module\ for\ NukeVideo (in target 'NukeVideo' from project 'Nuke')
/Users/admin/builder/spi-builder-workspace/Sources/NukeVideo/VideoPlayerView.swift:11:38: error: cannot find type 'UIView' in scope
9 | public typealias _PlatformBaseView = NSView
10 | #else
11 | public typealias _PlatformBaseView = UIView
| `- error: cannot find type 'UIView' in scope
12 | #endif
13 |
/Users/admin/builder/spi-builder-workspace/Sources/NukeVideo/VideoPlayerView.swift:23:30: error: cannot find type 'AVLayerVideoGravity' in scope
21 |
22 | /// The video gravity. `.resizeAspectFill` by default.
23 | public var videoGravity: AVLayerVideoGravity = .resizeAspectFill {
| `- error: cannot find type 'AVLayerVideoGravity' in scope
24 | didSet {
25 | _playerLayer?.videoGravity = videoGravity
/Users/admin/builder/spi-builder-workspace/Sources/NukeVideo/VideoPlayerView.swift:66:31: error: cannot find type 'AVPlayerLayer' in scope
64 | }
65 |
66 | private var _playerLayer: AVPlayerLayer?
| `- error: cannot find type 'AVPlayerLayer' in scope
67 |
68 | #if os(iOS) || os(tvOS) || os(visionOS)
/Users/admin/builder/spi-builder-workspace/Sources/NukeVideo/VideoPlayerView.swift:90:25: error: cannot find type 'AVPlayer' in scope
88 | // MARK: Private
89 |
90 | private var player: AVPlayer? {
| `- error: cannot find type 'AVPlayer' in scope
91 | didSet {
92 | unregisterNotifications()
/Users/admin/builder/spi-builder-workspace/Sources/NukeVideo/VideoPlayerView.swift:110:23: error: cannot find type 'AVAsset' in scope
108 | /// The video asset to play. Setting a new asset prepares the view for playback;
109 | /// call ``play()`` to start.
110 | public var asset: AVAsset? {
| `- error: cannot find type 'AVAsset' in scope
111 | didSet { assetDidChange() }
112 | }
/Users/admin/builder/spi-builder-workspace/Sources/NukeVideo/VideoPlayerView.swift:36:52: error: cannot infer contextual base in reference to member 'none'
34 | didSet {
35 | guard isLooping != oldValue else { return }
36 | player?.actionAtItemEnd = isLooping ? .none : .pause
| `- error: cannot infer contextual base in reference to member 'none'
37 | if isLooping, !(player?.nowPlaying ?? false) {
38 | restart()
/Users/admin/builder/spi-builder-workspace/Sources/NukeVideo/VideoPlayerView.swift:49:29: error: cannot find type 'AVPlayerLayer' in scope
47 |
48 | /// The underlying player layer. Created lazily on first access.
49 | public var playerLayer: AVPlayerLayer {
| `- error: cannot find type 'AVPlayerLayer' in scope
50 | if let layer = _playerLayer {
51 | return layer
/Users/admin/builder/spi-builder-workspace/Sources/NukeVideo/VideoPlayerView.swift:215:11: error: cannot find type 'AVPlayer' in scope
213 |
214 | @MainActor
215 | extension AVPlayer {
| `- error: cannot find type 'AVPlayer' in scope
216 | var nowPlaying: Bool {
217 | rate != 0 && error == nil
Failed frontend command:
/Applications/Xcode-27.0.0-Release.Candidate.app/Contents/Developer/Toolchains/XcodeDefault.xctoolchain/usr/bin/swift-frontend -frontend -emit-module -experimental-skip-non-inlinable-function-bodies-without-types /Users/admin/builder/spi-builder-workspace/Sources/NukeVideo/AVDataAsset.swift /Users/admin/builder/spi-builder-workspace/Sources/NukeVideo/ImageDecoders+Video.swift /Users/admin/builder/spi-builder-workspace/Sources/NukeVideo/VideoPlayerView.swift -target arm64_32-apple-watchos9.0 -disable-cross-import-overlay-search -swift-module-cross-import AVKit /Applications/Xcode-27.0.0-Release.Candidate.app/Contents/Developer/Platforms/WatchOS.platform/Developer/SDKs/WatchOS.sdk/System/Library/Frameworks/AVKit.framework/Modules/AVKit.swiftcrossimport/SwiftUI.swiftoverlay -load-resolved-plugin /Applications/Xcode-27.0.0-Release.Candidate.app/Contents/Developer/Platforms/WatchOS.platform/Developer/usr/lib/swift/host/plugins/libFoundationMacros.dylib\#/Applications/Xcode-27.0.0-Release.Candidate.app/Contents/Developer/Platforms/WatchOS.platform/Developer/usr/bin/swift-plugin-server\#FoundationMacros -load-resolved-plugin /Applications/Xcode-27.0.0-Release.Candidate.app/Contents/Developer/Platforms/WatchOS.platform/Developer/usr/lib/swift/host/plugins/libObservationMacros.dylib\#/Applications/Xcode-27.0.0-Release.Candidate.app/Contents/Developer/Platforms/WatchOS.platform/Developer/usr/bin/swift-plugin-server\#ObservationMacros -load-resolved-plugin /Applications/Xcode-27.0.0-Release.Candidate.app/Contents/Developer/Platforms/WatchOS.platform/Developer/usr/lib/swift/host/plugins/libSwiftMacros.dylib\#/Applications/Xcode-27.0.0-Release.Candidate.app/Contents/Developer/Platforms/WatchOS.platform/Developer/usr/bin/swift-plugin-server\#SwiftMacros -load-resolved-plugin /Applications/Xcode-27.0.0-Release.Candidate.app/Contents/Developer/Platforms/WatchOS.platform/Developer/usr/lib/swift/host/plugins/libSwiftUIMacros.dylib\#/Applications/Xcode-27.0.0-Release.Candidate.app/Contents/Developer/Platforms/WatchOS.platform/Developer/usr/bin/swift-plugin-server\#SwiftUIMacros -disable-implicit-swift-modules -Xcc -fno-implicit-modules -Xcc -fno-implicit-module-maps -explicit-swift-module-map-file /Users/admin/builder/spi-builder-workspace/.derivedData/Build/Intermediates.noindex/Nuke.build/Debug-watchos/NukeVideo-t.build/Objects-normal/arm64_32/NukeVideo-dependencies-2.json -enable-objc-interop -sdk /Applications/Xcode-27.0.0-Release.Candidate.app/Contents/Developer/Platforms/WatchOS.platform/Developer/SDKs/WatchOS27.0.sdk -I /Users/admin/builder/spi-builder-workspace/.derivedData/Build/Products/Debug-watchos -Isystem /Applications/Xcode-27.0.0-Release.Candidate.app/Contents/Developer/Platforms/WatchOS.platform/Developer/usr/lib -F /Users/admin/builder/spi-builder-workspace/.derivedData/Build/Products/Debug-watchos/PackageFrameworks -F /Users/admin/builder/spi-builder-workspace/.derivedData/Build/Products/Debug-watchos -F /Applications/Xcode-27.0.0-Release.Candidate.app/Contents/Developer/Platforms/WatchOS.platform/Developer/Library/Frameworks -F /Applications/Xcode-27.0.0-Release.Candidate.app/Contents/Developer/Platforms/WatchOS.platform/Developer/SDKs/WatchOS27.0.sdk/Developer/Library/Frameworks -module-cache-path /Users/admin/builder/spi-builder-workspace/.derivedData/Build/Intermediates.noindex/SwiftExplicitPrecompiledModules -no-color-diagnostics -Xcc -fno-color-diagnostics -enable-testing -g -debug-info-format\=dwarf -dwarf-version\=4 -swift-version 6 -Onone -D SWIFT_PACKAGE -D DEBUG -D SWIFT_MODULE_RESOURCE_BUNDLE_UNAVAILABLE -D Xcode -serialize-debugging-options -enable-experimental-feature DebugDescriptionMacro -empty-abi-descriptor -validate-clang-modules-once -clang-build-session-file /Users/admin/builder/spi-builder-workspace/.derivedData/ModuleCache.noindex/Session.modulevalidation -Xcc -working-directory -Xcc /Users/admin/builder/spi-builder-workspace/.swiftpm/xcode -enable-anonymous-context-mangled-names -file-compilation-dir /Users/admin/builder/spi-builder-workspace/.swiftpm/xcode -Xcc -D_LIBCPP_HARDENING_MODE\=_LIBCPP_HARDENING_MODE_DEBUG -Xcc -ivfsstatcache -Xcc /Users/admin/builder/spi-builder-workspace/.derivedData/SDKStatCaches.noindex/watchos27.0-24R360-e829b21a6f8c9b70876ba0858053c04477534ef55a1706bf4c1112bbb242f0a2.sdkstatcache -Xcc -fmodules-prune-interval\=86400 -Xcc -fmodules-prune-after\=345600 -Xcc -I/Users/admin/builder/spi-builder-workspace/.derivedData/Build/Products/Debug-watchos/include -Xcc -I/Users/admin/builder/spi-builder-workspace/.derivedData/Build/Intermediates.noindex/Nuke.build/Debug-watchos/NukeVideo-t.build/DerivedSources-normal/arm64_32 -Xcc -I/Users/admin/builder/spi-builder-workspace/.derivedData/Build/Intermediates.noindex/Nuke.build/Debug-watchos/NukeVideo-t.build/DerivedSources/arm64_32 -Xcc -I/Users/admin/builder/spi-builder-workspace/.derivedData/Build/Intermediates.noindex/Nuke.build/Debug-watchos/NukeVideo-t.build/DerivedSources -Xcc -DSWIFT_PACKAGE -Xcc -DDEBUG\=1 -no-auto-bridging-header-chaining -module-name NukeVideo -package-name spi_builder_workspace -const-gather-protocols-file /Users/admin/builder/spi-builder-workspace/.derivedData/Build/Intermediates.noindex/Nuke.build/Debug-watchos/NukeVideo-t.build/Objects-normal/arm64_32/NukeVideo_const_extract_protocols.json -disable-clang-spi -clang-target arm64_32-apple-watchos27.0 -target-sdk-version 27.0 -target-sdk-name watchos27.0 -in-process-plugin-server-path /Applications/Xcode-27.0.0-Release.Candidate.app/Contents/Developer/Toolchains/XcodeDefault.xctoolchain/usr/lib/swift/host/libSwiftInProcPluginServer.dylib -emit-module-doc-path /Users/admin/builder/spi-builder-workspace/.derivedData/Build/Intermediates.noindex/Nuke.build/Debug-watchos/NukeVideo-t.build/Objects-normal/arm64_32/NukeVideo.swiftdoc -emit-module-source-info-path /Users/admin/builder/spi-builder-workspace/.derivedData/Build/Intermediates.noindex/Nuke.build/Debug-watchos/NukeVideo-t.build/Objects-normal/arm64_32/NukeVideo.swiftsourceinfo -emit-objc-header-path /Users/admin/builder/spi-builder-workspace/.derivedData/Build/Intermediates.noindex/Nuke.build/Debug-watchos/NukeVideo-t.build/Objects-normal/arm64_32/NukeVideo-Swift.h -serialize-diagnostics-path /Users/admin/builder/spi-builder-workspace/.derivedData/Build/Intermediates.noindex/Nuke.build/Debug-watchos/NukeVideo-t.build/Objects-normal/arm64_32/NukeVideo-primary-emit-module.dia -emit-dependencies-path /Users/admin/builder/spi-builder-workspace/.derivedData/Build/Intermediates.noindex/Nuke.build/Debug-watchos/NukeVideo-t.build/Objects-normal/arm64_32/NukeVideo-primary-emit-module.d -parse-as-library -o /Users/admin/builder/spi-builder-workspace/.derivedData/Build/Intermediates.noindex/Nuke.build/Debug-watchos/NukeVideo-t.build/Objects-normal/arm64_32/NukeVideo.swiftmodule -emit-abi-descriptor-path /Users/admin/builder/spi-builder-workspace/.derivedData/Build/Intermediates.noindex/Nuke.build/Debug-watchos/NukeVideo-t.build/Objects-normal/arm64_32/NukeVideo.abi.json
SwiftCompile normal arm64_32 (in target 'NukeVideo' from project 'Nuke')
cd /Users/admin/builder/spi-builder-workspace/.swiftpm/xcode
SwiftExplicitDependencyGeneratePcm arm64_32 /Users/admin/builder/spi-builder-workspace/.derivedData/SDKExplicitPrecompiledModules/CoreAudioTypes-AY6JAXDJMW2FLVG4UD79375PW.pcm
SwiftCompile normal arm64_32 Compiling\ ImageDecoders+Video.swift /Users/admin/builder/spi-builder-workspace/Sources/NukeVideo/ImageDecoders+Video.swift (in target 'NukeVideo' from project 'Nuke')
SwiftCompile normal arm64_32 /Users/admin/builder/spi-builder-workspace/Sources/NukeVideo/ImageDecoders+Video.swift (in target 'NukeVideo' from project 'Nuke')
cd /Users/admin/builder/spi-builder-workspace/.swiftpm/xcode
builtin-SwiftPerFileCompile ImageDecoders+Video.swift
SwiftEmitModule normal arm64 Emitting\ module\ for\ NukeVideo (in target 'NukeVideo' from project 'Nuke')
/Users/admin/builder/spi-builder-workspace/Sources/NukeVideo/VideoPlayerView.swift:11:38: error: cannot find type 'UIView' in scope
9 | public typealias _PlatformBaseView = NSView
10 | #else
11 | public typealias _PlatformBaseView = UIView
| `- error: cannot find type 'UIView' in scope
12 | #endif
13 |
/Users/admin/builder/spi-builder-workspace/Sources/NukeVideo/VideoPlayerView.swift:23:30: error: cannot find type 'AVLayerVideoGravity' in scope
21 |
22 | /// The video gravity. `.resizeAspectFill` by default.
23 | public var videoGravity: AVLayerVideoGravity = .resizeAspectFill {
| `- error: cannot find type 'AVLayerVideoGravity' in scope
24 | didSet {
25 | _playerLayer?.videoGravity = videoGravity
/Users/admin/builder/spi-builder-workspace/Sources/NukeVideo/VideoPlayerView.swift:66:31: error: cannot find type 'AVPlayerLayer' in scope
64 | }
65 |
66 | private var _playerLayer: AVPlayerLayer?
| `- error: cannot find type 'AVPlayerLayer' in scope
67 |
68 | #if os(iOS) || os(tvOS) || os(visionOS)
/Users/admin/builder/spi-builder-workspace/Sources/NukeVideo/VideoPlayerView.swift:90:25: error: cannot find type 'AVPlayer' in scope
88 | // MARK: Private
89 |
90 | private var player: AVPlayer? {
| `- error: cannot find type 'AVPlayer' in scope
91 | didSet {
92 | unregisterNotifications()
SwiftCompile normal arm64 (in target 'NukeVideo' from project 'Nuke')
cd /Users/admin/builder/spi-builder-workspace/.swiftpm/xcode
SwiftExplicitDependencyGeneratePcm arm64 /Users/admin/builder/spi-builder-workspace/.derivedData/SDKExplicitPrecompiledModules/CoreAudio-368NRGVYQ33J8K75Y2DSNU06Y.pcm
SwiftCompile normal arm64 Compiling\ ImageDecoders+Video.swift /Users/admin/builder/spi-builder-workspace/Sources/NukeVideo/ImageDecoders+Video.swift (in target 'NukeVideo' from project 'Nuke')
SwiftCompile normal arm64 /Users/admin/builder/spi-builder-workspace/Sources/NukeVideo/ImageDecoders+Video.swift (in target 'NukeVideo' from project 'Nuke')
cd /Users/admin/builder/spi-builder-workspace/.swiftpm/xcode
builtin-SwiftPerFileCompile ImageDecoders+Video.swift
SwiftExplicitDependencyGeneratePcm arm64_32 /Users/admin/builder/spi-builder-workspace/.derivedData/SDKExplicitPrecompiledModules/CoreAudio-1FTJGW5ZM9ZN5IKPBE4A9LGNF.pcm
SwiftCompile normal arm64 Compiling\ AVDataAsset.swift /Users/admin/builder/spi-builder-workspace/Sources/NukeVideo/AVDataAsset.swift (in target 'NukeVideo' from project 'Nuke')
SwiftCompile normal arm64 /Users/admin/builder/spi-builder-workspace/Sources/NukeVideo/AVDataAsset.swift (in target 'NukeVideo' from project 'Nuke')
cd /Users/admin/builder/spi-builder-workspace/.swiftpm/xcode
builtin-SwiftPerFileCompile AVDataAsset.swift
SwiftExplicitDependencyGeneratePcm arm64 /Users/admin/builder/spi-builder-workspace/.derivedData/SDKExplicitPrecompiledModules/CoreMedia-EO02G285WTXB0RPNG3DP9O9VN.pcm
SwiftCompile normal arm64_32 Compiling\ AVDataAsset.swift /Users/admin/builder/spi-builder-workspace/Sources/NukeVideo/AVDataAsset.swift (in target 'NukeVideo' from project 'Nuke')
SwiftCompile normal arm64_32 /Users/admin/builder/spi-builder-workspace/Sources/NukeVideo/AVDataAsset.swift (in target 'NukeVideo' from project 'Nuke')
cd /Users/admin/builder/spi-builder-workspace/.swiftpm/xcode
builtin-SwiftPerFileCompile AVDataAsset.swift
SwiftEmitModule normal arm64 Emitting\ module\ for\ NukeExtensions (in target 'NukeExtensions' from project 'Nuke')
SwiftCompile normal arm64 (in target 'NukeExtensions' from project 'Nuke')
cd /Users/admin/builder/spi-builder-workspace/.swiftpm/xcode
SwiftDriverJobDiscovery normal arm64_32 Compiling ImageDecoders+Video.swift (in target 'NukeVideo' from project 'Nuke')
SwiftEmitModule normal arm64_32 Emitting\ module\ for\ NukeExtensions (in target 'NukeExtensions' from project 'Nuke')
SwiftCompile normal arm64_32 (in target 'NukeExtensions' from project 'Nuke')
cd /Users/admin/builder/spi-builder-workspace/.swiftpm/xcode
SwiftCompile normal arm64 Compiling\ VideoPlayerView.swift /Users/admin/builder/spi-builder-workspace/Sources/NukeVideo/VideoPlayerView.swift (in target 'NukeVideo' from project 'Nuke')
SwiftCompile normal arm64 /Users/admin/builder/spi-builder-workspace/Sources/NukeVideo/VideoPlayerView.swift (in target 'NukeVideo' from project 'Nuke')
cd /Users/admin/builder/spi-builder-workspace/.swiftpm/xcode
builtin-SwiftPerFileCompile VideoPlayerView.swift
PruneExplicitPrecompiledModules /Users/admin/builder/spi-builder-workspace/.derivedData/Build/Intermediates.noindex/SwiftExplicitPrecompiledModules
PruneExplicitPrecompiledModules /Users/admin/builder/spi-builder-workspace/.derivedData/Build/Intermediates.noindex/ExplicitPrecompiledModules
PruneExplicitPrecompiledModules /Users/admin/builder/spi-builder-workspace/.derivedData/SDKExplicitPrecompiledModules
2026-09-26 23:03:09.789 xcodebuild[844:5361] [MT] IDERunDestination: Supported platforms for the buildables in the current scheme is empty.
** BUILD FAILED **
The following build commands failed:
SwiftEmitModule normal arm64_32 Emitting\ module\ for\ NukeVideo (in target 'NukeVideo' from project 'Nuke')
SwiftCompile normal arm64_32 (in target 'NukeVideo' from project 'Nuke')
Building workspace Nuke with scheme Nuke-Package
(3 failures)
BUILD FAILURE 6.4 watchOS