Build Information
Failed to build IllusionMarkdown, reference 2.1.0 (a55110), with Swift 6.4 for tvOS using Xcode 27.0 on 28 Sep 2026 06:49:15 UTC.
Build Command
env DEVELOPER_DIR=/Applications/Xcode-27.0.0-Release.Candidate.app xcrun xcodebuild -IDEClonedSourcePackagesDirPathOverride=$PWD/.dependencies -skipMacroValidation -skipPackagePluginValidation -derivedDataPath $PWD/.derivedData build -scheme IllusionMarkdown -destination generic/platform=tvOSBuild Log
========================================
RunAll
========================================
Builder version: 5.1.0
Interrupt handler set up.
========================================
Checkout
========================================
Clone URL: https://github.com/illusions-lab/MDI.git
Reference: 2.1.0
Initialized empty Git repository in /Users/admin/builder/spi-builder-workspace/.git/
From https://github.com/illusions-lab/MDI
* tag 2.1.0 -> FETCH_HEAD
HEAD is now at a551109 Release Swift package 2.1.0 (#92)
Cloned https://github.com/illusions-lab/MDI.git
Revision (git rev-parse @):
a5511099af04479e37c6ac3648e7b0cf968935dc
SUCCESS checkout https://github.com/illusions-lab/MDI.git at 2.1.0
========================================
Build
========================================
Selected platform: tvOS
Swift version: 6.4
Building package at path: $PWD
https://github.com/illusions-lab/MDI.git
Command line invocation:
/Applications/Xcode-27.0.0-Release.Candidate.app/Contents/Developer/usr/bin/xcodebuild -IDEClonedSourcePackagesDirPathOverride=/Users/admin/builder/spi-builder-workspace/.dependencies -resolvePackageDependencies
Resolve Package Graph
Resolve Package Graph
Resolved source packages:
IllusionMarkdown: /Users/admin/builder/spi-builder-workspace
resolved source packages: IllusionMarkdown
2026-09-28 02:48:36.981 xcodebuild[529:3033] [MT] IDERunDestination: Supported platforms for the buildables in the current scheme is empty.
{
"dependencies" : [
],
"manifest_display_name" : "IllusionMarkdown",
"name" : "IllusionMarkdown",
"path" : "/Users/admin/builder/spi-builder-workspace",
"platforms" : [
{
"name" : "macos",
"version" : "13.0"
},
{
"name" : "ios",
"version" : "15.0"
}
],
"products" : [
{
"name" : "MDI",
"targets" : [
"MDI"
],
"type" : {
"library" : [
"automatic"
]
}
}
],
"targets" : [
{
"c99name" : "MDITests",
"module_type" : "SwiftTarget",
"name" : "MDITests",
"path" : "swift/Tests/MDITests",
"sources" : [
"CommentsTests.swift",
"MDITests.swift"
],
"target_dependencies" : [
"MDI",
"MDICore"
],
"type" : "test"
},
{
"c99name" : "MDICore",
"module_type" : "BinaryTarget",
"name" : "MDICore",
"path" : "remote/archive/MDICore.xcframework.zip",
"product_memberships" : [
"MDI"
],
"sources" : [
],
"type" : "binary"
},
{
"c99name" : "MDI",
"module_type" : "SwiftTarget",
"name" : "MDI",
"path" : "swift/Sources/MDI",
"product_memberships" : [
"MDI"
],
"sources" : [
"MDI.swift"
],
"target_dependencies" : [
"MDICore"
],
"type" : "library"
}
],
"tools_version" : "5.10"
}
{
"workspace" : {
"name" : "IllusionMarkdown",
"schemes" : [
"IllusionMarkdown"
]
}
}
2026-09-28 02:49:09.110 xcodebuild[638:3903] [MT] IDERunDestination: Supported platforms for the buildables in the current scheme is empty.
Running build ...
env DEVELOPER_DIR=/Applications/Xcode-27.0.0-Release.Candidate.app xcrun xcodebuild -IDEClonedSourcePackagesDirPathOverride=$PWD/.dependencies -skipMacroValidation -skipPackagePluginValidation -derivedDataPath $PWD/.derivedData build -scheme IllusionMarkdown -destination generic/platform=tvOS
Command line invocation:
/Applications/Xcode-27.0.0-Release.Candidate.app/Contents/Developer/usr/bin/xcodebuild -IDEClonedSourcePackagesDirPathOverride=/Users/admin/builder/spi-builder-workspace/.dependencies -skipMacroValidation -skipPackagePluginValidation -derivedDataPath /Users/admin/builder/spi-builder-workspace/.derivedData build -scheme IllusionMarkdown -destination generic/platform=tvOS
Resolve Package Graph
Resolved source packages:
IllusionMarkdown: /Users/admin/builder/spi-builder-workspace
ComputePackagePrebuildTargetDependencyGraph
Prepare packages
CreateBuildRequest
SendProjectDescription
CreateBuildOperation
ComputeTargetDependencyGraph
note: Building targets in dependency order
note: Target dependency graph (2 targets)
Target 'MDI-product' in project 'IllusionMarkdown'
➜ Explicit dependency on target 'MDI' in project 'IllusionMarkdown'
Target 'MDI' in project 'IllusionMarkdown' (no dependencies)
GatherProvisioningInputs
CreateBuildDescription
ExecuteExternalTool /Applications/Xcode-27.0.0-Release.Candidate.app/Contents/Developer/Toolchains/XcodeDefault.xctoolchain/usr/bin/clang -v -E -dM -isysroot /Applications/Xcode-27.0.0-Release.Candidate.app/Contents/Developer/Platforms/AppleTVOS.platform/Developer/SDKs/AppleTVOS27.0.sdk -x c -c /dev/null
ExecuteExternalTool /Applications/Xcode-27.0.0-Release.Candidate.app/Contents/Developer/Toolchains/XcodeDefault.xctoolchain/usr/bin/swiftc --version
ExecuteExternalTool /Applications/Xcode-27.0.0-Release.Candidate.app/Contents/Developer/Toolchains/XcodeDefault.xctoolchain/usr/bin/ld -version_details
Build description signature: b14f25b44c43fff696660aaff523e16c
Build description path: /Users/admin/builder/spi-builder-workspace/.derivedData/Build/Intermediates.noindex/XCBuildData/b14f25b44c43fff696660aaff523e16c.xcbuilddata
/Users/admin/builder/spi-builder-workspace/.dependencies/artifacts/spi-builder-workspace/MDICore/MDICore.xcframework:1:1: error: While building for tvOS, no library for this platform was found in '/Users/admin/builder/spi-builder-workspace/.dependencies/artifacts/spi-builder-workspace/MDICore/MDICore.xcframework'. (in target 'MDI-product' from project 'IllusionMarkdown')
/Users/admin/builder/spi-builder-workspace/.dependencies/artifacts/spi-builder-workspace/MDICore/MDICore.xcframework:1:1: error: While building for tvOS, no library for this platform was found in '/Users/admin/builder/spi-builder-workspace/.dependencies/artifacts/spi-builder-workspace/MDICore/MDICore.xcframework'. (in target 'MDI' from project 'IllusionMarkdown')
2026-09-28 02:49:10.854 xcodebuild[639:3946] [MT] IDERunDestination: Supported platforms for the buildables in the current scheme is empty.
** BUILD FAILED **
The following build commands failed:
Building workspace IllusionMarkdown with scheme IllusionMarkdown
(1 failure)
Command line invocation:
/Applications/Xcode-27.0.0-Release.Candidate.app/Contents/Developer/usr/bin/xcodebuild -IDEClonedSourcePackagesDirPathOverride=/Users/admin/builder/spi-builder-workspace/.dependencies -resolvePackageDependencies
Resolve Package Graph
Resolved source packages:
IllusionMarkdown: /Users/admin/builder/spi-builder-workspace
resolved source packages: IllusionMarkdown
2026-09-28 02:49:12.576 xcodebuild[693:4342] [MT] IDERunDestination: Supported platforms for the buildables in the current scheme is empty.
{
"dependencies" : [
],
"manifest_display_name" : "IllusionMarkdown",
"name" : "IllusionMarkdown",
"path" : "/Users/admin/builder/spi-builder-workspace",
"platforms" : [
{
"name" : "macos",
"version" : "13.0"
},
{
"name" : "ios",
"version" : "15.0"
}
],
"products" : [
{
"name" : "MDI",
"targets" : [
"MDI"
],
"type" : {
"library" : [
"automatic"
]
}
}
],
"targets" : [
{
"c99name" : "MDITests",
"module_type" : "SwiftTarget",
"name" : "MDITests",
"path" : "swift/Tests/MDITests",
"sources" : [
"CommentsTests.swift",
"MDITests.swift"
],
"target_dependencies" : [
"MDI",
"MDICore"
],
"type" : "test"
},
{
"c99name" : "MDICore",
"module_type" : "BinaryTarget",
"name" : "MDICore",
"path" : "remote/archive/MDICore.xcframework.zip",
"product_memberships" : [
"MDI"
],
"sources" : [
],
"type" : "binary"
},
{
"c99name" : "MDI",
"module_type" : "SwiftTarget",
"name" : "MDI",
"path" : "swift/Sources/MDI",
"product_memberships" : [
"MDI"
],
"sources" : [
"MDI.swift"
],
"target_dependencies" : [
"MDICore"
],
"type" : "library"
}
],
"tools_version" : "5.10"
}
{
"workspace" : {
"name" : "IllusionMarkdown",
"schemes" : [
"IllusionMarkdown"
]
}
}
2026-09-28 02:49:13.813 xcodebuild[701:4399] [MT] IDERunDestination: Supported platforms for the buildables in the current scheme is empty.
Running build ...
env DEVELOPER_DIR=/Applications/Xcode-27.0.0-Release.Candidate.app xcrun xcodebuild -IDEClonedSourcePackagesDirPathOverride=$PWD/.dependencies -skipMacroValidation -skipPackagePluginValidation -derivedDataPath $PWD/.derivedData build -scheme IllusionMarkdown -destination generic/platform=tvOS
Command line invocation:
/Applications/Xcode-27.0.0-Release.Candidate.app/Contents/Developer/usr/bin/xcodebuild -IDEClonedSourcePackagesDirPathOverride=/Users/admin/builder/spi-builder-workspace/.dependencies -skipMacroValidation -skipPackagePluginValidation -derivedDataPath /Users/admin/builder/spi-builder-workspace/.derivedData build -scheme IllusionMarkdown -destination generic/platform=tvOS
Resolve Package Graph
Resolved source packages:
IllusionMarkdown: /Users/admin/builder/spi-builder-workspace
ComputePackagePrebuildTargetDependencyGraph
Prepare packages
CreateBuildRequest
SendProjectDescription
CreateBuildOperation
ComputeTargetDependencyGraph
note: Building targets in dependency order
note: Target dependency graph (2 targets)
Target 'MDI-product' in project 'IllusionMarkdown'
➜ Explicit dependency on target 'MDI' in project 'IllusionMarkdown'
Target 'MDI' in project 'IllusionMarkdown' (no dependencies)
GatherProvisioningInputs
CreateBuildDescription
/Users/admin/builder/spi-builder-workspace/.dependencies/artifacts/spi-builder-workspace/MDICore/MDICore.xcframework:1:1: error: While building for tvOS, no library for this platform was found in '/Users/admin/builder/spi-builder-workspace/.dependencies/artifacts/spi-builder-workspace/MDICore/MDICore.xcframework'. (in target 'MDI-product' from project 'IllusionMarkdown')
/Users/admin/builder/spi-builder-workspace/.dependencies/artifacts/spi-builder-workspace/MDICore/MDICore.xcframework:1:1: error: While building for tvOS, no library for this platform was found in '/Users/admin/builder/spi-builder-workspace/.dependencies/artifacts/spi-builder-workspace/MDICore/MDICore.xcframework'. (in target 'MDI' from project 'IllusionMarkdown')
2026-09-28 02:49:14.791 xcodebuild[702:4425] [MT] IDERunDestination: Supported platforms for the buildables in the current scheme is empty.
** BUILD FAILED **
The following build commands failed:
Building workspace IllusionMarkdown with scheme IllusionMarkdown
(1 failure)
BUILD FAILURE 6.4 tvOS