Build Information
Failed to build OpenSSL, reference 4.0.1 (eac8fd), with Swift 6.2 for Linux on 10 Aug 2026 21:59:10 UTC.
Build Command
bash -c docker run --pull=always --rm -v "checkouts-54344845-2":/host -w "$PWD" -e JAVA_HOME="/root/.sdkman/candidates/java/current" -e SPI_BUILD="1" -e SPI_PROCESSING="1" registry.gitlab.com/saguaro1/spi-images:basic-6.2-latest swift build --triple x86_64-unknown-linux-gnu 2>&1Build Log
========================================
RunAll
========================================
Builder version: 729ceb5fcd9493dc13ee340bc4f0908bd201f85d
Interrupt handler set up.
========================================
Checkout
========================================
Clone URL: https://github.com/Lakr233/openssl-spm.git
Reference: 4.0.1
Initialized empty Git repository in /host/spi-builder-workspace/.git/
hint: Using 'master' as the name for the initial branch. This default branch name
hint: is subject to change. To configure the initial branch name to use in all
hint: of your new repositories, which will suppress this warning, call:
hint:
hint: git config --global init.defaultBranch <name>
hint:
hint: Names commonly chosen instead of 'master' are 'main', 'trunk' and
hint: 'development'. The just-created branch can be renamed via this command:
hint:
hint: git branch -m <name>
From https://github.com/Lakr233/openssl-spm
* tag 4.0.1 -> FETCH_HEAD
HEAD is now at eac8fdd chore: autopublish 2026-06-10T06:43:55Z
Cloned https://github.com/Lakr233/openssl-spm.git
Revision (git rev-parse @):
eac8fdd510ebbcd410982d209a4b1dc67eb063ce
SUCCESS checkout https://github.com/Lakr233/openssl-spm.git at 4.0.1
========================================
Build
========================================
Selected platform: linux
Swift version: 6.2
Building package at path: $PWD
https://github.com/Lakr233/openssl-spm.git
Running build ...
bash -c docker run --pull=always --rm -v "checkouts-54344845-2":/host -w "$PWD" -e JAVA_HOME="/root/.sdkman/candidates/java/current" -e SPI_BUILD="1" -e SPI_PROCESSING="1" registry.gitlab.com/saguaro1/spi-images:basic-6.2-latest swift build --triple x86_64-unknown-linux-gnu 2>&1
basic-6.2-latest: Pulling from saguaro1/spi-images
Digest: sha256:4f3911e0f09a6ac47ac813ad3222aa373869118ee0ae384fd641a13da74b5e3f
Status: Image is up to date for registry.gitlab.com/saguaro1/spi-images:basic-6.2-latest
Downloading binary artifact https://github.com/Lakr233/openssl-spm/releases/download/storage.4.0.1/libssl.xcframework.zip
[16375/60015891] Downloading https://github.com/Lakr233/openssl-spm/releases/download/storage.4.0.1/libssl.xcframework.zip
Downloaded https://github.com/Lakr233/openssl-spm/releases/download/storage.4.0.1/libssl.xcframework.zip (3.73s)
Building for debugging...
[0/2] Write sources
[1/2] Write swift-version-24593BA9C3E375BF.txt
error: emit-module command failed with exit code 1 (use -v to see invocation)
[3/4] Emitting module OpenSSL
/host/spi-builder-workspace/Source/OpenSSL/OpenSSL.swift:8:19: error: no such module 'libssl'
6 | //
7 |
8 | @_exported import libssl
| `- error: no such module 'libssl'
9 |
[4/4] Compiling OpenSSL OpenSSL.swift
/host/spi-builder-workspace/Source/OpenSSL/OpenSSL.swift:8:19: error: no such module 'libssl'
6 | //
7 |
8 | @_exported import libssl
| `- error: no such module 'libssl'
9 |
BUILD FAILURE 6.2 linux