The Swift Package Index logo.Swift Package Index

Build Information

Failed to build LiteSupport, reference master (b9b612), with Swift 6.4 for Wasm on 22 Sep 2026 23:55:27 UTC.

Build Command

bash -c docker run --pull=always --rm -v "checkouts-54344843-0":/host -w "$PWD" -e JAVA_HOME="/root/.sdkman/candidates/java/current" -e SPI_BUILD="1" -e SPI_PROCESSING="1" registry.gitlab.com/saguaro1/spi-images:wasm-6.4-latest swift build --swift-sdk swift-6.4.x-DEVELOPMENT-SNAPSHOT-2026-09-04-a_wasm 2>&1

Build Log

========================================
RunAll
========================================
Builder version: 5.1.0
Interrupt handler set up.
========================================
Checkout
========================================
Clone URL: https://github.com/llvm-swift/lite.git
Reference: master
Initialized empty Git repository in /host/spi-builder-workspace/.git/
hint: Using 'master' as the name for the initial branch. This default branch name
hint: is subject to change. To configure the initial branch name to use in all
hint: of your new repositories, which will suppress this warning, call:
hint:
hint: 	git config --global init.defaultBranch <name>
hint:
hint: Names commonly chosen instead of 'master' are 'main', 'trunk' and
hint: 'development'. The just-created branch can be renamed via this command:
hint:
hint: 	git branch -m <name>
From https://github.com/llvm-swift/lite
 * branch            master     -> FETCH_HEAD
 * [new branch]      master     -> origin/master
HEAD is now at b9b6121 Back to 6.2
Cloned https://github.com/llvm-swift/lite.git
Revision (git rev-parse @):
b9b6121a815df05d6f9ce06441a7054bf386639b
SUCCESS checkout https://github.com/llvm-swift/lite.git at master
========================================
Build
========================================
Selected platform:         wasm
Swift version:             6.4
Building package at path:  $PWD
https://github.com/llvm-swift/lite.git
Running build ...
bash -c docker run --pull=always --rm -v "checkouts-54344843-0":/host -w "$PWD" -e JAVA_HOME="/root/.sdkman/candidates/java/current" -e SPI_BUILD="1" -e SPI_PROCESSING="1" registry.gitlab.com/saguaro1/spi-images:wasm-6.4-latest swift build --swift-sdk swift-6.4.x-DEVELOPMENT-SNAPSHOT-2026-09-04-a_wasm 2>&1
wasm-6.4-latest: Pulling from saguaro1/spi-images
Digest: sha256:4328fdb43c680d205c1d6761b1e3267aa38277eefdda9ddfb17b6a0f1a77857a
Status: Image is up to date for registry.gitlab.com/saguaro1/spi-images:wasm-6.4-latest
Fetching https://github.com/swiftlang/swift-subprocess
[1/4776] Fetching swift-subprocess
Fetched https://github.com/swiftlang/swift-subprocess (0.54s)
Fetching https://github.com/onevcat/Rainbow.git
Fetching https://github.com/apple/swift-system
[1/1510] Fetching rainbow
[1511/8426] Fetching rainbow, swift-system
Fetched https://github.com/onevcat/Rainbow.git (0.61s)
Fetched https://github.com/apple/swift-system (0.61s)
Computing version for https://github.com/onevcat/Rainbow.git
Computed https://github.com/onevcat/Rainbow.git at 3.2.0 (1.66s)
Computing version for https://github.com/apple/swift-system
Computed https://github.com/apple/swift-system at 1.8.1 (0.21s)
Creating working copy for https://github.com/apple/swift-system
Working copy of https://github.com/apple/swift-system resolved at 1.8.1
Creating working copy for https://github.com/onevcat/Rainbow.git
Working copy of https://github.com/onevcat/Rainbow.git resolved at 3.2.0
Creating working copy for https://github.com/swiftlang/swift-subprocess
Working copy of https://github.com/swiftlang/swift-subprocess resolved at main (8f099c6)
Building for debugging...
[Computing dependencies]
[Pre-planning 1 / 245]
[Starting]
In file included from /host/spi-builder-workspace/.build/checkouts/swift-subprocess/Sources/_SubprocessCShims/process_shims.c:23:
In file included from /host/spi-builder-workspace/.build/checkouts/swift-subprocess/Sources/_SubprocessCShims/include/process_shims.h:20:
/root/.swiftpm/swift-sdks/swift-6.4.x-DEVELOPMENT-SNAPSHOT-2026-09-04-a_wasm.artifactbundle/swift-6.4.x-DEVELOPMENT-SNAPSHOT-2026-09-04-a_wasm/wasm32-unknown-wasip1/WASI.sdk/include/wasm32-wasip1/sys/resource.h:2:2: error: WASI lacks process-associated clocks; to enable emulation of the `getrusage` function using the wall clock, which isn't sensitive to whether the program is running or suspended, compile with -D_WASI_EMULATED_PROCESS_CLOCKS and link with -lwasi-emulated-process-clocks
    2 | #error WASI lacks process-associated clocks; to enable emulation of the `getrusage` function using \
      |  ^
/host/spi-builder-workspace/.build/checkouts/swift-subprocess/Sources/_SubprocessCShims/process_shims.c:31:10: fatal error: 'grp.h' file not found
   31 | #include <grp.h>
      |          ^~~~~~~
2 errors generated.
error: CompileC /host/spi-builder-workspace/.build/out/Intermediates.noindex/swift-subprocess.build/Debug-webassembly-wasm32/_SubprocessCShims-t.build/Objects-normal/wasm32/process_shims.o /host/spi-builder-workspace/.build/checkouts/swift-subprocess/Sources/_SubprocessCShims/process_shims.c normal wasm32 c com.apple.compilers.llvm.clang.1_0.compiler failed with a nonzero exit code. Command line:     cd /host

    Using response file: /host/spi-builder-workspace/.build/out/Intermediates.noindex/swift-subprocess.build/Debug-webassembly-wasm32/_SubprocessCShims-t.build/Objects-normal/wasm32/9f65232cb83f8421e3a495a5062eba382369c975104ee97bafc405ab795bfc5e-common-args.resp

    /usr/bin/clang -x c -target wasm32-unknown-wasip1 -fmessage-length\=0 -fdiagnostics-show-note-include-stack -fmacro-backtrace-limit\=0 -fcolor-diagnostics -Wno-trigraphs -Wno-missing-field-initializers -Wno-missing-prototypes -Wno-return-type -Wno-missing-braces -Wparentheses -Wswitch -Wno-unused-function -Wno-unused-label -Wno-unused-parameter -Wno-unused-variable -Wunused-value -Wno-empty-body -Wno-uninitialized -Wno-unknown-pragmas -w -Wno-shadow -Wno-four-char-constants -Wno-conversion -Wno-constant-conversion -Wno-int-conversion -Wno-bool-conversion -Wno-enum-conversion -Wno-float-conversion -Wno-non-literal-null-conversion -Wno-objc-literal-conversion -Wno-shorten-64-to-32 -Wpointer-sign -Wno-newline-eof -Wno-implicit-fallthrough -fstrict-aliasing -Wdeprecated-declarations -Wno-sign-conversion -Wno-infinite-recursion -Wno-comma -Wno-block-capture-autoreleasing -Wno-strict-prototypes -Wno-semicolon-before-method-body --sysroot /root/.swiftpm/swift-sdks/swift-6.4.x-DEVELOPMENT-SNAPSHOT-2026-09-04-a_wasm.artifactbundle/swift-6.4.x-DEVELOPMENT-SNAPSHOT-2026-09-04-a_wasm/wasm32-unknown-wasip1/WASI.sdk @/host/spi-builder-workspace/.build/out/Intermediates.noindex/swift-subprocess.build/Debug-webassembly-wasm32/_SubprocessCShims-t.build/Objects-normal/wasm32/9f65232cb83f8421e3a495a5062eba382369c975104ee97bafc405ab795bfc5e-common-args.resp -MMD -MT dependencies -MF /host/spi-builder-workspace/.build/out/Intermediates.noindex/swift-subprocess.build/Debug-webassembly-wasm32/_SubprocessCShims-t.build/Objects-normal/wasm32/process_shims.d --serialize-diagnostics /host/spi-builder-workspace/.build/out/Intermediates.noindex/swift-subprocess.build/Debug-webassembly-wasm32/_SubprocessCShims-t.build/Objects-normal/wasm32/process_shims.dia -c /host/spi-builder-workspace/.build/checkouts/swift-subprocess/Sources/_SubprocessCShims/process_shims.c -o /host/spi-builder-workspace/.build/out/Intermediates.noindex/swift-subprocess.build/Debug-webassembly-wasm32/_SubprocessCShims-t.build/Objects-normal/wasm32/process_shims.o
error: Build failed
BUILD FAILURE 6.4 wasm