Build Information
Failed to build SwiftUIEKtensions, reference master (bf96c0), with Swift 6.4 for watchOS using Xcode 27.0 on 20 Sep 2026 14:07:39 UTC.
Build Command
env DEVELOPER_DIR=/Applications/Xcode-27.0.0-Release.Candidate.app xcrun xcodebuild -IDEClonedSourcePackagesDirPathOverride=$PWD/.dependencies -skipMacroValidation -skipPackagePluginValidation -derivedDataPath $PWD/.derivedData build -scheme SwiftUIEKtensions -destination generic/platform=watchOSBuild Log
========================================
RunAll
========================================
Builder version: 5.1.0
Interrupt handler set up.
========================================
Checkout
========================================
Clone URL: https://github.com/EnesKaraosman/SwiftUIEKtensions.git
Reference: master
Initialized empty Git repository in /Users/admin/builder/spi-builder-workspace/.git/
From https://github.com/EnesKaraosman/SwiftUIEKtensions
* branch master -> FETCH_HEAD
* [new branch] master -> origin/master
HEAD is now at bf96c0d feat: add readSize view modifiers
Cloned https://github.com/EnesKaraosman/SwiftUIEKtensions.git
Revision (git rev-parse @):
bf96c0d841d2bc81dac0d7e28aa9ab71cd7d6c2a
SUCCESS checkout https://github.com/EnesKaraosman/SwiftUIEKtensions.git at master
========================================
Build
========================================
Selected platform: watchOS
Swift version: 6.4
Building package at path: $PWD
https://github.com/EnesKaraosman/SwiftUIEKtensions.git
Command line invocation:
/Applications/Xcode-27.0.0-Release.Candidate.app/Contents/Developer/usr/bin/xcodebuild -IDEClonedSourcePackagesDirPathOverride=/Users/admin/builder/spi-builder-workspace/.dependencies -resolvePackageDependencies
Resolve Package Graph
Resolve Package Graph
Resolved source packages:
SwiftUIEKtensions: /Users/admin/builder/spi-builder-workspace
resolved source packages: SwiftUIEKtensions
2026-09-20 10:06:59.101 xcodebuild[528:3031] [MT] IDERunDestination: Supported platforms for the buildables in the current scheme is empty.
{
"dependencies" : [
],
"manifest_display_name" : "SwiftUIEKtensions",
"name" : "SwiftUIEKtensions",
"path" : "/Users/admin/builder/spi-builder-workspace",
"platforms" : [
{
"name" : "ios",
"version" : "14.0"
},
{
"name" : "macos",
"version" : "12.0"
}
],
"products" : [
{
"name" : "SwiftUIEKtensions",
"targets" : [
"SwiftUIEKtensions"
],
"type" : {
"library" : [
"automatic"
]
}
}
],
"targets" : [
{
"c99name" : "SwiftUIEKtensionsTests",
"module_type" : "SwiftTarget",
"name" : "SwiftUIEKtensionsTests",
"path" : "Tests/SwiftUIEKtensionsTests",
"sources" : [
"SwiftUIEKtensionsTests.swift",
"XCTestManifests.swift"
],
"target_dependencies" : [
"SwiftUIEKtensions"
],
"type" : "test"
},
{
"c99name" : "SwiftUIEKtensions",
"module_type" : "SwiftTarget",
"name" : "SwiftUIEKtensions",
"path" : "Sources/SwiftUIEKtensions",
"product_memberships" : [
"SwiftUIEKtensions"
],
"sources" : [
"DeviceOrientation.swift",
"Extensions/Binding+Extension.swift",
"Extensions/Bundle+Extension.swift",
"Extensions/Color+Extension.swift",
"Extensions/EdgeInsets+Extension.swift",
"Extensions/ScrollViewProxy+Additions.swift",
"Extensions/View+Extension.swift",
"Other/KeyValueStorage.swift",
"Protocols/SelectableItem.swift",
"View Modifiers/CheckmarkModifier.swift",
"View Modifiers/View+Keyboard.swift",
"Views/DeviceOrientationBasedView.swift",
"Views/LazyView.swift",
"Views/Representables/ImagePickerView.swift",
"Views/Representables/MailView.swift",
"Views/StatefulMultipleSelectionList.swift",
"Views/StatefulSingleSelectionList.swift",
"Views/StatelessMultipleSelectionList.swift",
"Views/StatelessSingleSelectionList.swift"
],
"type" : "library"
}
],
"tools_version" : "5.8"
}
{
"workspace" : {
"name" : "SwiftUIEKtensions",
"schemes" : [
"SwiftUIEKtensions"
]
}
}
2026-09-20 10:07:31.707 xcodebuild[625:3842] [MT] IDERunDestination: Supported platforms for the buildables in the current scheme is empty.
Running build ...
env DEVELOPER_DIR=/Applications/Xcode-27.0.0-Release.Candidate.app xcrun xcodebuild -IDEClonedSourcePackagesDirPathOverride=$PWD/.dependencies -skipMacroValidation -skipPackagePluginValidation -derivedDataPath $PWD/.derivedData build -scheme SwiftUIEKtensions -destination generic/platform=watchOS
Command line invocation:
/Applications/Xcode-27.0.0-Release.Candidate.app/Contents/Developer/usr/bin/xcodebuild -IDEClonedSourcePackagesDirPathOverride=/Users/admin/builder/spi-builder-workspace/.dependencies -skipMacroValidation -skipPackagePluginValidation -derivedDataPath /Users/admin/builder/spi-builder-workspace/.derivedData build -scheme SwiftUIEKtensions -destination generic/platform=watchOS
Resolve Package Graph
Resolved source packages:
SwiftUIEKtensions: /Users/admin/builder/spi-builder-workspace
ComputePackagePrebuildTargetDependencyGraph
Prepare packages
CreateBuildRequest
SendProjectDescription
CreateBuildOperation
ComputeTargetDependencyGraph
note: Building targets in dependency order
note: Target dependency graph (2 targets)
Target 'SwiftUIEKtensions-product' in project 'SwiftUIEKtensions'
➜ Explicit dependency on target 'SwiftUIEKtensions' in project 'SwiftUIEKtensions'
Target 'SwiftUIEKtensions' in project 'SwiftUIEKtensions' (no dependencies)
GatherProvisioningInputs
CreateBuildDescription
ExecuteExternalTool /Applications/Xcode-27.0.0-Release.Candidate.app/Contents/Developer/Toolchains/XcodeDefault.xctoolchain/usr/bin/clang -v -E -dM -isysroot /Applications/Xcode-27.0.0-Release.Candidate.app/Contents/Developer/Platforms/WatchOS.platform/Developer/SDKs/WatchOS27.0.sdk -x c -c /dev/null
ExecuteExternalTool /Applications/Xcode-27.0.0-Release.Candidate.app/Contents/Developer/Toolchains/XcodeDefault.xctoolchain/usr/bin/swiftc --version
ExecuteExternalTool /Applications/Xcode-27.0.0-Release.Candidate.app/Contents/Developer/Toolchains/XcodeDefault.xctoolchain/usr/bin/ld -version_details
Build description signature: 9c6f9dfaaa18b358cbb0c30ee4b69c56
Build description path: /Users/admin/builder/spi-builder-workspace/.derivedData/Build/Intermediates.noindex/XCBuildData/9c6f9dfaaa18b358cbb0c30ee4b69c56.xcbuilddata
CreateBuildDirectory /Users/admin/builder/spi-builder-workspace/.derivedData/SDKExplicitPrecompiledModules
cd /Users/admin/builder/spi-builder-workspace/.swiftpm/xcode
builtin-create-build-directory /Users/admin/builder/spi-builder-workspace/.derivedData/SDKExplicitPrecompiledModules
CreateBuildDirectory /Users/admin/builder/spi-builder-workspace/.derivedData/ModuleCache.noindex
cd /Users/admin/builder/spi-builder-workspace/.swiftpm/xcode
builtin-create-build-directory /Users/admin/builder/spi-builder-workspace/.derivedData/ModuleCache.noindex
CreateBuildDirectory /Users/admin/builder/spi-builder-workspace/.derivedData/CompilationCache.noindex
cd /Users/admin/builder/spi-builder-workspace/.swiftpm/xcode
builtin-create-build-directory /Users/admin/builder/spi-builder-workspace/.derivedData/CompilationCache.noindex
CreateBuildDirectory /Users/admin/builder/spi-builder-workspace/.derivedData/Build/Products
cd /Users/admin/builder/spi-builder-workspace/.swiftpm/xcode
builtin-create-build-directory /Users/admin/builder/spi-builder-workspace/.derivedData/Build/Products
CreateBuildDirectory /Users/admin/builder/spi-builder-workspace/.derivedData/Build/Intermediates.noindex
cd /Users/admin/builder/spi-builder-workspace/.swiftpm/xcode
builtin-create-build-directory /Users/admin/builder/spi-builder-workspace/.derivedData/Build/Intermediates.noindex
ClangStatCache /Applications/Xcode-27.0.0-Release.Candidate.app/Contents/Developer/Toolchains/XcodeDefault.xctoolchain/usr/bin/clang-stat-cache /Applications/Xcode-27.0.0-Release.Candidate.app/Contents/Developer/Platforms/WatchOS.platform/Developer/SDKs/WatchOS27.0.sdk /Users/admin/builder/spi-builder-workspace/.derivedData/SDKStatCaches.noindex/watchos27.0-24R360-e829b21a6f8c9b70876ba0858053c04477534ef55a1706bf4c1112bbb242f0a2.sdkstatcache
cd /Users/admin/builder/spi-builder-workspace/.swiftpm/xcode
/Applications/Xcode-27.0.0-Release.Candidate.app/Contents/Developer/Toolchains/XcodeDefault.xctoolchain/usr/bin/clang-stat-cache /Applications/Xcode-27.0.0-Release.Candidate.app/Contents/Developer/Platforms/WatchOS.platform/Developer/SDKs/WatchOS27.0.sdk -o /Users/admin/builder/spi-builder-workspace/.derivedData/SDKStatCaches.noindex/watchos27.0-24R360-e829b21a6f8c9b70876ba0858053c04477534ef55a1706bf4c1112bbb242f0a2.sdkstatcache
CreateBuildDirectory /Users/admin/builder/spi-builder-workspace/.derivedData/Build/Intermediates.noindex/PrecompiledHeaders
cd /Users/admin/builder/spi-builder-workspace/.swiftpm/xcode
builtin-create-build-directory /Users/admin/builder/spi-builder-workspace/.derivedData/Build/Intermediates.noindex/PrecompiledHeaders
CreateBuildDirectory /Users/admin/builder/spi-builder-workspace/.derivedData/Build/Intermediates.noindex/ExplicitPrecompiledModules
cd /Users/admin/builder/spi-builder-workspace/.swiftpm/xcode
builtin-create-build-directory /Users/admin/builder/spi-builder-workspace/.derivedData/Build/Intermediates.noindex/ExplicitPrecompiledModules
CreateBuildDirectory /Users/admin/builder/spi-builder-workspace/.derivedData/Build/Intermediates.noindex/SwiftExplicitPrecompiledModules
cd /Users/admin/builder/spi-builder-workspace/.swiftpm/xcode
builtin-create-build-directory /Users/admin/builder/spi-builder-workspace/.derivedData/Build/Intermediates.noindex/SwiftExplicitPrecompiledModules
CreateBuildDirectory /Users/admin/builder/spi-builder-workspace/.derivedData/Build/Intermediates.noindex/EagerLinkingTBDs/Debug-watchos
cd /Users/admin/builder/spi-builder-workspace/.swiftpm/xcode
builtin-create-build-directory /Users/admin/builder/spi-builder-workspace/.derivedData/Build/Intermediates.noindex/EagerLinkingTBDs/Debug-watchos
CreateBuildDirectory /Users/admin/builder/spi-builder-workspace/.derivedData/Build/Products/Debug-watchos
cd /Users/admin/builder/spi-builder-workspace/.swiftpm/xcode
builtin-create-build-directory /Users/admin/builder/spi-builder-workspace/.derivedData/Build/Products/Debug-watchos
CreateBuildDirectory /Users/admin/builder/spi-builder-workspace/.derivedData/Build/Products/Debug-watchos/PackageFrameworks
cd /Users/admin/builder/spi-builder-workspace/.swiftpm/xcode
builtin-create-build-directory /Users/admin/builder/spi-builder-workspace/.derivedData/Build/Products/Debug-watchos/PackageFrameworks
WriteAuxiliaryFile /Users/admin/builder/spi-builder-workspace/.derivedData/Build/Intermediates.noindex/SwiftUIEKtensions.build/Debug-watchos/SwiftUIEKtensions-t.build/SwiftUIEKtensions.DependencyMetadataFileList (in target 'SwiftUIEKtensions' from project 'SwiftUIEKtensions')
cd /Users/admin/builder/spi-builder-workspace
write-file /Users/admin/builder/spi-builder-workspace/.derivedData/Build/Intermediates.noindex/SwiftUIEKtensions.build/Debug-watchos/SwiftUIEKtensions-t.build/SwiftUIEKtensions.DependencyMetadataFileList
WriteAuxiliaryFile /Users/admin/builder/spi-builder-workspace/.derivedData/Build/Intermediates.noindex/SwiftUIEKtensions.build/Debug-watchos/SwiftUIEKtensions-t.build/SwiftUIEKtensions.modulemap (in target 'SwiftUIEKtensions' from project 'SwiftUIEKtensions')
cd /Users/admin/builder/spi-builder-workspace
write-file /Users/admin/builder/spi-builder-workspace/.derivedData/Build/Intermediates.noindex/SwiftUIEKtensions.build/Debug-watchos/SwiftUIEKtensions-t.build/SwiftUIEKtensions.modulemap
WriteAuxiliaryFile /Users/admin/builder/spi-builder-workspace/.derivedData/Build/Intermediates.noindex/SwiftUIEKtensions.build/Debug-watchos/SwiftUIEKtensions-t.build/SwiftUIEKtensions.DependencyStaticMetadataFileList (in target 'SwiftUIEKtensions' from project 'SwiftUIEKtensions')
cd /Users/admin/builder/spi-builder-workspace
write-file /Users/admin/builder/spi-builder-workspace/.derivedData/Build/Intermediates.noindex/SwiftUIEKtensions.build/Debug-watchos/SwiftUIEKtensions-t.build/SwiftUIEKtensions.DependencyStaticMetadataFileList
WriteAuxiliaryFile /Users/admin/builder/spi-builder-workspace/.derivedData/Build/Intermediates.noindex/SwiftUIEKtensions.build/Debug-watchos/SwiftUIEKtensions-t.build/Objects-normal/arm64_32/SwiftUIEKtensions.LinkFileList (in target 'SwiftUIEKtensions' from project 'SwiftUIEKtensions')
cd /Users/admin/builder/spi-builder-workspace
write-file /Users/admin/builder/spi-builder-workspace/.derivedData/Build/Intermediates.noindex/SwiftUIEKtensions.build/Debug-watchos/SwiftUIEKtensions-t.build/Objects-normal/arm64_32/SwiftUIEKtensions.LinkFileList
WriteAuxiliaryFile /Users/admin/builder/spi-builder-workspace/.derivedData/Build/Intermediates.noindex/SwiftUIEKtensions.build/Debug-watchos/SwiftUIEKtensions-t.build/Objects-normal/arm64_32/SwiftUIEKtensions_const_extract_protocols.json (in target 'SwiftUIEKtensions' from project 'SwiftUIEKtensions')
cd /Users/admin/builder/spi-builder-workspace
write-file /Users/admin/builder/spi-builder-workspace/.derivedData/Build/Intermediates.noindex/SwiftUIEKtensions.build/Debug-watchos/SwiftUIEKtensions-t.build/Objects-normal/arm64_32/SwiftUIEKtensions_const_extract_protocols.json
WriteAuxiliaryFile /Users/admin/builder/spi-builder-workspace/.derivedData/Build/Intermediates.noindex/SwiftUIEKtensions.build/Debug-watchos/SwiftUIEKtensions-t.build/Objects-normal/arm64_32/SwiftUIEKtensions-OutputFileMap.json (in target 'SwiftUIEKtensions' from project 'SwiftUIEKtensions')
cd /Users/admin/builder/spi-builder-workspace
write-file /Users/admin/builder/spi-builder-workspace/.derivedData/Build/Intermediates.noindex/SwiftUIEKtensions.build/Debug-watchos/SwiftUIEKtensions-t.build/Objects-normal/arm64_32/SwiftUIEKtensions-OutputFileMap.json
WriteAuxiliaryFile /Users/admin/builder/spi-builder-workspace/.derivedData/Build/Intermediates.noindex/SwiftUIEKtensions.build/Debug-watchos/SwiftUIEKtensions-t.build/Objects-normal/arm64_32/SwiftUIEKtensions.SwiftFileList (in target 'SwiftUIEKtensions' from project 'SwiftUIEKtensions')
cd /Users/admin/builder/spi-builder-workspace
write-file /Users/admin/builder/spi-builder-workspace/.derivedData/Build/Intermediates.noindex/SwiftUIEKtensions.build/Debug-watchos/SwiftUIEKtensions-t.build/Objects-normal/arm64_32/SwiftUIEKtensions.SwiftFileList
WriteAuxiliaryFile /Users/admin/builder/spi-builder-workspace/.derivedData/Build/Intermediates.noindex/SwiftUIEKtensions.build/Debug-watchos/SwiftUIEKtensions-t.build/Objects-normal/arm64_32/SwiftUIEKtensions.SwiftConstValuesFileList (in target 'SwiftUIEKtensions' from project 'SwiftUIEKtensions')
cd /Users/admin/builder/spi-builder-workspace
write-file /Users/admin/builder/spi-builder-workspace/.derivedData/Build/Intermediates.noindex/SwiftUIEKtensions.build/Debug-watchos/SwiftUIEKtensions-t.build/Objects-normal/arm64_32/SwiftUIEKtensions.SwiftConstValuesFileList
WriteAuxiliaryFile /Users/admin/builder/spi-builder-workspace/.derivedData/Build/Intermediates.noindex/SwiftUIEKtensions.build/Debug-watchos/SwiftUIEKtensions-t.build/Objects-normal/arm64/SwiftUIEKtensions_const_extract_protocols.json (in target 'SwiftUIEKtensions' from project 'SwiftUIEKtensions')
cd /Users/admin/builder/spi-builder-workspace
write-file /Users/admin/builder/spi-builder-workspace/.derivedData/Build/Intermediates.noindex/SwiftUIEKtensions.build/Debug-watchos/SwiftUIEKtensions-t.build/Objects-normal/arm64/SwiftUIEKtensions_const_extract_protocols.json
WriteAuxiliaryFile /Users/admin/builder/spi-builder-workspace/.derivedData/Build/Intermediates.noindex/SwiftUIEKtensions.build/Debug-watchos/SwiftUIEKtensions-t.build/Objects-normal/arm64/SwiftUIEKtensions.SwiftFileList (in target 'SwiftUIEKtensions' from project 'SwiftUIEKtensions')
cd /Users/admin/builder/spi-builder-workspace
write-file /Users/admin/builder/spi-builder-workspace/.derivedData/Build/Intermediates.noindex/SwiftUIEKtensions.build/Debug-watchos/SwiftUIEKtensions-t.build/Objects-normal/arm64/SwiftUIEKtensions.SwiftFileList
WriteAuxiliaryFile /Users/admin/builder/spi-builder-workspace/.derivedData/Build/Intermediates.noindex/SwiftUIEKtensions.build/Debug-watchos/SwiftUIEKtensions-t.build/Objects-normal/arm64/SwiftUIEKtensions.SwiftConstValuesFileList (in target 'SwiftUIEKtensions' from project 'SwiftUIEKtensions')
cd /Users/admin/builder/spi-builder-workspace
write-file /Users/admin/builder/spi-builder-workspace/.derivedData/Build/Intermediates.noindex/SwiftUIEKtensions.build/Debug-watchos/SwiftUIEKtensions-t.build/Objects-normal/arm64/SwiftUIEKtensions.SwiftConstValuesFileList
WriteAuxiliaryFile /Users/admin/builder/spi-builder-workspace/.derivedData/Build/Intermediates.noindex/SwiftUIEKtensions.build/Debug-watchos/SwiftUIEKtensions-t.build/Objects-normal/arm64/SwiftUIEKtensions.LinkFileList (in target 'SwiftUIEKtensions' from project 'SwiftUIEKtensions')
cd /Users/admin/builder/spi-builder-workspace
write-file /Users/admin/builder/spi-builder-workspace/.derivedData/Build/Intermediates.noindex/SwiftUIEKtensions.build/Debug-watchos/SwiftUIEKtensions-t.build/Objects-normal/arm64/SwiftUIEKtensions.LinkFileList
WriteAuxiliaryFile /Users/admin/builder/spi-builder-workspace/.derivedData/Build/Intermediates.noindex/SwiftUIEKtensions.build/Debug-watchos/SwiftUIEKtensions-t.build/Objects-normal/arm64/SwiftUIEKtensions-OutputFileMap.json (in target 'SwiftUIEKtensions' from project 'SwiftUIEKtensions')
cd /Users/admin/builder/spi-builder-workspace
write-file /Users/admin/builder/spi-builder-workspace/.derivedData/Build/Intermediates.noindex/SwiftUIEKtensions.build/Debug-watchos/SwiftUIEKtensions-t.build/Objects-normal/arm64/SwiftUIEKtensions-OutputFileMap.json
Copy /Users/admin/builder/spi-builder-workspace/.derivedData/Build/Intermediates.noindex/GeneratedModuleMaps-watchos/SwiftUIEKtensions.modulemap /Users/admin/builder/spi-builder-workspace/.derivedData/Build/Intermediates.noindex/SwiftUIEKtensions.build/Debug-watchos/SwiftUIEKtensions-t.build/SwiftUIEKtensions.modulemap (in target 'SwiftUIEKtensions' from project 'SwiftUIEKtensions')
cd /Users/admin/builder/spi-builder-workspace
builtin-copy -exclude .DS_Store -exclude CVS -exclude .svn -exclude .git -exclude .hg -resolve-src-symlinks /Users/admin/builder/spi-builder-workspace/.derivedData/Build/Intermediates.noindex/SwiftUIEKtensions.build/Debug-watchos/SwiftUIEKtensions-t.build/SwiftUIEKtensions.modulemap /Users/admin/builder/spi-builder-workspace/.derivedData/Build/Intermediates.noindex/GeneratedModuleMaps-watchos
SwiftDriver SwiftUIEKtensions normal arm64_32 com.apple.xcode.tools.swift.compiler (in target 'SwiftUIEKtensions' from project 'SwiftUIEKtensions')
cd /Users/admin/builder/spi-builder-workspace/.swiftpm/xcode
builtin-SwiftDriver -- /Applications/Xcode-27.0.0-Release.Candidate.app/Contents/Developer/Toolchains/XcodeDefault.xctoolchain/usr/bin/swiftc -parse-as-library -module-name SwiftUIEKtensions -Onone @/Users/admin/builder/spi-builder-workspace/.derivedData/Build/Intermediates.noindex/SwiftUIEKtensions.build/Debug-watchos/SwiftUIEKtensions-t.build/Objects-normal/arm64_32/SwiftUIEKtensions.SwiftFileList -DSWIFT_PACKAGE -DDEBUG -DSWIFT_MODULE_RESOURCE_BUNDLE_UNAVAILABLE -DXcode -plugin-path /Applications/Xcode-27.0.0-Release.Candidate.app/Contents/Developer/Toolchains/XcodeDefault.xctoolchain/usr/lib/swift/host/plugins/testing -enable-experimental-feature DebugDescriptionMacro -sdk /Applications/Xcode-27.0.0-Release.Candidate.app/Contents/Developer/Platforms/WatchOS.platform/Developer/SDKs/WatchOS27.0.sdk -target arm64_32-apple-watchos9.0 -g -module-cache-path /Users/admin/builder/spi-builder-workspace/.derivedData/ModuleCache.noindex -Xfrontend -serialize-debugging-options -profile-coverage-mapping -profile-generate -enable-testing -index-store-path /Users/admin/builder/spi-builder-workspace/.derivedData/Index.noindex/DataStore -Xcc -D_LIBCPP_HARDENING_MODE\=_LIBCPP_HARDENING_MODE_DEBUG -swift-version 5 -I /Users/admin/builder/spi-builder-workspace/.derivedData/Build/Products/Debug-watchos -Isystem /Applications/Xcode-27.0.0-Release.Candidate.app/Contents/Developer/Platforms/WatchOS.platform/Developer/usr/lib -F /Users/admin/builder/spi-builder-workspace/.derivedData/Build/Products/Debug-watchos -F /Applications/Xcode-27.0.0-Release.Candidate.app/Contents/Developer/Platforms/WatchOS.platform/Developer/Library/Frameworks -F /Applications/Xcode-27.0.0-Release.Candidate.app/Contents/Developer/Platforms/WatchOS.platform/Developer/SDKs/WatchOS27.0.sdk/Developer/Library/Frameworks -c -j10 -enable-batch-mode -incremental -Xcc -ivfsstatcache -Xcc /Users/admin/builder/spi-builder-workspace/.derivedData/SDKStatCaches.noindex/watchos27.0-24R360-e829b21a6f8c9b70876ba0858053c04477534ef55a1706bf4c1112bbb242f0a2.sdkstatcache -output-file-map /Users/admin/builder/spi-builder-workspace/.derivedData/Build/Intermediates.noindex/SwiftUIEKtensions.build/Debug-watchos/SwiftUIEKtensions-t.build/Objects-normal/arm64_32/SwiftUIEKtensions-OutputFileMap.json -save-temps -no-color-diagnostics -explicit-module-build -module-cache-path /Users/admin/builder/spi-builder-workspace/.derivedData/Build/Intermediates.noindex/SwiftExplicitPrecompiledModules -clang-scanner-module-cache-path /Users/admin/builder/spi-builder-workspace/.derivedData/ModuleCache.noindex -sdk-module-cache-path /Users/admin/builder/spi-builder-workspace/.derivedData/SDKExplicitPrecompiledModules -emit-dependencies -emit-module -emit-module-path /Users/admin/builder/spi-builder-workspace/.derivedData/Build/Intermediates.noindex/SwiftUIEKtensions.build/Debug-watchos/SwiftUIEKtensions-t.build/Objects-normal/arm64_32/SwiftUIEKtensions.swiftmodule -serialize-diagnostics -dependency-scan-serialize-diagnostics-path /Users/admin/builder/spi-builder-workspace/.derivedData/Build/Intermediates.noindex/SwiftUIEKtensions.build/Debug-watchos/SwiftUIEKtensions-t.build/Objects-normal/arm64_32/SwiftUIEKtensions-dependency-scan.dia -validate-clang-modules-once -clang-build-session-file /Users/admin/builder/spi-builder-workspace/.derivedData/ModuleCache.noindex/Session.modulevalidation -Xcc -fmodules-prune-interval\=86400 -Xcc -fmodules-prune-after\=345600 -emit-const-values -const-gather-protocols-list /Users/admin/builder/spi-builder-workspace/.derivedData/Build/Intermediates.noindex/SwiftUIEKtensions.build/Debug-watchos/SwiftUIEKtensions-t.build/Objects-normal/arm64_32/SwiftUIEKtensions_const_extract_protocols.json -Xcc -I/Users/admin/builder/spi-builder-workspace/.derivedData/Build/Products/Debug-watchos/include -Xcc -I/Users/admin/builder/spi-builder-workspace/.derivedData/Build/Intermediates.noindex/SwiftUIEKtensions.build/Debug-watchos/SwiftUIEKtensions-t.build/DerivedSources-normal/arm64_32 -Xcc -I/Users/admin/builder/spi-builder-workspace/.derivedData/Build/Intermediates.noindex/SwiftUIEKtensions.build/Debug-watchos/SwiftUIEKtensions-t.build/DerivedSources/arm64_32 -Xcc -I/Users/admin/builder/spi-builder-workspace/.derivedData/Build/Intermediates.noindex/SwiftUIEKtensions.build/Debug-watchos/SwiftUIEKtensions-t.build/DerivedSources -Xcc -DSWIFT_PACKAGE -Xcc -DDEBUG\=1 -emit-objc-header -emit-objc-header-path /Users/admin/builder/spi-builder-workspace/.derivedData/Build/Intermediates.noindex/SwiftUIEKtensions.build/Debug-watchos/SwiftUIEKtensions-t.build/Objects-normal/arm64_32/SwiftUIEKtensions-Swift.h -working-directory /Users/admin/builder/spi-builder-workspace/.swiftpm/xcode -experimental-emit-module-separately -disable-cmo
/Users/admin/builder/spi-builder-workspace/Sources/SwiftUIEKtensions/Views/Representables/MailView.swift:10:8: error: Unable to resolve module dependency: 'MessageUI' (in target 'SwiftUIEKtensions' from project 'SwiftUIEKtensions')
note: A dependency of main module 'SwiftUIEKtensions'
/Users/admin/builder/spi-builder-workspace/Sources/SwiftUIEKtensions/Views/Representables/MailView.swift:10:8: note: A dependency of main module 'SwiftUIEKtensions'
import MessageUI
^ (in target 'SwiftUIEKtensions' from project 'SwiftUIEKtensions')
SwiftDriver SwiftUIEKtensions normal arm64 com.apple.xcode.tools.swift.compiler (in target 'SwiftUIEKtensions' from project 'SwiftUIEKtensions')
cd /Users/admin/builder/spi-builder-workspace/.swiftpm/xcode
builtin-SwiftDriver -- /Applications/Xcode-27.0.0-Release.Candidate.app/Contents/Developer/Toolchains/XcodeDefault.xctoolchain/usr/bin/swiftc -parse-as-library -module-name SwiftUIEKtensions -Onone @/Users/admin/builder/spi-builder-workspace/.derivedData/Build/Intermediates.noindex/SwiftUIEKtensions.build/Debug-watchos/SwiftUIEKtensions-t.build/Objects-normal/arm64/SwiftUIEKtensions.SwiftFileList -DSWIFT_PACKAGE -DDEBUG -DSWIFT_MODULE_RESOURCE_BUNDLE_UNAVAILABLE -DXcode -plugin-path /Applications/Xcode-27.0.0-Release.Candidate.app/Contents/Developer/Toolchains/XcodeDefault.xctoolchain/usr/lib/swift/host/plugins/testing -enable-experimental-feature DebugDescriptionMacro -sdk /Applications/Xcode-27.0.0-Release.Candidate.app/Contents/Developer/Platforms/WatchOS.platform/Developer/SDKs/WatchOS27.0.sdk -target arm64-apple-watchos9.0 -g -module-cache-path /Users/admin/builder/spi-builder-workspace/.derivedData/ModuleCache.noindex -Xfrontend -serialize-debugging-options -profile-coverage-mapping -profile-generate -enable-testing -index-store-path /Users/admin/builder/spi-builder-workspace/.derivedData/Index.noindex/DataStore -Xcc -D_LIBCPP_HARDENING_MODE\=_LIBCPP_HARDENING_MODE_DEBUG -swift-version 5 -I /Users/admin/builder/spi-builder-workspace/.derivedData/Build/Products/Debug-watchos -Isystem /Applications/Xcode-27.0.0-Release.Candidate.app/Contents/Developer/Platforms/WatchOS.platform/Developer/usr/lib -F /Users/admin/builder/spi-builder-workspace/.derivedData/Build/Products/Debug-watchos -F /Applications/Xcode-27.0.0-Release.Candidate.app/Contents/Developer/Platforms/WatchOS.platform/Developer/Library/Frameworks -F /Applications/Xcode-27.0.0-Release.Candidate.app/Contents/Developer/Platforms/WatchOS.platform/Developer/SDKs/WatchOS27.0.sdk/Developer/Library/Frameworks -c -j10 -enable-batch-mode -incremental -Xcc -ivfsstatcache -Xcc /Users/admin/builder/spi-builder-workspace/.derivedData/SDKStatCaches.noindex/watchos27.0-24R360-e829b21a6f8c9b70876ba0858053c04477534ef55a1706bf4c1112bbb242f0a2.sdkstatcache -output-file-map /Users/admin/builder/spi-builder-workspace/.derivedData/Build/Intermediates.noindex/SwiftUIEKtensions.build/Debug-watchos/SwiftUIEKtensions-t.build/Objects-normal/arm64/SwiftUIEKtensions-OutputFileMap.json -save-temps -no-color-diagnostics -explicit-module-build -module-cache-path /Users/admin/builder/spi-builder-workspace/.derivedData/Build/Intermediates.noindex/SwiftExplicitPrecompiledModules -clang-scanner-module-cache-path /Users/admin/builder/spi-builder-workspace/.derivedData/ModuleCache.noindex -sdk-module-cache-path /Users/admin/builder/spi-builder-workspace/.derivedData/SDKExplicitPrecompiledModules -emit-dependencies -emit-module -emit-module-path /Users/admin/builder/spi-builder-workspace/.derivedData/Build/Intermediates.noindex/SwiftUIEKtensions.build/Debug-watchos/SwiftUIEKtensions-t.build/Objects-normal/arm64/SwiftUIEKtensions.swiftmodule -serialize-diagnostics -dependency-scan-serialize-diagnostics-path /Users/admin/builder/spi-builder-workspace/.derivedData/Build/Intermediates.noindex/SwiftUIEKtensions.build/Debug-watchos/SwiftUIEKtensions-t.build/Objects-normal/arm64/SwiftUIEKtensions-dependency-scan.dia -validate-clang-modules-once -clang-build-session-file /Users/admin/builder/spi-builder-workspace/.derivedData/ModuleCache.noindex/Session.modulevalidation -Xcc -fmodules-prune-interval\=86400 -Xcc -fmodules-prune-after\=345600 -emit-const-values -const-gather-protocols-list /Users/admin/builder/spi-builder-workspace/.derivedData/Build/Intermediates.noindex/SwiftUIEKtensions.build/Debug-watchos/SwiftUIEKtensions-t.build/Objects-normal/arm64/SwiftUIEKtensions_const_extract_protocols.json -Xcc -I/Users/admin/builder/spi-builder-workspace/.derivedData/Build/Products/Debug-watchos/include -Xcc -I/Users/admin/builder/spi-builder-workspace/.derivedData/Build/Intermediates.noindex/SwiftUIEKtensions.build/Debug-watchos/SwiftUIEKtensions-t.build/DerivedSources-normal/arm64 -Xcc -I/Users/admin/builder/spi-builder-workspace/.derivedData/Build/Intermediates.noindex/SwiftUIEKtensions.build/Debug-watchos/SwiftUIEKtensions-t.build/DerivedSources/arm64 -Xcc -I/Users/admin/builder/spi-builder-workspace/.derivedData/Build/Intermediates.noindex/SwiftUIEKtensions.build/Debug-watchos/SwiftUIEKtensions-t.build/DerivedSources -Xcc -DSWIFT_PACKAGE -Xcc -DDEBUG\=1 -emit-objc-header -emit-objc-header-path /Users/admin/builder/spi-builder-workspace/.derivedData/Build/Intermediates.noindex/SwiftUIEKtensions.build/Debug-watchos/SwiftUIEKtensions-t.build/Objects-normal/arm64/SwiftUIEKtensions-Swift.h -working-directory /Users/admin/builder/spi-builder-workspace/.swiftpm/xcode -experimental-emit-module-separately -disable-cmo
/Users/admin/builder/spi-builder-workspace/Sources/SwiftUIEKtensions/Views/Representables/MailView.swift:10:8: error: Unable to resolve module dependency: 'MessageUI' (in target 'SwiftUIEKtensions' from project 'SwiftUIEKtensions')
note: A dependency of main module 'SwiftUIEKtensions'
/Users/admin/builder/spi-builder-workspace/Sources/SwiftUIEKtensions/Views/Representables/MailView.swift:10:8: note: A dependency of main module 'SwiftUIEKtensions'
import MessageUI
^ (in target 'SwiftUIEKtensions' from project 'SwiftUIEKtensions')
PruneExplicitPrecompiledModules /Users/admin/builder/spi-builder-workspace/.derivedData/Build/Intermediates.noindex/ExplicitPrecompiledModules
PruneExplicitPrecompiledModules /Users/admin/builder/spi-builder-workspace/.derivedData/Build/Intermediates.noindex/SwiftExplicitPrecompiledModules
PruneExplicitPrecompiledModules /Users/admin/builder/spi-builder-workspace/.derivedData/SDKExplicitPrecompiledModules
2026-09-20 10:07:33.255 xcodebuild[626:3892] [MT] IDERunDestination: Supported platforms for the buildables in the current scheme is empty.
** BUILD FAILED **
The following build commands failed:
SwiftDriver SwiftUIEKtensions normal arm64_32 com.apple.xcode.tools.swift.compiler (in target 'SwiftUIEKtensions' from project 'SwiftUIEKtensions')
SwiftDriver SwiftUIEKtensions normal arm64 com.apple.xcode.tools.swift.compiler (in target 'SwiftUIEKtensions' from project 'SwiftUIEKtensions')
Building workspace SwiftUIEKtensions with scheme SwiftUIEKtensions
(3 failures)
Command line invocation:
/Applications/Xcode-27.0.0-Release.Candidate.app/Contents/Developer/usr/bin/xcodebuild -IDEClonedSourcePackagesDirPathOverride=/Users/admin/builder/spi-builder-workspace/.dependencies -resolvePackageDependencies
Resolve Package Graph
Resolved source packages:
SwiftUIEKtensions: /Users/admin/builder/spi-builder-workspace
resolved source packages: SwiftUIEKtensions
2026-09-20 10:07:36.721 xcodebuild[642:4166] [MT] IDERunDestination: Supported platforms for the buildables in the current scheme is empty.
{
"dependencies" : [
],
"manifest_display_name" : "SwiftUIEKtensions",
"name" : "SwiftUIEKtensions",
"path" : "/Users/admin/builder/spi-builder-workspace",
"platforms" : [
{
"name" : "ios",
"version" : "14.0"
},
{
"name" : "macos",
"version" : "12.0"
}
],
"products" : [
{
"name" : "SwiftUIEKtensions",
"targets" : [
"SwiftUIEKtensions"
],
"type" : {
"library" : [
"automatic"
]
}
}
],
"targets" : [
{
"c99name" : "SwiftUIEKtensionsTests",
"module_type" : "SwiftTarget",
"name" : "SwiftUIEKtensionsTests",
"path" : "Tests/SwiftUIEKtensionsTests",
"sources" : [
"SwiftUIEKtensionsTests.swift",
"XCTestManifests.swift"
],
"target_dependencies" : [
"SwiftUIEKtensions"
],
"type" : "test"
},
{
"c99name" : "SwiftUIEKtensions",
"module_type" : "SwiftTarget",
"name" : "SwiftUIEKtensions",
"path" : "Sources/SwiftUIEKtensions",
"product_memberships" : [
"SwiftUIEKtensions"
],
"sources" : [
"DeviceOrientation.swift",
"Extensions/Binding+Extension.swift",
"Extensions/Bundle+Extension.swift",
"Extensions/Color+Extension.swift",
"Extensions/EdgeInsets+Extension.swift",
"Extensions/ScrollViewProxy+Additions.swift",
"Extensions/View+Extension.swift",
"Other/KeyValueStorage.swift",
"Protocols/SelectableItem.swift",
"View Modifiers/CheckmarkModifier.swift",
"View Modifiers/View+Keyboard.swift",
"Views/DeviceOrientationBasedView.swift",
"Views/LazyView.swift",
"Views/Representables/ImagePickerView.swift",
"Views/Representables/MailView.swift",
"Views/StatefulMultipleSelectionList.swift",
"Views/StatefulSingleSelectionList.swift",
"Views/StatelessMultipleSelectionList.swift",
"Views/StatelessSingleSelectionList.swift"
],
"type" : "library"
}
],
"tools_version" : "5.8"
}
{
"workspace" : {
"name" : "SwiftUIEKtensions",
"schemes" : [
"SwiftUIEKtensions"
]
}
}
2026-09-20 10:07:37.957 xcodebuild[670:4384] [MT] IDERunDestination: Supported platforms for the buildables in the current scheme is empty.
Running build ...
env DEVELOPER_DIR=/Applications/Xcode-27.0.0-Release.Candidate.app xcrun xcodebuild -IDEClonedSourcePackagesDirPathOverride=$PWD/.dependencies -skipMacroValidation -skipPackagePluginValidation -derivedDataPath $PWD/.derivedData build -scheme SwiftUIEKtensions -destination generic/platform=watchOS
Command line invocation:
/Applications/Xcode-27.0.0-Release.Candidate.app/Contents/Developer/usr/bin/xcodebuild -IDEClonedSourcePackagesDirPathOverride=/Users/admin/builder/spi-builder-workspace/.dependencies -skipMacroValidation -skipPackagePluginValidation -derivedDataPath /Users/admin/builder/spi-builder-workspace/.derivedData build -scheme SwiftUIEKtensions -destination generic/platform=watchOS
Resolve Package Graph
Resolved source packages:
SwiftUIEKtensions: /Users/admin/builder/spi-builder-workspace
ComputePackagePrebuildTargetDependencyGraph
Prepare packages
CreateBuildRequest
SendProjectDescription
CreateBuildOperation
ComputeTargetDependencyGraph
note: Building targets in dependency order
note: Target dependency graph (2 targets)
Target 'SwiftUIEKtensions-product' in project 'SwiftUIEKtensions'
➜ Explicit dependency on target 'SwiftUIEKtensions' in project 'SwiftUIEKtensions'
Target 'SwiftUIEKtensions' in project 'SwiftUIEKtensions' (no dependencies)
GatherProvisioningInputs
CreateBuildDescription
ClangStatCache /Applications/Xcode-27.0.0-Release.Candidate.app/Contents/Developer/Toolchains/XcodeDefault.xctoolchain/usr/bin/clang-stat-cache /Applications/Xcode-27.0.0-Release.Candidate.app/Contents/Developer/Platforms/WatchOS.platform/Developer/SDKs/WatchOS27.0.sdk /Users/admin/builder/spi-builder-workspace/.derivedData/SDKStatCaches.noindex/watchos27.0-24R360-e829b21a6f8c9b70876ba0858053c04477534ef55a1706bf4c1112bbb242f0a2.sdkstatcache
cd /Users/admin/builder/spi-builder-workspace/.swiftpm/xcode
/Applications/Xcode-27.0.0-Release.Candidate.app/Contents/Developer/Toolchains/XcodeDefault.xctoolchain/usr/bin/clang-stat-cache /Applications/Xcode-27.0.0-Release.Candidate.app/Contents/Developer/Platforms/WatchOS.platform/Developer/SDKs/WatchOS27.0.sdk -o /Users/admin/builder/spi-builder-workspace/.derivedData/SDKStatCaches.noindex/watchos27.0-24R360-e829b21a6f8c9b70876ba0858053c04477534ef55a1706bf4c1112bbb242f0a2.sdkstatcache
SwiftDriver SwiftUIEKtensions normal arm64_32 com.apple.xcode.tools.swift.compiler (in target 'SwiftUIEKtensions' from project 'SwiftUIEKtensions')
cd /Users/admin/builder/spi-builder-workspace/.swiftpm/xcode
builtin-SwiftDriver -- /Applications/Xcode-27.0.0-Release.Candidate.app/Contents/Developer/Toolchains/XcodeDefault.xctoolchain/usr/bin/swiftc -parse-as-library -module-name SwiftUIEKtensions -Onone @/Users/admin/builder/spi-builder-workspace/.derivedData/Build/Intermediates.noindex/SwiftUIEKtensions.build/Debug-watchos/SwiftUIEKtensions-t.build/Objects-normal/arm64_32/SwiftUIEKtensions.SwiftFileList -DSWIFT_PACKAGE -DDEBUG -DSWIFT_MODULE_RESOURCE_BUNDLE_UNAVAILABLE -DXcode -plugin-path /Applications/Xcode-27.0.0-Release.Candidate.app/Contents/Developer/Toolchains/XcodeDefault.xctoolchain/usr/lib/swift/host/plugins/testing -enable-experimental-feature DebugDescriptionMacro -sdk /Applications/Xcode-27.0.0-Release.Candidate.app/Contents/Developer/Platforms/WatchOS.platform/Developer/SDKs/WatchOS27.0.sdk -target arm64_32-apple-watchos9.0 -g -module-cache-path /Users/admin/builder/spi-builder-workspace/.derivedData/ModuleCache.noindex -Xfrontend -serialize-debugging-options -profile-coverage-mapping -profile-generate -enable-testing -index-store-path /Users/admin/builder/spi-builder-workspace/.derivedData/Index.noindex/DataStore -Xcc -D_LIBCPP_HARDENING_MODE\=_LIBCPP_HARDENING_MODE_DEBUG -swift-version 5 -I /Users/admin/builder/spi-builder-workspace/.derivedData/Build/Products/Debug-watchos -Isystem /Applications/Xcode-27.0.0-Release.Candidate.app/Contents/Developer/Platforms/WatchOS.platform/Developer/usr/lib -F /Users/admin/builder/spi-builder-workspace/.derivedData/Build/Products/Debug-watchos -F /Applications/Xcode-27.0.0-Release.Candidate.app/Contents/Developer/Platforms/WatchOS.platform/Developer/Library/Frameworks -F /Applications/Xcode-27.0.0-Release.Candidate.app/Contents/Developer/Platforms/WatchOS.platform/Developer/SDKs/WatchOS27.0.sdk/Developer/Library/Frameworks -c -j10 -enable-batch-mode -incremental -Xcc -ivfsstatcache -Xcc /Users/admin/builder/spi-builder-workspace/.derivedData/SDKStatCaches.noindex/watchos27.0-24R360-e829b21a6f8c9b70876ba0858053c04477534ef55a1706bf4c1112bbb242f0a2.sdkstatcache -output-file-map /Users/admin/builder/spi-builder-workspace/.derivedData/Build/Intermediates.noindex/SwiftUIEKtensions.build/Debug-watchos/SwiftUIEKtensions-t.build/Objects-normal/arm64_32/SwiftUIEKtensions-OutputFileMap.json -save-temps -no-color-diagnostics -explicit-module-build -module-cache-path /Users/admin/builder/spi-builder-workspace/.derivedData/Build/Intermediates.noindex/SwiftExplicitPrecompiledModules -clang-scanner-module-cache-path /Users/admin/builder/spi-builder-workspace/.derivedData/ModuleCache.noindex -sdk-module-cache-path /Users/admin/builder/spi-builder-workspace/.derivedData/SDKExplicitPrecompiledModules -emit-dependencies -emit-module -emit-module-path /Users/admin/builder/spi-builder-workspace/.derivedData/Build/Intermediates.noindex/SwiftUIEKtensions.build/Debug-watchos/SwiftUIEKtensions-t.build/Objects-normal/arm64_32/SwiftUIEKtensions.swiftmodule -serialize-diagnostics -dependency-scan-serialize-diagnostics-path /Users/admin/builder/spi-builder-workspace/.derivedData/Build/Intermediates.noindex/SwiftUIEKtensions.build/Debug-watchos/SwiftUIEKtensions-t.build/Objects-normal/arm64_32/SwiftUIEKtensions-dependency-scan.dia -validate-clang-modules-once -clang-build-session-file /Users/admin/builder/spi-builder-workspace/.derivedData/ModuleCache.noindex/Session.modulevalidation -Xcc -fmodules-prune-interval\=86400 -Xcc -fmodules-prune-after\=345600 -emit-const-values -const-gather-protocols-list /Users/admin/builder/spi-builder-workspace/.derivedData/Build/Intermediates.noindex/SwiftUIEKtensions.build/Debug-watchos/SwiftUIEKtensions-t.build/Objects-normal/arm64_32/SwiftUIEKtensions_const_extract_protocols.json -Xcc -I/Users/admin/builder/spi-builder-workspace/.derivedData/Build/Products/Debug-watchos/include -Xcc -I/Users/admin/builder/spi-builder-workspace/.derivedData/Build/Intermediates.noindex/SwiftUIEKtensions.build/Debug-watchos/SwiftUIEKtensions-t.build/DerivedSources-normal/arm64_32 -Xcc -I/Users/admin/builder/spi-builder-workspace/.derivedData/Build/Intermediates.noindex/SwiftUIEKtensions.build/Debug-watchos/SwiftUIEKtensions-t.build/DerivedSources/arm64_32 -Xcc -I/Users/admin/builder/spi-builder-workspace/.derivedData/Build/Intermediates.noindex/SwiftUIEKtensions.build/Debug-watchos/SwiftUIEKtensions-t.build/DerivedSources -Xcc -DSWIFT_PACKAGE -Xcc -DDEBUG\=1 -emit-objc-header -emit-objc-header-path /Users/admin/builder/spi-builder-workspace/.derivedData/Build/Intermediates.noindex/SwiftUIEKtensions.build/Debug-watchos/SwiftUIEKtensions-t.build/Objects-normal/arm64_32/SwiftUIEKtensions-Swift.h -working-directory /Users/admin/builder/spi-builder-workspace/.swiftpm/xcode -experimental-emit-module-separately -disable-cmo
/Users/admin/builder/spi-builder-workspace/Sources/SwiftUIEKtensions/Views/Representables/MailView.swift:10:8: error: Unable to resolve module dependency: 'MessageUI' (in target 'SwiftUIEKtensions' from project 'SwiftUIEKtensions')
note: A dependency of main module 'SwiftUIEKtensions'
/Users/admin/builder/spi-builder-workspace/Sources/SwiftUIEKtensions/Views/Representables/MailView.swift:10:8: note: A dependency of main module 'SwiftUIEKtensions'
import MessageUI
^ (in target 'SwiftUIEKtensions' from project 'SwiftUIEKtensions')
SwiftDriver SwiftUIEKtensions normal arm64 com.apple.xcode.tools.swift.compiler (in target 'SwiftUIEKtensions' from project 'SwiftUIEKtensions')
cd /Users/admin/builder/spi-builder-workspace/.swiftpm/xcode
builtin-SwiftDriver -- /Applications/Xcode-27.0.0-Release.Candidate.app/Contents/Developer/Toolchains/XcodeDefault.xctoolchain/usr/bin/swiftc -parse-as-library -module-name SwiftUIEKtensions -Onone @/Users/admin/builder/spi-builder-workspace/.derivedData/Build/Intermediates.noindex/SwiftUIEKtensions.build/Debug-watchos/SwiftUIEKtensions-t.build/Objects-normal/arm64/SwiftUIEKtensions.SwiftFileList -DSWIFT_PACKAGE -DDEBUG -DSWIFT_MODULE_RESOURCE_BUNDLE_UNAVAILABLE -DXcode -plugin-path /Applications/Xcode-27.0.0-Release.Candidate.app/Contents/Developer/Toolchains/XcodeDefault.xctoolchain/usr/lib/swift/host/plugins/testing -enable-experimental-feature DebugDescriptionMacro -sdk /Applications/Xcode-27.0.0-Release.Candidate.app/Contents/Developer/Platforms/WatchOS.platform/Developer/SDKs/WatchOS27.0.sdk -target arm64-apple-watchos9.0 -g -module-cache-path /Users/admin/builder/spi-builder-workspace/.derivedData/ModuleCache.noindex -Xfrontend -serialize-debugging-options -profile-coverage-mapping -profile-generate -enable-testing -index-store-path /Users/admin/builder/spi-builder-workspace/.derivedData/Index.noindex/DataStore -Xcc -D_LIBCPP_HARDENING_MODE\=_LIBCPP_HARDENING_MODE_DEBUG -swift-version 5 -I /Users/admin/builder/spi-builder-workspace/.derivedData/Build/Products/Debug-watchos -Isystem /Applications/Xcode-27.0.0-Release.Candidate.app/Contents/Developer/Platforms/WatchOS.platform/Developer/usr/lib -F /Users/admin/builder/spi-builder-workspace/.derivedData/Build/Products/Debug-watchos -F /Applications/Xcode-27.0.0-Release.Candidate.app/Contents/Developer/Platforms/WatchOS.platform/Developer/Library/Frameworks -F /Applications/Xcode-27.0.0-Release.Candidate.app/Contents/Developer/Platforms/WatchOS.platform/Developer/SDKs/WatchOS27.0.sdk/Developer/Library/Frameworks -c -j10 -enable-batch-mode -incremental -Xcc -ivfsstatcache -Xcc /Users/admin/builder/spi-builder-workspace/.derivedData/SDKStatCaches.noindex/watchos27.0-24R360-e829b21a6f8c9b70876ba0858053c04477534ef55a1706bf4c1112bbb242f0a2.sdkstatcache -output-file-map /Users/admin/builder/spi-builder-workspace/.derivedData/Build/Intermediates.noindex/SwiftUIEKtensions.build/Debug-watchos/SwiftUIEKtensions-t.build/Objects-normal/arm64/SwiftUIEKtensions-OutputFileMap.json -save-temps -no-color-diagnostics -explicit-module-build -module-cache-path /Users/admin/builder/spi-builder-workspace/.derivedData/Build/Intermediates.noindex/SwiftExplicitPrecompiledModules -clang-scanner-module-cache-path /Users/admin/builder/spi-builder-workspace/.derivedData/ModuleCache.noindex -sdk-module-cache-path /Users/admin/builder/spi-builder-workspace/.derivedData/SDKExplicitPrecompiledModules -emit-dependencies -emit-module -emit-module-path /Users/admin/builder/spi-builder-workspace/.derivedData/Build/Intermediates.noindex/SwiftUIEKtensions.build/Debug-watchos/SwiftUIEKtensions-t.build/Objects-normal/arm64/SwiftUIEKtensions.swiftmodule -serialize-diagnostics -dependency-scan-serialize-diagnostics-path /Users/admin/builder/spi-builder-workspace/.derivedData/Build/Intermediates.noindex/SwiftUIEKtensions.build/Debug-watchos/SwiftUIEKtensions-t.build/Objects-normal/arm64/SwiftUIEKtensions-dependency-scan.dia -validate-clang-modules-once -clang-build-session-file /Users/admin/builder/spi-builder-workspace/.derivedData/ModuleCache.noindex/Session.modulevalidation -Xcc -fmodules-prune-interval\=86400 -Xcc -fmodules-prune-after\=345600 -emit-const-values -const-gather-protocols-list /Users/admin/builder/spi-builder-workspace/.derivedData/Build/Intermediates.noindex/SwiftUIEKtensions.build/Debug-watchos/SwiftUIEKtensions-t.build/Objects-normal/arm64/SwiftUIEKtensions_const_extract_protocols.json -Xcc -I/Users/admin/builder/spi-builder-workspace/.derivedData/Build/Products/Debug-watchos/include -Xcc -I/Users/admin/builder/spi-builder-workspace/.derivedData/Build/Intermediates.noindex/SwiftUIEKtensions.build/Debug-watchos/SwiftUIEKtensions-t.build/DerivedSources-normal/arm64 -Xcc -I/Users/admin/builder/spi-builder-workspace/.derivedData/Build/Intermediates.noindex/SwiftUIEKtensions.build/Debug-watchos/SwiftUIEKtensions-t.build/DerivedSources/arm64 -Xcc -I/Users/admin/builder/spi-builder-workspace/.derivedData/Build/Intermediates.noindex/SwiftUIEKtensions.build/Debug-watchos/SwiftUIEKtensions-t.build/DerivedSources -Xcc -DSWIFT_PACKAGE -Xcc -DDEBUG\=1 -emit-objc-header -emit-objc-header-path /Users/admin/builder/spi-builder-workspace/.derivedData/Build/Intermediates.noindex/SwiftUIEKtensions.build/Debug-watchos/SwiftUIEKtensions-t.build/Objects-normal/arm64/SwiftUIEKtensions-Swift.h -working-directory /Users/admin/builder/spi-builder-workspace/.swiftpm/xcode -experimental-emit-module-separately -disable-cmo
/Users/admin/builder/spi-builder-workspace/Sources/SwiftUIEKtensions/Views/Representables/MailView.swift:10:8: error: Unable to resolve module dependency: 'MessageUI' (in target 'SwiftUIEKtensions' from project 'SwiftUIEKtensions')
note: A dependency of main module 'SwiftUIEKtensions'
/Users/admin/builder/spi-builder-workspace/Sources/SwiftUIEKtensions/Views/Representables/MailView.swift:10:8: note: A dependency of main module 'SwiftUIEKtensions'
import MessageUI
^ (in target 'SwiftUIEKtensions' from project 'SwiftUIEKtensions')
PruneExplicitPrecompiledModules /Users/admin/builder/spi-builder-workspace/.derivedData/SDKExplicitPrecompiledModules
PruneExplicitPrecompiledModules /Users/admin/builder/spi-builder-workspace/.derivedData/Build/Intermediates.noindex/ExplicitPrecompiledModules
PruneExplicitPrecompiledModules /Users/admin/builder/spi-builder-workspace/.derivedData/Build/Intermediates.noindex/SwiftExplicitPrecompiledModules
2026-09-20 10:07:38.969 xcodebuild[671:4409] [MT] IDERunDestination: Supported platforms for the buildables in the current scheme is empty.
** BUILD FAILED **
The following build commands failed:
SwiftDriver SwiftUIEKtensions normal arm64_32 com.apple.xcode.tools.swift.compiler (in target 'SwiftUIEKtensions' from project 'SwiftUIEKtensions')
SwiftDriver SwiftUIEKtensions normal arm64 com.apple.xcode.tools.swift.compiler (in target 'SwiftUIEKtensions' from project 'SwiftUIEKtensions')
Building workspace SwiftUIEKtensions with scheme SwiftUIEKtensions
(3 failures)
BUILD FAILURE 6.4 watchOS