Build Information
Failed to build ContextFabricKit, reference v0.1.0 (40b65e), with Swift 6.2 for watchOS using Xcode 26.3 on 12 Jul 2026 00:04:43 UTC.
Build Command
No build command. This typically means the build failed at an early stage where we determine the build command.Build Log
========================================
RunAll
========================================
Builder version: undefined version: run 'make version' to update
Interrupt handler set up.
========================================
Checkout
========================================
Clone URL: https://github.com/emmanuel-defreitas/ContextFabricKit.git
Reference: v0.1.0
Initialized empty Git repository in /Users/admin/builder/spi-builder-workspace/.git/
From https://github.com/emmanuel-defreitas/ContextFabricKit
* tag v0.1.0 -> FETCH_HEAD
HEAD is now at 40b65eb Fix Node.js 20 deprecation warning in CI workflows
Cloned https://github.com/emmanuel-defreitas/ContextFabricKit.git
Revision (git rev-parse @):
40b65ebe719f0d10f917ad8352e2fb097bf081b5
SUCCESS checkout https://github.com/emmanuel-defreitas/ContextFabricKit.git at v0.1.0
========================================
Build
========================================
Selected platform: watchOS
Swift version: 6.2
Building package at path: $PWD
https://github.com/emmanuel-defreitas/ContextFabricKit.git
Command line invocation:
/Applications/Xcode-26.3.0.app/Contents/Developer/usr/bin/xcodebuild -IDEClonedSourcePackagesDirPathOverride=/Users/admin/builder/spi-builder-workspace/.dependencies -resolvePackageDependencies
Resolve Package Graph
Fetching from https://github.com/pvieito/PythonKit
Creating working copy of package ‘PythonKit’
Checking out 0.5.1 of package ‘PythonKit’
local binary target 'Python' at '/Users/admin/builder/spi-builder-workspace/Artifacts/Python.xcframework' does not contain a binary artifact.fatalErrorResolve Package Graph
local binary target 'Python' at '/Users/admin/builder/spi-builder-workspace/Artifacts/Python.xcframework' does not contain a binary artifact.fatalError
Resolved source packages:
spi-builder-workspace: (null)
2026-07-11 20:04:42.901 xcodebuild[538:3106] Writing error result bundle to /var/folders/xq/y_g06wb113726d38xsyx71_h0000gn/T/ResultBundle_2026-11-07_20-04-0042.xcresult
xcodebuild: error: Could not resolve package dependencies:
local binary target 'Python' at '/Users/admin/builder/spi-builder-workspace/Artifacts/Python.xcframework' does not contain a binary artifact.
fatalError
Command line invocation:
/Applications/Xcode-26.3.0.app/Contents/Developer/usr/bin/xcodebuild -IDEClonedSourcePackagesDirPathOverride=/Users/admin/builder/spi-builder-workspace/.dependencies -resolvePackageDependencies
Resolve Package Graph
local binary target 'Python' at '/Users/admin/builder/spi-builder-workspace/Artifacts/Python.xcframework' does not contain a binary artifact.fatalError
Resolved source packages:
spi-builder-workspace: (null)
2026-07-11 20:04:43.814 xcodebuild[647:3989] Writing error result bundle to /var/folders/xq/y_g06wb113726d38xsyx71_h0000gn/T/ResultBundle_2026-11-07_20-04-0043.xcresult
xcodebuild: error: Could not resolve package dependencies:
local binary target 'Python' at '/Users/admin/builder/spi-builder-workspace/Artifacts/Python.xcframework' does not contain a binary artifact.
fatalError
BUILD FAILURE 6.2 watchOS