Build Information
Failed to build Stringly, reference master (3a87de), with Swift 6.4 for visionOS using Xcode 27.0 on 19 Sep 2026 13:27:11 UTC.
Build Command
env DEVELOPER_DIR=/Applications/Xcode-27.0.0-Release.Candidate.app xcrun xcodebuild -IDEClonedSourcePackagesDirPathOverride=$PWD/.dependencies -skipMacroValidation -skipPackagePluginValidation -derivedDataPath $PWD/.derivedData build -scheme Stringly-Package -destination generic/platform=xrOSBuild Log
SwiftCompile normal arm64 Compiling\ Color.swift /Users/admin/builder/spi-builder-workspace/.dependencies/checkouts/Rainbow/Sources/Color.swift (in target 'Rainbow' from project 'Rainbow')
SwiftCompile normal arm64 /Users/admin/builder/spi-builder-workspace/.dependencies/checkouts/Rainbow/Sources/Color.swift (in target 'Rainbow' from project 'Rainbow')
cd /Users/admin/builder/spi-builder-workspace/.swiftpm/xcode
builtin-SwiftPerFileCompile Color.swift
SwiftCompile normal arm64 Compiling\ ControlCode.swift /Users/admin/builder/spi-builder-workspace/.dependencies/checkouts/Rainbow/Sources/ControlCode.swift (in target 'Rainbow' from project 'Rainbow')
SwiftCompile normal arm64 /Users/admin/builder/spi-builder-workspace/.dependencies/checkouts/Rainbow/Sources/ControlCode.swift (in target 'Rainbow' from project 'Rainbow')
cd /Users/admin/builder/spi-builder-workspace/.swiftpm/xcode
builtin-SwiftPerFileCompile ControlCode.swift
SwiftCompile normal arm64 Compiling\ ModesExtractor.swift /Users/admin/builder/spi-builder-workspace/.dependencies/checkouts/Rainbow/Sources/ModesExtractor.swift (in target 'Rainbow' from project 'Rainbow')
SwiftCompile normal arm64 /Users/admin/builder/spi-builder-workspace/.dependencies/checkouts/Rainbow/Sources/ModesExtractor.swift (in target 'Rainbow' from project 'Rainbow')
cd /Users/admin/builder/spi-builder-workspace/.swiftpm/xcode
builtin-SwiftPerFileCompile ModesExtractor.swift
SwiftEmitModule normal arm64 Emitting\ module\ for\ Rainbow (in target 'Rainbow' from project 'Rainbow')
SwiftCompile normal arm64 (in target 'Rainbow' from project 'Rainbow')
cd /Users/admin/builder/spi-builder-workspace/.swiftpm/xcode
SwiftCompile normal arm64 Compiling\ String+Rainbow.swift /Users/admin/builder/spi-builder-workspace/.dependencies/checkouts/Rainbow/Sources/String+Rainbow.swift (in target 'Rainbow' from project 'Rainbow')
SwiftCompile normal arm64 /Users/admin/builder/spi-builder-workspace/.dependencies/checkouts/Rainbow/Sources/String+Rainbow.swift (in target 'Rainbow' from project 'Rainbow')
cd /Users/admin/builder/spi-builder-workspace/.swiftpm/xcode
builtin-SwiftPerFileCompile String+Rainbow.swift
SwiftEmitModule normal arm64 Emitting\ module\ for\ Codability (in target 'Codability' from project 'Codability')
SwiftCompile normal arm64 (in target 'Codability' from project 'Codability')
cd /Users/admin/builder/spi-builder-workspace/.swiftpm/xcode
SwiftExplicitDependencyGeneratePcm arm64 /Users/admin/builder/spi-builder-workspace/.derivedData/SDKExplicitPrecompiledModules/_Builtin_stdbool-5BU2ADS7JXQMYENKQHW9X8XOU.pcm
SwiftExplicitDependencyGeneratePcm arm64 /Users/admin/builder/spi-builder-workspace/.derivedData/SDKExplicitPrecompiledModules/SwiftShims-CI4H5RO9IYFFWQ2COB512Q2S9.pcm
SwiftExplicitDependencyGeneratePcm arm64 /Users/admin/builder/spi-builder-workspace/.derivedData/SDKExplicitPrecompiledModules/_Builtin_stdarg-CDA349K2K4US766844K8E0PVA.pcm
SwiftExplicitDependencyGeneratePcm arm64 /Users/admin/builder/spi-builder-workspace/.derivedData/SDKExplicitPrecompiledModules/_Builtin_float-6WKHNW5S40U2QGHXXGETUDIRA.pcm
SwiftExplicitDependencyGeneratePcm arm64 /Users/admin/builder/spi-builder-workspace/.derivedData/SDKExplicitPrecompiledModules/_SwiftConcurrencyShims-C8XHKSHX96D5YYALNM4W70Z0O.pcm
SwiftExplicitDependencyGeneratePcm arm64 /Users/admin/builder/spi-builder-workspace/.derivedData/SDKExplicitPrecompiledModules/ptrcheck-BXA97MNLI4BB0HF5I8MJE403D.pcm
SwiftExplicitDependencyGeneratePcm arm64 /Users/admin/builder/spi-builder-workspace/.derivedData/SDKExplicitPrecompiledModules/_Builtin_stddef-5NQ9Z1GV07GBSRQGAQCGXGVRI.pcm
SwiftExplicitDependencyGeneratePcm arm64 /Users/admin/builder/spi-builder-workspace/.derivedData/SDKExplicitPrecompiledModules/ptrauth-1WBA714DZSVUL5JQDJ08CLKZ.pcm
SwiftExplicitDependencyGeneratePcm arm64 /Users/admin/builder/spi-builder-workspace/.derivedData/SDKExplicitPrecompiledModules/_AvailabilityInternal-1Q8IQP6M38UWSGZ95UCEY2M44.pcm
SwiftCompile normal arm64 Compiling\ Style.swift /Users/admin/builder/spi-builder-workspace/.dependencies/checkouts/Rainbow/Sources/Style.swift (in target 'Rainbow' from project 'Rainbow')
SwiftCompile normal arm64 /Users/admin/builder/spi-builder-workspace/.dependencies/checkouts/Rainbow/Sources/Style.swift (in target 'Rainbow' from project 'Rainbow')
cd /Users/admin/builder/spi-builder-workspace/.swiftpm/xcode
builtin-SwiftPerFileCompile Style.swift
SwiftCompile normal arm64 Compiling\ StringGenerator.swift /Users/admin/builder/spi-builder-workspace/.dependencies/checkouts/Rainbow/Sources/StringGenerator.swift (in target 'Rainbow' from project 'Rainbow')
SwiftCompile normal arm64 /Users/admin/builder/spi-builder-workspace/.dependencies/checkouts/Rainbow/Sources/StringGenerator.swift (in target 'Rainbow' from project 'Rainbow')
cd /Users/admin/builder/spi-builder-workspace/.swiftpm/xcode
builtin-SwiftPerFileCompile StringGenerator.swift
SwiftExplicitDependencyGeneratePcm arm64 /Users/admin/builder/spi-builder-workspace/.derivedData/SDKExplicitPrecompiledModules/_DarwinFoundation1-5RGRVV2TZ6WC4WZW5IXF8NQ04.pcm
SwiftDriverJobDiscovery normal arm64 Emitting module for PathKit (in target 'PathKit' from project 'PathKit')
SwiftDriver\ Compilation\ Requirements PathKit normal arm64 com.apple.xcode.tools.swift.compiler (in target 'PathKit' from project 'PathKit')
cd /Users/admin/builder/spi-builder-workspace/.swiftpm/xcode
builtin-Swift-Compilation-Requirements -- /Applications/Xcode-27.0.0-Release.Candidate.app/Contents/Developer/Toolchains/XcodeDefault.xctoolchain/usr/bin/swiftc -parse-as-library -module-name PathKit -Onone @/Users/admin/builder/spi-builder-workspace/.derivedData/Build/Intermediates.noindex/PathKit.build/Debug-xros/PathKit-t.build/Objects-normal/arm64/PathKit.SwiftFileList -DSWIFT_PACKAGE -DDEBUG -DSWIFT_MODULE_RESOURCE_BUNDLE_UNAVAILABLE -DXcode -plugin-path /Applications/Xcode-27.0.0-Release.Candidate.app/Contents/Developer/Toolchains/XcodeDefault.xctoolchain/usr/lib/swift/host/plugins/testing -enable-experimental-feature DebugDescriptionMacro -sdk /Applications/Xcode-27.0.0-Release.Candidate.app/Contents/Developer/Platforms/XROS.platform/Developer/SDKs/XROS27.0.sdk -target arm64-apple-xros1.0 -g -module-cache-path /Users/admin/builder/spi-builder-workspace/.derivedData/ModuleCache.noindex -Xfrontend -serialize-debugging-options -profile-coverage-mapping -profile-generate -enable-testing -suppress-warnings -index-store-path /Users/admin/builder/spi-builder-workspace/.derivedData/Index.noindex/DataStore -Xcc -D_LIBCPP_HARDENING_MODE\=_LIBCPP_HARDENING_MODE_DEBUG -swift-version 4.2 -I /Users/admin/builder/spi-builder-workspace/.derivedData/Build/Products/Debug-xros -Isystem /Applications/Xcode-27.0.0-Release.Candidate.app/Contents/Developer/Platforms/XROS.platform/Developer/usr/lib -F /Users/admin/builder/spi-builder-workspace/.derivedData/Build/Products/Debug-xros -F /Applications/Xcode-27.0.0-Release.Candidate.app/Contents/Developer/Platforms/XROS.platform/Developer/Library/Frameworks -F /Applications/Xcode-27.0.0-Release.Candidate.app/Contents/Developer/Platforms/XROS.platform/Developer/SDKs/XROS27.0.sdk/Developer/Library/Frameworks -c -j10 -enable-batch-mode -incremental -Xcc -ivfsstatcache -Xcc /Users/admin/builder/spi-builder-workspace/.derivedData/SDKStatCaches.noindex/xros27.0-24M361-e829b21a6f8c9b70876ba0858053c044735bd543db762f57723cac368afd1ce4.sdkstatcache -output-file-map /Users/admin/builder/spi-builder-workspace/.derivedData/Build/Intermediates.noindex/PathKit.build/Debug-xros/PathKit-t.build/Objects-normal/arm64/PathKit-OutputFileMap.json -save-temps -no-color-diagnostics -emit-dependencies -emit-module -emit-module-path /Users/admin/builder/spi-builder-workspace/.derivedData/Build/Intermediates.noindex/PathKit.build/Debug-xros/PathKit-t.build/Objects-normal/arm64/PathKit.swiftmodule -serialize-diagnostics -validate-clang-modules-once -clang-build-session-file /Users/admin/builder/spi-builder-workspace/.derivedData/ModuleCache.noindex/Session.modulevalidation -Xcc -fmodules-prune-interval\=86400 -Xcc -fmodules-prune-after\=345600 -emit-const-values -const-gather-protocols-list /Users/admin/builder/spi-builder-workspace/.derivedData/Build/Intermediates.noindex/PathKit.build/Debug-xros/PathKit-t.build/Objects-normal/arm64/PathKit_const_extract_protocols.json -Xcc -I/Users/admin/builder/spi-builder-workspace/.derivedData/Build/Products/Debug-xros/include -Xcc -I/Users/admin/builder/spi-builder-workspace/.derivedData/Build/Intermediates.noindex/PathKit.build/Debug-xros/PathKit-t.build/DerivedSources-normal/arm64 -Xcc -I/Users/admin/builder/spi-builder-workspace/.derivedData/Build/Intermediates.noindex/PathKit.build/Debug-xros/PathKit-t.build/DerivedSources/arm64 -Xcc -I/Users/admin/builder/spi-builder-workspace/.derivedData/Build/Intermediates.noindex/PathKit.build/Debug-xros/PathKit-t.build/DerivedSources -Xcc -DSWIFT_PACKAGE -Xcc -DDEBUG\=1 -emit-objc-header -emit-objc-header-path /Users/admin/builder/spi-builder-workspace/.derivedData/Build/Intermediates.noindex/PathKit.build/Debug-xros/PathKit-t.build/Objects-normal/arm64/PathKit-Swift.h -working-directory /Users/admin/builder/spi-builder-workspace/.swiftpm/xcode -experimental-emit-module-separately -disable-cmo
SwiftDriverJobDiscovery normal arm64 Emitting module for Codability (in target 'Codability' from project 'Codability')
SwiftDriver\ Compilation\ Requirements Codability normal arm64 com.apple.xcode.tools.swift.compiler (in target 'Codability' from project 'Codability')
cd /Users/admin/builder/spi-builder-workspace/.swiftpm/xcode
builtin-Swift-Compilation-Requirements -- /Applications/Xcode-27.0.0-Release.Candidate.app/Contents/Developer/Toolchains/XcodeDefault.xctoolchain/usr/bin/swiftc -parse-as-library -module-name Codability -Onone @/Users/admin/builder/spi-builder-workspace/.derivedData/Build/Intermediates.noindex/Codability.build/Debug-xros/Codability-t.build/Objects-normal/arm64/Codability.SwiftFileList -DSWIFT_PACKAGE -DDEBUG -DSWIFT_MODULE_RESOURCE_BUNDLE_UNAVAILABLE -DXcode -plugin-path /Applications/Xcode-27.0.0-Release.Candidate.app/Contents/Developer/Toolchains/XcodeDefault.xctoolchain/usr/lib/swift/host/plugins/testing -enable-experimental-feature DebugDescriptionMacro -sdk /Applications/Xcode-27.0.0-Release.Candidate.app/Contents/Developer/Platforms/XROS.platform/Developer/SDKs/XROS27.0.sdk -target arm64-apple-xros1.0 -g -module-cache-path /Users/admin/builder/spi-builder-workspace/.derivedData/ModuleCache.noindex -Xfrontend -serialize-debugging-options -profile-coverage-mapping -profile-generate -enable-testing -suppress-warnings -index-store-path /Users/admin/builder/spi-builder-workspace/.derivedData/Index.noindex/DataStore -Xcc -D_LIBCPP_HARDENING_MODE\=_LIBCPP_HARDENING_MODE_DEBUG -swift-version 4 -I /Users/admin/builder/spi-builder-workspace/.derivedData/Build/Products/Debug-xros -Isystem /Applications/Xcode-27.0.0-Release.Candidate.app/Contents/Developer/Platforms/XROS.platform/Developer/usr/lib -F /Users/admin/builder/spi-builder-workspace/.derivedData/Build/Products/Debug-xros -F /Applications/Xcode-27.0.0-Release.Candidate.app/Contents/Developer/Platforms/XROS.platform/Developer/Library/Frameworks -F /Applications/Xcode-27.0.0-Release.Candidate.app/Contents/Developer/Platforms/XROS.platform/Developer/SDKs/XROS27.0.sdk/Developer/Library/Frameworks -c -j10 -enable-batch-mode -incremental -Xcc -ivfsstatcache -Xcc /Users/admin/builder/spi-builder-workspace/.derivedData/SDKStatCaches.noindex/xros27.0-24M361-e829b21a6f8c9b70876ba0858053c044735bd543db762f57723cac368afd1ce4.sdkstatcache -output-file-map /Users/admin/builder/spi-builder-workspace/.derivedData/Build/Intermediates.noindex/Codability.build/Debug-xros/Codability-t.build/Objects-normal/arm64/Codability-OutputFileMap.json -save-temps -no-color-diagnostics -emit-dependencies -emit-module -emit-module-path /Users/admin/builder/spi-builder-workspace/.derivedData/Build/Intermediates.noindex/Codability.build/Debug-xros/Codability-t.build/Objects-normal/arm64/Codability.swiftmodule -serialize-diagnostics -validate-clang-modules-once -clang-build-session-file /Users/admin/builder/spi-builder-workspace/.derivedData/ModuleCache.noindex/Session.modulevalidation -Xcc -fmodules-prune-interval\=86400 -Xcc -fmodules-prune-after\=345600 -emit-const-values -const-gather-protocols-list /Users/admin/builder/spi-builder-workspace/.derivedData/Build/Intermediates.noindex/Codability.build/Debug-xros/Codability-t.build/Objects-normal/arm64/Codability_const_extract_protocols.json -Xcc -I/Users/admin/builder/spi-builder-workspace/.derivedData/Build/Products/Debug-xros/include -Xcc -I/Users/admin/builder/spi-builder-workspace/.derivedData/Build/Intermediates.noindex/Codability.build/Debug-xros/Codability-t.build/DerivedSources-normal/arm64 -Xcc -I/Users/admin/builder/spi-builder-workspace/.derivedData/Build/Intermediates.noindex/Codability.build/Debug-xros/Codability-t.build/DerivedSources/arm64 -Xcc -I/Users/admin/builder/spi-builder-workspace/.derivedData/Build/Intermediates.noindex/Codability.build/Debug-xros/Codability-t.build/DerivedSources -Xcc -DSWIFT_PACKAGE -Xcc -DDEBUG\=1 -emit-objc-header -emit-objc-header-path /Users/admin/builder/spi-builder-workspace/.derivedData/Build/Intermediates.noindex/Codability.build/Debug-xros/Codability-t.build/Objects-normal/arm64/Codability-Swift.h -working-directory /Users/admin/builder/spi-builder-workspace/.swiftpm/xcode -experimental-emit-module-separately -disable-cmo
SwiftMergeGeneratedHeaders /Users/admin/builder/spi-builder-workspace/.derivedData/Build/Intermediates.noindex/GeneratedModuleMaps-xros/PathKit-Swift.h /Users/admin/builder/spi-builder-workspace/.derivedData/Build/Intermediates.noindex/PathKit.build/Debug-xros/PathKit-t.build/Objects-normal/arm64/PathKit-Swift.h (in target 'PathKit' from project 'PathKit')
cd /Users/admin/builder/spi-builder-workspace/.dependencies/checkouts/PathKit
builtin-swiftHeaderTool -arch arm64 /Users/admin/builder/spi-builder-workspace/.derivedData/Build/Intermediates.noindex/PathKit.build/Debug-xros/PathKit-t.build/Objects-normal/arm64/PathKit-Swift.h -o /Users/admin/builder/spi-builder-workspace/.derivedData/Build/Intermediates.noindex/GeneratedModuleMaps-xros/PathKit-Swift.h
Copy /Users/admin/builder/spi-builder-workspace/.derivedData/Build/Products/Debug-xros/PathKit.swiftmodule/arm64-apple-xros.swiftmodule /Users/admin/builder/spi-builder-workspace/.derivedData/Build/Intermediates.noindex/PathKit.build/Debug-xros/PathKit-t.build/Objects-normal/arm64/PathKit.swiftmodule (in target 'PathKit' from project 'PathKit')
cd /Users/admin/builder/spi-builder-workspace/.dependencies/checkouts/PathKit
builtin-copy -exclude .DS_Store -exclude CVS -exclude .svn -exclude .git -exclude .hg -resolve-src-symlinks -rename /Users/admin/builder/spi-builder-workspace/.derivedData/Build/Intermediates.noindex/PathKit.build/Debug-xros/PathKit-t.build/Objects-normal/arm64/PathKit.swiftmodule /Users/admin/builder/spi-builder-workspace/.derivedData/Build/Products/Debug-xros/PathKit.swiftmodule/arm64-apple-xros.swiftmodule
Copy /Users/admin/builder/spi-builder-workspace/.derivedData/Build/Products/Debug-xros/PathKit.swiftmodule/arm64-apple-xros.swiftdoc /Users/admin/builder/spi-builder-workspace/.derivedData/Build/Intermediates.noindex/PathKit.build/Debug-xros/PathKit-t.build/Objects-normal/arm64/PathKit.swiftdoc (in target 'PathKit' from project 'PathKit')
cd /Users/admin/builder/spi-builder-workspace/.dependencies/checkouts/PathKit
builtin-copy -exclude .DS_Store -exclude CVS -exclude .svn -exclude .git -exclude .hg -resolve-src-symlinks -rename /Users/admin/builder/spi-builder-workspace/.derivedData/Build/Intermediates.noindex/PathKit.build/Debug-xros/PathKit-t.build/Objects-normal/arm64/PathKit.swiftdoc /Users/admin/builder/spi-builder-workspace/.derivedData/Build/Products/Debug-xros/PathKit.swiftmodule/arm64-apple-xros.swiftdoc
Copy /Users/admin/builder/spi-builder-workspace/.derivedData/Build/Products/Debug-xros/PathKit.swiftmodule/arm64-apple-xros.abi.json /Users/admin/builder/spi-builder-workspace/.derivedData/Build/Intermediates.noindex/PathKit.build/Debug-xros/PathKit-t.build/Objects-normal/arm64/PathKit.abi.json (in target 'PathKit' from project 'PathKit')
cd /Users/admin/builder/spi-builder-workspace/.dependencies/checkouts/PathKit
builtin-copy -exclude .DS_Store -exclude CVS -exclude .svn -exclude .git -exclude .hg -resolve-src-symlinks -rename /Users/admin/builder/spi-builder-workspace/.derivedData/Build/Intermediates.noindex/PathKit.build/Debug-xros/PathKit-t.build/Objects-normal/arm64/PathKit.abi.json /Users/admin/builder/spi-builder-workspace/.derivedData/Build/Products/Debug-xros/PathKit.swiftmodule/arm64-apple-xros.abi.json
Copy /Users/admin/builder/spi-builder-workspace/.derivedData/Build/Products/Debug-xros/PathKit.swiftmodule/Project/arm64-apple-xros.swiftsourceinfo /Users/admin/builder/spi-builder-workspace/.derivedData/Build/Intermediates.noindex/PathKit.build/Debug-xros/PathKit-t.build/Objects-normal/arm64/PathKit.swiftsourceinfo (in target 'PathKit' from project 'PathKit')
cd /Users/admin/builder/spi-builder-workspace/.dependencies/checkouts/PathKit
builtin-copy -exclude .DS_Store -exclude CVS -exclude .svn -exclude .git -exclude .hg -resolve-src-symlinks -rename /Users/admin/builder/spi-builder-workspace/.derivedData/Build/Intermediates.noindex/PathKit.build/Debug-xros/PathKit-t.build/Objects-normal/arm64/PathKit.swiftsourceinfo /Users/admin/builder/spi-builder-workspace/.derivedData/Build/Products/Debug-xros/PathKit.swiftmodule/Project/arm64-apple-xros.swiftsourceinfo
SwiftMergeGeneratedHeaders /Users/admin/builder/spi-builder-workspace/.derivedData/Build/Intermediates.noindex/GeneratedModuleMaps-xros/Codability-Swift.h /Users/admin/builder/spi-builder-workspace/.derivedData/Build/Intermediates.noindex/Codability.build/Debug-xros/Codability-t.build/Objects-normal/arm64/Codability-Swift.h (in target 'Codability' from project 'Codability')
cd /Users/admin/builder/spi-builder-workspace/.dependencies/checkouts/Codability
builtin-swiftHeaderTool -arch arm64 /Users/admin/builder/spi-builder-workspace/.derivedData/Build/Intermediates.noindex/Codability.build/Debug-xros/Codability-t.build/Objects-normal/arm64/Codability-Swift.h -o /Users/admin/builder/spi-builder-workspace/.derivedData/Build/Intermediates.noindex/GeneratedModuleMaps-xros/Codability-Swift.h
Copy /Users/admin/builder/spi-builder-workspace/.derivedData/Build/Products/Debug-xros/Codability.swiftmodule/arm64-apple-xros.swiftmodule /Users/admin/builder/spi-builder-workspace/.derivedData/Build/Intermediates.noindex/Codability.build/Debug-xros/Codability-t.build/Objects-normal/arm64/Codability.swiftmodule (in target 'Codability' from project 'Codability')
cd /Users/admin/builder/spi-builder-workspace/.dependencies/checkouts/Codability
builtin-copy -exclude .DS_Store -exclude CVS -exclude .svn -exclude .git -exclude .hg -resolve-src-symlinks -rename /Users/admin/builder/spi-builder-workspace/.derivedData/Build/Intermediates.noindex/Codability.build/Debug-xros/Codability-t.build/Objects-normal/arm64/Codability.swiftmodule /Users/admin/builder/spi-builder-workspace/.derivedData/Build/Products/Debug-xros/Codability.swiftmodule/arm64-apple-xros.swiftmodule
Copy /Users/admin/builder/spi-builder-workspace/.derivedData/Build/Products/Debug-xros/Codability.swiftmodule/arm64-apple-xros.swiftdoc /Users/admin/builder/spi-builder-workspace/.derivedData/Build/Intermediates.noindex/Codability.build/Debug-xros/Codability-t.build/Objects-normal/arm64/Codability.swiftdoc (in target 'Codability' from project 'Codability')
cd /Users/admin/builder/spi-builder-workspace/.dependencies/checkouts/Codability
builtin-copy -exclude .DS_Store -exclude CVS -exclude .svn -exclude .git -exclude .hg -resolve-src-symlinks -rename /Users/admin/builder/spi-builder-workspace/.derivedData/Build/Intermediates.noindex/Codability.build/Debug-xros/Codability-t.build/Objects-normal/arm64/Codability.swiftdoc /Users/admin/builder/spi-builder-workspace/.derivedData/Build/Products/Debug-xros/Codability.swiftmodule/arm64-apple-xros.swiftdoc
Copy /Users/admin/builder/spi-builder-workspace/.derivedData/Build/Products/Debug-xros/Codability.swiftmodule/arm64-apple-xros.abi.json /Users/admin/builder/spi-builder-workspace/.derivedData/Build/Intermediates.noindex/Codability.build/Debug-xros/Codability-t.build/Objects-normal/arm64/Codability.abi.json (in target 'Codability' from project 'Codability')
cd /Users/admin/builder/spi-builder-workspace/.dependencies/checkouts/Codability
builtin-copy -exclude .DS_Store -exclude CVS -exclude .svn -exclude .git -exclude .hg -resolve-src-symlinks -rename /Users/admin/builder/spi-builder-workspace/.derivedData/Build/Intermediates.noindex/Codability.build/Debug-xros/Codability-t.build/Objects-normal/arm64/Codability.abi.json /Users/admin/builder/spi-builder-workspace/.derivedData/Build/Products/Debug-xros/Codability.swiftmodule/arm64-apple-xros.abi.json
Copy /Users/admin/builder/spi-builder-workspace/.derivedData/Build/Products/Debug-xros/Codability.swiftmodule/Project/arm64-apple-xros.swiftsourceinfo /Users/admin/builder/spi-builder-workspace/.derivedData/Build/Intermediates.noindex/Codability.build/Debug-xros/Codability-t.build/Objects-normal/arm64/Codability.swiftsourceinfo (in target 'Codability' from project 'Codability')
cd /Users/admin/builder/spi-builder-workspace/.dependencies/checkouts/Codability
builtin-copy -exclude .DS_Store -exclude CVS -exclude .svn -exclude .git -exclude .hg -resolve-src-symlinks -rename /Users/admin/builder/spi-builder-workspace/.derivedData/Build/Intermediates.noindex/Codability.build/Debug-xros/Codability-t.build/Objects-normal/arm64/Codability.swiftsourceinfo /Users/admin/builder/spi-builder-workspace/.derivedData/Build/Products/Debug-xros/Codability.swiftmodule/Project/arm64-apple-xros.swiftsourceinfo
SwiftCompile normal arm64 Compiling\ Rainbow.swift /Users/admin/builder/spi-builder-workspace/.dependencies/checkouts/Rainbow/Sources/Rainbow.swift (in target 'Rainbow' from project 'Rainbow')
SwiftCompile normal arm64 /Users/admin/builder/spi-builder-workspace/.dependencies/checkouts/Rainbow/Sources/Rainbow.swift (in target 'Rainbow' from project 'Rainbow')
cd /Users/admin/builder/spi-builder-workspace/.swiftpm/xcode
builtin-SwiftPerFileCompile Rainbow.swift
SwiftCompile normal arm64 Compiling\ XcodeColorsSupport.swift /Users/admin/builder/spi-builder-workspace/.dependencies/checkouts/Rainbow/Sources/XcodeColorsSupport.swift (in target 'Rainbow' from project 'Rainbow')
SwiftCompile normal arm64 /Users/admin/builder/spi-builder-workspace/.dependencies/checkouts/Rainbow/Sources/XcodeColorsSupport.swift (in target 'Rainbow' from project 'Rainbow')
cd /Users/admin/builder/spi-builder-workspace/.swiftpm/xcode
builtin-SwiftPerFileCompile XcodeColorsSupport.swift
SwiftExplicitDependencyGeneratePcm arm64 /Users/admin/builder/spi-builder-workspace/.derivedData/SDKExplicitPrecompiledModules/_Builtin_limits-425JDMN5HPM3D0UEI8LEHP6NM.pcm
SwiftDriverJobDiscovery normal arm64 Emitting module for Rainbow (in target 'Rainbow' from project 'Rainbow')
SwiftDriver\ Compilation\ Requirements Rainbow normal arm64 com.apple.xcode.tools.swift.compiler (in target 'Rainbow' from project 'Rainbow')
cd /Users/admin/builder/spi-builder-workspace/.swiftpm/xcode
builtin-Swift-Compilation-Requirements -- /Applications/Xcode-27.0.0-Release.Candidate.app/Contents/Developer/Toolchains/XcodeDefault.xctoolchain/usr/bin/swiftc -parse-as-library -module-name Rainbow -Onone @/Users/admin/builder/spi-builder-workspace/.derivedData/Build/Intermediates.noindex/Rainbow.build/Debug-xros/Rainbow-t.build/Objects-normal/arm64/Rainbow.SwiftFileList -DSWIFT_PACKAGE -DDEBUG -DSWIFT_MODULE_RESOURCE_BUNDLE_UNAVAILABLE -DXcode -plugin-path /Applications/Xcode-27.0.0-Release.Candidate.app/Contents/Developer/Toolchains/XcodeDefault.xctoolchain/usr/lib/swift/host/plugins/testing -enable-experimental-feature DebugDescriptionMacro -sdk /Applications/Xcode-27.0.0-Release.Candidate.app/Contents/Developer/Platforms/XROS.platform/Developer/SDKs/XROS27.0.sdk -target arm64-apple-xros1.0 -g -module-cache-path /Users/admin/builder/spi-builder-workspace/.derivedData/ModuleCache.noindex -Xfrontend -serialize-debugging-options -profile-coverage-mapping -profile-generate -enable-testing -suppress-warnings -index-store-path /Users/admin/builder/spi-builder-workspace/.derivedData/Index.noindex/DataStore -Xcc -D_LIBCPP_HARDENING_MODE\=_LIBCPP_HARDENING_MODE_DEBUG -swift-version 4 -I /Users/admin/builder/spi-builder-workspace/.derivedData/Build/Products/Debug-xros -Isystem /Applications/Xcode-27.0.0-Release.Candidate.app/Contents/Developer/Platforms/XROS.platform/Developer/usr/lib -F /Users/admin/builder/spi-builder-workspace/.derivedData/Build/Products/Debug-xros -F /Applications/Xcode-27.0.0-Release.Candidate.app/Contents/Developer/Platforms/XROS.platform/Developer/Library/Frameworks -F /Applications/Xcode-27.0.0-Release.Candidate.app/Contents/Developer/Platforms/XROS.platform/Developer/SDKs/XROS27.0.sdk/Developer/Library/Frameworks -c -j10 -enable-batch-mode -incremental -Xcc -ivfsstatcache -Xcc /Users/admin/builder/spi-builder-workspace/.derivedData/SDKStatCaches.noindex/xros27.0-24M361-e829b21a6f8c9b70876ba0858053c044735bd543db762f57723cac368afd1ce4.sdkstatcache -output-file-map /Users/admin/builder/spi-builder-workspace/.derivedData/Build/Intermediates.noindex/Rainbow.build/Debug-xros/Rainbow-t.build/Objects-normal/arm64/Rainbow-OutputFileMap.json -save-temps -no-color-diagnostics -emit-dependencies -emit-module -emit-module-path /Users/admin/builder/spi-builder-workspace/.derivedData/Build/Intermediates.noindex/Rainbow.build/Debug-xros/Rainbow-t.build/Objects-normal/arm64/Rainbow.swiftmodule -serialize-diagnostics -validate-clang-modules-once -clang-build-session-file /Users/admin/builder/spi-builder-workspace/.derivedData/ModuleCache.noindex/Session.modulevalidation -Xcc -fmodules-prune-interval\=86400 -Xcc -fmodules-prune-after\=345600 -emit-const-values -const-gather-protocols-list /Users/admin/builder/spi-builder-workspace/.derivedData/Build/Intermediates.noindex/Rainbow.build/Debug-xros/Rainbow-t.build/Objects-normal/arm64/Rainbow_const_extract_protocols.json -Xcc -I/Users/admin/builder/spi-builder-workspace/.derivedData/Build/Products/Debug-xros/include -Xcc -I/Users/admin/builder/spi-builder-workspace/.derivedData/Build/Intermediates.noindex/Rainbow.build/Debug-xros/Rainbow-t.build/DerivedSources-normal/arm64 -Xcc -I/Users/admin/builder/spi-builder-workspace/.derivedData/Build/Intermediates.noindex/Rainbow.build/Debug-xros/Rainbow-t.build/DerivedSources/arm64 -Xcc -I/Users/admin/builder/spi-builder-workspace/.derivedData/Build/Intermediates.noindex/Rainbow.build/Debug-xros/Rainbow-t.build/DerivedSources -Xcc -DSWIFT_PACKAGE -Xcc -DDEBUG\=1 -emit-objc-header -emit-objc-header-path /Users/admin/builder/spi-builder-workspace/.derivedData/Build/Intermediates.noindex/Rainbow.build/Debug-xros/Rainbow-t.build/Objects-normal/arm64/Rainbow-Swift.h -working-directory /Users/admin/builder/spi-builder-workspace/.swiftpm/xcode -experimental-emit-module-separately -disable-cmo
SwiftExplicitDependencyGeneratePcm arm64 /Users/admin/builder/spi-builder-workspace/.derivedData/SDKExplicitPrecompiledModules/_DarwinFoundation2-ENTECK156YEWITZRRBTOCE4KR.pcm
SwiftMergeGeneratedHeaders /Users/admin/builder/spi-builder-workspace/.derivedData/Build/Intermediates.noindex/GeneratedModuleMaps-xros/Rainbow-Swift.h /Users/admin/builder/spi-builder-workspace/.derivedData/Build/Intermediates.noindex/Rainbow.build/Debug-xros/Rainbow-t.build/Objects-normal/arm64/Rainbow-Swift.h (in target 'Rainbow' from project 'Rainbow')
cd /Users/admin/builder/spi-builder-workspace/.dependencies/checkouts/Rainbow
builtin-swiftHeaderTool -arch arm64 /Users/admin/builder/spi-builder-workspace/.derivedData/Build/Intermediates.noindex/Rainbow.build/Debug-xros/Rainbow-t.build/Objects-normal/arm64/Rainbow-Swift.h -o /Users/admin/builder/spi-builder-workspace/.derivedData/Build/Intermediates.noindex/GeneratedModuleMaps-xros/Rainbow-Swift.h
Copy /Users/admin/builder/spi-builder-workspace/.derivedData/Build/Products/Debug-xros/Rainbow.swiftmodule/arm64-apple-xros.swiftmodule /Users/admin/builder/spi-builder-workspace/.derivedData/Build/Intermediates.noindex/Rainbow.build/Debug-xros/Rainbow-t.build/Objects-normal/arm64/Rainbow.swiftmodule (in target 'Rainbow' from project 'Rainbow')
cd /Users/admin/builder/spi-builder-workspace/.dependencies/checkouts/Rainbow
builtin-copy -exclude .DS_Store -exclude CVS -exclude .svn -exclude .git -exclude .hg -resolve-src-symlinks -rename /Users/admin/builder/spi-builder-workspace/.derivedData/Build/Intermediates.noindex/Rainbow.build/Debug-xros/Rainbow-t.build/Objects-normal/arm64/Rainbow.swiftmodule /Users/admin/builder/spi-builder-workspace/.derivedData/Build/Products/Debug-xros/Rainbow.swiftmodule/arm64-apple-xros.swiftmodule
Copy /Users/admin/builder/spi-builder-workspace/.derivedData/Build/Products/Debug-xros/Rainbow.swiftmodule/arm64-apple-xros.swiftdoc /Users/admin/builder/spi-builder-workspace/.derivedData/Build/Intermediates.noindex/Rainbow.build/Debug-xros/Rainbow-t.build/Objects-normal/arm64/Rainbow.swiftdoc (in target 'Rainbow' from project 'Rainbow')
cd /Users/admin/builder/spi-builder-workspace/.dependencies/checkouts/Rainbow
builtin-copy -exclude .DS_Store -exclude CVS -exclude .svn -exclude .git -exclude .hg -resolve-src-symlinks -rename /Users/admin/builder/spi-builder-workspace/.derivedData/Build/Intermediates.noindex/Rainbow.build/Debug-xros/Rainbow-t.build/Objects-normal/arm64/Rainbow.swiftdoc /Users/admin/builder/spi-builder-workspace/.derivedData/Build/Products/Debug-xros/Rainbow.swiftmodule/arm64-apple-xros.swiftdoc
Copy /Users/admin/builder/spi-builder-workspace/.derivedData/Build/Products/Debug-xros/Rainbow.swiftmodule/arm64-apple-xros.abi.json /Users/admin/builder/spi-builder-workspace/.derivedData/Build/Intermediates.noindex/Rainbow.build/Debug-xros/Rainbow-t.build/Objects-normal/arm64/Rainbow.abi.json (in target 'Rainbow' from project 'Rainbow')
cd /Users/admin/builder/spi-builder-workspace/.dependencies/checkouts/Rainbow
builtin-copy -exclude .DS_Store -exclude CVS -exclude .svn -exclude .git -exclude .hg -resolve-src-symlinks -rename /Users/admin/builder/spi-builder-workspace/.derivedData/Build/Intermediates.noindex/Rainbow.build/Debug-xros/Rainbow-t.build/Objects-normal/arm64/Rainbow.abi.json /Users/admin/builder/spi-builder-workspace/.derivedData/Build/Products/Debug-xros/Rainbow.swiftmodule/arm64-apple-xros.abi.json
Copy /Users/admin/builder/spi-builder-workspace/.derivedData/Build/Products/Debug-xros/Rainbow.swiftmodule/Project/arm64-apple-xros.swiftsourceinfo /Users/admin/builder/spi-builder-workspace/.derivedData/Build/Intermediates.noindex/Rainbow.build/Debug-xros/Rainbow-t.build/Objects-normal/arm64/Rainbow.swiftsourceinfo (in target 'Rainbow' from project 'Rainbow')
cd /Users/admin/builder/spi-builder-workspace/.dependencies/checkouts/Rainbow
builtin-copy -exclude .DS_Store -exclude CVS -exclude .svn -exclude .git -exclude .hg -resolve-src-symlinks -rename /Users/admin/builder/spi-builder-workspace/.derivedData/Build/Intermediates.noindex/Rainbow.build/Debug-xros/Rainbow-t.build/Objects-normal/arm64/Rainbow.swiftsourceinfo /Users/admin/builder/spi-builder-workspace/.derivedData/Build/Products/Debug-xros/Rainbow.swiftmodule/Project/arm64-apple-xros.swiftsourceinfo
SwiftExplicitDependencyGeneratePcm arm64 /Users/admin/builder/spi-builder-workspace/.derivedData/SDKExplicitPrecompiledModules/_Builtin_stdint-8OR6T47OOYJA90ZBO3N1USDE.pcm
SwiftExplicitDependencyGeneratePcm arm64 /Users/admin/builder/spi-builder-workspace/.derivedData/SDKExplicitPrecompiledModules/sys_types-AYM0BHR77VKMWZCO2T0XGV2HF.pcm
SwiftDriverJobDiscovery normal arm64 Compiling Style.swift (in target 'Rainbow' from project 'Rainbow')
SwiftExplicitDependencyGeneratePcm arm64 /Users/admin/builder/spi-builder-workspace/.derivedData/SDKExplicitPrecompiledModules/string_h-2GT67HHHHK5CF1V1S31LH0PU2.pcm
SwiftDriverJobDiscovery normal arm64 Compiling ControlCode.swift (in target 'Rainbow' from project 'Rainbow')
SwiftCompile normal arm64 Compiling\ OutputTarget.swift /Users/admin/builder/spi-builder-workspace/.dependencies/checkouts/Rainbow/Sources/OutputTarget.swift (in target 'Rainbow' from project 'Rainbow')
SwiftCompile normal arm64 /Users/admin/builder/spi-builder-workspace/.dependencies/checkouts/Rainbow/Sources/OutputTarget.swift (in target 'Rainbow' from project 'Rainbow')
cd /Users/admin/builder/spi-builder-workspace/.swiftpm/xcode
builtin-SwiftPerFileCompile OutputTarget.swift
SwiftDriverJobDiscovery normal arm64 Compiling Color.swift (in target 'Rainbow' from project 'Rainbow')
SwiftDriverJobDiscovery normal arm64 Compiling StringGenerator.swift (in target 'Rainbow' from project 'Rainbow')
SwiftCompile normal arm64 Compiling\ BackgroundColor.swift,\ CodesParser.swift /Users/admin/builder/spi-builder-workspace/.dependencies/checkouts/Rainbow/Sources/BackgroundColor.swift /Users/admin/builder/spi-builder-workspace/.dependencies/checkouts/Rainbow/Sources/CodesParser.swift (in target 'Rainbow' from project 'Rainbow')
SwiftCompile normal arm64 /Users/admin/builder/spi-builder-workspace/.dependencies/checkouts/Rainbow/Sources/BackgroundColor.swift (in target 'Rainbow' from project 'Rainbow')
cd /Users/admin/builder/spi-builder-workspace/.swiftpm/xcode
builtin-SwiftPerFileCompile BackgroundColor.swift
SwiftCompile normal arm64 /Users/admin/builder/spi-builder-workspace/.dependencies/checkouts/Rainbow/Sources/CodesParser.swift (in target 'Rainbow' from project 'Rainbow')
cd /Users/admin/builder/spi-builder-workspace/.swiftpm/xcode
builtin-SwiftPerFileCompile CodesParser.swift
SwiftDriverJobDiscovery normal arm64 Compiling ModesExtractor.swift (in target 'Rainbow' from project 'Rainbow')
SwiftCompile normal arm64 Compiling\ AnyCodable.swift /Users/admin/builder/spi-builder-workspace/.dependencies/checkouts/Codability/Sources/Codability/AnyCodable.swift (in target 'Codability' from project 'Codability')
SwiftCompile normal arm64 /Users/admin/builder/spi-builder-workspace/.dependencies/checkouts/Codability/Sources/Codability/AnyCodable.swift (in target 'Codability' from project 'Codability')
cd /Users/admin/builder/spi-builder-workspace/.swiftpm/xcode
builtin-SwiftPerFileCompile AnyCodable.swift
SwiftDriverJobDiscovery normal arm64 Compiling String+Rainbow.swift (in target 'Rainbow' from project 'Rainbow')
SwiftCompile normal arm64 Compiling\ GenericDecodingContainer.swift /Users/admin/builder/spi-builder-workspace/.dependencies/checkouts/Codability/Sources/Codability/GenericDecodingContainer.swift (in target 'Codability' from project 'Codability')
SwiftCompile normal arm64 /Users/admin/builder/spi-builder-workspace/.dependencies/checkouts/Codability/Sources/Codability/GenericDecodingContainer.swift (in target 'Codability' from project 'Codability')
cd /Users/admin/builder/spi-builder-workspace/.swiftpm/xcode
builtin-SwiftPerFileCompile GenericDecodingContainer.swift
SwiftExplicitDependencyGeneratePcm arm64 /Users/admin/builder/spi-builder-workspace/.derivedData/SDKExplicitPrecompiledModules/_DarwinFoundation3-9ZHN6JKBS40BBA81RQMV8H0IC.pcm
SwiftCompile normal arm64 Compiling\ KeyedDecodingContainer+Any.swift /Users/admin/builder/spi-builder-workspace/.dependencies/checkouts/Codability/Sources/Codability/KeyedDecodingContainer+Any.swift (in target 'Codability' from project 'Codability')
SwiftCompile normal arm64 /Users/admin/builder/spi-builder-workspace/.dependencies/checkouts/Codability/Sources/Codability/KeyedDecodingContainer+Any.swift (in target 'Codability' from project 'Codability')
cd /Users/admin/builder/spi-builder-workspace/.swiftpm/xcode
builtin-SwiftPerFileCompile KeyedDecodingContainer+Any.swift
SwiftCompile normal arm64 Compiling\ KeyedEncodingContainer+Any.swift /Users/admin/builder/spi-builder-workspace/.dependencies/checkouts/Codability/Sources/Codability/KeyedEncodingContainer+Any.swift (in target 'Codability' from project 'Codability')
SwiftCompile normal arm64 /Users/admin/builder/spi-builder-workspace/.dependencies/checkouts/Codability/Sources/Codability/KeyedEncodingContainer+Any.swift (in target 'Codability' from project 'Codability')
cd /Users/admin/builder/spi-builder-workspace/.swiftpm/xcode
builtin-SwiftPerFileCompile KeyedEncodingContainer+Any.swift
SwiftCompile normal arm64 Compiling\ InvalidElementStrategy.swift /Users/admin/builder/spi-builder-workspace/.dependencies/checkouts/Codability/Sources/Codability/InvalidElementStrategy.swift (in target 'Codability' from project 'Codability')
SwiftCompile normal arm64 /Users/admin/builder/spi-builder-workspace/.dependencies/checkouts/Codability/Sources/Codability/InvalidElementStrategy.swift (in target 'Codability' from project 'Codability')
cd /Users/admin/builder/spi-builder-workspace/.swiftpm/xcode
builtin-SwiftPerFileCompile InvalidElementStrategy.swift
SwiftDriverJobDiscovery normal arm64 Compiling XcodeColorsSupport.swift (in target 'Rainbow' from project 'Rainbow')
SwiftCompile normal arm64 Compiling\ RawCodingKey.swift /Users/admin/builder/spi-builder-workspace/.dependencies/checkouts/Codability/Sources/Codability/RawCodingKey.swift (in target 'Codability' from project 'Codability')
SwiftCompile normal arm64 /Users/admin/builder/spi-builder-workspace/.dependencies/checkouts/Codability/Sources/Codability/RawCodingKey.swift (in target 'Codability' from project 'Codability')
cd /Users/admin/builder/spi-builder-workspace/.swiftpm/xcode
builtin-SwiftPerFileCompile RawCodingKey.swift
SwiftExplicitDependencyGeneratePcm arm64 /Users/admin/builder/spi-builder-workspace/.derivedData/SDKExplicitPrecompiledModules/_Builtin_inttypes-11B64KJD36B3YOHBR1BBXBJY8.pcm
SwiftDriverJobDiscovery normal arm64 Compiling BackgroundColor.swift, CodesParser.swift (in target 'Rainbow' from project 'Rainbow')
SwiftExplicitDependencyGeneratePcm arm64 /Users/admin/builder/spi-builder-workspace/.derivedData/Build/Intermediates.noindex/SwiftExplicitPrecompiledModules/CYaml-6L3T2MHRGRJV5KAODMKCKQ658.pcm
SwiftExplicitDependencyGeneratePcm arm64 /Users/admin/builder/spi-builder-workspace/.derivedData/SDKExplicitPrecompiledModules/Darwin-60P5LVNQO3ESRRM5DCJ05PFNK.pcm
SwiftEmitModule normal arm64 Emitting\ module\ for\ NetTime (in target 'NetTime' from project 'NetTime')
SwiftCompile normal arm64 (in target 'NetTime' from project 'NetTime')
cd /Users/admin/builder/spi-builder-workspace/.swiftpm/xcode
SwiftExplicitDependencyGeneratePcm arm64 /Users/admin/builder/spi-builder-workspace/.derivedData/SDKExplicitPrecompiledModules/ObjectiveC-26TIBFYCEJZVP216ZZAU1X8KN.pcm
SwiftDriverJobDiscovery normal arm64 Emitting module for NetTime (in target 'NetTime' from project 'NetTime')
SwiftDriver\ Compilation\ Requirements NetTime normal arm64 com.apple.xcode.tools.swift.compiler (in target 'NetTime' from project 'NetTime')
cd /Users/admin/builder/spi-builder-workspace/.swiftpm/xcode
builtin-Swift-Compilation-Requirements -- /Applications/Xcode-27.0.0-Release.Candidate.app/Contents/Developer/Toolchains/XcodeDefault.xctoolchain/usr/bin/swiftc -parse-as-library -module-name NetTime -Onone @/Users/admin/builder/spi-builder-workspace/.derivedData/Build/Intermediates.noindex/NetTime.build/Debug-xros/NetTime-t.build/Objects-normal/arm64/NetTime.SwiftFileList -DSWIFT_PACKAGE -DDEBUG -DSWIFT_MODULE_RESOURCE_BUNDLE_UNAVAILABLE -DXcode -plugin-path /Applications/Xcode-27.0.0-Release.Candidate.app/Contents/Developer/Toolchains/XcodeDefault.xctoolchain/usr/lib/swift/host/plugins/testing -enable-experimental-feature DebugDescriptionMacro -sdk /Applications/Xcode-27.0.0-Release.Candidate.app/Contents/Developer/Platforms/XROS.platform/Developer/SDKs/XROS27.0.sdk -target arm64-apple-xros1.0 -g -module-cache-path /Users/admin/builder/spi-builder-workspace/.derivedData/ModuleCache.noindex -Xfrontend -serialize-debugging-options -profile-coverage-mapping -profile-generate -enable-testing -suppress-warnings -index-store-path /Users/admin/builder/spi-builder-workspace/.derivedData/Index.noindex/DataStore -Xcc -D_LIBCPP_HARDENING_MODE\=_LIBCPP_HARDENING_MODE_DEBUG -swift-version 5 -I /Users/admin/builder/spi-builder-workspace/.derivedData/Build/Products/Debug-xros -Isystem /Applications/Xcode-27.0.0-Release.Candidate.app/Contents/Developer/Platforms/XROS.platform/Developer/usr/lib -F /Users/admin/builder/spi-builder-workspace/.derivedData/Build/Products/Debug-xros -F /Applications/Xcode-27.0.0-Release.Candidate.app/Contents/Developer/Platforms/XROS.platform/Developer/Library/Frameworks -F /Applications/Xcode-27.0.0-Release.Candidate.app/Contents/Developer/Platforms/XROS.platform/Developer/SDKs/XROS27.0.sdk/Developer/Library/Frameworks -c -j10 -enable-batch-mode -incremental -Xcc -ivfsstatcache -Xcc /Users/admin/builder/spi-builder-workspace/.derivedData/SDKStatCaches.noindex/xros27.0-24M361-e829b21a6f8c9b70876ba0858053c044735bd543db762f57723cac368afd1ce4.sdkstatcache -output-file-map /Users/admin/builder/spi-builder-workspace/.derivedData/Build/Intermediates.noindex/NetTime.build/Debug-xros/NetTime-t.build/Objects-normal/arm64/NetTime-OutputFileMap.json -save-temps -no-color-diagnostics -explicit-module-build -module-cache-path /Users/admin/builder/spi-builder-workspace/.derivedData/Build/Intermediates.noindex/SwiftExplicitPrecompiledModules -clang-scanner-module-cache-path /Users/admin/builder/spi-builder-workspace/.derivedData/ModuleCache.noindex -sdk-module-cache-path /Users/admin/builder/spi-builder-workspace/.derivedData/SDKExplicitPrecompiledModules -emit-dependencies -emit-module -emit-module-path /Users/admin/builder/spi-builder-workspace/.derivedData/Build/Intermediates.noindex/NetTime.build/Debug-xros/NetTime-t.build/Objects-normal/arm64/NetTime.swiftmodule -serialize-diagnostics -dependency-scan-serialize-diagnostics-path /Users/admin/builder/spi-builder-workspace/.derivedData/Build/Intermediates.noindex/NetTime.build/Debug-xros/NetTime-t.build/Objects-normal/arm64/NetTime-dependency-scan.dia -validate-clang-modules-once -clang-build-session-file /Users/admin/builder/spi-builder-workspace/.derivedData/ModuleCache.noindex/Session.modulevalidation -Xcc -fmodules-prune-interval\=86400 -Xcc -fmodules-prune-after\=345600 -emit-const-values -const-gather-protocols-list /Users/admin/builder/spi-builder-workspace/.derivedData/Build/Intermediates.noindex/NetTime.build/Debug-xros/NetTime-t.build/Objects-normal/arm64/NetTime_const_extract_protocols.json -Xcc -I/Users/admin/builder/spi-builder-workspace/.derivedData/Build/Products/Debug-xros/include -Xcc -I/Users/admin/builder/spi-builder-workspace/.derivedData/Build/Intermediates.noindex/NetTime.build/Debug-xros/NetTime-t.build/DerivedSources-normal/arm64 -Xcc -I/Users/admin/builder/spi-builder-workspace/.derivedData/Build/Intermediates.noindex/NetTime.build/Debug-xros/NetTime-t.build/DerivedSources/arm64 -Xcc -I/Users/admin/builder/spi-builder-workspace/.derivedData/Build/Intermediates.noindex/NetTime.build/Debug-xros/NetTime-t.build/DerivedSources -Xcc -DSWIFT_PACKAGE -Xcc -DDEBUG\=1 -emit-objc-header -emit-objc-header-path /Users/admin/builder/spi-builder-workspace/.derivedData/Build/Intermediates.noindex/NetTime.build/Debug-xros/NetTime-t.build/Objects-normal/arm64/NetTime-Swift.h -working-directory /Users/admin/builder/spi-builder-workspace/.swiftpm/xcode -experimental-emit-module-separately -disable-cmo
SwiftExplicitDependencyGeneratePcm arm64 /Users/admin/builder/spi-builder-workspace/.derivedData/SDKExplicitPrecompiledModules/os_object-692CJ8BG6RE5H04487EJJOVXW.pcm
SwiftMergeGeneratedHeaders /Users/admin/builder/spi-builder-workspace/.derivedData/Build/Intermediates.noindex/GeneratedModuleMaps-xros/NetTime-Swift.h /Users/admin/builder/spi-builder-workspace/.derivedData/Build/Intermediates.noindex/NetTime.build/Debug-xros/NetTime-t.build/Objects-normal/arm64/NetTime-Swift.h (in target 'NetTime' from project 'NetTime')
cd /Users/admin/builder/spi-builder-workspace/.dependencies/checkouts/NetTime
builtin-swiftHeaderTool -arch arm64 /Users/admin/builder/spi-builder-workspace/.derivedData/Build/Intermediates.noindex/NetTime.build/Debug-xros/NetTime-t.build/Objects-normal/arm64/NetTime-Swift.h -o /Users/admin/builder/spi-builder-workspace/.derivedData/Build/Intermediates.noindex/GeneratedModuleMaps-xros/NetTime-Swift.h
Copy /Users/admin/builder/spi-builder-workspace/.derivedData/Build/Products/Debug-xros/NetTime.swiftmodule/arm64-apple-xros.swiftmodule /Users/admin/builder/spi-builder-workspace/.derivedData/Build/Intermediates.noindex/NetTime.build/Debug-xros/NetTime-t.build/Objects-normal/arm64/NetTime.swiftmodule (in target 'NetTime' from project 'NetTime')
cd /Users/admin/builder/spi-builder-workspace/.dependencies/checkouts/NetTime
builtin-copy -exclude .DS_Store -exclude CVS -exclude .svn -exclude .git -exclude .hg -resolve-src-symlinks -rename /Users/admin/builder/spi-builder-workspace/.derivedData/Build/Intermediates.noindex/NetTime.build/Debug-xros/NetTime-t.build/Objects-normal/arm64/NetTime.swiftmodule /Users/admin/builder/spi-builder-workspace/.derivedData/Build/Products/Debug-xros/NetTime.swiftmodule/arm64-apple-xros.swiftmodule
Copy /Users/admin/builder/spi-builder-workspace/.derivedData/Build/Products/Debug-xros/NetTime.swiftmodule/arm64-apple-xros.swiftdoc /Users/admin/builder/spi-builder-workspace/.derivedData/Build/Intermediates.noindex/NetTime.build/Debug-xros/NetTime-t.build/Objects-normal/arm64/NetTime.swiftdoc (in target 'NetTime' from project 'NetTime')
cd /Users/admin/builder/spi-builder-workspace/.dependencies/checkouts/NetTime
builtin-copy -exclude .DS_Store -exclude CVS -exclude .svn -exclude .git -exclude .hg -resolve-src-symlinks -rename /Users/admin/builder/spi-builder-workspace/.derivedData/Build/Intermediates.noindex/NetTime.build/Debug-xros/NetTime-t.build/Objects-normal/arm64/NetTime.swiftdoc /Users/admin/builder/spi-builder-workspace/.derivedData/Build/Products/Debug-xros/NetTime.swiftmodule/arm64-apple-xros.swiftdoc
Copy /Users/admin/builder/spi-builder-workspace/.derivedData/Build/Products/Debug-xros/NetTime.swiftmodule/arm64-apple-xros.abi.json /Users/admin/builder/spi-builder-workspace/.derivedData/Build/Intermediates.noindex/NetTime.build/Debug-xros/NetTime-t.build/Objects-normal/arm64/NetTime.abi.json (in target 'NetTime' from project 'NetTime')
cd /Users/admin/builder/spi-builder-workspace/.dependencies/checkouts/NetTime
builtin-copy -exclude .DS_Store -exclude CVS -exclude .svn -exclude .git -exclude .hg -resolve-src-symlinks -rename /Users/admin/builder/spi-builder-workspace/.derivedData/Build/Intermediates.noindex/NetTime.build/Debug-xros/NetTime-t.build/Objects-normal/arm64/NetTime.abi.json /Users/admin/builder/spi-builder-workspace/.derivedData/Build/Products/Debug-xros/NetTime.swiftmodule/arm64-apple-xros.abi.json
Copy /Users/admin/builder/spi-builder-workspace/.derivedData/Build/Products/Debug-xros/NetTime.swiftmodule/Project/arm64-apple-xros.swiftsourceinfo /Users/admin/builder/spi-builder-workspace/.derivedData/Build/Intermediates.noindex/NetTime.build/Debug-xros/NetTime-t.build/Objects-normal/arm64/NetTime.swiftsourceinfo (in target 'NetTime' from project 'NetTime')
cd /Users/admin/builder/spi-builder-workspace/.dependencies/checkouts/NetTime
builtin-copy -exclude .DS_Store -exclude CVS -exclude .svn -exclude .git -exclude .hg -resolve-src-symlinks -rename /Users/admin/builder/spi-builder-workspace/.derivedData/Build/Intermediates.noindex/NetTime.build/Debug-xros/NetTime-t.build/Objects-normal/arm64/NetTime.swiftsourceinfo /Users/admin/builder/spi-builder-workspace/.derivedData/Build/Products/Debug-xros/NetTime.swiftmodule/Project/arm64-apple-xros.swiftsourceinfo
SwiftExplicitDependencyGeneratePcm arm64 /Users/admin/builder/spi-builder-workspace/.derivedData/SDKExplicitPrecompiledModules/os_workgroup-4U1VXMWIZD80E7PRUQF2G7P9X.pcm
SwiftCompile normal arm64 Compiling\ DateTimeRepresentable.swift /Users/admin/builder/spi-builder-workspace/.dependencies/checkouts/NetTime/Sources/NetTime/DateTimeRepresentable.swift (in target 'NetTime' from project 'NetTime')
SwiftCompile normal arm64 /Users/admin/builder/spi-builder-workspace/.dependencies/checkouts/NetTime/Sources/NetTime/DateTimeRepresentable.swift (in target 'NetTime' from project 'NetTime')
cd /Users/admin/builder/spi-builder-workspace/.swiftpm/xcode
builtin-SwiftPerFileCompile DateTimeRepresentable.swift
SwiftDriverJobDiscovery normal arm64 Compiling GenericDecodingContainer.swift (in target 'Codability' from project 'Codability')
SwiftCompile normal arm64 Compiling\ constants.swift /Users/admin/builder/spi-builder-workspace/.dependencies/checkouts/NetTime/Sources/NetTime/constants.swift (in target 'NetTime' from project 'NetTime')
SwiftCompile normal arm64 /Users/admin/builder/spi-builder-workspace/.dependencies/checkouts/NetTime/Sources/NetTime/constants.swift (in target 'NetTime' from project 'NetTime')
cd /Users/admin/builder/spi-builder-workspace/.swiftpm/xcode
builtin-SwiftPerFileCompile constants.swift
SwiftDriverJobDiscovery normal arm64 Compiling KeyedDecodingContainer+Any.swift (in target 'Codability' from project 'Codability')
SwiftCompile normal arm64 Compiling\ LocalDate.swift /Users/admin/builder/spi-builder-workspace/.dependencies/checkouts/NetTime/Sources/NetTime/LocalDate.swift (in target 'NetTime' from project 'NetTime')
SwiftCompile normal arm64 /Users/admin/builder/spi-builder-workspace/.dependencies/checkouts/NetTime/Sources/NetTime/LocalDate.swift (in target 'NetTime' from project 'NetTime')
cd /Users/admin/builder/spi-builder-workspace/.swiftpm/xcode
builtin-SwiftPerFileCompile LocalDate.swift
SwiftCompile normal arm64 Compiling\ LocalDateTime.swift /Users/admin/builder/spi-builder-workspace/.dependencies/checkouts/NetTime/Sources/NetTime/LocalDateTime.swift (in target 'NetTime' from project 'NetTime')
SwiftCompile normal arm64 /Users/admin/builder/spi-builder-workspace/.dependencies/checkouts/NetTime/Sources/NetTime/LocalDateTime.swift (in target 'NetTime' from project 'NetTime')
cd /Users/admin/builder/spi-builder-workspace/.swiftpm/xcode
builtin-SwiftPerFileCompile LocalDateTime.swift
SwiftDriverJobDiscovery normal arm64 Compiling KeyedEncodingContainer+Any.swift (in target 'Codability' from project 'Codability')
SwiftDriverJobDiscovery normal arm64 Compiling OutputTarget.swift (in target 'Rainbow' from project 'Rainbow')
SwiftDriverJobDiscovery normal arm64 Compiling RawCodingKey.swift (in target 'Codability' from project 'Codability')
SwiftCompile normal arm64 Compiling\ DateTime.swift /Users/admin/builder/spi-builder-workspace/.dependencies/checkouts/NetTime/Sources/NetTime/DateTime.swift (in target 'NetTime' from project 'NetTime')
SwiftCompile normal arm64 /Users/admin/builder/spi-builder-workspace/.dependencies/checkouts/NetTime/Sources/NetTime/DateTime.swift (in target 'NetTime' from project 'NetTime')
cd /Users/admin/builder/spi-builder-workspace/.swiftpm/xcode
builtin-SwiftPerFileCompile DateTime.swift
SwiftCompile normal arm64 Compiling\ LocalTime.swift /Users/admin/builder/spi-builder-workspace/.dependencies/checkouts/NetTime/Sources/NetTime/LocalTime.swift (in target 'NetTime' from project 'NetTime')
SwiftCompile normal arm64 /Users/admin/builder/spi-builder-workspace/.dependencies/checkouts/NetTime/Sources/NetTime/LocalTime.swift (in target 'NetTime' from project 'NetTime')
cd /Users/admin/builder/spi-builder-workspace/.swiftpm/xcode
builtin-SwiftPerFileCompile LocalTime.swift
SwiftDriverJobDiscovery normal arm64 Compiling Rainbow.swift (in target 'Rainbow' from project 'Rainbow')
SwiftDriver\ Compilation Rainbow normal arm64 com.apple.xcode.tools.swift.compiler (in target 'Rainbow' from project 'Rainbow')
cd /Users/admin/builder/spi-builder-workspace/.swiftpm/xcode
builtin-Swift-Compilation -- /Applications/Xcode-27.0.0-Release.Candidate.app/Contents/Developer/Toolchains/XcodeDefault.xctoolchain/usr/bin/swiftc -parse-as-library -module-name Rainbow -Onone @/Users/admin/builder/spi-builder-workspace/.derivedData/Build/Intermediates.noindex/Rainbow.build/Debug-xros/Rainbow-t.build/Objects-normal/arm64/Rainbow.SwiftFileList -DSWIFT_PACKAGE -DDEBUG -DSWIFT_MODULE_RESOURCE_BUNDLE_UNAVAILABLE -DXcode -plugin-path /Applications/Xcode-27.0.0-Release.Candidate.app/Contents/Developer/Toolchains/XcodeDefault.xctoolchain/usr/lib/swift/host/plugins/testing -enable-experimental-feature DebugDescriptionMacro -sdk /Applications/Xcode-27.0.0-Release.Candidate.app/Contents/Developer/Platforms/XROS.platform/Developer/SDKs/XROS27.0.sdk -target arm64-apple-xros1.0 -g -module-cache-path /Users/admin/builder/spi-builder-workspace/.derivedData/ModuleCache.noindex -Xfrontend -serialize-debugging-options -profile-coverage-mapping -profile-generate -enable-testing -suppress-warnings -index-store-path /Users/admin/builder/spi-builder-workspace/.derivedData/Index.noindex/DataStore -Xcc -D_LIBCPP_HARDENING_MODE\=_LIBCPP_HARDENING_MODE_DEBUG -swift-version 4 -I /Users/admin/builder/spi-builder-workspace/.derivedData/Build/Products/Debug-xros -Isystem /Applications/Xcode-27.0.0-Release.Candidate.app/Contents/Developer/Platforms/XROS.platform/Developer/usr/lib -F /Users/admin/builder/spi-builder-workspace/.derivedData/Build/Products/Debug-xros -F /Applications/Xcode-27.0.0-Release.Candidate.app/Contents/Developer/Platforms/XROS.platform/Developer/Library/Frameworks -F /Applications/Xcode-27.0.0-Release.Candidate.app/Contents/Developer/Platforms/XROS.platform/Developer/SDKs/XROS27.0.sdk/Developer/Library/Frameworks -c -j10 -enable-batch-mode -incremental -Xcc -ivfsstatcache -Xcc /Users/admin/builder/spi-builder-workspace/.derivedData/SDKStatCaches.noindex/xros27.0-24M361-e829b21a6f8c9b70876ba0858053c044735bd543db762f57723cac368afd1ce4.sdkstatcache -output-file-map /Users/admin/builder/spi-builder-workspace/.derivedData/Build/Intermediates.noindex/Rainbow.build/Debug-xros/Rainbow-t.build/Objects-normal/arm64/Rainbow-OutputFileMap.json -save-temps -no-color-diagnostics -emit-dependencies -emit-module -emit-module-path /Users/admin/builder/spi-builder-workspace/.derivedData/Build/Intermediates.noindex/Rainbow.build/Debug-xros/Rainbow-t.build/Objects-normal/arm64/Rainbow.swiftmodule -serialize-diagnostics -validate-clang-modules-once -clang-build-session-file /Users/admin/builder/spi-builder-workspace/.derivedData/ModuleCache.noindex/Session.modulevalidation -Xcc -fmodules-prune-interval\=86400 -Xcc -fmodules-prune-after\=345600 -emit-const-values -const-gather-protocols-list /Users/admin/builder/spi-builder-workspace/.derivedData/Build/Intermediates.noindex/Rainbow.build/Debug-xros/Rainbow-t.build/Objects-normal/arm64/Rainbow_const_extract_protocols.json -Xcc -I/Users/admin/builder/spi-builder-workspace/.derivedData/Build/Products/Debug-xros/include -Xcc -I/Users/admin/builder/spi-builder-workspace/.derivedData/Build/Intermediates.noindex/Rainbow.build/Debug-xros/Rainbow-t.build/DerivedSources-normal/arm64 -Xcc -I/Users/admin/builder/spi-builder-workspace/.derivedData/Build/Intermediates.noindex/Rainbow.build/Debug-xros/Rainbow-t.build/DerivedSources/arm64 -Xcc -I/Users/admin/builder/spi-builder-workspace/.derivedData/Build/Intermediates.noindex/Rainbow.build/Debug-xros/Rainbow-t.build/DerivedSources -Xcc -DSWIFT_PACKAGE -Xcc -DDEBUG\=1 -emit-objc-header -emit-objc-header-path /Users/admin/builder/spi-builder-workspace/.derivedData/Build/Intermediates.noindex/Rainbow.build/Debug-xros/Rainbow-t.build/Objects-normal/arm64/Rainbow-Swift.h -working-directory /Users/admin/builder/spi-builder-workspace/.swiftpm/xcode -experimental-emit-module-separately -disable-cmo
SwiftDriverJobDiscovery normal arm64 Compiling InvalidElementStrategy.swift (in target 'Codability' from project 'Codability')
SwiftCompile normal arm64 Compiling\ TimeOffset.swift /Users/admin/builder/spi-builder-workspace/.dependencies/checkouts/NetTime/Sources/NetTime/TimeOffset.swift (in target 'NetTime' from project 'NetTime')
SwiftCompile normal arm64 /Users/admin/builder/spi-builder-workspace/.dependencies/checkouts/NetTime/Sources/NetTime/TimeOffset.swift (in target 'NetTime' from project 'NetTime')
cd /Users/admin/builder/spi-builder-workspace/.swiftpm/xcode
builtin-SwiftPerFileCompile TimeOffset.swift
SwiftDriverJobDiscovery normal arm64 Compiling AnyCodable.swift (in target 'Codability' from project 'Codability')
SwiftDriver\ Compilation Codability normal arm64 com.apple.xcode.tools.swift.compiler (in target 'Codability' from project 'Codability')
cd /Users/admin/builder/spi-builder-workspace/.swiftpm/xcode
builtin-Swift-Compilation -- /Applications/Xcode-27.0.0-Release.Candidate.app/Contents/Developer/Toolchains/XcodeDefault.xctoolchain/usr/bin/swiftc -parse-as-library -module-name Codability -Onone @/Users/admin/builder/spi-builder-workspace/.derivedData/Build/Intermediates.noindex/Codability.build/Debug-xros/Codability-t.build/Objects-normal/arm64/Codability.SwiftFileList -DSWIFT_PACKAGE -DDEBUG -DSWIFT_MODULE_RESOURCE_BUNDLE_UNAVAILABLE -DXcode -plugin-path /Applications/Xcode-27.0.0-Release.Candidate.app/Contents/Developer/Toolchains/XcodeDefault.xctoolchain/usr/lib/swift/host/plugins/testing -enable-experimental-feature DebugDescriptionMacro -sdk /Applications/Xcode-27.0.0-Release.Candidate.app/Contents/Developer/Platforms/XROS.platform/Developer/SDKs/XROS27.0.sdk -target arm64-apple-xros1.0 -g -module-cache-path /Users/admin/builder/spi-builder-workspace/.derivedData/ModuleCache.noindex -Xfrontend -serialize-debugging-options -profile-coverage-mapping -profile-generate -enable-testing -suppress-warnings -index-store-path /Users/admin/builder/spi-builder-workspace/.derivedData/Index.noindex/DataStore -Xcc -D_LIBCPP_HARDENING_MODE\=_LIBCPP_HARDENING_MODE_DEBUG -swift-version 4 -I /Users/admin/builder/spi-builder-workspace/.derivedData/Build/Products/Debug-xros -Isystem /Applications/Xcode-27.0.0-Release.Candidate.app/Contents/Developer/Platforms/XROS.platform/Developer/usr/lib -F /Users/admin/builder/spi-builder-workspace/.derivedData/Build/Products/Debug-xros -F /Applications/Xcode-27.0.0-Release.Candidate.app/Contents/Developer/Platforms/XROS.platform/Developer/Library/Frameworks -F /Applications/Xcode-27.0.0-Release.Candidate.app/Contents/Developer/Platforms/XROS.platform/Developer/SDKs/XROS27.0.sdk/Developer/Library/Frameworks -c -j10 -enable-batch-mode -incremental -Xcc -ivfsstatcache -Xcc /Users/admin/builder/spi-builder-workspace/.derivedData/SDKStatCaches.noindex/xros27.0-24M361-e829b21a6f8c9b70876ba0858053c044735bd543db762f57723cac368afd1ce4.sdkstatcache -output-file-map /Users/admin/builder/spi-builder-workspace/.derivedData/Build/Intermediates.noindex/Codability.build/Debug-xros/Codability-t.build/Objects-normal/arm64/Codability-OutputFileMap.json -save-temps -no-color-diagnostics -emit-dependencies -emit-module -emit-module-path /Users/admin/builder/spi-builder-workspace/.derivedData/Build/Intermediates.noindex/Codability.build/Debug-xros/Codability-t.build/Objects-normal/arm64/Codability.swiftmodule -serialize-diagnostics -validate-clang-modules-once -clang-build-session-file /Users/admin/builder/spi-builder-workspace/.derivedData/ModuleCache.noindex/Session.modulevalidation -Xcc -fmodules-prune-interval\=86400 -Xcc -fmodules-prune-after\=345600 -emit-const-values -const-gather-protocols-list /Users/admin/builder/spi-builder-workspace/.derivedData/Build/Intermediates.noindex/Codability.build/Debug-xros/Codability-t.build/Objects-normal/arm64/Codability_const_extract_protocols.json -Xcc -I/Users/admin/builder/spi-builder-workspace/.derivedData/Build/Products/Debug-xros/include -Xcc -I/Users/admin/builder/spi-builder-workspace/.derivedData/Build/Intermediates.noindex/Codability.build/Debug-xros/Codability-t.build/DerivedSources-normal/arm64 -Xcc -I/Users/admin/builder/spi-builder-workspace/.derivedData/Build/Intermediates.noindex/Codability.build/Debug-xros/Codability-t.build/DerivedSources/arm64 -Xcc -I/Users/admin/builder/spi-builder-workspace/.derivedData/Build/Intermediates.noindex/Codability.build/Debug-xros/Codability-t.build/DerivedSources -Xcc -DSWIFT_PACKAGE -Xcc -DDEBUG\=1 -emit-objc-header -emit-objc-header-path /Users/admin/builder/spi-builder-workspace/.derivedData/Build/Intermediates.noindex/Codability.build/Debug-xros/Codability-t.build/Objects-normal/arm64/Codability-Swift.h -working-directory /Users/admin/builder/spi-builder-workspace/.swiftpm/xcode -experimental-emit-module-separately -disable-cmo
SwiftDriver TOMLDeserializer normal arm64 com.apple.xcode.tools.swift.compiler (in target 'TOMLDeserializer' from project 'TOMLDeserializer')
cd /Users/admin/builder/spi-builder-workspace/.swiftpm/xcode
builtin-SwiftDriver -- /Applications/Xcode-27.0.0-Release.Candidate.app/Contents/Developer/Toolchains/XcodeDefault.xctoolchain/usr/bin/swiftc -parse-as-library -module-name TOMLDeserializer -Onone @/Users/admin/builder/spi-builder-workspace/.derivedData/Build/Intermediates.noindex/TOMLDeserializer.build/Debug-xros/TOMLDeserializer-t.build/Objects-normal/arm64/TOMLDeserializer.SwiftFileList -DSWIFT_PACKAGE -DDEBUG -DSWIFT_MODULE_RESOURCE_BUNDLE_UNAVAILABLE -DXcode -plugin-path /Applications/Xcode-27.0.0-Release.Candidate.app/Contents/Developer/Toolchains/XcodeDefault.xctoolchain/usr/lib/swift/host/plugins/testing -enable-experimental-feature DebugDescriptionMacro -sdk /Applications/Xcode-27.0.0-Release.Candidate.app/Contents/Developer/Platforms/XROS.platform/Developer/SDKs/XROS27.0.sdk -target arm64-apple-xros1.0 -g -module-cache-path /Users/admin/builder/spi-builder-workspace/.derivedData/ModuleCache.noindex -Xfrontend -serialize-debugging-options -profile-coverage-mapping -profile-generate -enable-testing -suppress-warnings -index-store-path /Users/admin/builder/spi-builder-workspace/.derivedData/Index.noindex/DataStore -Xcc -D_LIBCPP_HARDENING_MODE\=_LIBCPP_HARDENING_MODE_DEBUG -swift-version 5 -I /Users/admin/builder/spi-builder-workspace/.derivedData/Build/Products/Debug-xros -Isystem /Applications/Xcode-27.0.0-Release.Candidate.app/Contents/Developer/Platforms/XROS.platform/Developer/usr/lib -F /Users/admin/builder/spi-builder-workspace/.derivedData/Build/Products/Debug-xros/PackageFrameworks -F /Users/admin/builder/spi-builder-workspace/.derivedData/Build/Products/Debug-xros -F /Applications/Xcode-27.0.0-Release.Candidate.app/Contents/Developer/Platforms/XROS.platform/Developer/Library/Frameworks -F /Applications/Xcode-27.0.0-Release.Candidate.app/Contents/Developer/Platforms/XROS.platform/Developer/SDKs/XROS27.0.sdk/Developer/Library/Frameworks -c -j10 -enable-batch-mode -incremental -Xcc -ivfsstatcache -Xcc /Users/admin/builder/spi-builder-workspace/.derivedData/SDKStatCaches.noindex/xros27.0-24M361-e829b21a6f8c9b70876ba0858053c044735bd543db762f57723cac368afd1ce4.sdkstatcache -output-file-map /Users/admin/builder/spi-builder-workspace/.derivedData/Build/Intermediates.noindex/TOMLDeserializer.build/Debug-xros/TOMLDeserializer-t.build/Objects-normal/arm64/TOMLDeserializer-OutputFileMap.json -save-temps -no-color-diagnostics -explicit-module-build -module-cache-path /Users/admin/builder/spi-builder-workspace/.derivedData/Build/Intermediates.noindex/SwiftExplicitPrecompiledModules -clang-scanner-module-cache-path /Users/admin/builder/spi-builder-workspace/.derivedData/ModuleCache.noindex -sdk-module-cache-path /Users/admin/builder/spi-builder-workspace/.derivedData/SDKExplicitPrecompiledModules -emit-dependencies -emit-module -emit-module-path /Users/admin/builder/spi-builder-workspace/.derivedData/Build/Intermediates.noindex/TOMLDeserializer.build/Debug-xros/TOMLDeserializer-t.build/Objects-normal/arm64/TOMLDeserializer.swiftmodule -serialize-diagnostics -dependency-scan-serialize-diagnostics-path /Users/admin/builder/spi-builder-workspace/.derivedData/Build/Intermediates.noindex/TOMLDeserializer.build/Debug-xros/TOMLDeserializer-t.build/Objects-normal/arm64/TOMLDeserializer-dependency-scan.dia -validate-clang-modules-once -clang-build-session-file /Users/admin/builder/spi-builder-workspace/.derivedData/ModuleCache.noindex/Session.modulevalidation -Xcc -fmodules-prune-interval\=86400 -Xcc -fmodules-prune-after\=345600 -emit-const-values -const-gather-protocols-list /Users/admin/builder/spi-builder-workspace/.derivedData/Build/Intermediates.noindex/TOMLDeserializer.build/Debug-xros/TOMLDeserializer-t.build/Objects-normal/arm64/TOMLDeserializer_const_extract_protocols.json -Xcc -I/Users/admin/builder/spi-builder-workspace/.derivedData/Build/Products/Debug-xros/include -Xcc -I/Users/admin/builder/spi-builder-workspace/.derivedData/Build/Intermediates.noindex/TOMLDeserializer.build/Debug-xros/TOMLDeserializer-t.build/DerivedSources-normal/arm64 -Xcc -I/Users/admin/builder/spi-builder-workspace/.derivedData/Build/Intermediates.noindex/TOMLDeserializer.build/Debug-xros/TOMLDeserializer-t.build/DerivedSources/arm64 -Xcc -I/Users/admin/builder/spi-builder-workspace/.derivedData/Build/Intermediates.noindex/TOMLDeserializer.build/Debug-xros/TOMLDeserializer-t.build/DerivedSources -Xcc -DSWIFT_PACKAGE -Xcc -DDEBUG\=1 -emit-objc-header -emit-objc-header-path /Users/admin/builder/spi-builder-workspace/.derivedData/Build/Intermediates.noindex/TOMLDeserializer.build/Debug-xros/TOMLDeserializer-t.build/Objects-normal/arm64/TOMLDeserializer-Swift.h -working-directory /Users/admin/builder/spi-builder-workspace/.swiftpm/xcode -experimental-emit-module-separately -disable-cmo
Ld /Users/admin/builder/spi-builder-workspace/.derivedData/Build/Products/Debug-xros/Rainbow.o normal (in target 'Rainbow' from project 'Rainbow')
cd /Users/admin/builder/spi-builder-workspace/.dependencies/checkouts/Rainbow
/Applications/Xcode-27.0.0-Release.Candidate.app/Contents/Developer/Toolchains/XcodeDefault.xctoolchain/usr/bin/clang -Xlinker -reproducible -target arm64-apple-xros1.0 -r -isysroot /Applications/Xcode-27.0.0-Release.Candidate.app/Contents/Developer/Platforms/XROS.platform/Developer/SDKs/XROS27.0.sdk -O0 -w -Xlinker -no_warn_duplicate_libraries -F/Users/admin/builder/spi-builder-workspace/.derivedData/Build/Intermediates.noindex/EagerLinkingTBDs/Debug-xros -F/Users/admin/builder/spi-builder-workspace/.derivedData/Build/Products/Debug-xros -iframework /Applications/Xcode-27.0.0-Release.Candidate.app/Contents/Developer/Platforms/XROS.platform/Developer/Library/Frameworks -iframework /Applications/Xcode-27.0.0-Release.Candidate.app/Contents/Developer/Platforms/XROS.platform/Developer/SDKs/XROS27.0.sdk/Developer/Library/Frameworks -filelist /Users/admin/builder/spi-builder-workspace/.derivedData/Build/Intermediates.noindex/Rainbow.build/Debug-xros/Rainbow-t.build/Objects-normal/arm64/Rainbow.LinkFileList -nostdlib -Xlinker -object_path_lto -Xlinker /Users/admin/builder/spi-builder-workspace/.derivedData/Build/Intermediates.noindex/Rainbow.build/Debug-xros/Rainbow-t.build/Objects-normal/arm64/Rainbow_lto.o -Xlinker -no_deduplicate -Xlinker -debug_variant -Xlinker -dependency_info -Xlinker /Users/admin/builder/spi-builder-workspace/.derivedData/Build/Intermediates.noindex/Rainbow.build/Debug-xros/Rainbow-t.build/Objects-normal/arm64/Rainbow_dependency_info.dat -fobjc-link-runtime -L/Applications/Xcode-27.0.0-Release.Candidate.app/Contents/Developer/Toolchains/XcodeDefault.xctoolchain/usr/lib/swift/xros -L/usr/lib/swift -Xlinker -add_ast_path -Xlinker /Users/admin/builder/spi-builder-workspace/.derivedData/Build/Intermediates.noindex/Rainbow.build/Debug-xros/Rainbow-t.build/Objects-normal/arm64/Rainbow.swiftmodule -o /Users/admin/builder/spi-builder-workspace/.derivedData/Build/Products/Debug-xros/Rainbow.o
SwiftExplicitDependencyGeneratePcm arm64 /Users/admin/builder/spi-builder-workspace/.derivedData/SDKExplicitPrecompiledModules/Dispatch-CLT3466HKC22GCKAWSCNG0H7T.pcm
SwiftDriverJobDiscovery normal arm64 Compiling PathKit.swift (in target 'PathKit' from project 'PathKit')
SwiftDriver\ Compilation PathKit normal arm64 com.apple.xcode.tools.swift.compiler (in target 'PathKit' from project 'PathKit')
cd /Users/admin/builder/spi-builder-workspace/.swiftpm/xcode
builtin-Swift-Compilation -- /Applications/Xcode-27.0.0-Release.Candidate.app/Contents/Developer/Toolchains/XcodeDefault.xctoolchain/usr/bin/swiftc -parse-as-library -module-name PathKit -Onone @/Users/admin/builder/spi-builder-workspace/.derivedData/Build/Intermediates.noindex/PathKit.build/Debug-xros/PathKit-t.build/Objects-normal/arm64/PathKit.SwiftFileList -DSWIFT_PACKAGE -DDEBUG -DSWIFT_MODULE_RESOURCE_BUNDLE_UNAVAILABLE -DXcode -plugin-path /Applications/Xcode-27.0.0-Release.Candidate.app/Contents/Developer/Toolchains/XcodeDefault.xctoolchain/usr/lib/swift/host/plugins/testing -enable-experimental-feature DebugDescriptionMacro -sdk /Applications/Xcode-27.0.0-Release.Candidate.app/Contents/Developer/Platforms/XROS.platform/Developer/SDKs/XROS27.0.sdk -target arm64-apple-xros1.0 -g -module-cache-path /Users/admin/builder/spi-builder-workspace/.derivedData/ModuleCache.noindex -Xfrontend -serialize-debugging-options -profile-coverage-mapping -profile-generate -enable-testing -suppress-warnings -index-store-path /Users/admin/builder/spi-builder-workspace/.derivedData/Index.noindex/DataStore -Xcc -D_LIBCPP_HARDENING_MODE\=_LIBCPP_HARDENING_MODE_DEBUG -swift-version 4.2 -I /Users/admin/builder/spi-builder-workspace/.derivedData/Build/Products/Debug-xros -Isystem /Applications/Xcode-27.0.0-Release.Candidate.app/Contents/Developer/Platforms/XROS.platform/Developer/usr/lib -F /Users/admin/builder/spi-builder-workspace/.derivedData/Build/Products/Debug-xros -F /Applications/Xcode-27.0.0-Release.Candidate.app/Contents/Developer/Platforms/XROS.platform/Developer/Library/Frameworks -F /Applications/Xcode-27.0.0-Release.Candidate.app/Contents/Developer/Platforms/XROS.platform/Developer/SDKs/XROS27.0.sdk/Developer/Library/Frameworks -c -j10 -enable-batch-mode -incremental -Xcc -ivfsstatcache -Xcc /Users/admin/builder/spi-builder-workspace/.derivedData/SDKStatCaches.noindex/xros27.0-24M361-e829b21a6f8c9b70876ba0858053c044735bd543db762f57723cac368afd1ce4.sdkstatcache -output-file-map /Users/admin/builder/spi-builder-workspace/.derivedData/Build/Intermediates.noindex/PathKit.build/Debug-xros/PathKit-t.build/Objects-normal/arm64/PathKit-OutputFileMap.json -save-temps -no-color-diagnostics -emit-dependencies -emit-module -emit-module-path /Users/admin/builder/spi-builder-workspace/.derivedData/Build/Intermediates.noindex/PathKit.build/Debug-xros/PathKit-t.build/Objects-normal/arm64/PathKit.swiftmodule -serialize-diagnostics -validate-clang-modules-once -clang-build-session-file /Users/admin/builder/spi-builder-workspace/.derivedData/ModuleCache.noindex/Session.modulevalidation -Xcc -fmodules-prune-interval\=86400 -Xcc -fmodules-prune-after\=345600 -emit-const-values -const-gather-protocols-list /Users/admin/builder/spi-builder-workspace/.derivedData/Build/Intermediates.noindex/PathKit.build/Debug-xros/PathKit-t.build/Objects-normal/arm64/PathKit_const_extract_protocols.json -Xcc -I/Users/admin/builder/spi-builder-workspace/.derivedData/Build/Products/Debug-xros/include -Xcc -I/Users/admin/builder/spi-builder-workspace/.derivedData/Build/Intermediates.noindex/PathKit.build/Debug-xros/PathKit-t.build/DerivedSources-normal/arm64 -Xcc -I/Users/admin/builder/spi-builder-workspace/.derivedData/Build/Intermediates.noindex/PathKit.build/Debug-xros/PathKit-t.build/DerivedSources/arm64 -Xcc -I/Users/admin/builder/spi-builder-workspace/.derivedData/Build/Intermediates.noindex/PathKit.build/Debug-xros/PathKit-t.build/DerivedSources -Xcc -DSWIFT_PACKAGE -Xcc -DDEBUG\=1 -emit-objc-header -emit-objc-header-path /Users/admin/builder/spi-builder-workspace/.derivedData/Build/Intermediates.noindex/PathKit.build/Debug-xros/PathKit-t.build/Objects-normal/arm64/PathKit-Swift.h -working-directory /Users/admin/builder/spi-builder-workspace/.swiftpm/xcode -experimental-emit-module-separately -disable-cmo
Ld /Users/admin/builder/spi-builder-workspace/.derivedData/Build/Products/Debug-xros/Codability.o normal (in target 'Codability' from project 'Codability')
cd /Users/admin/builder/spi-builder-workspace/.dependencies/checkouts/Codability
/Applications/Xcode-27.0.0-Release.Candidate.app/Contents/Developer/Toolchains/XcodeDefault.xctoolchain/usr/bin/clang -Xlinker -reproducible -target arm64-apple-xros1.0 -r -isysroot /Applications/Xcode-27.0.0-Release.Candidate.app/Contents/Developer/Platforms/XROS.platform/Developer/SDKs/XROS27.0.sdk -O0 -w -Xlinker -no_warn_duplicate_libraries -F/Users/admin/builder/spi-builder-workspace/.derivedData/Build/Intermediates.noindex/EagerLinkingTBDs/Debug-xros -F/Users/admin/builder/spi-builder-workspace/.derivedData/Build/Products/Debug-xros -iframework /Applications/Xcode-27.0.0-Release.Candidate.app/Contents/Developer/Platforms/XROS.platform/Developer/Library/Frameworks -iframework /Applications/Xcode-27.0.0-Release.Candidate.app/Contents/Developer/Platforms/XROS.platform/Developer/SDKs/XROS27.0.sdk/Developer/Library/Frameworks -filelist /Users/admin/builder/spi-builder-workspace/.derivedData/Build/Intermediates.noindex/Codability.build/Debug-xros/Codability-t.build/Objects-normal/arm64/Codability.LinkFileList -nostdlib -Xlinker -object_path_lto -Xlinker /Users/admin/builder/spi-builder-workspace/.derivedData/Build/Intermediates.noindex/Codability.build/Debug-xros/Codability-t.build/Objects-normal/arm64/Codability_lto.o -Xlinker -no_deduplicate -Xlinker -debug_variant -Xlinker -dependency_info -Xlinker /Users/admin/builder/spi-builder-workspace/.derivedData/Build/Intermediates.noindex/Codability.build/Debug-xros/Codability-t.build/Objects-normal/arm64/Codability_dependency_info.dat -fobjc-link-runtime -L/Applications/Xcode-27.0.0-Release.Candidate.app/Contents/Developer/Toolchains/XcodeDefault.xctoolchain/usr/lib/swift/xros -L/usr/lib/swift -Xlinker -add_ast_path -Xlinker /Users/admin/builder/spi-builder-workspace/.derivedData/Build/Intermediates.noindex/Codability.build/Debug-xros/Codability-t.build/Objects-normal/arm64/Codability.swiftmodule -o /Users/admin/builder/spi-builder-workspace/.derivedData/Build/Products/Debug-xros/Codability.o
Ld /Users/admin/builder/spi-builder-workspace/.derivedData/Build/Products/Debug-xros/PathKit.o normal (in target 'PathKit' from project 'PathKit')
cd /Users/admin/builder/spi-builder-workspace/.dependencies/checkouts/PathKit
/Applications/Xcode-27.0.0-Release.Candidate.app/Contents/Developer/Toolchains/XcodeDefault.xctoolchain/usr/bin/clang -Xlinker -reproducible -target arm64-apple-xros1.0 -r -isysroot /Applications/Xcode-27.0.0-Release.Candidate.app/Contents/Developer/Platforms/XROS.platform/Developer/SDKs/XROS27.0.sdk -O0 -w -Xlinker -no_warn_duplicate_libraries -F/Users/admin/builder/spi-builder-workspace/.derivedData/Build/Intermediates.noindex/EagerLinkingTBDs/Debug-xros -F/Users/admin/builder/spi-builder-workspace/.derivedData/Build/Products/Debug-xros -iframework /Applications/Xcode-27.0.0-Release.Candidate.app/Contents/Developer/Platforms/XROS.platform/Developer/Library/Frameworks -iframework /Applications/Xcode-27.0.0-Release.Candidate.app/Contents/Developer/Platforms/XROS.platform/Developer/SDKs/XROS27.0.sdk/Developer/Library/Frameworks -filelist /Users/admin/builder/spi-builder-workspace/.derivedData/Build/Intermediates.noindex/PathKit.build/Debug-xros/PathKit-t.build/Objects-normal/arm64/PathKit.LinkFileList -nostdlib -Xlinker -object_path_lto -Xlinker /Users/admin/builder/spi-builder-workspace/.derivedData/Build/Intermediates.noindex/PathKit.build/Debug-xros/PathKit-t.build/Objects-normal/arm64/PathKit_lto.o -Xlinker -no_deduplicate -Xlinker -debug_variant -Xlinker -dependency_info -Xlinker /Users/admin/builder/spi-builder-workspace/.derivedData/Build/Intermediates.noindex/PathKit.build/Debug-xros/PathKit-t.build/Objects-normal/arm64/PathKit_dependency_info.dat -fobjc-link-runtime -L/Applications/Xcode-27.0.0-Release.Candidate.app/Contents/Developer/Toolchains/XcodeDefault.xctoolchain/usr/lib/swift/xros -L/usr/lib/swift -Xlinker -add_ast_path -Xlinker /Users/admin/builder/spi-builder-workspace/.derivedData/Build/Intermediates.noindex/PathKit.build/Debug-xros/PathKit-t.build/Objects-normal/arm64/PathKit.swiftmodule -o /Users/admin/builder/spi-builder-workspace/.derivedData/Build/Products/Debug-xros/PathKit.o
ExtractAppIntentsMetadata (in target 'Rainbow' from project 'Rainbow')
cd /Users/admin/builder/spi-builder-workspace/.dependencies/checkouts/Rainbow
/Applications/Xcode-27.0.0-Release.Candidate.app/Contents/Developer/Toolchains/XcodeDefault.xctoolchain/usr/bin/appintentsmetadataprocessor --toolchain-dir /var/run/com.apple.security.cryptexd/mnt/com.apple.MobileAsset.MetalToolchain-v27.1.266.1.ohnuow/Metal.xctoolchain --module-name Rainbow --sdk-root /Applications/Xcode-27.0.0-Release.Candidate.app/Contents/Developer/Platforms/XROS.platform/Developer/SDKs/XROS27.0.sdk --xcode-version 27A266a --platform-family xrOS --deployment-target 1.0 --bundle-identifier rainbow.Rainbow --output /Users/admin/builder/spi-builder-workspace/.derivedData/Build/Products/Debug-xros/Rainbow.appintents --target-triple arm64-apple-xros1.0 --binary-file /Users/admin/builder/spi-builder-workspace/.derivedData/Build/Products/Debug-xros/Rainbow.o --dependency-file /Users/admin/builder/spi-builder-workspace/.derivedData/Build/Intermediates.noindex/Rainbow.build/Debug-xros/Rainbow-t.build/Objects-normal/arm64/Rainbow_dependency_info.dat --stringsdata-file /Users/admin/builder/spi-builder-workspace/.derivedData/Build/Intermediates.noindex/Rainbow.build/Debug-xros/Rainbow-t.build/Objects-normal/arm64/ExtractedAppShortcutsMetadata.stringsdata --source-file-list /Users/admin/builder/spi-builder-workspace/.derivedData/Build/Intermediates.noindex/Rainbow.build/Debug-xros/Rainbow-t.build/Objects-normal/arm64/Rainbow.SwiftFileList --metadata-file-list /Users/admin/builder/spi-builder-workspace/.derivedData/Build/Intermediates.noindex/Rainbow.build/Debug-xros/Rainbow-t.build/Rainbow.DependencyMetadataFileList --static-metadata-file-list /Users/admin/builder/spi-builder-workspace/.derivedData/Build/Intermediates.noindex/Rainbow.build/Debug-xros/Rainbow-t.build/Rainbow.DependencyStaticMetadataFileList --swift-const-vals-list /Users/admin/builder/spi-builder-workspace/.derivedData/Build/Intermediates.noindex/Rainbow.build/Debug-xros/Rainbow-t.build/Objects-normal/arm64/Rainbow.SwiftConstValuesFileList --force --compile-time-extraction --deployment-aware-processing --no-app-shortcuts-localization
2026-09-19 09:27:04.923 appintentsmetadataprocessor[1165:6526] Starting appintentsmetadataprocessor export
2026-09-19 09:27:05.047 appintentsmetadataprocessor[1165:6526] Extracted no relevant App Intents symbols, skipping writing output
SwiftDriverJobDiscovery normal arm64 Compiling DateTimeRepresentable.swift (in target 'NetTime' from project 'NetTime')
SwiftDriverJobDiscovery normal arm64 Compiling constants.swift (in target 'NetTime' from project 'NetTime')
ExtractAppIntentsMetadata (in target 'Codability' from project 'Codability')
cd /Users/admin/builder/spi-builder-workspace/.dependencies/checkouts/Codability
/Applications/Xcode-27.0.0-Release.Candidate.app/Contents/Developer/Toolchains/XcodeDefault.xctoolchain/usr/bin/appintentsmetadataprocessor --toolchain-dir /var/run/com.apple.security.cryptexd/mnt/com.apple.MobileAsset.MetalToolchain-v27.1.266.1.ohnuow/Metal.xctoolchain --module-name Codability --sdk-root /Applications/Xcode-27.0.0-Release.Candidate.app/Contents/Developer/Platforms/XROS.platform/Developer/SDKs/XROS27.0.sdk --xcode-version 27A266a --platform-family xrOS --deployment-target 1.0 --bundle-identifier codability.Codability --output /Users/admin/builder/spi-builder-workspace/.derivedData/Build/Products/Debug-xros/Codability.appintents --target-triple arm64-apple-xros1.0 --binary-file /Users/admin/builder/spi-builder-workspace/.derivedData/Build/Products/Debug-xros/Codability.o --dependency-file /Users/admin/builder/spi-builder-workspace/.derivedData/Build/Intermediates.noindex/Codability.build/Debug-xros/Codability-t.build/Objects-normal/arm64/Codability_dependency_info.dat --stringsdata-file /Users/admin/builder/spi-builder-workspace/.derivedData/Build/Intermediates.noindex/Codability.build/Debug-xros/Codability-t.build/Objects-normal/arm64/ExtractedAppShortcutsMetadata.stringsdata --source-file-list /Users/admin/builder/spi-builder-workspace/.derivedData/Build/Intermediates.noindex/Codability.build/Debug-xros/Codability-t.build/Objects-normal/arm64/Codability.SwiftFileList --metadata-file-list /Users/admin/builder/spi-builder-workspace/.derivedData/Build/Intermediates.noindex/Codability.build/Debug-xros/Codability-t.build/Codability.DependencyMetadataFileList --static-metadata-file-list /Users/admin/builder/spi-builder-workspace/.derivedData/Build/Intermediates.noindex/Codability.build/Debug-xros/Codability-t.build/Codability.DependencyStaticMetadataFileList --swift-const-vals-list /Users/admin/builder/spi-builder-workspace/.derivedData/Build/Intermediates.noindex/Codability.build/Debug-xros/Codability-t.build/Objects-normal/arm64/Codability.SwiftConstValuesFileList --force --compile-time-extraction --deployment-aware-processing --no-app-shortcuts-localization
2026-09-19 09:27:04.923 appintentsmetadataprocessor[1166:6527] Starting appintentsmetadataprocessor export
2026-09-19 09:27:05.047 appintentsmetadataprocessor[1166:6527] Extracted no relevant App Intents symbols, skipping writing output
SwiftDriver StringlyKit normal arm64 com.apple.xcode.tools.swift.compiler (in target 'StringlyKit' from project 'Stringly')
cd /Users/admin/builder/spi-builder-workspace/.swiftpm/xcode
builtin-SwiftDriver -- /Applications/Xcode-27.0.0-Release.Candidate.app/Contents/Developer/Toolchains/XcodeDefault.xctoolchain/usr/bin/swiftc -parse-as-library -module-name StringlyKit -Onone @/Users/admin/builder/spi-builder-workspace/.derivedData/Build/Intermediates.noindex/Stringly.build/Debug-xros/StringlyKit-t.build/Objects-normal/arm64/StringlyKit.SwiftFileList -DSWIFT_PACKAGE -DDEBUG -DSWIFT_MODULE_RESOURCE_BUNDLE_UNAVAILABLE -DXcode -plugin-path /Applications/Xcode-27.0.0-Release.Candidate.app/Contents/Developer/Toolchains/XcodeDefault.xctoolchain/usr/lib/swift/host/plugins/testing -enable-experimental-feature DebugDescriptionMacro -sdk /Applications/Xcode-27.0.0-Release.Candidate.app/Contents/Developer/Platforms/XROS.platform/Developer/SDKs/XROS27.0.sdk -target arm64-apple-xros1.0 -g -module-cache-path /Users/admin/builder/spi-builder-workspace/.derivedData/ModuleCache.noindex -Xfrontend -serialize-debugging-options -profile-coverage-mapping -profile-generate -enable-testing -index-store-path /Users/admin/builder/spi-builder-workspace/.derivedData/Index.noindex/DataStore -Xcc -D_LIBCPP_HARDENING_MODE\=_LIBCPP_HARDENING_MODE_DEBUG -swift-version 5 -I /Users/admin/builder/spi-builder-workspace/.derivedData/Build/Products/Debug-xros -Isystem /Applications/Xcode-27.0.0-Release.Candidate.app/Contents/Developer/Platforms/XROS.platform/Developer/usr/lib -F /Users/admin/builder/spi-builder-workspace/.derivedData/Build/Products/Debug-xros/PackageFrameworks -F /Users/admin/builder/spi-builder-workspace/.derivedData/Build/Products/Debug-xros -F /Applications/Xcode-27.0.0-Release.Candidate.app/Contents/Developer/Platforms/XROS.platform/Developer/Library/Frameworks -F /Applications/Xcode-27.0.0-Release.Candidate.app/Contents/Developer/Platforms/XROS.platform/Developer/SDKs/XROS27.0.sdk/Developer/Library/Frameworks -c -j10 -enable-batch-mode -incremental -Xcc -ivfsstatcache -Xcc /Users/admin/builder/spi-builder-workspace/.derivedData/SDKStatCaches.noindex/xros27.0-24M361-e829b21a6f8c9b70876ba0858053c044735bd543db762f57723cac368afd1ce4.sdkstatcache -output-file-map /Users/admin/builder/spi-builder-workspace/.derivedData/Build/Intermediates.noindex/Stringly.build/Debug-xros/StringlyKit-t.build/Objects-normal/arm64/StringlyKit-OutputFileMap.json -save-temps -no-color-diagnostics -explicit-module-build -module-cache-path /Users/admin/builder/spi-builder-workspace/.derivedData/Build/Intermediates.noindex/SwiftExplicitPrecompiledModules -clang-scanner-module-cache-path /Users/admin/builder/spi-builder-workspace/.derivedData/ModuleCache.noindex -sdk-module-cache-path /Users/admin/builder/spi-builder-workspace/.derivedData/SDKExplicitPrecompiledModules -emit-dependencies -emit-module -emit-module-path /Users/admin/builder/spi-builder-workspace/.derivedData/Build/Intermediates.noindex/Stringly.build/Debug-xros/StringlyKit-t.build/Objects-normal/arm64/StringlyKit.swiftmodule -serialize-diagnostics -dependency-scan-serialize-diagnostics-path /Users/admin/builder/spi-builder-workspace/.derivedData/Build/Intermediates.noindex/Stringly.build/Debug-xros/StringlyKit-t.build/Objects-normal/arm64/StringlyKit-dependency-scan.dia -validate-clang-modules-once -clang-build-session-file /Users/admin/builder/spi-builder-workspace/.derivedData/ModuleCache.noindex/Session.modulevalidation -Xcc -fmodules-prune-interval\=86400 -Xcc -fmodules-prune-after\=345600 -emit-const-values -const-gather-protocols-list /Users/admin/builder/spi-builder-workspace/.derivedData/Build/Intermediates.noindex/Stringly.build/Debug-xros/StringlyKit-t.build/Objects-normal/arm64/StringlyKit_const_extract_protocols.json -Xcc -I/Users/admin/builder/spi-builder-workspace/.derivedData/Build/Products/Debug-xros/include -Xcc -I/Users/admin/builder/spi-builder-workspace/.derivedData/Build/Intermediates.noindex/Stringly.build/Debug-xros/StringlyKit-t.build/DerivedSources-normal/arm64 -Xcc -I/Users/admin/builder/spi-builder-workspace/.derivedData/Build/Intermediates.noindex/Stringly.build/Debug-xros/StringlyKit-t.build/DerivedSources/arm64 -Xcc -I/Users/admin/builder/spi-builder-workspace/.derivedData/Build/Intermediates.noindex/Stringly.build/Debug-xros/StringlyKit-t.build/DerivedSources -Xcc -DSWIFT_PACKAGE -Xcc -DDEBUG\=1 -emit-objc-header -emit-objc-header-path /Users/admin/builder/spi-builder-workspace/.derivedData/Build/Intermediates.noindex/Stringly.build/Debug-xros/StringlyKit-t.build/Objects-normal/arm64/StringlyKit-Swift.h -working-directory /Users/admin/builder/spi-builder-workspace/.swiftpm/xcode -experimental-emit-module-separately -disable-cmo
SwiftExplicitDependencyGeneratePcm arm64 /Users/admin/builder/spi-builder-workspace/.derivedData/SDKExplicitPrecompiledModules/XPC-EP5EU7FNGP4VOA3EDM18P1KHO.pcm
SwiftExplicitDependencyGeneratePcm arm64 /Users/admin/builder/spi-builder-workspace/.derivedData/SDKExplicitPrecompiledModules/CoreFoundation-AVLTZVCXBU2TO75JCN4AGU8XJ.pcm
SwiftDriverJobDiscovery normal arm64 Compiling LocalDateTime.swift (in target 'NetTime' from project 'NetTime')
SwiftEmitModule normal arm64 Emitting\ module\ for\ TOMLDeserializer (in target 'TOMLDeserializer' from project 'TOMLDeserializer')
SwiftCompile normal arm64 (in target 'TOMLDeserializer' from project 'TOMLDeserializer')
cd /Users/admin/builder/spi-builder-workspace/.swiftpm/xcode
SwiftCompile normal arm64 Compiling\ Scanner.swift /Users/admin/builder/spi-builder-workspace/.dependencies/checkouts/TOMLDeserializer/Sources/TOMLDeserializer/Scanner.swift (in target 'TOMLDeserializer' from project 'TOMLDeserializer')
SwiftCompile normal arm64 /Users/admin/builder/spi-builder-workspace/.dependencies/checkouts/TOMLDeserializer/Sources/TOMLDeserializer/Scanner.swift (in target 'TOMLDeserializer' from project 'TOMLDeserializer')
cd /Users/admin/builder/spi-builder-workspace/.swiftpm/xcode
builtin-SwiftPerFileCompile Scanner.swift
SwiftCompile normal arm64 Compiling\ Location.swift /Users/admin/builder/spi-builder-workspace/.dependencies/checkouts/TOMLDeserializer/Sources/TOMLDeserializer/Location.swift (in target 'TOMLDeserializer' from project 'TOMLDeserializer')
SwiftCompile normal arm64 /Users/admin/builder/spi-builder-workspace/.dependencies/checkouts/TOMLDeserializer/Sources/TOMLDeserializer/Location.swift (in target 'TOMLDeserializer' from project 'TOMLDeserializer')
cd /Users/admin/builder/spi-builder-workspace/.swiftpm/xcode
builtin-SwiftPerFileCompile Location.swift
SwiftDriverJobDiscovery normal arm64 Compiling TimeOffset.swift (in target 'NetTime' from project 'NetTime')
SwiftCompile normal arm64 Compiling\ Parser.swift /Users/admin/builder/spi-builder-workspace/.dependencies/checkouts/TOMLDeserializer/Sources/TOMLDeserializer/Parser.swift (in target 'TOMLDeserializer' from project 'TOMLDeserializer')
SwiftCompile normal arm64 /Users/admin/builder/spi-builder-workspace/.dependencies/checkouts/TOMLDeserializer/Sources/TOMLDeserializer/Parser.swift (in target 'TOMLDeserializer' from project 'TOMLDeserializer')
cd /Users/admin/builder/spi-builder-workspace/.swiftpm/xcode
builtin-SwiftPerFileCompile Parser.swift
SwiftDriverJobDiscovery normal arm64 Compiling DateTime.swift (in target 'NetTime' from project 'NetTime')
SwiftCompile normal arm64 Compiling\ TOMLDeserializer.swift /Users/admin/builder/spi-builder-workspace/.dependencies/checkouts/TOMLDeserializer/Sources/TOMLDeserializer/TOMLDeserializer.swift (in target 'TOMLDeserializer' from project 'TOMLDeserializer')
SwiftCompile normal arm64 /Users/admin/builder/spi-builder-workspace/.dependencies/checkouts/TOMLDeserializer/Sources/TOMLDeserializer/TOMLDeserializer.swift (in target 'TOMLDeserializer' from project 'TOMLDeserializer')
cd /Users/admin/builder/spi-builder-workspace/.swiftpm/xcode
builtin-SwiftPerFileCompile TOMLDeserializer.swift
SwiftDriverJobDiscovery normal arm64 Emitting module for TOMLDeserializer (in target 'TOMLDeserializer' from project 'TOMLDeserializer')
SwiftDriver\ Compilation\ Requirements TOMLDeserializer normal arm64 com.apple.xcode.tools.swift.compiler (in target 'TOMLDeserializer' from project 'TOMLDeserializer')
cd /Users/admin/builder/spi-builder-workspace/.swiftpm/xcode
builtin-Swift-Compilation-Requirements -- /Applications/Xcode-27.0.0-Release.Candidate.app/Contents/Developer/Toolchains/XcodeDefault.xctoolchain/usr/bin/swiftc -parse-as-library -module-name TOMLDeserializer -Onone @/Users/admin/builder/spi-builder-workspace/.derivedData/Build/Intermediates.noindex/TOMLDeserializer.build/Debug-xros/TOMLDeserializer-t.build/Objects-normal/arm64/TOMLDeserializer.SwiftFileList -DSWIFT_PACKAGE -DDEBUG -DSWIFT_MODULE_RESOURCE_BUNDLE_UNAVAILABLE -DXcode -plugin-path /Applications/Xcode-27.0.0-Release.Candidate.app/Contents/Developer/Toolchains/XcodeDefault.xctoolchain/usr/lib/swift/host/plugins/testing -enable-experimental-feature DebugDescriptionMacro -sdk /Applications/Xcode-27.0.0-Release.Candidate.app/Contents/Developer/Platforms/XROS.platform/Developer/SDKs/XROS27.0.sdk -target arm64-apple-xros1.0 -g -module-cache-path /Users/admin/builder/spi-builder-workspace/.derivedData/ModuleCache.noindex -Xfrontend -serialize-debugging-options -profile-coverage-mapping -profile-generate -enable-testing -suppress-warnings -index-store-path /Users/admin/builder/spi-builder-workspace/.derivedData/Index.noindex/DataStore -Xcc -D_LIBCPP_HARDENING_MODE\=_LIBCPP_HARDENING_MODE_DEBUG -swift-version 5 -I /Users/admin/builder/spi-builder-workspace/.derivedData/Build/Products/Debug-xros -Isystem /Applications/Xcode-27.0.0-Release.Candidate.app/Contents/Developer/Platforms/XROS.platform/Developer/usr/lib -F /Users/admin/builder/spi-builder-workspace/.derivedData/Build/Products/Debug-xros/PackageFrameworks -F /Users/admin/builder/spi-builder-workspace/.derivedData/Build/Products/Debug-xros -F /Applications/Xcode-27.0.0-Release.Candidate.app/Contents/Developer/Platforms/XROS.platform/Developer/Library/Frameworks -F /Applications/Xcode-27.0.0-Release.Candidate.app/Contents/Developer/Platforms/XROS.platform/Developer/SDKs/XROS27.0.sdk/Developer/Library/Frameworks -c -j10 -enable-batch-mode -incremental -Xcc -ivfsstatcache -Xcc /Users/admin/builder/spi-builder-workspace/.derivedData/SDKStatCaches.noindex/xros27.0-24M361-e829b21a6f8c9b70876ba0858053c044735bd543db762f57723cac368afd1ce4.sdkstatcache -output-file-map /Users/admin/builder/spi-builder-workspace/.derivedData/Build/Intermediates.noindex/TOMLDeserializer.build/Debug-xros/TOMLDeserializer-t.build/Objects-normal/arm64/TOMLDeserializer-OutputFileMap.json -save-temps -no-color-diagnostics -explicit-module-build -module-cache-path /Users/admin/builder/spi-builder-workspace/.derivedData/Build/Intermediates.noindex/SwiftExplicitPrecompiledModules -clang-scanner-module-cache-path /Users/admin/builder/spi-builder-workspace/.derivedData/ModuleCache.noindex -sdk-module-cache-path /Users/admin/builder/spi-builder-workspace/.derivedData/SDKExplicitPrecompiledModules -emit-dependencies -emit-module -emit-module-path /Users/admin/builder/spi-builder-workspace/.derivedData/Build/Intermediates.noindex/TOMLDeserializer.build/Debug-xros/TOMLDeserializer-t.build/Objects-normal/arm64/TOMLDeserializer.swiftmodule -serialize-diagnostics -dependency-scan-serialize-diagnostics-path /Users/admin/builder/spi-builder-workspace/.derivedData/Build/Intermediates.noindex/TOMLDeserializer.build/Debug-xros/TOMLDeserializer-t.build/Objects-normal/arm64/TOMLDeserializer-dependency-scan.dia -validate-clang-modules-once -clang-build-session-file /Users/admin/builder/spi-builder-workspace/.derivedData/ModuleCache.noindex/Session.modulevalidation -Xcc -fmodules-prune-interval\=86400 -Xcc -fmodules-prune-after\=345600 -emit-const-values -const-gather-protocols-list /Users/admin/builder/spi-builder-workspace/.derivedData/Build/Intermediates.noindex/TOMLDeserializer.build/Debug-xros/TOMLDeserializer-t.build/Objects-normal/arm64/TOMLDeserializer_const_extract_protocols.json -Xcc -I/Users/admin/builder/spi-builder-workspace/.derivedData/Build/Products/Debug-xros/include -Xcc -I/Users/admin/builder/spi-builder-workspace/.derivedData/Build/Intermediates.noindex/TOMLDeserializer.build/Debug-xros/TOMLDeserializer-t.build/DerivedSources-normal/arm64 -Xcc -I/Users/admin/builder/spi-builder-workspace/.derivedData/Build/Intermediates.noindex/TOMLDeserializer.build/Debug-xros/TOMLDeserializer-t.build/DerivedSources/arm64 -Xcc -I/Users/admin/builder/spi-builder-workspace/.derivedData/Build/Intermediates.noindex/TOMLDeserializer.build/Debug-xros/TOMLDeserializer-t.build/DerivedSources -Xcc -DSWIFT_PACKAGE -Xcc -DDEBUG\=1 -emit-objc-header -emit-objc-header-path /Users/admin/builder/spi-builder-workspace/.derivedData/Build/Intermediates.noindex/TOMLDeserializer.build/Debug-xros/TOMLDeserializer-t.build/Objects-normal/arm64/TOMLDeserializer-Swift.h -working-directory /Users/admin/builder/spi-builder-workspace/.swiftpm/xcode -experimental-emit-module-separately -disable-cmo
SwiftCompile normal arm64 Compiling\ Errors.swift /Users/admin/builder/spi-builder-workspace/.dependencies/checkouts/TOMLDeserializer/Sources/TOMLDeserializer/Errors.swift (in target 'TOMLDeserializer' from project 'TOMLDeserializer')
SwiftCompile normal arm64 /Users/admin/builder/spi-builder-workspace/.dependencies/checkouts/TOMLDeserializer/Sources/TOMLDeserializer/Errors.swift (in target 'TOMLDeserializer' from project 'TOMLDeserializer')
cd /Users/admin/builder/spi-builder-workspace/.swiftpm/xcode
builtin-SwiftPerFileCompile Errors.swift
SwiftCompile normal arm64 Compiling\ constants.swift /Users/admin/builder/spi-builder-workspace/.dependencies/checkouts/TOMLDeserializer/Sources/TOMLDeserializer/constants.swift (in target 'TOMLDeserializer' from project 'TOMLDeserializer')
SwiftCompile normal arm64 /Users/admin/builder/spi-builder-workspace/.dependencies/checkouts/TOMLDeserializer/Sources/TOMLDeserializer/constants.swift (in target 'TOMLDeserializer' from project 'TOMLDeserializer')
cd /Users/admin/builder/spi-builder-workspace/.swiftpm/xcode
builtin-SwiftPerFileCompile constants.swift
SwiftExplicitDependencyGeneratePcm arm64 /Users/admin/builder/spi-builder-workspace/.derivedData/SDKExplicitPrecompiledModules/CFNetwork-5MI70N1VLDQSWTX4COWLMSIRO.pcm
SwiftMergeGeneratedHeaders /Users/admin/builder/spi-builder-workspace/.derivedData/Build/Intermediates.noindex/GeneratedModuleMaps-xros/TOMLDeserializer-Swift.h /Users/admin/builder/spi-builder-workspace/.derivedData/Build/Intermediates.noindex/TOMLDeserializer.build/Debug-xros/TOMLDeserializer-t.build/Objects-normal/arm64/TOMLDeserializer-Swift.h (in target 'TOMLDeserializer' from project 'TOMLDeserializer')
cd /Users/admin/builder/spi-builder-workspace/.dependencies/checkouts/TOMLDeserializer
builtin-swiftHeaderTool -arch arm64 /Users/admin/builder/spi-builder-workspace/.derivedData/Build/Intermediates.noindex/TOMLDeserializer.build/Debug-xros/TOMLDeserializer-t.build/Objects-normal/arm64/TOMLDeserializer-Swift.h -o /Users/admin/builder/spi-builder-workspace/.derivedData/Build/Intermediates.noindex/GeneratedModuleMaps-xros/TOMLDeserializer-Swift.h
SwiftDriverJobDiscovery normal arm64 Compiling LocalTime.swift (in target 'NetTime' from project 'NetTime')
Copy /Users/admin/builder/spi-builder-workspace/.derivedData/Build/Products/Debug-xros/TOMLDeserializer.swiftmodule/arm64-apple-xros.swiftmodule /Users/admin/builder/spi-builder-workspace/.derivedData/Build/Intermediates.noindex/TOMLDeserializer.build/Debug-xros/TOMLDeserializer-t.build/Objects-normal/arm64/TOMLDeserializer.swiftmodule (in target 'TOMLDeserializer' from project 'TOMLDeserializer')
cd /Users/admin/builder/spi-builder-workspace/.dependencies/checkouts/TOMLDeserializer
builtin-copy -exclude .DS_Store -exclude CVS -exclude .svn -exclude .git -exclude .hg -resolve-src-symlinks -rename /Users/admin/builder/spi-builder-workspace/.derivedData/Build/Intermediates.noindex/TOMLDeserializer.build/Debug-xros/TOMLDeserializer-t.build/Objects-normal/arm64/TOMLDeserializer.swiftmodule /Users/admin/builder/spi-builder-workspace/.derivedData/Build/Products/Debug-xros/TOMLDeserializer.swiftmodule/arm64-apple-xros.swiftmodule
Copy /Users/admin/builder/spi-builder-workspace/.derivedData/Build/Products/Debug-xros/TOMLDeserializer.swiftmodule/arm64-apple-xros.swiftdoc /Users/admin/builder/spi-builder-workspace/.derivedData/Build/Intermediates.noindex/TOMLDeserializer.build/Debug-xros/TOMLDeserializer-t.build/Objects-normal/arm64/TOMLDeserializer.swiftdoc (in target 'TOMLDeserializer' from project 'TOMLDeserializer')
cd /Users/admin/builder/spi-builder-workspace/.dependencies/checkouts/TOMLDeserializer
builtin-copy -exclude .DS_Store -exclude CVS -exclude .svn -exclude .git -exclude .hg -resolve-src-symlinks -rename /Users/admin/builder/spi-builder-workspace/.derivedData/Build/Intermediates.noindex/TOMLDeserializer.build/Debug-xros/TOMLDeserializer-t.build/Objects-normal/arm64/TOMLDeserializer.swiftdoc /Users/admin/builder/spi-builder-workspace/.derivedData/Build/Products/Debug-xros/TOMLDeserializer.swiftmodule/arm64-apple-xros.swiftdoc
Copy /Users/admin/builder/spi-builder-workspace/.derivedData/Build/Products/Debug-xros/TOMLDeserializer.swiftmodule/arm64-apple-xros.abi.json /Users/admin/builder/spi-builder-workspace/.derivedData/Build/Intermediates.noindex/TOMLDeserializer.build/Debug-xros/TOMLDeserializer-t.build/Objects-normal/arm64/TOMLDeserializer.abi.json (in target 'TOMLDeserializer' from project 'TOMLDeserializer')
cd /Users/admin/builder/spi-builder-workspace/.dependencies/checkouts/TOMLDeserializer
builtin-copy -exclude .DS_Store -exclude CVS -exclude .svn -exclude .git -exclude .hg -resolve-src-symlinks -rename /Users/admin/builder/spi-builder-workspace/.derivedData/Build/Intermediates.noindex/TOMLDeserializer.build/Debug-xros/TOMLDeserializer-t.build/Objects-normal/arm64/TOMLDeserializer.abi.json /Users/admin/builder/spi-builder-workspace/.derivedData/Build/Products/Debug-xros/TOMLDeserializer.swiftmodule/arm64-apple-xros.abi.json
Copy /Users/admin/builder/spi-builder-workspace/.derivedData/Build/Products/Debug-xros/TOMLDeserializer.swiftmodule/Project/arm64-apple-xros.swiftsourceinfo /Users/admin/builder/spi-builder-workspace/.derivedData/Build/Intermediates.noindex/TOMLDeserializer.build/Debug-xros/TOMLDeserializer-t.build/Objects-normal/arm64/TOMLDeserializer.swiftsourceinfo (in target 'TOMLDeserializer' from project 'TOMLDeserializer')
cd /Users/admin/builder/spi-builder-workspace/.dependencies/checkouts/TOMLDeserializer
builtin-copy -exclude .DS_Store -exclude CVS -exclude .svn -exclude .git -exclude .hg -resolve-src-symlinks -rename /Users/admin/builder/spi-builder-workspace/.derivedData/Build/Intermediates.noindex/TOMLDeserializer.build/Debug-xros/TOMLDeserializer-t.build/Objects-normal/arm64/TOMLDeserializer.swiftsourceinfo /Users/admin/builder/spi-builder-workspace/.derivedData/Build/Products/Debug-xros/TOMLDeserializer.swiftmodule/Project/arm64-apple-xros.swiftsourceinfo
SwiftExplicitDependencyGeneratePcm arm64 /Users/admin/builder/spi-builder-workspace/.derivedData/SDKExplicitPrecompiledModules/Security-8TH2M8WJIQMET4SADWX0N8372.pcm
SwiftDriverJobDiscovery normal arm64 Compiling LocalDate.swift (in target 'NetTime' from project 'NetTime')
ExtractAppIntentsMetadata (in target 'PathKit' from project 'PathKit')
cd /Users/admin/builder/spi-builder-workspace/.dependencies/checkouts/PathKit
/Applications/Xcode-27.0.0-Release.Candidate.app/Contents/Developer/Toolchains/XcodeDefault.xctoolchain/usr/bin/appintentsmetadataprocessor --toolchain-dir /var/run/com.apple.security.cryptexd/mnt/com.apple.MobileAsset.MetalToolchain-v27.1.266.1.ohnuow/Metal.xctoolchain --module-name PathKit --sdk-root /Applications/Xcode-27.0.0-Release.Candidate.app/Contents/Developer/Platforms/XROS.platform/Developer/SDKs/XROS27.0.sdk --xcode-version 27A266a --platform-family xrOS --deployment-target 1.0 --bundle-identifier pathkit.PathKit --output /Users/admin/builder/spi-builder-workspace/.derivedData/Build/Products/Debug-xros/PathKit.appintents --target-triple arm64-apple-xros1.0 --binary-file /Users/admin/builder/spi-builder-workspace/.derivedData/Build/Products/Debug-xros/PathKit.o --dependency-file /Users/admin/builder/spi-builder-workspace/.derivedData/Build/Intermediates.noindex/PathKit.build/Debug-xros/PathKit-t.build/Objects-normal/arm64/PathKit_dependency_info.dat --stringsdata-file /Users/admin/builder/spi-builder-workspace/.derivedData/Build/Intermediates.noindex/PathKit.build/Debug-xros/PathKit-t.build/Objects-normal/arm64/ExtractedAppShortcutsMetadata.stringsdata --source-file-list /Users/admin/builder/spi-builder-workspace/.derivedData/Build/Intermediates.noindex/PathKit.build/Debug-xros/PathKit-t.build/Objects-normal/arm64/PathKit.SwiftFileList --metadata-file-list /Users/admin/builder/spi-builder-workspace/.derivedData/Build/Intermediates.noindex/PathKit.build/Debug-xros/PathKit-t.build/PathKit.DependencyMetadataFileList --static-metadata-file-list /Users/admin/builder/spi-builder-workspace/.derivedData/Build/Intermediates.noindex/PathKit.build/Debug-xros/PathKit-t.build/PathKit.DependencyStaticMetadataFileList --swift-const-vals-list /Users/admin/builder/spi-builder-workspace/.derivedData/Build/Intermediates.noindex/PathKit.build/Debug-xros/PathKit-t.build/Objects-normal/arm64/PathKit.SwiftConstValuesFileList --force --compile-time-extraction --deployment-aware-processing --no-app-shortcuts-localization
2026-09-19 09:27:05.135 appintentsmetadataprocessor[1184:6613] Starting appintentsmetadataprocessor export
2026-09-19 09:27:05.205 appintentsmetadataprocessor[1184:6613] Extracted no relevant App Intents symbols, skipping writing output
SwiftDriver\ Compilation NetTime normal arm64 com.apple.xcode.tools.swift.compiler (in target 'NetTime' from project 'NetTime')
cd /Users/admin/builder/spi-builder-workspace/.swiftpm/xcode
builtin-Swift-Compilation -- /Applications/Xcode-27.0.0-Release.Candidate.app/Contents/Developer/Toolchains/XcodeDefault.xctoolchain/usr/bin/swiftc -parse-as-library -module-name NetTime -Onone @/Users/admin/builder/spi-builder-workspace/.derivedData/Build/Intermediates.noindex/NetTime.build/Debug-xros/NetTime-t.build/Objects-normal/arm64/NetTime.SwiftFileList -DSWIFT_PACKAGE -DDEBUG -DSWIFT_MODULE_RESOURCE_BUNDLE_UNAVAILABLE -DXcode -plugin-path /Applications/Xcode-27.0.0-Release.Candidate.app/Contents/Developer/Toolchains/XcodeDefault.xctoolchain/usr/lib/swift/host/plugins/testing -enable-experimental-feature DebugDescriptionMacro -sdk /Applications/Xcode-27.0.0-Release.Candidate.app/Contents/Developer/Platforms/XROS.platform/Developer/SDKs/XROS27.0.sdk -target arm64-apple-xros1.0 -g -module-cache-path /Users/admin/builder/spi-builder-workspace/.derivedData/ModuleCache.noindex -Xfrontend -serialize-debugging-options -profile-coverage-mapping -profile-generate -enable-testing -suppress-warnings -index-store-path /Users/admin/builder/spi-builder-workspace/.derivedData/Index.noindex/DataStore -Xcc -D_LIBCPP_HARDENING_MODE\=_LIBCPP_HARDENING_MODE_DEBUG -swift-version 5 -I /Users/admin/builder/spi-builder-workspace/.derivedData/Build/Products/Debug-xros -Isystem /Applications/Xcode-27.0.0-Release.Candidate.app/Contents/Developer/Platforms/XROS.platform/Developer/usr/lib -F /Users/admin/builder/spi-builder-workspace/.derivedData/Build/Products/Debug-xros -F /Applications/Xcode-27.0.0-Release.Candidate.app/Contents/Developer/Platforms/XROS.platform/Developer/Library/Frameworks -F /Applications/Xcode-27.0.0-Release.Candidate.app/Contents/Developer/Platforms/XROS.platform/Developer/SDKs/XROS27.0.sdk/Developer/Library/Frameworks -c -j10 -enable-batch-mode -incremental -Xcc -ivfsstatcache -Xcc /Users/admin/builder/spi-builder-workspace/.derivedData/SDKStatCaches.noindex/xros27.0-24M361-e829b21a6f8c9b70876ba0858053c044735bd543db762f57723cac368afd1ce4.sdkstatcache -output-file-map /Users/admin/builder/spi-builder-workspace/.derivedData/Build/Intermediates.noindex/NetTime.build/Debug-xros/NetTime-t.build/Objects-normal/arm64/NetTime-OutputFileMap.json -save-temps -no-color-diagnostics -explicit-module-build -module-cache-path /Users/admin/builder/spi-builder-workspace/.derivedData/Build/Intermediates.noindex/SwiftExplicitPrecompiledModules -clang-scanner-module-cache-path /Users/admin/builder/spi-builder-workspace/.derivedData/ModuleCache.noindex -sdk-module-cache-path /Users/admin/builder/spi-builder-workspace/.derivedData/SDKExplicitPrecompiledModules -emit-dependencies -emit-module -emit-module-path /Users/admin/builder/spi-builder-workspace/.derivedData/Build/Intermediates.noindex/NetTime.build/Debug-xros/NetTime-t.build/Objects-normal/arm64/NetTime.swiftmodule -serialize-diagnostics -dependency-scan-serialize-diagnostics-path /Users/admin/builder/spi-builder-workspace/.derivedData/Build/Intermediates.noindex/NetTime.build/Debug-xros/NetTime-t.build/Objects-normal/arm64/NetTime-dependency-scan.dia -validate-clang-modules-once -clang-build-session-file /Users/admin/builder/spi-builder-workspace/.derivedData/ModuleCache.noindex/Session.modulevalidation -Xcc -fmodules-prune-interval\=86400 -Xcc -fmodules-prune-after\=345600 -emit-const-values -const-gather-protocols-list /Users/admin/builder/spi-builder-workspace/.derivedData/Build/Intermediates.noindex/NetTime.build/Debug-xros/NetTime-t.build/Objects-normal/arm64/NetTime_const_extract_protocols.json -Xcc -I/Users/admin/builder/spi-builder-workspace/.derivedData/Build/Products/Debug-xros/include -Xcc -I/Users/admin/builder/spi-builder-workspace/.derivedData/Build/Intermediates.noindex/NetTime.build/Debug-xros/NetTime-t.build/DerivedSources-normal/arm64 -Xcc -I/Users/admin/builder/spi-builder-workspace/.derivedData/Build/Intermediates.noindex/NetTime.build/Debug-xros/NetTime-t.build/DerivedSources/arm64 -Xcc -I/Users/admin/builder/spi-builder-workspace/.derivedData/Build/Intermediates.noindex/NetTime.build/Debug-xros/NetTime-t.build/DerivedSources -Xcc -DSWIFT_PACKAGE -Xcc -DDEBUG\=1 -emit-objc-header -emit-objc-header-path /Users/admin/builder/spi-builder-workspace/.derivedData/Build/Intermediates.noindex/NetTime.build/Debug-xros/NetTime-t.build/Objects-normal/arm64/NetTime-Swift.h -working-directory /Users/admin/builder/spi-builder-workspace/.swiftpm/xcode -experimental-emit-module-separately -disable-cmo
Ld /Users/admin/builder/spi-builder-workspace/.derivedData/Build/Products/Debug-xros/NetTime.o normal (in target 'NetTime' from project 'NetTime')
cd /Users/admin/builder/spi-builder-workspace/.dependencies/checkouts/NetTime
/Applications/Xcode-27.0.0-Release.Candidate.app/Contents/Developer/Toolchains/XcodeDefault.xctoolchain/usr/bin/clang -Xlinker -reproducible -target arm64-apple-xros1.0 -r -isysroot /Applications/Xcode-27.0.0-Release.Candidate.app/Contents/Developer/Platforms/XROS.platform/Developer/SDKs/XROS27.0.sdk -O0 -w -Xlinker -no_warn_duplicate_libraries -F/Users/admin/builder/spi-builder-workspace/.derivedData/Build/Intermediates.noindex/EagerLinkingTBDs/Debug-xros -F/Users/admin/builder/spi-builder-workspace/.derivedData/Build/Products/Debug-xros -iframework /Applications/Xcode-27.0.0-Release.Candidate.app/Contents/Developer/Platforms/XROS.platform/Developer/Library/Frameworks -iframework /Applications/Xcode-27.0.0-Release.Candidate.app/Contents/Developer/Platforms/XROS.platform/Developer/SDKs/XROS27.0.sdk/Developer/Library/Frameworks -filelist /Users/admin/builder/spi-builder-workspace/.derivedData/Build/Intermediates.noindex/NetTime.build/Debug-xros/NetTime-t.build/Objects-normal/arm64/NetTime.LinkFileList -nostdlib -Xlinker -object_path_lto -Xlinker /Users/admin/builder/spi-builder-workspace/.derivedData/Build/Intermediates.noindex/NetTime.build/Debug-xros/NetTime-t.build/Objects-normal/arm64/NetTime_lto.o -Xlinker -no_deduplicate -Xlinker -debug_variant -Xlinker -dependency_info -Xlinker /Users/admin/builder/spi-builder-workspace/.derivedData/Build/Intermediates.noindex/NetTime.build/Debug-xros/NetTime-t.build/Objects-normal/arm64/NetTime_dependency_info.dat -fobjc-link-runtime -L/Applications/Xcode-27.0.0-Release.Candidate.app/Contents/Developer/Toolchains/XcodeDefault.xctoolchain/usr/lib/swift/xros -L/usr/lib/swift -Xlinker -add_ast_path -Xlinker /Users/admin/builder/spi-builder-workspace/.derivedData/Build/Intermediates.noindex/NetTime.build/Debug-xros/NetTime-t.build/Objects-normal/arm64/NetTime.swiftmodule -o /Users/admin/builder/spi-builder-workspace/.derivedData/Build/Products/Debug-xros/NetTime.o
SwiftDriverJobDiscovery normal arm64 Compiling Location.swift (in target 'TOMLDeserializer' from project 'TOMLDeserializer')
ExtractAppIntentsMetadata (in target 'NetTime' from project 'NetTime')
cd /Users/admin/builder/spi-builder-workspace/.dependencies/checkouts/NetTime
/Applications/Xcode-27.0.0-Release.Candidate.app/Contents/Developer/Toolchains/XcodeDefault.xctoolchain/usr/bin/appintentsmetadataprocessor --toolchain-dir /var/run/com.apple.security.cryptexd/mnt/com.apple.MobileAsset.MetalToolchain-v27.1.266.1.ohnuow/Metal.xctoolchain --module-name NetTime --sdk-root /Applications/Xcode-27.0.0-Release.Candidate.app/Contents/Developer/Platforms/XROS.platform/Developer/SDKs/XROS27.0.sdk --xcode-version 27A266a --platform-family xrOS --deployment-target 1.0 --bundle-identifier nettime.NetTime --output /Users/admin/builder/spi-builder-workspace/.derivedData/Build/Products/Debug-xros/NetTime.appintents --target-triple arm64-apple-xros1.0 --binary-file /Users/admin/builder/spi-builder-workspace/.derivedData/Build/Products/Debug-xros/NetTime.o --dependency-file /Users/admin/builder/spi-builder-workspace/.derivedData/Build/Intermediates.noindex/NetTime.build/Debug-xros/NetTime-t.build/Objects-normal/arm64/NetTime_dependency_info.dat --stringsdata-file /Users/admin/builder/spi-builder-workspace/.derivedData/Build/Intermediates.noindex/NetTime.build/Debug-xros/NetTime-t.build/Objects-normal/arm64/ExtractedAppShortcutsMetadata.stringsdata --source-file-list /Users/admin/builder/spi-builder-workspace/.derivedData/Build/Intermediates.noindex/NetTime.build/Debug-xros/NetTime-t.build/Objects-normal/arm64/NetTime.SwiftFileList --metadata-file-list /Users/admin/builder/spi-builder-workspace/.derivedData/Build/Intermediates.noindex/NetTime.build/Debug-xros/NetTime-t.build/NetTime.DependencyMetadataFileList --static-metadata-file-list /Users/admin/builder/spi-builder-workspace/.derivedData/Build/Intermediates.noindex/NetTime.build/Debug-xros/NetTime-t.build/NetTime.DependencyStaticMetadataFileList --swift-const-vals-list /Users/admin/builder/spi-builder-workspace/.derivedData/Build/Intermediates.noindex/NetTime.build/Debug-xros/NetTime-t.build/Objects-normal/arm64/NetTime.SwiftConstValuesFileList --force --compile-time-extraction --deployment-aware-processing --no-app-shortcuts-localization
2026-09-19 09:27:05.171 appintentsmetadataprocessor[1187:6628] Starting appintentsmetadataprocessor export
2026-09-19 09:27:05.235 appintentsmetadataprocessor[1187:6628] Extracted no relevant App Intents symbols, skipping writing output
SwiftDriverJobDiscovery normal arm64 Compiling TOMLDeserializer.swift (in target 'TOMLDeserializer' from project 'TOMLDeserializer')
SwiftExplicitDependencyGeneratePcm arm64 /Users/admin/builder/spi-builder-workspace/.derivedData/SDKExplicitPrecompiledModules/Foundation-8GON1KVEKRN3NOQI8RETBRWJP.pcm
SwiftDriverJobDiscovery normal arm64 Compiling constants.swift (in target 'TOMLDeserializer' from project 'TOMLDeserializer')
SwiftDriverJobDiscovery normal arm64 Compiling Errors.swift (in target 'TOMLDeserializer' from project 'TOMLDeserializer')
SwiftDriverJobDiscovery normal arm64 Compiling Parser.swift (in target 'TOMLDeserializer' from project 'TOMLDeserializer')
SwiftDriverJobDiscovery normal arm64 Compiling Scanner.swift (in target 'TOMLDeserializer' from project 'TOMLDeserializer')
SwiftDriver\ Compilation TOMLDeserializer normal arm64 com.apple.xcode.tools.swift.compiler (in target 'TOMLDeserializer' from project 'TOMLDeserializer')
cd /Users/admin/builder/spi-builder-workspace/.swiftpm/xcode
builtin-Swift-Compilation -- /Applications/Xcode-27.0.0-Release.Candidate.app/Contents/Developer/Toolchains/XcodeDefault.xctoolchain/usr/bin/swiftc -parse-as-library -module-name TOMLDeserializer -Onone @/Users/admin/builder/spi-builder-workspace/.derivedData/Build/Intermediates.noindex/TOMLDeserializer.build/Debug-xros/TOMLDeserializer-t.build/Objects-normal/arm64/TOMLDeserializer.SwiftFileList -DSWIFT_PACKAGE -DDEBUG -DSWIFT_MODULE_RESOURCE_BUNDLE_UNAVAILABLE -DXcode -plugin-path /Applications/Xcode-27.0.0-Release.Candidate.app/Contents/Developer/Toolchains/XcodeDefault.xctoolchain/usr/lib/swift/host/plugins/testing -enable-experimental-feature DebugDescriptionMacro -sdk /Applications/Xcode-27.0.0-Release.Candidate.app/Contents/Developer/Platforms/XROS.platform/Developer/SDKs/XROS27.0.sdk -target arm64-apple-xros1.0 -g -module-cache-path /Users/admin/builder/spi-builder-workspace/.derivedData/ModuleCache.noindex -Xfrontend -serialize-debugging-options -profile-coverage-mapping -profile-generate -enable-testing -suppress-warnings -index-store-path /Users/admin/builder/spi-builder-workspace/.derivedData/Index.noindex/DataStore -Xcc -D_LIBCPP_HARDENING_MODE\=_LIBCPP_HARDENING_MODE_DEBUG -swift-version 5 -I /Users/admin/builder/spi-builder-workspace/.derivedData/Build/Products/Debug-xros -Isystem /Applications/Xcode-27.0.0-Release.Candidate.app/Contents/Developer/Platforms/XROS.platform/Developer/usr/lib -F /Users/admin/builder/spi-builder-workspace/.derivedData/Build/Products/Debug-xros/PackageFrameworks -F /Users/admin/builder/spi-builder-workspace/.derivedData/Build/Products/Debug-xros -F /Applications/Xcode-27.0.0-Release.Candidate.app/Contents/Developer/Platforms/XROS.platform/Developer/Library/Frameworks -F /Applications/Xcode-27.0.0-Release.Candidate.app/Contents/Developer/Platforms/XROS.platform/Developer/SDKs/XROS27.0.sdk/Developer/Library/Frameworks -c -j10 -enable-batch-mode -incremental -Xcc -ivfsstatcache -Xcc /Users/admin/builder/spi-builder-workspace/.derivedData/SDKStatCaches.noindex/xros27.0-24M361-e829b21a6f8c9b70876ba0858053c044735bd543db762f57723cac368afd1ce4.sdkstatcache -output-file-map /Users/admin/builder/spi-builder-workspace/.derivedData/Build/Intermediates.noindex/TOMLDeserializer.build/Debug-xros/TOMLDeserializer-t.build/Objects-normal/arm64/TOMLDeserializer-OutputFileMap.json -save-temps -no-color-diagnostics -explicit-module-build -module-cache-path /Users/admin/builder/spi-builder-workspace/.derivedData/Build/Intermediates.noindex/SwiftExplicitPrecompiledModules -clang-scanner-module-cache-path /Users/admin/builder/spi-builder-workspace/.derivedData/ModuleCache.noindex -sdk-module-cache-path /Users/admin/builder/spi-builder-workspace/.derivedData/SDKExplicitPrecompiledModules -emit-dependencies -emit-module -emit-module-path /Users/admin/builder/spi-builder-workspace/.derivedData/Build/Intermediates.noindex/TOMLDeserializer.build/Debug-xros/TOMLDeserializer-t.build/Objects-normal/arm64/TOMLDeserializer.swiftmodule -serialize-diagnostics -dependency-scan-serialize-diagnostics-path /Users/admin/builder/spi-builder-workspace/.derivedData/Build/Intermediates.noindex/TOMLDeserializer.build/Debug-xros/TOMLDeserializer-t.build/Objects-normal/arm64/TOMLDeserializer-dependency-scan.dia -validate-clang-modules-once -clang-build-session-file /Users/admin/builder/spi-builder-workspace/.derivedData/ModuleCache.noindex/Session.modulevalidation -Xcc -fmodules-prune-interval\=86400 -Xcc -fmodules-prune-after\=345600 -emit-const-values -const-gather-protocols-list /Users/admin/builder/spi-builder-workspace/.derivedData/Build/Intermediates.noindex/TOMLDeserializer.build/Debug-xros/TOMLDeserializer-t.build/Objects-normal/arm64/TOMLDeserializer_const_extract_protocols.json -Xcc -I/Users/admin/builder/spi-builder-workspace/.derivedData/Build/Products/Debug-xros/include -Xcc -I/Users/admin/builder/spi-builder-workspace/.derivedData/Build/Intermediates.noindex/TOMLDeserializer.build/Debug-xros/TOMLDeserializer-t.build/DerivedSources-normal/arm64 -Xcc -I/Users/admin/builder/spi-builder-workspace/.derivedData/Build/Intermediates.noindex/TOMLDeserializer.build/Debug-xros/TOMLDeserializer-t.build/DerivedSources/arm64 -Xcc -I/Users/admin/builder/spi-builder-workspace/.derivedData/Build/Intermediates.noindex/TOMLDeserializer.build/Debug-xros/TOMLDeserializer-t.build/DerivedSources -Xcc -DSWIFT_PACKAGE -Xcc -DDEBUG\=1 -emit-objc-header -emit-objc-header-path /Users/admin/builder/spi-builder-workspace/.derivedData/Build/Intermediates.noindex/TOMLDeserializer.build/Debug-xros/TOMLDeserializer-t.build/Objects-normal/arm64/TOMLDeserializer-Swift.h -working-directory /Users/admin/builder/spi-builder-workspace/.swiftpm/xcode -experimental-emit-module-separately -disable-cmo
SwiftEmitModule normal arm64 Emitting\ module\ for\ StringlyKit (in target 'StringlyKit' from project 'Stringly')
SwiftCompile normal arm64 (in target 'StringlyKit' from project 'Stringly')
cd /Users/admin/builder/spi-builder-workspace/.swiftpm/xcode
SwiftCompile normal arm64 Compiling\ StringsGenerator.swift /Users/admin/builder/spi-builder-workspace/Sources/StringlyKit/Generators/StringsGenerator.swift (in target 'StringlyKit' from project 'Stringly')
SwiftCompile normal arm64 /Users/admin/builder/spi-builder-workspace/Sources/StringlyKit/Generators/StringsGenerator.swift (in target 'StringlyKit' from project 'Stringly')
cd /Users/admin/builder/spi-builder-workspace/.swiftpm/xcode
builtin-SwiftPerFileCompile StringsGenerator.swift
SwiftCompile normal arm64 Compiling\ StringGroup.swift /Users/admin/builder/spi-builder-workspace/Sources/StringlyKit/StringGroup.swift (in target 'StringlyKit' from project 'Stringly')
SwiftCompile normal arm64 /Users/admin/builder/spi-builder-workspace/Sources/StringlyKit/StringGroup.swift (in target 'StringlyKit' from project 'Stringly')
cd /Users/admin/builder/spi-builder-workspace/.swiftpm/xcode
builtin-SwiftPerFileCompile StringGroup.swift
SwiftCompile normal arm64 Compiling\ StringsDictGenerator.swift /Users/admin/builder/spi-builder-workspace/Sources/StringlyKit/Generators/StringsDictGenerator.swift (in target 'StringlyKit' from project 'Stringly')
SwiftCompile normal arm64 /Users/admin/builder/spi-builder-workspace/Sources/StringlyKit/Generators/StringsDictGenerator.swift (in target 'StringlyKit' from project 'Stringly')
cd /Users/admin/builder/spi-builder-workspace/.swiftpm/xcode
builtin-SwiftPerFileCompile StringsDictGenerator.swift
SwiftCompile normal arm64 Compiling\ Generator.swift /Users/admin/builder/spi-builder-workspace/Sources/StringlyKit/Generator.swift (in target 'StringlyKit' from project 'Stringly')
SwiftCompile normal arm64 /Users/admin/builder/spi-builder-workspace/Sources/StringlyKit/Generator.swift (in target 'StringlyKit' from project 'Stringly')
cd /Users/admin/builder/spi-builder-workspace/.swiftpm/xcode
builtin-SwiftPerFileCompile Generator.swift
SwiftCompile normal arm64 Compiling\ SwiftGenerator.swift /Users/admin/builder/spi-builder-workspace/Sources/StringlyKit/Generators/SwiftGenerator.swift (in target 'StringlyKit' from project 'Stringly')
SwiftCompile normal arm64 /Users/admin/builder/spi-builder-workspace/Sources/StringlyKit/Generators/SwiftGenerator.swift (in target 'StringlyKit' from project 'Stringly')
cd /Users/admin/builder/spi-builder-workspace/.swiftpm/xcode
builtin-SwiftPerFileCompile SwiftGenerator.swift
SwiftEmitModule normal arm64 Emitting\ module\ for\ SwiftCLI (in target 'SwiftCLI' from project 'SwiftCLI')
SwiftCompile normal arm64 (in target 'SwiftCLI' from project 'SwiftCLI')
cd /Users/admin/builder/spi-builder-workspace/.swiftpm/xcode
/Users/admin/builder/spi-builder-workspace/.dependencies/checkouts/SwiftCLI/Sources/SwiftCLI/Task.swift:16:26: error: cannot find type 'Process' in scope
14 | public class Task {
15 |
16 | private let process: Process
| `- error: cannot find type 'Process' in scope
17 |
18 | /// Block to execute when command terminates; default nil
Failed frontend command:
/Applications/Xcode-27.0.0-Release.Candidate.app/Contents/Developer/Toolchains/XcodeDefault.xctoolchain/usr/bin/swift-frontend -frontend -emit-module -experimental-skip-non-inlinable-function-bodies-without-types /Users/admin/builder/spi-builder-workspace/.dependencies/checkouts/SwiftCLI/Sources/SwiftCLI/ArgumentList.swift /Users/admin/builder/spi-builder-workspace/.dependencies/checkouts/SwiftCLI/Sources/SwiftCLI/ArgumentListManipulator.swift /Users/admin/builder/spi-builder-workspace/.dependencies/checkouts/SwiftCLI/Sources/SwiftCLI/CLI.swift /Users/admin/builder/spi-builder-workspace/.dependencies/checkouts/SwiftCLI/Sources/SwiftCLI/Command.swift /Users/admin/builder/spi-builder-workspace/.dependencies/checkouts/SwiftCLI/Sources/SwiftCLI/Compatibility.swift /Users/admin/builder/spi-builder-workspace/.dependencies/checkouts/SwiftCLI/Sources/SwiftCLI/CompletionGenerator.swift /Users/admin/builder/spi-builder-workspace/.dependencies/checkouts/SwiftCLI/Sources/SwiftCLI/Error.swift /Users/admin/builder/spi-builder-workspace/.dependencies/checkouts/SwiftCLI/Sources/SwiftCLI/HelpCommand.swift /Users/admin/builder/spi-builder-workspace/.dependencies/checkouts/SwiftCLI/Sources/SwiftCLI/HelpMessageGenerator.swift /Users/admin/builder/spi-builder-workspace/.dependencies/checkouts/SwiftCLI/Sources/SwiftCLI/Input.swift /Users/admin/builder/spi-builder-workspace/.dependencies/checkouts/SwiftCLI/Sources/SwiftCLI/Option.swift /Users/admin/builder/spi-builder-workspace/.dependencies/checkouts/SwiftCLI/Sources/SwiftCLI/OptionGroup.swift /Users/admin/builder/spi-builder-workspace/.dependencies/checkouts/SwiftCLI/Sources/SwiftCLI/OptionRegistry.swift /Users/admin/builder/spi-builder-workspace/.dependencies/checkouts/SwiftCLI/Sources/SwiftCLI/Parameter.swift /Users/admin/builder/spi-builder-workspace/.dependencies/checkouts/SwiftCLI/Sources/SwiftCLI/Parser.swift /Users/admin/builder/spi-builder-workspace/.dependencies/checkouts/SwiftCLI/Sources/SwiftCLI/Path.swift /Users/admin/builder/spi-builder-workspace/.dependencies/checkouts/SwiftCLI/Sources/SwiftCLI/Stream.swift /Users/admin/builder/spi-builder-workspace/.dependencies/checkouts/SwiftCLI/Sources/SwiftCLI/Task.swift /Users/admin/builder/spi-builder-workspace/.dependencies/checkouts/SwiftCLI/Sources/SwiftCLI/Term.swift /Users/admin/builder/spi-builder-workspace/.dependencies/checkouts/SwiftCLI/Sources/SwiftCLI/Validation.swift /Users/admin/builder/spi-builder-workspace/.dependencies/checkouts/SwiftCLI/Sources/SwiftCLI/ValueBox.swift /Users/admin/builder/spi-builder-workspace/.dependencies/checkouts/SwiftCLI/Sources/SwiftCLI/VersionCommand.swift -target arm64-apple-xros1.0 -disable-cross-import-overlay-search -swift-module-cross-import Darwin /Applications/Xcode-27.0.0-Release.Candidate.app/Contents/Developer/Platforms/XROS.platform/Developer/SDKs/XROS.sdk/usr/include/Darwin.swiftcrossimport/xlocale.swiftoverlay -load-resolved-plugin /Applications/Xcode-27.0.0-Release.Candidate.app/Contents/Developer/Platforms/XROS.platform/Developer/usr/lib/swift/host/plugins/libFoundationMacros.dylib\#/Applications/Xcode-27.0.0-Release.Candidate.app/Contents/Developer/Platforms/XROS.platform/Developer/usr/bin/swift-plugin-server\#FoundationMacros -load-resolved-plugin /Applications/Xcode-27.0.0-Release.Candidate.app/Contents/Developer/Platforms/XROS.platform/Developer/usr/lib/swift/host/plugins/libObservationMacros.dylib\#/Applications/Xcode-27.0.0-Release.Candidate.app/Contents/Developer/Platforms/XROS.platform/Developer/usr/bin/swift-plugin-server\#ObservationMacros -load-resolved-plugin /Applications/Xcode-27.0.0-Release.Candidate.app/Contents/Developer/Platforms/XROS.platform/Developer/usr/lib/swift/host/plugins/libSwiftMacros.dylib\#/Applications/Xcode-27.0.0-Release.Candidate.app/Contents/Developer/Platforms/XROS.platform/Developer/usr/bin/swift-plugin-server\#SwiftMacros -disable-implicit-swift-modules -Xcc -fno-implicit-modules -Xcc -fno-implicit-module-maps -explicit-swift-module-map-file /Users/admin/builder/spi-builder-workspace/.derivedData/Build/Intermediates.noindex/SwiftCLI.build/Debug-xros/SwiftCLI-t.build/Objects-normal/arm64/SwiftCLI-dependencies-1.json -Xllvm -aarch64-use-tbi -enable-objc-interop -stack-check -sdk /Applications/Xcode-27.0.0-Release.Candidate.app/Contents/Developer/Platforms/XROS.platform/Developer/SDKs/XROS27.0.sdk -I /Users/admin/builder/spi-builder-workspace/.derivedData/Build/Products/Debug-xros -Isystem /Applications/Xcode-27.0.0-Release.Candidate.app/Contents/Developer/Platforms/XROS.platform/Developer/usr/lib -F /Users/admin/builder/spi-builder-workspace/.derivedData/Build/Products/Debug-xros -F /Applications/Xcode-27.0.0-Release.Candidate.app/Contents/Developer/Platforms/XROS.platform/Developer/Library/Frameworks -F /Applications/Xcode-27.0.0-Release.Candidate.app/Contents/Developer/Platforms/XROS.platform/Developer/SDKs/XROS27.0.sdk/Developer/Library/Frameworks -module-cache-path /Users/admin/builder/spi-builder-workspace/.derivedData/Build/Intermediates.noindex/SwiftExplicitPrecompiledModules -no-color-diagnostics -Xcc -fno-color-diagnostics -enable-testing -g -debug-info-format\=dwarf -dwarf-version\=4 -suppress-warnings -profile-generate -profile-coverage-mapping -swift-version 5 -Onone -D SWIFT_PACKAGE -D DEBUG -D SWIFT_MODULE_RESOURCE_BUNDLE_UNAVAILABLE -D Xcode -serialize-debugging-options -enable-experimental-feature DebugDescriptionMacro -empty-abi-descriptor -validate-clang-modules-once -clang-build-session-file /Users/admin/builder/spi-builder-workspace/.derivedData/ModuleCache.noindex/Session.modulevalidation -Xcc -working-directory -Xcc /Users/admin/builder/spi-builder-workspace/.swiftpm/xcode -enable-anonymous-context-mangled-names -file-compilation-dir /Users/admin/builder/spi-builder-workspace/.swiftpm/xcode -Xcc -D_LIBCPP_HARDENING_MODE\=_LIBCPP_HARDENING_MODE_DEBUG -Xcc -ivfsstatcache -Xcc /Users/admin/builder/spi-builder-workspace/.derivedData/SDKStatCaches.noindex/xros27.0-24M361-e829b21a6f8c9b70876ba0858053c044735bd543db762f57723cac368afd1ce4.sdkstatcache -Xcc -fmodules-prune-interval\=86400 -Xcc -fmodules-prune-after\=345600 -Xcc -I/Users/admin/builder/spi-builder-workspace/.derivedData/Build/Products/Debug-xros/include -Xcc -I/Users/admin/builder/spi-builder-workspace/.derivedData/Build/Intermediates.noindex/SwiftCLI.build/Debug-xros/SwiftCLI-t.build/DerivedSources-normal/arm64 -Xcc -I/Users/admin/builder/spi-builder-workspace/.derivedData/Build/Intermediates.noindex/SwiftCLI.build/Debug-xros/SwiftCLI-t.build/DerivedSources/arm64 -Xcc -I/Users/admin/builder/spi-builder-workspace/.derivedData/Build/Intermediates.noindex/SwiftCLI.build/Debug-xros/SwiftCLI-t.build/DerivedSources -Xcc -DSWIFT_PACKAGE -Xcc -DDEBUG\=1 -no-auto-bridging-header-chaining -module-name SwiftCLI -const-gather-protocols-file /Users/admin/builder/spi-builder-workspace/.derivedData/Build/Intermediates.noindex/SwiftCLI.build/Debug-xros/SwiftCLI-t.build/Objects-normal/arm64/SwiftCLI_const_extract_protocols.json -disable-clang-spi -clang-target arm64-apple-xros27.0 -target-sdk-version 27.0 -target-sdk-name xros27.0 -in-process-plugin-server-path /Applications/Xcode-27.0.0-Release.Candidate.app/Contents/Developer/Toolchains/XcodeDefault.xctoolchain/usr/lib/swift/host/libSwiftInProcPluginServer.dylib -emit-module-doc-path /Users/admin/builder/spi-builder-workspace/.derivedData/Build/Intermediates.noindex/SwiftCLI.build/Debug-xros/SwiftCLI-t.build/Objects-normal/arm64/SwiftCLI.swiftdoc -emit-module-source-info-path /Users/admin/builder/spi-builder-workspace/.derivedData/Build/Intermediates.noindex/SwiftCLI.build/Debug-xros/SwiftCLI-t.build/Objects-normal/arm64/SwiftCLI.swiftsourceinfo -emit-objc-header-path /Users/admin/builder/spi-builder-workspace/.derivedData/Build/Intermediates.noindex/SwiftCLI.build/Debug-xros/SwiftCLI-t.build/Objects-normal/arm64/SwiftCLI-Swift.h -serialize-diagnostics-path /Users/admin/builder/spi-builder-workspace/.derivedData/Build/Intermediates.noindex/SwiftCLI.build/Debug-xros/SwiftCLI-t.build/Objects-normal/arm64/SwiftCLI-primary-emit-module.dia -emit-dependencies-path /Users/admin/builder/spi-builder-workspace/.derivedData/Build/Intermediates.noindex/SwiftCLI.build/Debug-xros/SwiftCLI-t.build/Objects-normal/arm64/SwiftCLI-primary-emit-module.d -parse-as-library -o /Users/admin/builder/spi-builder-workspace/.derivedData/Build/Intermediates.noindex/SwiftCLI.build/Debug-xros/SwiftCLI-t.build/Objects-normal/arm64/SwiftCLI.swiftmodule -emit-abi-descriptor-path /Users/admin/builder/spi-builder-workspace/.derivedData/Build/Intermediates.noindex/SwiftCLI.build/Debug-xros/SwiftCLI-t.build/Objects-normal/arm64/SwiftCLI.abi.json
SwiftEmitModule normal arm64 Emitting\ module\ for\ Yams (in target 'Yams' from project 'Yams')
SwiftCompile normal arm64 (in target 'Yams' from project 'Yams')
cd /Users/admin/builder/spi-builder-workspace/.swiftpm/xcode
SwiftCompile normal arm64 Compiling\ Node.Scalar.swift,\ Node.Sequence.swift /Users/admin/builder/spi-builder-workspace/.dependencies/checkouts/Yams/Sources/Yams/Node.Scalar.swift /Users/admin/builder/spi-builder-workspace/.dependencies/checkouts/Yams/Sources/Yams/Node.Sequence.swift (in target 'Yams' from project 'Yams')
SwiftCompile normal arm64 /Users/admin/builder/spi-builder-workspace/.dependencies/checkouts/Yams/Sources/Yams/Node.Scalar.swift (in target 'Yams' from project 'Yams')
cd /Users/admin/builder/spi-builder-workspace/.swiftpm/xcode
builtin-SwiftPerFileCompile Node.Scalar.swift
SwiftCompile normal arm64 /Users/admin/builder/spi-builder-workspace/.dependencies/checkouts/Yams/Sources/Yams/Node.Sequence.swift (in target 'Yams' from project 'Yams')
cd /Users/admin/builder/spi-builder-workspace/.swiftpm/xcode
builtin-SwiftPerFileCompile Node.Sequence.swift
SwiftCompile normal arm64 Compiling\ Constructor.swift,\ Decoder.swift /Users/admin/builder/spi-builder-workspace/.dependencies/checkouts/Yams/Sources/Yams/Constructor.swift /Users/admin/builder/spi-builder-workspace/.dependencies/checkouts/Yams/Sources/Yams/Decoder.swift (in target 'Yams' from project 'Yams')
SwiftCompile normal arm64 /Users/admin/builder/spi-builder-workspace/.dependencies/checkouts/Yams/Sources/Yams/Constructor.swift (in target 'Yams' from project 'Yams')
cd /Users/admin/builder/spi-builder-workspace/.swiftpm/xcode
builtin-SwiftPerFileCompile Constructor.swift
SwiftCompile normal arm64 /Users/admin/builder/spi-builder-workspace/.dependencies/checkouts/Yams/Sources/Yams/Decoder.swift (in target 'Yams' from project 'Yams')
cd /Users/admin/builder/spi-builder-workspace/.swiftpm/xcode
builtin-SwiftPerFileCompile Decoder.swift
Ld /Users/admin/builder/spi-builder-workspace/.derivedData/Build/Products/Debug-xros/TOMLDeserializer.o normal (in target 'TOMLDeserializer' from project 'TOMLDeserializer')
cd /Users/admin/builder/spi-builder-workspace/.dependencies/checkouts/TOMLDeserializer
/Applications/Xcode-27.0.0-Release.Candidate.app/Contents/Developer/Toolchains/XcodeDefault.xctoolchain/usr/bin/clang -Xlinker -reproducible -target arm64-apple-xros1.0 -r -isysroot /Applications/Xcode-27.0.0-Release.Candidate.app/Contents/Developer/Platforms/XROS.platform/Developer/SDKs/XROS27.0.sdk -O0 -w -Xlinker -no_warn_duplicate_libraries -F/Users/admin/builder/spi-builder-workspace/.derivedData/Build/Intermediates.noindex/EagerLinkingTBDs/Debug-xros -F/Users/admin/builder/spi-builder-workspace/.derivedData/Build/Products/Debug-xros/PackageFrameworks -F/Users/admin/builder/spi-builder-workspace/.derivedData/Build/Products/Debug-xros -iframework /Applications/Xcode-27.0.0-Release.Candidate.app/Contents/Developer/Platforms/XROS.platform/Developer/Library/Frameworks -iframework /Applications/Xcode-27.0.0-Release.Candidate.app/Contents/Developer/Platforms/XROS.platform/Developer/SDKs/XROS27.0.sdk/Developer/Library/Frameworks -filelist /Users/admin/builder/spi-builder-workspace/.derivedData/Build/Intermediates.noindex/TOMLDeserializer.build/Debug-xros/TOMLDeserializer-t.build/Objects-normal/arm64/TOMLDeserializer.LinkFileList -nostdlib -Xlinker -object_path_lto -Xlinker /Users/admin/builder/spi-builder-workspace/.derivedData/Build/Intermediates.noindex/TOMLDeserializer.build/Debug-xros/TOMLDeserializer-t.build/Objects-normal/arm64/TOMLDeserializer_lto.o -Xlinker -no_deduplicate -Xlinker -debug_variant -Xlinker -dependency_info -Xlinker /Users/admin/builder/spi-builder-workspace/.derivedData/Build/Intermediates.noindex/TOMLDeserializer.build/Debug-xros/TOMLDeserializer-t.build/Objects-normal/arm64/TOMLDeserializer_dependency_info.dat -fobjc-link-runtime -L/Applications/Xcode-27.0.0-Release.Candidate.app/Contents/Developer/Toolchains/XcodeDefault.xctoolchain/usr/lib/swift/xros -L/usr/lib/swift -Xlinker -add_ast_path -Xlinker /Users/admin/builder/spi-builder-workspace/.derivedData/Build/Intermediates.noindex/TOMLDeserializer.build/Debug-xros/TOMLDeserializer-t.build/Objects-normal/arm64/TOMLDeserializer.swiftmodule -o /Users/admin/builder/spi-builder-workspace/.derivedData/Build/Products/Debug-xros/TOMLDeserializer.o
SwiftDriverJobDiscovery normal arm64 Compiling Generator.swift (in target 'StringlyKit' from project 'Stringly')
SwiftCompile normal arm64 Compiling\ shim.swift /Users/admin/builder/spi-builder-workspace/.dependencies/checkouts/Yams/Sources/Yams/shim.swift (in target 'Yams' from project 'Yams')
SwiftCompile normal arm64 /Users/admin/builder/spi-builder-workspace/.dependencies/checkouts/Yams/Sources/Yams/shim.swift (in target 'Yams' from project 'Yams')
cd /Users/admin/builder/spi-builder-workspace/.swiftpm/xcode
builtin-SwiftPerFileCompile shim.swift
SwiftCompile normal arm64 Compiling\ Representer.swift,\ Resolver.swift /Users/admin/builder/spi-builder-workspace/.dependencies/checkouts/Yams/Sources/Yams/Representer.swift /Users/admin/builder/spi-builder-workspace/.dependencies/checkouts/Yams/Sources/Yams/Resolver.swift (in target 'Yams' from project 'Yams')
SwiftCompile normal arm64 /Users/admin/builder/spi-builder-workspace/.dependencies/checkouts/Yams/Sources/Yams/Representer.swift (in target 'Yams' from project 'Yams')
cd /Users/admin/builder/spi-builder-workspace/.swiftpm/xcode
builtin-SwiftPerFileCompile Representer.swift
SwiftCompile normal arm64 /Users/admin/builder/spi-builder-workspace/.dependencies/checkouts/Yams/Sources/Yams/Resolver.swift (in target 'Yams' from project 'Yams')
cd /Users/admin/builder/spi-builder-workspace/.swiftpm/xcode
builtin-SwiftPerFileCompile Resolver.swift
SwiftDriverJobDiscovery normal arm64 Emitting module for StringlyKit (in target 'StringlyKit' from project 'Stringly')
SwiftDriver\ Compilation\ Requirements StringlyKit normal arm64 com.apple.xcode.tools.swift.compiler (in target 'StringlyKit' from project 'Stringly')
cd /Users/admin/builder/spi-builder-workspace/.swiftpm/xcode
builtin-Swift-Compilation-Requirements -- /Applications/Xcode-27.0.0-Release.Candidate.app/Contents/Developer/Toolchains/XcodeDefault.xctoolchain/usr/bin/swiftc -parse-as-library -module-name StringlyKit -Onone @/Users/admin/builder/spi-builder-workspace/.derivedData/Build/Intermediates.noindex/Stringly.build/Debug-xros/StringlyKit-t.build/Objects-normal/arm64/StringlyKit.SwiftFileList -DSWIFT_PACKAGE -DDEBUG -DSWIFT_MODULE_RESOURCE_BUNDLE_UNAVAILABLE -DXcode -plugin-path /Applications/Xcode-27.0.0-Release.Candidate.app/Contents/Developer/Toolchains/XcodeDefault.xctoolchain/usr/lib/swift/host/plugins/testing -enable-experimental-feature DebugDescriptionMacro -sdk /Applications/Xcode-27.0.0-Release.Candidate.app/Contents/Developer/Platforms/XROS.platform/Developer/SDKs/XROS27.0.sdk -target arm64-apple-xros1.0 -g -module-cache-path /Users/admin/builder/spi-builder-workspace/.derivedData/ModuleCache.noindex -Xfrontend -serialize-debugging-options -profile-coverage-mapping -profile-generate -enable-testing -index-store-path /Users/admin/builder/spi-builder-workspace/.derivedData/Index.noindex/DataStore -Xcc -D_LIBCPP_HARDENING_MODE\=_LIBCPP_HARDENING_MODE_DEBUG -swift-version 5 -I /Users/admin/builder/spi-builder-workspace/.derivedData/Build/Products/Debug-xros -Isystem /Applications/Xcode-27.0.0-Release.Candidate.app/Contents/Developer/Platforms/XROS.platform/Developer/usr/lib -F /Users/admin/builder/spi-builder-workspace/.derivedData/Build/Products/Debug-xros/PackageFrameworks -F /Users/admin/builder/spi-builder-workspace/.derivedData/Build/Products/Debug-xros -F /Applications/Xcode-27.0.0-Release.Candidate.app/Contents/Developer/Platforms/XROS.platform/Developer/Library/Frameworks -F /Applications/Xcode-27.0.0-Release.Candidate.app/Contents/Developer/Platforms/XROS.platform/Developer/SDKs/XROS27.0.sdk/Developer/Library/Frameworks -c -j10 -enable-batch-mode -incremental -Xcc -ivfsstatcache -Xcc /Users/admin/builder/spi-builder-workspace/.derivedData/SDKStatCaches.noindex/xros27.0-24M361-e829b21a6f8c9b70876ba0858053c044735bd543db762f57723cac368afd1ce4.sdkstatcache -output-file-map /Users/admin/builder/spi-builder-workspace/.derivedData/Build/Intermediates.noindex/Stringly.build/Debug-xros/StringlyKit-t.build/Objects-normal/arm64/StringlyKit-OutputFileMap.json -save-temps -no-color-diagnostics -explicit-module-build -module-cache-path /Users/admin/builder/spi-builder-workspace/.derivedData/Build/Intermediates.noindex/SwiftExplicitPrecompiledModules -clang-scanner-module-cache-path /Users/admin/builder/spi-builder-workspace/.derivedData/ModuleCache.noindex -sdk-module-cache-path /Users/admin/builder/spi-builder-workspace/.derivedData/SDKExplicitPrecompiledModules -emit-dependencies -emit-module -emit-module-path /Users/admin/builder/spi-builder-workspace/.derivedData/Build/Intermediates.noindex/Stringly.build/Debug-xros/StringlyKit-t.build/Objects-normal/arm64/StringlyKit.swiftmodule -serialize-diagnostics -dependency-scan-serialize-diagnostics-path /Users/admin/builder/spi-builder-workspace/.derivedData/Build/Intermediates.noindex/Stringly.build/Debug-xros/StringlyKit-t.build/Objects-normal/arm64/StringlyKit-dependency-scan.dia -validate-clang-modules-once -clang-build-session-file /Users/admin/builder/spi-builder-workspace/.derivedData/ModuleCache.noindex/Session.modulevalidation -Xcc -fmodules-prune-interval\=86400 -Xcc -fmodules-prune-after\=345600 -emit-const-values -const-gather-protocols-list /Users/admin/builder/spi-builder-workspace/.derivedData/Build/Intermediates.noindex/Stringly.build/Debug-xros/StringlyKit-t.build/Objects-normal/arm64/StringlyKit_const_extract_protocols.json -Xcc -I/Users/admin/builder/spi-builder-workspace/.derivedData/Build/Products/Debug-xros/include -Xcc -I/Users/admin/builder/spi-builder-workspace/.derivedData/Build/Intermediates.noindex/Stringly.build/Debug-xros/StringlyKit-t.build/DerivedSources-normal/arm64 -Xcc -I/Users/admin/builder/spi-builder-workspace/.derivedData/Build/Intermediates.noindex/Stringly.build/Debug-xros/StringlyKit-t.build/DerivedSources/arm64 -Xcc -I/Users/admin/builder/spi-builder-workspace/.derivedData/Build/Intermediates.noindex/Stringly.build/Debug-xros/StringlyKit-t.build/DerivedSources -Xcc -DSWIFT_PACKAGE -Xcc -DDEBUG\=1 -emit-objc-header -emit-objc-header-path /Users/admin/builder/spi-builder-workspace/.derivedData/Build/Intermediates.noindex/Stringly.build/Debug-xros/StringlyKit-t.build/Objects-normal/arm64/StringlyKit-Swift.h -working-directory /Users/admin/builder/spi-builder-workspace/.swiftpm/xcode -experimental-emit-module-separately -disable-cmo
SwiftDriverJobDiscovery normal arm64 Compiling StringsGenerator.swift (in target 'StringlyKit' from project 'Stringly')
SwiftCompile normal arm64 Compiling\ Mark.swift,\ Node.Mapping.swift /Users/admin/builder/spi-builder-workspace/.dependencies/checkouts/Yams/Sources/Yams/Mark.swift /Users/admin/builder/spi-builder-workspace/.dependencies/checkouts/Yams/Sources/Yams/Node.Mapping.swift (in target 'Yams' from project 'Yams')
SwiftCompile normal arm64 /Users/admin/builder/spi-builder-workspace/.dependencies/checkouts/Yams/Sources/Yams/Mark.swift (in target 'Yams' from project 'Yams')
cd /Users/admin/builder/spi-builder-workspace/.swiftpm/xcode
builtin-SwiftPerFileCompile Mark.swift
SwiftCompile normal arm64 /Users/admin/builder/spi-builder-workspace/.dependencies/checkouts/Yams/Sources/Yams/Node.Mapping.swift (in target 'Yams' from project 'Yams')
cd /Users/admin/builder/spi-builder-workspace/.swiftpm/xcode
builtin-SwiftPerFileCompile Node.Mapping.swift
SwiftMergeGeneratedHeaders /Users/admin/builder/spi-builder-workspace/.derivedData/Build/Intermediates.noindex/GeneratedModuleMaps-xros/StringlyKit-Swift.h /Users/admin/builder/spi-builder-workspace/.derivedData/Build/Intermediates.noindex/Stringly.build/Debug-xros/StringlyKit-t.build/Objects-normal/arm64/StringlyKit-Swift.h (in target 'StringlyKit' from project 'Stringly')
cd /Users/admin/builder/spi-builder-workspace
builtin-swiftHeaderTool -arch arm64 /Users/admin/builder/spi-builder-workspace/.derivedData/Build/Intermediates.noindex/Stringly.build/Debug-xros/StringlyKit-t.build/Objects-normal/arm64/StringlyKit-Swift.h -o /Users/admin/builder/spi-builder-workspace/.derivedData/Build/Intermediates.noindex/GeneratedModuleMaps-xros/StringlyKit-Swift.h
SwiftDriverJobDiscovery normal arm64 Compiling StringGroup.swift (in target 'StringlyKit' from project 'Stringly')
Copy /Users/admin/builder/spi-builder-workspace/.derivedData/Build/Products/Debug-xros/StringlyKit.swiftmodule/arm64-apple-xros.swiftmodule /Users/admin/builder/spi-builder-workspace/.derivedData/Build/Intermediates.noindex/Stringly.build/Debug-xros/StringlyKit-t.build/Objects-normal/arm64/StringlyKit.swiftmodule (in target 'StringlyKit' from project 'Stringly')
cd /Users/admin/builder/spi-builder-workspace
builtin-copy -exclude .DS_Store -exclude CVS -exclude .svn -exclude .git -exclude .hg -resolve-src-symlinks -rename /Users/admin/builder/spi-builder-workspace/.derivedData/Build/Intermediates.noindex/Stringly.build/Debug-xros/StringlyKit-t.build/Objects-normal/arm64/StringlyKit.swiftmodule /Users/admin/builder/spi-builder-workspace/.derivedData/Build/Products/Debug-xros/StringlyKit.swiftmodule/arm64-apple-xros.swiftmodule
Copy /Users/admin/builder/spi-builder-workspace/.derivedData/Build/Products/Debug-xros/StringlyKit.swiftmodule/arm64-apple-xros.swiftdoc /Users/admin/builder/spi-builder-workspace/.derivedData/Build/Intermediates.noindex/Stringly.build/Debug-xros/StringlyKit-t.build/Objects-normal/arm64/StringlyKit.swiftdoc (in target 'StringlyKit' from project 'Stringly')
cd /Users/admin/builder/spi-builder-workspace
builtin-copy -exclude .DS_Store -exclude CVS -exclude .svn -exclude .git -exclude .hg -resolve-src-symlinks -rename /Users/admin/builder/spi-builder-workspace/.derivedData/Build/Intermediates.noindex/Stringly.build/Debug-xros/StringlyKit-t.build/Objects-normal/arm64/StringlyKit.swiftdoc /Users/admin/builder/spi-builder-workspace/.derivedData/Build/Products/Debug-xros/StringlyKit.swiftmodule/arm64-apple-xros.swiftdoc
Copy /Users/admin/builder/spi-builder-workspace/.derivedData/Build/Products/Debug-xros/StringlyKit.swiftmodule/arm64-apple-xros.abi.json /Users/admin/builder/spi-builder-workspace/.derivedData/Build/Intermediates.noindex/Stringly.build/Debug-xros/StringlyKit-t.build/Objects-normal/arm64/StringlyKit.abi.json (in target 'StringlyKit' from project 'Stringly')
cd /Users/admin/builder/spi-builder-workspace
builtin-copy -exclude .DS_Store -exclude CVS -exclude .svn -exclude .git -exclude .hg -resolve-src-symlinks -rename /Users/admin/builder/spi-builder-workspace/.derivedData/Build/Intermediates.noindex/Stringly.build/Debug-xros/StringlyKit-t.build/Objects-normal/arm64/StringlyKit.abi.json /Users/admin/builder/spi-builder-workspace/.derivedData/Build/Products/Debug-xros/StringlyKit.swiftmodule/arm64-apple-xros.abi.json
Copy /Users/admin/builder/spi-builder-workspace/.derivedData/Build/Products/Debug-xros/StringlyKit.swiftmodule/Project/arm64-apple-xros.swiftsourceinfo /Users/admin/builder/spi-builder-workspace/.derivedData/Build/Intermediates.noindex/Stringly.build/Debug-xros/StringlyKit-t.build/Objects-normal/arm64/StringlyKit.swiftsourceinfo (in target 'StringlyKit' from project 'Stringly')
cd /Users/admin/builder/spi-builder-workspace
builtin-copy -exclude .DS_Store -exclude CVS -exclude .svn -exclude .git -exclude .hg -resolve-src-symlinks -rename /Users/admin/builder/spi-builder-workspace/.derivedData/Build/Intermediates.noindex/Stringly.build/Debug-xros/StringlyKit-t.build/Objects-normal/arm64/StringlyKit.swiftsourceinfo /Users/admin/builder/spi-builder-workspace/.derivedData/Build/Products/Debug-xros/StringlyKit.swiftmodule/Project/arm64-apple-xros.swiftsourceinfo
SwiftCompile normal arm64 Compiling\ YamlError.swift /Users/admin/builder/spi-builder-workspace/.dependencies/checkouts/Yams/Sources/Yams/YamlError.swift (in target 'Yams' from project 'Yams')
SwiftCompile normal arm64 /Users/admin/builder/spi-builder-workspace/.dependencies/checkouts/Yams/Sources/Yams/YamlError.swift (in target 'Yams' from project 'Yams')
cd /Users/admin/builder/spi-builder-workspace/.swiftpm/xcode
builtin-SwiftPerFileCompile YamlError.swift
SwiftCompile normal arm64 Compiling\ Tag.swift /Users/admin/builder/spi-builder-workspace/.dependencies/checkouts/Yams/Sources/Yams/Tag.swift (in target 'Yams' from project 'Yams')
SwiftCompile normal arm64 /Users/admin/builder/spi-builder-workspace/.dependencies/checkouts/Yams/Sources/Yams/Tag.swift (in target 'Yams' from project 'Yams')
cd /Users/admin/builder/spi-builder-workspace/.swiftpm/xcode
builtin-SwiftPerFileCompile Tag.swift
SwiftDriverJobDiscovery normal arm64 Compiling shim.swift (in target 'Yams' from project 'Yams')
SwiftCompile normal arm64 Compiling\ String+Yams.swift /Users/admin/builder/spi-builder-workspace/.dependencies/checkouts/Yams/Sources/Yams/String+Yams.swift (in target 'Yams' from project 'Yams')
SwiftCompile normal arm64 /Users/admin/builder/spi-builder-workspace/.dependencies/checkouts/Yams/Sources/Yams/String+Yams.swift (in target 'Yams' from project 'Yams')
cd /Users/admin/builder/spi-builder-workspace/.swiftpm/xcode
builtin-SwiftPerFileCompile String+Yams.swift
SwiftDriverJobDiscovery normal arm64 Compiling StringsDictGenerator.swift (in target 'StringlyKit' from project 'Stringly')
SwiftCompile normal arm64 Compiling\ Node.swift,\ Parser.swift /Users/admin/builder/spi-builder-workspace/.dependencies/checkouts/Yams/Sources/Yams/Node.swift /Users/admin/builder/spi-builder-workspace/.dependencies/checkouts/Yams/Sources/Yams/Parser.swift (in target 'Yams' from project 'Yams')
SwiftCompile normal arm64 /Users/admin/builder/spi-builder-workspace/.dependencies/checkouts/Yams/Sources/Yams/Node.swift (in target 'Yams' from project 'Yams')
cd /Users/admin/builder/spi-builder-workspace/.swiftpm/xcode
builtin-SwiftPerFileCompile Node.swift
SwiftCompile normal arm64 /Users/admin/builder/spi-builder-workspace/.dependencies/checkouts/Yams/Sources/Yams/Parser.swift (in target 'Yams' from project 'Yams')
cd /Users/admin/builder/spi-builder-workspace/.swiftpm/xcode
builtin-SwiftPerFileCompile Parser.swift
SwiftDriverJobDiscovery normal arm64 Compiling SwiftGenerator.swift (in target 'StringlyKit' from project 'Stringly')
SwiftCompile normal arm64 Compiling\ Emitter.swift,\ Encoder.swift /Users/admin/builder/spi-builder-workspace/.dependencies/checkouts/Yams/Sources/Yams/Emitter.swift /Users/admin/builder/spi-builder-workspace/.dependencies/checkouts/Yams/Sources/Yams/Encoder.swift (in target 'Yams' from project 'Yams')
SwiftCompile normal arm64 /Users/admin/builder/spi-builder-workspace/.dependencies/checkouts/Yams/Sources/Yams/Emitter.swift (in target 'Yams' from project 'Yams')
cd /Users/admin/builder/spi-builder-workspace/.swiftpm/xcode
builtin-SwiftPerFileCompile Emitter.swift
SwiftCompile normal arm64 /Users/admin/builder/spi-builder-workspace/.dependencies/checkouts/Yams/Sources/Yams/Encoder.swift (in target 'Yams' from project 'Yams')
cd /Users/admin/builder/spi-builder-workspace/.swiftpm/xcode
builtin-SwiftPerFileCompile Encoder.swift
PruneExplicitPrecompiledModules /Users/admin/builder/spi-builder-workspace/.derivedData/Build/Intermediates.noindex/ExplicitPrecompiledModules
PruneExplicitPrecompiledModules /Users/admin/builder/spi-builder-workspace/.derivedData/SDKExplicitPrecompiledModules
PruneExplicitPrecompiledModules /Users/admin/builder/spi-builder-workspace/.derivedData/Build/Intermediates.noindex/SwiftExplicitPrecompiledModules
2026-09-19 09:26:58.177 xcodebuild[949:5563] [MT] IDERunDestination: Supported platforms for the buildables in the current scheme is empty.
** BUILD FAILED **
The following build commands failed:
SwiftCompile normal arm64 (in target 'SwiftCLI' from project 'SwiftCLI')
SwiftEmitModule normal arm64 Emitting\ module\ for\ SwiftCLI (in target 'SwiftCLI' from project 'SwiftCLI')
Building workspace Stringly with scheme Stringly-Package
(3 failures)
Command line invocation:
/Applications/Xcode-27.0.0-Release.Candidate.app/Contents/Developer/usr/bin/xcodebuild -IDEClonedSourcePackagesDirPathOverride=/Users/admin/builder/spi-builder-workspace/.dependencies -resolvePackageDependencies
Resolve Package Graph
Resolved source packages:
Stringly: /Users/admin/builder/spi-builder-workspace
PathKit: https://github.com/kylef/PathKit @ 1.0.1
Yams: https://github.com/jpsim/Yams @ 1.0.2
SwiftCLI: https://github.com/jakeheis/SwiftCLI @ 6.0.3
NetTime: https://github.com/dduan/NetTime @ 0.2.3
Spectre: https://github.com/kylef/Spectre.git @ 0.10.1
TOMLDeserializer: https://github.com/dduan/TOMLDeserializer @ 0.2.5
Rainbow: https://github.com/onevcat/Rainbow @ 3.2.0
Codability: https://github.com/yonaskolb/Codability @ 0.2.1
resolved source packages: Stringly, PathKit, Yams, SwiftCLI, NetTime, Spectre, TOMLDeserializer, Rainbow, Codability
2026-09-19 09:27:06.792 xcodebuild[1208:6719] [MT] IDERunDestination: Supported platforms for the buildables in the current scheme is empty.
{
"dependencies" : [
{
"identity" : "yams",
"requirement" : {
"range" : [
{
"lower_bound" : "1.0.0",
"upper_bound" : "2.0.0"
}
]
},
"type" : "sourceControl",
"url" : "https://github.com/jpsim/Yams"
},
{
"identity" : "pathkit",
"requirement" : {
"range" : [
{
"lower_bound" : "1.0.1",
"upper_bound" : "2.0.0"
}
]
},
"type" : "sourceControl",
"url" : "https://github.com/kylef/PathKit"
},
{
"identity" : "rainbow",
"requirement" : {
"range" : [
{
"lower_bound" : "3.1.0",
"upper_bound" : "4.0.0"
}
]
},
"type" : "sourceControl",
"url" : "https://github.com/onevcat/Rainbow"
},
{
"identity" : "swiftcli",
"requirement" : {
"range" : [
{
"lower_bound" : "6.0.3",
"upper_bound" : "7.0.0"
}
]
},
"type" : "sourceControl",
"url" : "https://github.com/jakeheis/SwiftCLI"
},
{
"identity" : "tomldeserializer",
"requirement" : {
"range" : [
{
"lower_bound" : "0.2.4",
"upper_bound" : "1.0.0"
}
]
},
"type" : "sourceControl",
"url" : "https://github.com/dduan/TOMLDeserializer"
},
{
"identity" : "codability",
"requirement" : {
"range" : [
{
"lower_bound" : "0.2.1",
"upper_bound" : "1.0.0"
}
]
},
"type" : "sourceControl",
"url" : "https://github.com/yonaskolb/Codability"
}
],
"manifest_display_name" : "Stringly",
"name" : "Stringly",
"path" : "/Users/admin/builder/spi-builder-workspace",
"platforms" : [
],
"products" : [
{
"name" : "stringly",
"targets" : [
"Stringly"
],
"type" : {
"executable" : null
}
},
{
"name" : "StringlyKit",
"targets" : [
"StringlyKit"
],
"type" : {
"library" : [
"automatic"
]
}
}
],
"targets" : [
{
"c99name" : "StringlyKitTests",
"module_type" : "SwiftTarget",
"name" : "StringlyKitTests",
"path" : "Tests/StringlyKitTests",
"product_dependencies" : [
"PathKit"
],
"sources" : [
"StringlyKitTests.swift"
],
"target_dependencies" : [
"StringlyKit"
],
"type" : "test"
},
{
"c99name" : "StringlyKit",
"module_type" : "SwiftTarget",
"name" : "StringlyKit",
"path" : "Sources/StringlyKit",
"product_dependencies" : [
"Codability"
],
"product_memberships" : [
"stringly",
"StringlyKit"
],
"sources" : [
"Generator.swift",
"Generators/StringsDictGenerator.swift",
"Generators/StringsGenerator.swift",
"Generators/SwiftGenerator.swift",
"StringGroup.swift",
"StringLocalization.swift"
],
"type" : "library"
},
{
"c99name" : "StringlyCLITests",
"module_type" : "SwiftTarget",
"name" : "StringlyCLITests",
"path" : "Tests/StringlyCLITests",
"product_dependencies" : [
"PathKit"
],
"sources" : [
"StringDiff.swift",
"StringlyCLITests.swift",
"TestHelpers.swift"
],
"target_dependencies" : [
"StringlyCLI"
],
"type" : "test"
},
{
"c99name" : "StringlyCLI",
"module_type" : "SwiftTarget",
"name" : "StringlyCLI",
"path" : "Sources/StringlyCLI",
"product_dependencies" : [
"Yams",
"Rainbow",
"SwiftCLI",
"PathKit",
"TOMLDeserializer"
],
"product_memberships" : [
"stringly"
],
"sources" : [
"CLI.swift",
"Commands/GenerateCommand.swift",
"Commands/GenerateFileCommand.swift",
"FileType.swift",
"FileWriter.swift",
"GenerateError.swift",
"Loader.swift",
"PlatformType.swift"
],
"target_dependencies" : [
"StringlyKit"
],
"type" : "library"
},
{
"c99name" : "Stringly",
"module_type" : "SwiftTarget",
"name" : "Stringly",
"path" : "Sources/Stringly",
"product_memberships" : [
"stringly"
],
"sources" : [
"main.swift"
],
"target_dependencies" : [
"StringlyCLI"
],
"type" : "executable"
}
],
"tools_version" : "5.1"
}
{
"workspace" : {
"name" : "Stringly",
"schemes" : [
"stringly",
"Stringly-Package",
"StringlyKit"
]
}
}
2026-09-19 09:27:08.098 xcodebuild[1216:6790] [MT] IDERunDestination: Supported platforms for the buildables in the current scheme is empty.
{
"workspace" : {
"name" : "Stringly",
"schemes" : [
"stringly",
"Stringly-Package",
"StringlyKit"
]
}
}
2026-09-19 09:27:09.091 xcodebuild[1218:6824] [MT] IDERunDestination: Supported platforms for the buildables in the current scheme is empty.
Running build ...
env DEVELOPER_DIR=/Applications/Xcode-27.0.0-Release.Candidate.app xcrun xcodebuild -IDEClonedSourcePackagesDirPathOverride=$PWD/.dependencies -skipMacroValidation -skipPackagePluginValidation -derivedDataPath $PWD/.derivedData build -scheme Stringly-Package -destination generic/platform=xrOS
Command line invocation:
/Applications/Xcode-27.0.0-Release.Candidate.app/Contents/Developer/usr/bin/xcodebuild -IDEClonedSourcePackagesDirPathOverride=/Users/admin/builder/spi-builder-workspace/.dependencies -skipMacroValidation -skipPackagePluginValidation -derivedDataPath /Users/admin/builder/spi-builder-workspace/.derivedData build -scheme Stringly-Package -destination generic/platform=xrOS
Resolve Package Graph
Resolved source packages:
Stringly: /Users/admin/builder/spi-builder-workspace
SwiftCLI: https://github.com/jakeheis/SwiftCLI @ 6.0.3
Yams: https://github.com/jpsim/Yams @ 1.0.2
Rainbow: https://github.com/onevcat/Rainbow @ 3.2.0
Spectre: https://github.com/kylef/Spectre.git @ 0.10.1
Codability: https://github.com/yonaskolb/Codability @ 0.2.1
TOMLDeserializer: https://github.com/dduan/TOMLDeserializer @ 0.2.5
NetTime: https://github.com/dduan/NetTime @ 0.2.3
PathKit: https://github.com/kylef/PathKit @ 1.0.1
ComputePackagePrebuildTargetDependencyGraph
Prepare packages
CreateBuildRequest
SendProjectDescription
CreateBuildOperation
ComputeTargetDependencyGraph
note: Building targets in dependency order
note: Target dependency graph (19 targets)
Target 'stringly-product' in project 'Stringly'
➜ Explicit dependency on target 'StringlyKit' in project 'Stringly'
➜ Explicit dependency on target 'StringlyCLI' in project 'Stringly'
➜ Explicit dependency on target 'Codability-product' in project 'Codability'
➜ Explicit dependency on target 'Yams-product' in project 'Yams'
➜ Explicit dependency on target 'Rainbow-product' in project 'Rainbow'
➜ Explicit dependency on target 'SwiftCLI-product' in project 'SwiftCLI'
➜ Explicit dependency on target 'PathKit-product' in project 'PathKit'
➜ Explicit dependency on target 'TOMLDeserializer-product' in project 'TOMLDeserializer'
Target 'StringlyCLI' in project 'Stringly'
➜ Explicit dependency on target 'StringlyKit' in project 'Stringly'
➜ Explicit dependency on target 'Codability-product' in project 'Codability'
➜ Explicit dependency on target 'Yams-product' in project 'Yams'
➜ Explicit dependency on target 'Rainbow-product' in project 'Rainbow'
➜ Explicit dependency on target 'SwiftCLI-product' in project 'SwiftCLI'
➜ Explicit dependency on target 'PathKit-product' in project 'PathKit'
➜ Explicit dependency on target 'TOMLDeserializer-product' in project 'TOMLDeserializer'
Target 'TOMLDeserializer-product' in project 'TOMLDeserializer'
➜ Explicit dependency on target 'TOMLDeserializer' in project 'TOMLDeserializer'
➜ Explicit dependency on target 'NetTime-product' in project 'NetTime'
Target 'TOMLDeserializer' in project 'TOMLDeserializer'
➜ Explicit dependency on target 'NetTime-product' in project 'NetTime'
Target 'NetTime-product' in project 'NetTime'
➜ Explicit dependency on target 'NetTime' in project 'NetTime'
Target 'NetTime' in project 'NetTime' (no dependencies)
Target 'PathKit-product' in project 'PathKit'
➜ Explicit dependency on target 'PathKit' in project 'PathKit'
Target 'PathKit' in project 'PathKit' (no dependencies)
Target 'SwiftCLI-product' in project 'SwiftCLI'
➜ Explicit dependency on target 'SwiftCLI' in project 'SwiftCLI'
Target 'SwiftCLI' in project 'SwiftCLI' (no dependencies)
Target 'Rainbow-product' in project 'Rainbow'
➜ Explicit dependency on target 'Rainbow' in project 'Rainbow'
Target 'Rainbow' in project 'Rainbow' (no dependencies)
Target 'Yams-product' in project 'Yams'
➜ Explicit dependency on target 'Yams' in project 'Yams'
➜ Explicit dependency on target 'CYaml' in project 'Yams'
Target 'Yams' in project 'Yams'
➜ Explicit dependency on target 'CYaml' in project 'Yams'
Target 'CYaml' in project 'Yams' (no dependencies)
Target 'StringlyKit-product' in project 'Stringly'
➜ Explicit dependency on target 'StringlyKit' in project 'Stringly'
➜ Explicit dependency on target 'Codability-product' in project 'Codability'
Target 'StringlyKit' in project 'Stringly'
➜ Explicit dependency on target 'Codability-product' in project 'Codability'
Target 'Codability-product' in project 'Codability'
➜ Explicit dependency on target 'Codability' in project 'Codability'
Target 'Codability' in project 'Codability' (no dependencies)
GatherProvisioningInputs
CreateBuildDescription
ClangStatCache /Applications/Xcode-27.0.0-Release.Candidate.app/Contents/Developer/Toolchains/XcodeDefault.xctoolchain/usr/bin/clang-stat-cache /Applications/Xcode-27.0.0-Release.Candidate.app/Contents/Developer/Platforms/XROS.platform/Developer/SDKs/XROS27.0.sdk /Users/admin/builder/spi-builder-workspace/.derivedData/SDKStatCaches.noindex/xros27.0-24M361-e829b21a6f8c9b70876ba0858053c044735bd543db762f57723cac368afd1ce4.sdkstatcache
cd /Users/admin/builder/spi-builder-workspace/.swiftpm/xcode
/Applications/Xcode-27.0.0-Release.Candidate.app/Contents/Developer/Toolchains/XcodeDefault.xctoolchain/usr/bin/clang-stat-cache /Applications/Xcode-27.0.0-Release.Candidate.app/Contents/Developer/Platforms/XROS.platform/Developer/SDKs/XROS27.0.sdk -o /Users/admin/builder/spi-builder-workspace/.derivedData/SDKStatCaches.noindex/xros27.0-24M361-e829b21a6f8c9b70876ba0858053c044735bd543db762f57723cac368afd1ce4.sdkstatcache
SwiftDriver StringlyKit normal arm64 com.apple.xcode.tools.swift.compiler (in target 'StringlyKit' from project 'Stringly')
cd /Users/admin/builder/spi-builder-workspace/.swiftpm/xcode
builtin-SwiftDriver -- /Applications/Xcode-27.0.0-Release.Candidate.app/Contents/Developer/Toolchains/XcodeDefault.xctoolchain/usr/bin/swiftc -parse-as-library -module-name StringlyKit -Onone @/Users/admin/builder/spi-builder-workspace/.derivedData/Build/Intermediates.noindex/Stringly.build/Debug-xros/StringlyKit-t.build/Objects-normal/arm64/StringlyKit.SwiftFileList -DSWIFT_PACKAGE -DDEBUG -DSWIFT_MODULE_RESOURCE_BUNDLE_UNAVAILABLE -DXcode -plugin-path /Applications/Xcode-27.0.0-Release.Candidate.app/Contents/Developer/Toolchains/XcodeDefault.xctoolchain/usr/lib/swift/host/plugins/testing -enable-experimental-feature DebugDescriptionMacro -sdk /Applications/Xcode-27.0.0-Release.Candidate.app/Contents/Developer/Platforms/XROS.platform/Developer/SDKs/XROS27.0.sdk -target arm64-apple-xros1.0 -g -module-cache-path /Users/admin/builder/spi-builder-workspace/.derivedData/ModuleCache.noindex -Xfrontend -serialize-debugging-options -profile-coverage-mapping -profile-generate -enable-testing -index-store-path /Users/admin/builder/spi-builder-workspace/.derivedData/Index.noindex/DataStore -Xcc -D_LIBCPP_HARDENING_MODE\=_LIBCPP_HARDENING_MODE_DEBUG -swift-version 5 -I /Users/admin/builder/spi-builder-workspace/.derivedData/Build/Products/Debug-xros -Isystem /Applications/Xcode-27.0.0-Release.Candidate.app/Contents/Developer/Platforms/XROS.platform/Developer/usr/lib -F /Users/admin/builder/spi-builder-workspace/.derivedData/Build/Products/Debug-xros/PackageFrameworks -F /Users/admin/builder/spi-builder-workspace/.derivedData/Build/Products/Debug-xros -F /Applications/Xcode-27.0.0-Release.Candidate.app/Contents/Developer/Platforms/XROS.platform/Developer/Library/Frameworks -F /Applications/Xcode-27.0.0-Release.Candidate.app/Contents/Developer/Platforms/XROS.platform/Developer/SDKs/XROS27.0.sdk/Developer/Library/Frameworks -c -j10 -enable-batch-mode -incremental -Xcc -ivfsstatcache -Xcc /Users/admin/builder/spi-builder-workspace/.derivedData/SDKStatCaches.noindex/xros27.0-24M361-e829b21a6f8c9b70876ba0858053c044735bd543db762f57723cac368afd1ce4.sdkstatcache -output-file-map /Users/admin/builder/spi-builder-workspace/.derivedData/Build/Intermediates.noindex/Stringly.build/Debug-xros/StringlyKit-t.build/Objects-normal/arm64/StringlyKit-OutputFileMap.json -save-temps -no-color-diagnostics -explicit-module-build -module-cache-path /Users/admin/builder/spi-builder-workspace/.derivedData/Build/Intermediates.noindex/SwiftExplicitPrecompiledModules -clang-scanner-module-cache-path /Users/admin/builder/spi-builder-workspace/.derivedData/ModuleCache.noindex -sdk-module-cache-path /Users/admin/builder/spi-builder-workspace/.derivedData/SDKExplicitPrecompiledModules -emit-dependencies -emit-module -emit-module-path /Users/admin/builder/spi-builder-workspace/.derivedData/Build/Intermediates.noindex/Stringly.build/Debug-xros/StringlyKit-t.build/Objects-normal/arm64/StringlyKit.swiftmodule -serialize-diagnostics -dependency-scan-serialize-diagnostics-path /Users/admin/builder/spi-builder-workspace/.derivedData/Build/Intermediates.noindex/Stringly.build/Debug-xros/StringlyKit-t.build/Objects-normal/arm64/StringlyKit-dependency-scan.dia -validate-clang-modules-once -clang-build-session-file /Users/admin/builder/spi-builder-workspace/.derivedData/ModuleCache.noindex/Session.modulevalidation -Xcc -fmodules-prune-interval\=86400 -Xcc -fmodules-prune-after\=345600 -emit-const-values -const-gather-protocols-list /Users/admin/builder/spi-builder-workspace/.derivedData/Build/Intermediates.noindex/Stringly.build/Debug-xros/StringlyKit-t.build/Objects-normal/arm64/StringlyKit_const_extract_protocols.json -Xcc -I/Users/admin/builder/spi-builder-workspace/.derivedData/Build/Products/Debug-xros/include -Xcc -I/Users/admin/builder/spi-builder-workspace/.derivedData/Build/Intermediates.noindex/Stringly.build/Debug-xros/StringlyKit-t.build/DerivedSources-normal/arm64 -Xcc -I/Users/admin/builder/spi-builder-workspace/.derivedData/Build/Intermediates.noindex/Stringly.build/Debug-xros/StringlyKit-t.build/DerivedSources/arm64 -Xcc -I/Users/admin/builder/spi-builder-workspace/.derivedData/Build/Intermediates.noindex/Stringly.build/Debug-xros/StringlyKit-t.build/DerivedSources -Xcc -DSWIFT_PACKAGE -Xcc -DDEBUG\=1 -emit-objc-header -emit-objc-header-path /Users/admin/builder/spi-builder-workspace/.derivedData/Build/Intermediates.noindex/Stringly.build/Debug-xros/StringlyKit-t.build/Objects-normal/arm64/StringlyKit-Swift.h -working-directory /Users/admin/builder/spi-builder-workspace/.swiftpm/xcode -experimental-emit-module-separately -disable-cmo
SwiftDriver SwiftCLI normal arm64 com.apple.xcode.tools.swift.compiler (in target 'SwiftCLI' from project 'SwiftCLI')
cd /Users/admin/builder/spi-builder-workspace/.swiftpm/xcode
builtin-SwiftDriver -- /Applications/Xcode-27.0.0-Release.Candidate.app/Contents/Developer/Toolchains/XcodeDefault.xctoolchain/usr/bin/swiftc -parse-as-library -module-name SwiftCLI -Onone @/Users/admin/builder/spi-builder-workspace/.derivedData/Build/Intermediates.noindex/SwiftCLI.build/Debug-xros/SwiftCLI-t.build/Objects-normal/arm64/SwiftCLI.SwiftFileList -DSWIFT_PACKAGE -DDEBUG -DSWIFT_MODULE_RESOURCE_BUNDLE_UNAVAILABLE -DXcode -plugin-path /Applications/Xcode-27.0.0-Release.Candidate.app/Contents/Developer/Toolchains/XcodeDefault.xctoolchain/usr/lib/swift/host/plugins/testing -enable-experimental-feature DebugDescriptionMacro -sdk /Applications/Xcode-27.0.0-Release.Candidate.app/Contents/Developer/Platforms/XROS.platform/Developer/SDKs/XROS27.0.sdk -target arm64-apple-xros1.0 -g -module-cache-path /Users/admin/builder/spi-builder-workspace/.derivedData/ModuleCache.noindex -Xfrontend -serialize-debugging-options -profile-coverage-mapping -profile-generate -enable-testing -suppress-warnings -index-store-path /Users/admin/builder/spi-builder-workspace/.derivedData/Index.noindex/DataStore -Xcc -D_LIBCPP_HARDENING_MODE\=_LIBCPP_HARDENING_MODE_DEBUG -swift-version 5 -I /Users/admin/builder/spi-builder-workspace/.derivedData/Build/Products/Debug-xros -Isystem /Applications/Xcode-27.0.0-Release.Candidate.app/Contents/Developer/Platforms/XROS.platform/Developer/usr/lib -F /Users/admin/builder/spi-builder-workspace/.derivedData/Build/Products/Debug-xros -F /Applications/Xcode-27.0.0-Release.Candidate.app/Contents/Developer/Platforms/XROS.platform/Developer/Library/Frameworks -F /Applications/Xcode-27.0.0-Release.Candidate.app/Contents/Developer/Platforms/XROS.platform/Developer/SDKs/XROS27.0.sdk/Developer/Library/Frameworks -c -j10 -enable-batch-mode -incremental -Xcc -ivfsstatcache -Xcc /Users/admin/builder/spi-builder-workspace/.derivedData/SDKStatCaches.noindex/xros27.0-24M361-e829b21a6f8c9b70876ba0858053c044735bd543db762f57723cac368afd1ce4.sdkstatcache -output-file-map /Users/admin/builder/spi-builder-workspace/.derivedData/Build/Intermediates.noindex/SwiftCLI.build/Debug-xros/SwiftCLI-t.build/Objects-normal/arm64/SwiftCLI-OutputFileMap.json -save-temps -no-color-diagnostics -explicit-module-build -module-cache-path /Users/admin/builder/spi-builder-workspace/.derivedData/Build/Intermediates.noindex/SwiftExplicitPrecompiledModules -clang-scanner-module-cache-path /Users/admin/builder/spi-builder-workspace/.derivedData/ModuleCache.noindex -sdk-module-cache-path /Users/admin/builder/spi-builder-workspace/.derivedData/SDKExplicitPrecompiledModules -emit-dependencies -emit-module -emit-module-path /Users/admin/builder/spi-builder-workspace/.derivedData/Build/Intermediates.noindex/SwiftCLI.build/Debug-xros/SwiftCLI-t.build/Objects-normal/arm64/SwiftCLI.swiftmodule -serialize-diagnostics -dependency-scan-serialize-diagnostics-path /Users/admin/builder/spi-builder-workspace/.derivedData/Build/Intermediates.noindex/SwiftCLI.build/Debug-xros/SwiftCLI-t.build/Objects-normal/arm64/SwiftCLI-dependency-scan.dia -validate-clang-modules-once -clang-build-session-file /Users/admin/builder/spi-builder-workspace/.derivedData/ModuleCache.noindex/Session.modulevalidation -Xcc -fmodules-prune-interval\=86400 -Xcc -fmodules-prune-after\=345600 -emit-const-values -const-gather-protocols-list /Users/admin/builder/spi-builder-workspace/.derivedData/Build/Intermediates.noindex/SwiftCLI.build/Debug-xros/SwiftCLI-t.build/Objects-normal/arm64/SwiftCLI_const_extract_protocols.json -Xcc -I/Users/admin/builder/spi-builder-workspace/.derivedData/Build/Products/Debug-xros/include -Xcc -I/Users/admin/builder/spi-builder-workspace/.derivedData/Build/Intermediates.noindex/SwiftCLI.build/Debug-xros/SwiftCLI-t.build/DerivedSources-normal/arm64 -Xcc -I/Users/admin/builder/spi-builder-workspace/.derivedData/Build/Intermediates.noindex/SwiftCLI.build/Debug-xros/SwiftCLI-t.build/DerivedSources/arm64 -Xcc -I/Users/admin/builder/spi-builder-workspace/.derivedData/Build/Intermediates.noindex/SwiftCLI.build/Debug-xros/SwiftCLI-t.build/DerivedSources -Xcc -DSWIFT_PACKAGE -Xcc -DDEBUG\=1 -emit-objc-header -emit-objc-header-path /Users/admin/builder/spi-builder-workspace/.derivedData/Build/Intermediates.noindex/SwiftCLI.build/Debug-xros/SwiftCLI-t.build/Objects-normal/arm64/SwiftCLI-Swift.h -working-directory /Users/admin/builder/spi-builder-workspace/.swiftpm/xcode -experimental-emit-module-separately -disable-cmo
SwiftDriver Yams normal arm64 com.apple.xcode.tools.swift.compiler (in target 'Yams' from project 'Yams')
cd /Users/admin/builder/spi-builder-workspace/.swiftpm/xcode
builtin-SwiftDriver -- /Applications/Xcode-27.0.0-Release.Candidate.app/Contents/Developer/Toolchains/XcodeDefault.xctoolchain/usr/bin/swiftc -parse-as-library -module-name Yams -Onone @/Users/admin/builder/spi-builder-workspace/.derivedData/Build/Intermediates.noindex/Yams.build/Debug-xros/Yams-t.build/Objects-normal/arm64/Yams.SwiftFileList -DSWIFT_PACKAGE -DDEBUG -DSWIFT_MODULE_RESOURCE_BUNDLE_UNAVAILABLE -Xcc -fmodule-map-file\=/Users/admin/builder/spi-builder-workspace/.derivedData/Build/Intermediates.noindex/GeneratedModuleMaps-xros/CYaml.modulemap -DXcode -plugin-path /Applications/Xcode-27.0.0-Release.Candidate.app/Contents/Developer/Toolchains/XcodeDefault.xctoolchain/usr/lib/swift/host/plugins/testing -enable-experimental-feature DebugDescriptionMacro -sdk /Applications/Xcode-27.0.0-Release.Candidate.app/Contents/Developer/Platforms/XROS.platform/Developer/SDKs/XROS27.0.sdk -target arm64-apple-xros1.0 -g -module-cache-path /Users/admin/builder/spi-builder-workspace/.derivedData/ModuleCache.noindex -Xfrontend -serialize-debugging-options -profile-coverage-mapping -profile-generate -enable-testing -suppress-warnings -index-store-path /Users/admin/builder/spi-builder-workspace/.derivedData/Index.noindex/DataStore -Xcc -D_LIBCPP_HARDENING_MODE\=_LIBCPP_HARDENING_MODE_DEBUG -swift-version 5 -I /Users/admin/builder/spi-builder-workspace/.derivedData/Build/Products/Debug-xros -Isystem /Applications/Xcode-27.0.0-Release.Candidate.app/Contents/Developer/Platforms/XROS.platform/Developer/usr/lib -F /Users/admin/builder/spi-builder-workspace/.derivedData/Build/Products/Debug-xros/PackageFrameworks -F /Users/admin/builder/spi-builder-workspace/.derivedData/Build/Products/Debug-xros -F /Applications/Xcode-27.0.0-Release.Candidate.app/Contents/Developer/Platforms/XROS.platform/Developer/Library/Frameworks -F /Applications/Xcode-27.0.0-Release.Candidate.app/Contents/Developer/Platforms/XROS.platform/Developer/SDKs/XROS27.0.sdk/Developer/Library/Frameworks -c -j10 -enable-batch-mode -incremental -Xcc -ivfsstatcache -Xcc /Users/admin/builder/spi-builder-workspace/.derivedData/SDKStatCaches.noindex/xros27.0-24M361-e829b21a6f8c9b70876ba0858053c044735bd543db762f57723cac368afd1ce4.sdkstatcache -output-file-map /Users/admin/builder/spi-builder-workspace/.derivedData/Build/Intermediates.noindex/Yams.build/Debug-xros/Yams-t.build/Objects-normal/arm64/Yams-OutputFileMap.json -save-temps -no-color-diagnostics -explicit-module-build -module-cache-path /Users/admin/builder/spi-builder-workspace/.derivedData/Build/Intermediates.noindex/SwiftExplicitPrecompiledModules -clang-scanner-module-cache-path /Users/admin/builder/spi-builder-workspace/.derivedData/ModuleCache.noindex -sdk-module-cache-path /Users/admin/builder/spi-builder-workspace/.derivedData/SDKExplicitPrecompiledModules -emit-dependencies -emit-module -emit-module-path /Users/admin/builder/spi-builder-workspace/.derivedData/Build/Intermediates.noindex/Yams.build/Debug-xros/Yams-t.build/Objects-normal/arm64/Yams.swiftmodule -serialize-diagnostics -dependency-scan-serialize-diagnostics-path /Users/admin/builder/spi-builder-workspace/.derivedData/Build/Intermediates.noindex/Yams.build/Debug-xros/Yams-t.build/Objects-normal/arm64/Yams-dependency-scan.dia -validate-clang-modules-once -clang-build-session-file /Users/admin/builder/spi-builder-workspace/.derivedData/ModuleCache.noindex/Session.modulevalidation -Xcc -fmodules-prune-interval\=86400 -Xcc -fmodules-prune-after\=345600 -emit-const-values -const-gather-protocols-list /Users/admin/builder/spi-builder-workspace/.derivedData/Build/Intermediates.noindex/Yams.build/Debug-xros/Yams-t.build/Objects-normal/arm64/Yams_const_extract_protocols.json -Xcc -I/Users/admin/builder/spi-builder-workspace/.dependencies/checkouts/Yams/Sources/CYaml/include -Xcc -I/Users/admin/builder/spi-builder-workspace/.derivedData/Build/Products/Debug-xros/include -Xcc -I/Users/admin/builder/spi-builder-workspace/.derivedData/Build/Intermediates.noindex/Yams.build/Debug-xros/Yams-t.build/DerivedSources-normal/arm64 -Xcc -I/Users/admin/builder/spi-builder-workspace/.derivedData/Build/Intermediates.noindex/Yams.build/Debug-xros/Yams-t.build/DerivedSources/arm64 -Xcc -I/Users/admin/builder/spi-builder-workspace/.derivedData/Build/Intermediates.noindex/Yams.build/Debug-xros/Yams-t.build/DerivedSources -Xcc -DSWIFT_PACKAGE -Xcc -DDEBUG\=1 -emit-objc-header -emit-objc-header-path /Users/admin/builder/spi-builder-workspace/.derivedData/Build/Intermediates.noindex/Yams.build/Debug-xros/Yams-t.build/Objects-normal/arm64/Yams-Swift.h -working-directory /Users/admin/builder/spi-builder-workspace/.swiftpm/xcode -experimental-emit-module-separately -disable-cmo
ExtractAppIntentsMetadata (in target 'TOMLDeserializer' from project 'TOMLDeserializer')
cd /Users/admin/builder/spi-builder-workspace/.dependencies/checkouts/TOMLDeserializer
/Applications/Xcode-27.0.0-Release.Candidate.app/Contents/Developer/Toolchains/XcodeDefault.xctoolchain/usr/bin/appintentsmetadataprocessor --toolchain-dir /var/run/com.apple.security.cryptexd/mnt/com.apple.MobileAsset.MetalToolchain-v27.1.266.1.ohnuow/Metal.xctoolchain --module-name TOMLDeserializer --sdk-root /Applications/Xcode-27.0.0-Release.Candidate.app/Contents/Developer/Platforms/XROS.platform/Developer/SDKs/XROS27.0.sdk --xcode-version 27A266a --platform-family xrOS --deployment-target 1.0 --bundle-identifier tomldeserializer.TOMLDeserializer --output /Users/admin/builder/spi-builder-workspace/.derivedData/Build/Products/Debug-xros/TOMLDeserializer.appintents --target-triple arm64-apple-xros1.0 --binary-file /Users/admin/builder/spi-builder-workspace/.derivedData/Build/Products/Debug-xros/TOMLDeserializer.o --dependency-file /Users/admin/builder/spi-builder-workspace/.derivedData/Build/Intermediates.noindex/TOMLDeserializer.build/Debug-xros/TOMLDeserializer-t.build/Objects-normal/arm64/TOMLDeserializer_dependency_info.dat --stringsdata-file /Users/admin/builder/spi-builder-workspace/.derivedData/Build/Intermediates.noindex/TOMLDeserializer.build/Debug-xros/TOMLDeserializer-t.build/Objects-normal/arm64/ExtractedAppShortcutsMetadata.stringsdata --source-file-list /Users/admin/builder/spi-builder-workspace/.derivedData/Build/Intermediates.noindex/TOMLDeserializer.build/Debug-xros/TOMLDeserializer-t.build/Objects-normal/arm64/TOMLDeserializer.SwiftFileList --metadata-file-list /Users/admin/builder/spi-builder-workspace/.derivedData/Build/Intermediates.noindex/TOMLDeserializer.build/Debug-xros/TOMLDeserializer-t.build/TOMLDeserializer.DependencyMetadataFileList --static-metadata-file-list /Users/admin/builder/spi-builder-workspace/.derivedData/Build/Intermediates.noindex/TOMLDeserializer.build/Debug-xros/TOMLDeserializer-t.build/TOMLDeserializer.DependencyStaticMetadataFileList --swift-const-vals-list /Users/admin/builder/spi-builder-workspace/.derivedData/Build/Intermediates.noindex/TOMLDeserializer.build/Debug-xros/TOMLDeserializer-t.build/Objects-normal/arm64/TOMLDeserializer.SwiftConstValuesFileList --force --compile-time-extraction --deployment-aware-processing --no-app-shortcuts-localization
2026-09-19 09:27:11.161 appintentsmetadataprocessor[1222:6906] Starting appintentsmetadataprocessor export
2026-09-19 09:27:11.221 appintentsmetadataprocessor[1222:6906] Extracted no relevant App Intents symbols, skipping writing output
SwiftCompile normal arm64 Compiling\ HelpMessageGenerator.swift,\ Input.swift /Users/admin/builder/spi-builder-workspace/.dependencies/checkouts/SwiftCLI/Sources/SwiftCLI/HelpMessageGenerator.swift /Users/admin/builder/spi-builder-workspace/.dependencies/checkouts/SwiftCLI/Sources/SwiftCLI/Input.swift (in target 'SwiftCLI' from project 'SwiftCLI')
SwiftCompile normal arm64 /Users/admin/builder/spi-builder-workspace/.dependencies/checkouts/SwiftCLI/Sources/SwiftCLI/HelpMessageGenerator.swift (in target 'SwiftCLI' from project 'SwiftCLI')
cd /Users/admin/builder/spi-builder-workspace/.swiftpm/xcode
builtin-SwiftPerFileCompile HelpMessageGenerator.swift
SwiftCompile normal arm64 /Users/admin/builder/spi-builder-workspace/.dependencies/checkouts/SwiftCLI/Sources/SwiftCLI/Input.swift (in target 'SwiftCLI' from project 'SwiftCLI')
cd /Users/admin/builder/spi-builder-workspace/.swiftpm/xcode
builtin-SwiftPerFileCompile Input.swift
SwiftCompile normal arm64 Compiling\ Option.swift,\ OptionGroup.swift /Users/admin/builder/spi-builder-workspace/.dependencies/checkouts/SwiftCLI/Sources/SwiftCLI/Option.swift /Users/admin/builder/spi-builder-workspace/.dependencies/checkouts/SwiftCLI/Sources/SwiftCLI/OptionGroup.swift (in target 'SwiftCLI' from project 'SwiftCLI')
SwiftCompile normal arm64 /Users/admin/builder/spi-builder-workspace/.dependencies/checkouts/SwiftCLI/Sources/SwiftCLI/Option.swift (in target 'SwiftCLI' from project 'SwiftCLI')
cd /Users/admin/builder/spi-builder-workspace/.swiftpm/xcode
builtin-SwiftPerFileCompile Option.swift
SwiftCompile normal arm64 /Users/admin/builder/spi-builder-workspace/.dependencies/checkouts/SwiftCLI/Sources/SwiftCLI/OptionGroup.swift (in target 'SwiftCLI' from project 'SwiftCLI')
cd /Users/admin/builder/spi-builder-workspace/.swiftpm/xcode
builtin-SwiftPerFileCompile OptionGroup.swift
SwiftCompile normal arm64 Compiling\ Stream.swift,\ Task.swift /Users/admin/builder/spi-builder-workspace/.dependencies/checkouts/SwiftCLI/Sources/SwiftCLI/Stream.swift /Users/admin/builder/spi-builder-workspace/.dependencies/checkouts/SwiftCLI/Sources/SwiftCLI/Task.swift (in target 'SwiftCLI' from project 'SwiftCLI')
/Users/admin/builder/spi-builder-workspace/.dependencies/checkouts/SwiftCLI/Sources/SwiftCLI/Task.swift:16:26: error: cannot find type 'Process' in scope
14 | public class Task {
15 |
16 | private let process: Process
| `- error: cannot find type 'Process' in scope
17 |
18 | /// Block to execute when command terminates; default nil
/Users/admin/builder/spi-builder-workspace/.dependencies/checkouts/SwiftCLI/Sources/SwiftCLI/Task.swift:53:24: error: cannot find 'Process' in scope
51 | /// - stdin: the stream which the task should use as it's standard input; defaults to the current process's stdin
52 | public init(executable: String, arguments: [String] = [], directory: String? = nil, stdout: WritableStream = Term.stdout, stderr: WritableStream = Term.stderr, stdin: ReadableStream = ReadStream.stdin) {
53 | self.process = Process()
| `- error: cannot find 'Process' in scope
54 | if executable.hasPrefix("/") || executable.hasPrefix(".") {
55 | self.process.launchPath = executable
SwiftCompile normal arm64 /Users/admin/builder/spi-builder-workspace/.dependencies/checkouts/SwiftCLI/Sources/SwiftCLI/Stream.swift (in target 'SwiftCLI' from project 'SwiftCLI')
cd /Users/admin/builder/spi-builder-workspace/.swiftpm/xcode
builtin-SwiftPerFileCompile Stream.swift
SwiftCompile normal arm64 /Users/admin/builder/spi-builder-workspace/.dependencies/checkouts/SwiftCLI/Sources/SwiftCLI/Task.swift (in target 'SwiftCLI' from project 'SwiftCLI')
cd /Users/admin/builder/spi-builder-workspace/.swiftpm/xcode
builtin-SwiftPerFileCompile Task.swift
SwiftCompile normal arm64 Compiling\ Error.swift,\ HelpCommand.swift /Users/admin/builder/spi-builder-workspace/.dependencies/checkouts/SwiftCLI/Sources/SwiftCLI/Error.swift /Users/admin/builder/spi-builder-workspace/.dependencies/checkouts/SwiftCLI/Sources/SwiftCLI/HelpCommand.swift (in target 'SwiftCLI' from project 'SwiftCLI')
SwiftCompile normal arm64 /Users/admin/builder/spi-builder-workspace/.dependencies/checkouts/SwiftCLI/Sources/SwiftCLI/Error.swift (in target 'SwiftCLI' from project 'SwiftCLI')
cd /Users/admin/builder/spi-builder-workspace/.swiftpm/xcode
builtin-SwiftPerFileCompile Error.swift
SwiftCompile normal arm64 /Users/admin/builder/spi-builder-workspace/.dependencies/checkouts/SwiftCLI/Sources/SwiftCLI/HelpCommand.swift (in target 'SwiftCLI' from project 'SwiftCLI')
cd /Users/admin/builder/spi-builder-workspace/.swiftpm/xcode
builtin-SwiftPerFileCompile HelpCommand.swift
SwiftCompile normal arm64 Compiling\ ArgumentList.swift,\ ArgumentListManipulator.swift,\ CLI.swift /Users/admin/builder/spi-builder-workspace/.dependencies/checkouts/SwiftCLI/Sources/SwiftCLI/ArgumentList.swift /Users/admin/builder/spi-builder-workspace/.dependencies/checkouts/SwiftCLI/Sources/SwiftCLI/ArgumentListManipulator.swift /Users/admin/builder/spi-builder-workspace/.dependencies/checkouts/SwiftCLI/Sources/SwiftCLI/CLI.swift (in target 'SwiftCLI' from project 'SwiftCLI')
SwiftCompile normal arm64 /Users/admin/builder/spi-builder-workspace/.dependencies/checkouts/SwiftCLI/Sources/SwiftCLI/ArgumentList.swift (in target 'SwiftCLI' from project 'SwiftCLI')
cd /Users/admin/builder/spi-builder-workspace/.swiftpm/xcode
builtin-SwiftPerFileCompile ArgumentList.swift
SwiftCompile normal arm64 /Users/admin/builder/spi-builder-workspace/.dependencies/checkouts/SwiftCLI/Sources/SwiftCLI/ArgumentListManipulator.swift (in target 'SwiftCLI' from project 'SwiftCLI')
cd /Users/admin/builder/spi-builder-workspace/.swiftpm/xcode
builtin-SwiftPerFileCompile ArgumentListManipulator.swift
SwiftCompile normal arm64 /Users/admin/builder/spi-builder-workspace/.dependencies/checkouts/SwiftCLI/Sources/SwiftCLI/CLI.swift (in target 'SwiftCLI' from project 'SwiftCLI')
cd /Users/admin/builder/spi-builder-workspace/.swiftpm/xcode
builtin-SwiftPerFileCompile CLI.swift
SwiftCompile normal arm64 Compiling\ OptionRegistry.swift,\ Parameter.swift /Users/admin/builder/spi-builder-workspace/.dependencies/checkouts/SwiftCLI/Sources/SwiftCLI/OptionRegistry.swift /Users/admin/builder/spi-builder-workspace/.dependencies/checkouts/SwiftCLI/Sources/SwiftCLI/Parameter.swift (in target 'SwiftCLI' from project 'SwiftCLI')
SwiftCompile normal arm64 /Users/admin/builder/spi-builder-workspace/.dependencies/checkouts/SwiftCLI/Sources/SwiftCLI/OptionRegistry.swift (in target 'SwiftCLI' from project 'SwiftCLI')
cd /Users/admin/builder/spi-builder-workspace/.swiftpm/xcode
builtin-SwiftPerFileCompile OptionRegistry.swift
SwiftCompile normal arm64 /Users/admin/builder/spi-builder-workspace/.dependencies/checkouts/SwiftCLI/Sources/SwiftCLI/Parameter.swift (in target 'SwiftCLI' from project 'SwiftCLI')
cd /Users/admin/builder/spi-builder-workspace/.swiftpm/xcode
builtin-SwiftPerFileCompile Parameter.swift
SwiftCompile normal arm64 Compiling\ Parser.swift,\ Path.swift /Users/admin/builder/spi-builder-workspace/.dependencies/checkouts/SwiftCLI/Sources/SwiftCLI/Parser.swift /Users/admin/builder/spi-builder-workspace/.dependencies/checkouts/SwiftCLI/Sources/SwiftCLI/Path.swift (in target 'SwiftCLI' from project 'SwiftCLI')
SwiftCompile normal arm64 /Users/admin/builder/spi-builder-workspace/.dependencies/checkouts/SwiftCLI/Sources/SwiftCLI/Parser.swift (in target 'SwiftCLI' from project 'SwiftCLI')
cd /Users/admin/builder/spi-builder-workspace/.swiftpm/xcode
builtin-SwiftPerFileCompile Parser.swift
SwiftCompile normal arm64 /Users/admin/builder/spi-builder-workspace/.dependencies/checkouts/SwiftCLI/Sources/SwiftCLI/Path.swift (in target 'SwiftCLI' from project 'SwiftCLI')
cd /Users/admin/builder/spi-builder-workspace/.swiftpm/xcode
builtin-SwiftPerFileCompile Path.swift
SwiftEmitModule normal arm64 Emitting\ module\ for\ Yams (in target 'Yams' from project 'Yams')
SwiftCompile normal arm64 (in target 'Yams' from project 'Yams')
cd /Users/admin/builder/spi-builder-workspace/.swiftpm/xcode
SwiftEmitModule normal arm64 Emitting\ module\ for\ SwiftCLI (in target 'SwiftCLI' from project 'SwiftCLI')
/Users/admin/builder/spi-builder-workspace/.dependencies/checkouts/SwiftCLI/Sources/SwiftCLI/Task.swift:16:26: error: cannot find type 'Process' in scope
14 | public class Task {
15 |
16 | private let process: Process
| `- error: cannot find type 'Process' in scope
17 |
18 | /// Block to execute when command terminates; default nil
Failed frontend command:
/Applications/Xcode-27.0.0-Release.Candidate.app/Contents/Developer/Toolchains/XcodeDefault.xctoolchain/usr/bin/swift-frontend -frontend -emit-module -experimental-skip-non-inlinable-function-bodies-without-types /Users/admin/builder/spi-builder-workspace/.dependencies/checkouts/SwiftCLI/Sources/SwiftCLI/ArgumentList.swift /Users/admin/builder/spi-builder-workspace/.dependencies/checkouts/SwiftCLI/Sources/SwiftCLI/ArgumentListManipulator.swift /Users/admin/builder/spi-builder-workspace/.dependencies/checkouts/SwiftCLI/Sources/SwiftCLI/CLI.swift /Users/admin/builder/spi-builder-workspace/.dependencies/checkouts/SwiftCLI/Sources/SwiftCLI/Command.swift /Users/admin/builder/spi-builder-workspace/.dependencies/checkouts/SwiftCLI/Sources/SwiftCLI/Compatibility.swift /Users/admin/builder/spi-builder-workspace/.dependencies/checkouts/SwiftCLI/Sources/SwiftCLI/CompletionGenerator.swift /Users/admin/builder/spi-builder-workspace/.dependencies/checkouts/SwiftCLI/Sources/SwiftCLI/Error.swift /Users/admin/builder/spi-builder-workspace/.dependencies/checkouts/SwiftCLI/Sources/SwiftCLI/HelpCommand.swift /Users/admin/builder/spi-builder-workspace/.dependencies/checkouts/SwiftCLI/Sources/SwiftCLI/HelpMessageGenerator.swift /Users/admin/builder/spi-builder-workspace/.dependencies/checkouts/SwiftCLI/Sources/SwiftCLI/Input.swift /Users/admin/builder/spi-builder-workspace/.dependencies/checkouts/SwiftCLI/Sources/SwiftCLI/Option.swift /Users/admin/builder/spi-builder-workspace/.dependencies/checkouts/SwiftCLI/Sources/SwiftCLI/OptionGroup.swift /Users/admin/builder/spi-builder-workspace/.dependencies/checkouts/SwiftCLI/Sources/SwiftCLI/OptionRegistry.swift /Users/admin/builder/spi-builder-workspace/.dependencies/checkouts/SwiftCLI/Sources/SwiftCLI/Parameter.swift /Users/admin/builder/spi-builder-workspace/.dependencies/checkouts/SwiftCLI/Sources/SwiftCLI/Parser.swift /Users/admin/builder/spi-builder-workspace/.dependencies/checkouts/SwiftCLI/Sources/SwiftCLI/Path.swift /Users/admin/builder/spi-builder-workspace/.dependencies/checkouts/SwiftCLI/Sources/SwiftCLI/Stream.swift /Users/admin/builder/spi-builder-workspace/.dependencies/checkouts/SwiftCLI/Sources/SwiftCLI/Task.swift /Users/admin/builder/spi-builder-workspace/.dependencies/checkouts/SwiftCLI/Sources/SwiftCLI/Term.swift /Users/admin/builder/spi-builder-workspace/.dependencies/checkouts/SwiftCLI/Sources/SwiftCLI/Validation.swift /Users/admin/builder/spi-builder-workspace/.dependencies/checkouts/SwiftCLI/Sources/SwiftCLI/ValueBox.swift /Users/admin/builder/spi-builder-workspace/.dependencies/checkouts/SwiftCLI/Sources/SwiftCLI/VersionCommand.swift -target arm64-apple-xros1.0 -disable-cross-import-overlay-search -swift-module-cross-import Darwin /Applications/Xcode-27.0.0-Release.Candidate.app/Contents/Developer/Platforms/XROS.platform/Developer/SDKs/XROS.sdk/usr/include/Darwin.swiftcrossimport/xlocale.swiftoverlay -load-resolved-plugin /Applications/Xcode-27.0.0-Release.Candidate.app/Contents/Developer/Platforms/XROS.platform/Developer/usr/lib/swift/host/plugins/libFoundationMacros.dylib\#/Applications/Xcode-27.0.0-Release.Candidate.app/Contents/Developer/Platforms/XROS.platform/Developer/usr/bin/swift-plugin-server\#FoundationMacros -load-resolved-plugin /Applications/Xcode-27.0.0-Release.Candidate.app/Contents/Developer/Platforms/XROS.platform/Developer/usr/lib/swift/host/plugins/libObservationMacros.dylib\#/Applications/Xcode-27.0.0-Release.Candidate.app/Contents/Developer/Platforms/XROS.platform/Developer/usr/bin/swift-plugin-server\#ObservationMacros -load-resolved-plugin /Applications/Xcode-27.0.0-Release.Candidate.app/Contents/Developer/Platforms/XROS.platform/Developer/usr/lib/swift/host/plugins/libSwiftMacros.dylib\#/Applications/Xcode-27.0.0-Release.Candidate.app/Contents/Developer/Platforms/XROS.platform/Developer/usr/bin/swift-plugin-server\#SwiftMacros -disable-implicit-swift-modules -Xcc -fno-implicit-modules -Xcc -fno-implicit-module-maps -explicit-swift-module-map-file /Users/admin/builder/spi-builder-workspace/.derivedData/Build/Intermediates.noindex/SwiftCLI.build/Debug-xros/SwiftCLI-t.build/Objects-normal/arm64/SwiftCLI-dependencies-1.json -Xllvm -aarch64-use-tbi -enable-objc-interop -stack-check -sdk /Applications/Xcode-27.0.0-Release.Candidate.app/Contents/Developer/Platforms/XROS.platform/Developer/SDKs/XROS27.0.sdk -I /Users/admin/builder/spi-builder-workspace/.derivedData/Build/Products/Debug-xros -Isystem /Applications/Xcode-27.0.0-Release.Candidate.app/Contents/Developer/Platforms/XROS.platform/Developer/usr/lib -F /Users/admin/builder/spi-builder-workspace/.derivedData/Build/Products/Debug-xros -F /Applications/Xcode-27.0.0-Release.Candidate.app/Contents/Developer/Platforms/XROS.platform/Developer/Library/Frameworks -F /Applications/Xcode-27.0.0-Release.Candidate.app/Contents/Developer/Platforms/XROS.platform/Developer/SDKs/XROS27.0.sdk/Developer/Library/Frameworks -module-cache-path /Users/admin/builder/spi-builder-workspace/.derivedData/Build/Intermediates.noindex/SwiftExplicitPrecompiledModules -no-color-diagnostics -Xcc -fno-color-diagnostics -enable-testing -g -debug-info-format\=dwarf -dwarf-version\=4 -suppress-warnings -profile-generate -profile-coverage-mapping -swift-version 5 -Onone -D SWIFT_PACKAGE -D DEBUG -D SWIFT_MODULE_RESOURCE_BUNDLE_UNAVAILABLE -D Xcode -serialize-debugging-options -enable-experimental-feature DebugDescriptionMacro -empty-abi-descriptor -validate-clang-modules-once -clang-build-session-file /Users/admin/builder/spi-builder-workspace/.derivedData/ModuleCache.noindex/Session.modulevalidation -Xcc -working-directory -Xcc /Users/admin/builder/spi-builder-workspace/.swiftpm/xcode -enable-anonymous-context-mangled-names -file-compilation-dir /Users/admin/builder/spi-builder-workspace/.swiftpm/xcode -Xcc -D_LIBCPP_HARDENING_MODE\=_LIBCPP_HARDENING_MODE_DEBUG -Xcc -ivfsstatcache -Xcc /Users/admin/builder/spi-builder-workspace/.derivedData/SDKStatCaches.noindex/xros27.0-24M361-e829b21a6f8c9b70876ba0858053c044735bd543db762f57723cac368afd1ce4.sdkstatcache -Xcc -fmodules-prune-interval\=86400 -Xcc -fmodules-prune-after\=345600 -Xcc -I/Users/admin/builder/spi-builder-workspace/.derivedData/Build/Products/Debug-xros/include -Xcc -I/Users/admin/builder/spi-builder-workspace/.derivedData/Build/Intermediates.noindex/SwiftCLI.build/Debug-xros/SwiftCLI-t.build/DerivedSources-normal/arm64 -Xcc -I/Users/admin/builder/spi-builder-workspace/.derivedData/Build/Intermediates.noindex/SwiftCLI.build/Debug-xros/SwiftCLI-t.build/DerivedSources/arm64 -Xcc -I/Users/admin/builder/spi-builder-workspace/.derivedData/Build/Intermediates.noindex/SwiftCLI.build/Debug-xros/SwiftCLI-t.build/DerivedSources -Xcc -DSWIFT_PACKAGE -Xcc -DDEBUG\=1 -no-auto-bridging-header-chaining -module-name SwiftCLI -const-gather-protocols-file /Users/admin/builder/spi-builder-workspace/.derivedData/Build/Intermediates.noindex/SwiftCLI.build/Debug-xros/SwiftCLI-t.build/Objects-normal/arm64/SwiftCLI_const_extract_protocols.json -disable-clang-spi -clang-target arm64-apple-xros27.0 -target-sdk-version 27.0 -target-sdk-name xros27.0 -in-process-plugin-server-path /Applications/Xcode-27.0.0-Release.Candidate.app/Contents/Developer/Toolchains/XcodeDefault.xctoolchain/usr/lib/swift/host/libSwiftInProcPluginServer.dylib -emit-module-doc-path /Users/admin/builder/spi-builder-workspace/.derivedData/Build/Intermediates.noindex/SwiftCLI.build/Debug-xros/SwiftCLI-t.build/Objects-normal/arm64/SwiftCLI.swiftdoc -emit-module-source-info-path /Users/admin/builder/spi-builder-workspace/.derivedData/Build/Intermediates.noindex/SwiftCLI.build/Debug-xros/SwiftCLI-t.build/Objects-normal/arm64/SwiftCLI.swiftsourceinfo -emit-objc-header-path /Users/admin/builder/spi-builder-workspace/.derivedData/Build/Intermediates.noindex/SwiftCLI.build/Debug-xros/SwiftCLI-t.build/Objects-normal/arm64/SwiftCLI-Swift.h -serialize-diagnostics-path /Users/admin/builder/spi-builder-workspace/.derivedData/Build/Intermediates.noindex/SwiftCLI.build/Debug-xros/SwiftCLI-t.build/Objects-normal/arm64/SwiftCLI-primary-emit-module.dia -emit-dependencies-path /Users/admin/builder/spi-builder-workspace/.derivedData/Build/Intermediates.noindex/SwiftCLI.build/Debug-xros/SwiftCLI-t.build/Objects-normal/arm64/SwiftCLI-primary-emit-module.d -parse-as-library -o /Users/admin/builder/spi-builder-workspace/.derivedData/Build/Intermediates.noindex/SwiftCLI.build/Debug-xros/SwiftCLI-t.build/Objects-normal/arm64/SwiftCLI.swiftmodule -emit-abi-descriptor-path /Users/admin/builder/spi-builder-workspace/.derivedData/Build/Intermediates.noindex/SwiftCLI.build/Debug-xros/SwiftCLI-t.build/Objects-normal/arm64/SwiftCLI.abi.json
SwiftCompile normal arm64 (in target 'SwiftCLI' from project 'SwiftCLI')
cd /Users/admin/builder/spi-builder-workspace/.swiftpm/xcode
SwiftCompile normal arm64 Compiling\ ValueBox.swift,\ VersionCommand.swift /Users/admin/builder/spi-builder-workspace/.dependencies/checkouts/SwiftCLI/Sources/SwiftCLI/ValueBox.swift /Users/admin/builder/spi-builder-workspace/.dependencies/checkouts/SwiftCLI/Sources/SwiftCLI/VersionCommand.swift (in target 'SwiftCLI' from project 'SwiftCLI')
SwiftCompile normal arm64 /Users/admin/builder/spi-builder-workspace/.dependencies/checkouts/SwiftCLI/Sources/SwiftCLI/ValueBox.swift (in target 'SwiftCLI' from project 'SwiftCLI')
cd /Users/admin/builder/spi-builder-workspace/.swiftpm/xcode
builtin-SwiftPerFileCompile ValueBox.swift
SwiftCompile normal arm64 /Users/admin/builder/spi-builder-workspace/.dependencies/checkouts/SwiftCLI/Sources/SwiftCLI/VersionCommand.swift (in target 'SwiftCLI' from project 'SwiftCLI')
cd /Users/admin/builder/spi-builder-workspace/.swiftpm/xcode
builtin-SwiftPerFileCompile VersionCommand.swift
SwiftEmitModule normal arm64 Emitting\ module\ for\ StringlyKit (in target 'StringlyKit' from project 'Stringly')
SwiftCompile normal arm64 (in target 'StringlyKit' from project 'Stringly')
cd /Users/admin/builder/spi-builder-workspace/.swiftpm/xcode
PruneExplicitPrecompiledModules /Users/admin/builder/spi-builder-workspace/.derivedData/SDKExplicitPrecompiledModules
PruneExplicitPrecompiledModules /Users/admin/builder/spi-builder-workspace/.derivedData/Build/Intermediates.noindex/ExplicitPrecompiledModules
PruneExplicitPrecompiledModules /Users/admin/builder/spi-builder-workspace/.derivedData/Build/Intermediates.noindex/SwiftExplicitPrecompiledModules
2026-09-19 09:27:10.090 xcodebuild[1219:6849] [MT] IDERunDestination: Supported platforms for the buildables in the current scheme is empty.
** BUILD FAILED **
The following build commands failed:
SwiftEmitModule normal arm64 Emitting\ module\ for\ SwiftCLI (in target 'SwiftCLI' from project 'SwiftCLI')
SwiftCompile normal arm64 (in target 'SwiftCLI' from project 'SwiftCLI')
Building workspace Stringly with scheme Stringly-Package
(3 failures)
BUILD FAILURE 6.4 visionOS