The Swift Package Index logo.Swift Package Index

Build Information

Failed to build TTSKit, reference main (cf13fa), with Swift 6.4 for Wasm on 24 Sep 2026 16:51:52 UTC.

Build Command

bash -c docker run --pull=always --rm -v "checkouts-54344843-0":/host -w "$PWD" -e JAVA_HOME="/root/.sdkman/candidates/java/current" -e SPI_BUILD="1" -e SPI_PROCESSING="1" registry.gitlab.com/saguaro1/spi-images:wasm-6.4-latest swift build --swift-sdk swift-6.4.x-DEVELOPMENT-SNAPSHOT-2026-09-04-a_wasm 2>&1

Build Log

========================================
RunAll
========================================
Builder version: 5.1.0
Interrupt handler set up.
========================================
Checkout
========================================
Clone URL: https://github.com/ameter/TTSKit.git
Reference: main
Initialized empty Git repository in /host/spi-builder-workspace/.git/
hint: Using 'master' as the name for the initial branch. This default branch name
hint: is subject to change. To configure the initial branch name to use in all
hint: of your new repositories, which will suppress this warning, call:
hint:
hint: 	git config --global init.defaultBranch <name>
hint:
hint: Names commonly chosen instead of 'master' are 'main', 'trunk' and
hint: 'development'. The just-created branch can be renamed via this command:
hint:
hint: 	git branch -m <name>
From https://github.com/ameter/TTSKit
 * branch            main       -> FETCH_HEAD
 * [new branch]      main       -> origin/main
HEAD is now at cf13fac chore: adjust readme image display sizes
Updating files:  99% (259/261)
Updating files: 100% (261/261)
Updating files: 100% (261/261), done.
Cloned https://github.com/ameter/TTSKit.git
Revision (git rev-parse @):
cf13fac3dd3aa35670b876f6aaa0dd9bd421d891
SUCCESS checkout https://github.com/ameter/TTSKit.git at main
========================================
Build
========================================
Selected platform:         wasm
Swift version:             6.4
Building package at path:  $PWD
https://github.com/ameter/TTSKit.git
Running build ...
bash -c docker run --pull=always --rm -v "checkouts-54344843-0":/host -w "$PWD" -e JAVA_HOME="/root/.sdkman/candidates/java/current" -e SPI_BUILD="1" -e SPI_PROCESSING="1" registry.gitlab.com/saguaro1/spi-images:wasm-6.4-latest swift build --swift-sdk swift-6.4.x-DEVELOPMENT-SNAPSHOT-2026-09-04-a_wasm 2>&1
wasm-6.4-latest: Pulling from saguaro1/spi-images
Digest: sha256:4328fdb43c680d205c1d6761b1e3267aa38277eefdda9ddfb17b6a0f1a77857a
Status: Image is up to date for registry.gitlab.com/saguaro1/spi-images:wasm-6.4-latest
Building for debugging...
[Pre-planning 1 / 213]
In file included from /host/spi-builder-workspace/Sources/Flite/lang/usenglish/us_phrasing_cart.c:6:
In file included from /host/spi-builder-workspace/Sources/Flite/include/cst_cart.h:44:
In file included from /host/spi-builder-workspace/Sources/Flite/include/cst_val.h:45:
In file included from /host/spi-builder-workspace/Sources/Flite/include/cst_error.h:66:
/root/.swiftpm/swift-sdks/swift-6.4.x-DEVELOPMENT-SNAPSHOT-2026-09-04-a_wasm.artifactbundle/swift-6.4.x-DEVELOPMENT-SNAPSHOT-2026-09-04-a_wasm/wasm32-unknown-wasip1/WASI.sdk/include/wasm32-wasip1/setjmp.h:13:2: error: Setjmp/longjmp support requires Exception handling support, which is [not yet standardized](https://github.com/WebAssembly/proposals?tab=readme-ov-file#phase-3---implementation-phase-cg--wg). To enable it, compile with `-mllvm -wasm-enable-sjlj` and use an engine that implements the Exception handling proposal.
   13 | #error Setjmp/longjmp support requires Exception handling support, which is [not yet standardized](https://github.com/WebAssembly/proposals?tab=readme-ov-file#phase-3---implementation-phase-cg--wg). To enable it, compile with `-mllvm -wasm-enable-sjlj` and use an engine that implements the Exception handling proposal.
      |  ^
1 error generated.
error: CompileC /host/spi-builder-workspace/.build/out/Intermediates.noindex/TTSKit.build/Debug-webassembly-wasm32/Flite-t.build/Objects-normal/wasm32/us_phrasing_cart.o /host/spi-builder-workspace/Sources/Flite/lang/usenglish/us_phrasing_cart.c normal wasm32 c com.apple.compilers.llvm.clang.1_0.compiler failed with a nonzero exit code. Command line:     cd /host

    Using response file: /host/spi-builder-workspace/.build/out/Intermediates.noindex/TTSKit.build/Debug-webassembly-wasm32/Flite-t.build/Objects-normal/wasm32/9f65232cb83f8421e3a495a5062eba382369c975104ee97bafc405ab795bfc5e-common-args.resp

    /usr/bin/clang -x c -target wasm32-unknown-wasip1 -fmessage-length\=0 -fdiagnostics-show-note-include-stack -fmacro-backtrace-limit\=0 -fcolor-diagnostics -Wno-trigraphs -Wno-missing-field-initializers -Wno-missing-prototypes -Wno-return-type -Wno-missing-braces -Wparentheses -Wswitch -Wno-unused-function -Wno-unused-label -Wno-unused-parameter -Wno-unused-variable -Wunused-value -Wno-empty-body -Wno-uninitialized -Wno-unknown-pragmas -Wno-shadow -Wno-four-char-constants -Wno-conversion -Wno-constant-conversion -Wno-int-conversion -Wno-bool-conversion -Wno-enum-conversion -Wno-float-conversion -Wno-non-literal-null-conversion -Wno-objc-literal-conversion -Wno-shorten-64-to-32 -Wpointer-sign -Wno-newline-eof -Wno-implicit-fallthrough -fstrict-aliasing -Wdeprecated-declarations -Wno-sign-conversion -Wno-infinite-recursion -Wno-comma -Wno-block-capture-autoreleasing -Wno-strict-prototypes -Wno-semicolon-before-method-body --sysroot /root/.swiftpm/swift-sdks/swift-6.4.x-DEVELOPMENT-SNAPSHOT-2026-09-04-a_wasm.artifactbundle/swift-6.4.x-DEVELOPMENT-SNAPSHOT-2026-09-04-a_wasm/wasm32-unknown-wasip1/WASI.sdk @/host/spi-builder-workspace/.build/out/Intermediates.noindex/TTSKit.build/Debug-webassembly-wasm32/Flite-t.build/Objects-normal/wasm32/9f65232cb83f8421e3a495a5062eba382369c975104ee97bafc405ab795bfc5e-common-args.resp -MMD -MT dependencies -MF /host/spi-builder-workspace/.build/out/Intermediates.noindex/TTSKit.build/Debug-webassembly-wasm32/Flite-t.build/Objects-normal/wasm32/us_phrasing_cart.d --serialize-diagnostics /host/spi-builder-workspace/.build/out/Intermediates.noindex/TTSKit.build/Debug-webassembly-wasm32/Flite-t.build/Objects-normal/wasm32/us_phrasing_cart.dia -c /host/spi-builder-workspace/Sources/Flite/lang/usenglish/us_phrasing_cart.c -o /host/spi-builder-workspace/.build/out/Intermediates.noindex/TTSKit.build/Debug-webassembly-wasm32/Flite-t.build/Objects-normal/wasm32/us_phrasing_cart.o
In file included from /host/spi-builder-workspace/Sources/Flite/lang/usenglish/us_phoneset.c:38:
In file included from /host/spi-builder-workspace/Sources/Flite/include/cst_phoneset.h:44:
In file included from /host/spi-builder-workspace/Sources/Flite/include/cst_val.h:45:
In file included from /host/spi-builder-workspace/Sources/Flite/include/cst_error.h:66:
/root/.swiftpm/swift-sdks/swift-6.4.x-DEVELOPMENT-SNAPSHOT-2026-09-04-a_wasm.artifactbundle/swift-6.4.x-DEVELOPMENT-SNAPSHOT-2026-09-04-a_wasm/wasm32-unknown-wasip1/WASI.sdk/include/wasm32-wasip1/setjmp.h:13:2: error: Setjmp/longjmp support requires Exception handling support, which is [not yet standardized](https://github.com/WebAssembly/proposals?tab=readme-ov-file#phase-3---implementation-phase-cg--wg). To enable it, compile with `-mllvm -wasm-enable-sjlj` and use an engine that implements the Exception handling proposal.
   13 | #error Setjmp/longjmp support requires Exception handling support, which is [not yet standardized](https://github.com/WebAssembly/proposals?tab=readme-ov-file#phase-3---implementation-phase-cg--wg). To enable it, compile with `-mllvm -wasm-enable-sjlj` and use an engine that implements the Exception handling proposal.
      |  ^
1 error generated.
error: CompileC /host/spi-builder-workspace/.build/out/Intermediates.noindex/TTSKit.build/Debug-webassembly-wasm32/Flite-t.build/Objects-normal/wasm32/us_phoneset.o /host/spi-builder-workspace/Sources/Flite/lang/usenglish/us_phoneset.c normal wasm32 c com.apple.compilers.llvm.clang.1_0.compiler failed with a nonzero exit code. Command line:     cd /host

    Using response file: /host/spi-builder-workspace/.build/out/Intermediates.noindex/TTSKit.build/Debug-webassembly-wasm32/Flite-t.build/Objects-normal/wasm32/9f65232cb83f8421e3a495a5062eba382369c975104ee97bafc405ab795bfc5e-common-args.resp

    /usr/bin/clang -x c -target wasm32-unknown-wasip1 -fmessage-length\=0 -fdiagnostics-show-note-include-stack -fmacro-backtrace-limit\=0 -fcolor-diagnostics -Wno-trigraphs -Wno-missing-field-initializers -Wno-missing-prototypes -Wno-return-type -Wno-missing-braces -Wparentheses -Wswitch -Wno-unused-function -Wno-unused-label -Wno-unused-parameter -Wno-unused-variable -Wunused-value -Wno-empty-body -Wno-uninitialized -Wno-unknown-pragmas -Wno-shadow -Wno-four-char-constants -Wno-conversion -Wno-constant-conversion -Wno-int-conversion -Wno-bool-conversion -Wno-enum-conversion -Wno-float-conversion -Wno-non-literal-null-conversion -Wno-objc-literal-conversion -Wno-shorten-64-to-32 -Wpointer-sign -Wno-newline-eof -Wno-implicit-fallthrough -fstrict-aliasing -Wdeprecated-declarations -Wno-sign-conversion -Wno-infinite-recursion -Wno-comma -Wno-block-capture-autoreleasing -Wno-strict-prototypes -Wno-semicolon-before-method-body --sysroot /root/.swiftpm/swift-sdks/swift-6.4.x-DEVELOPMENT-SNAPSHOT-2026-09-04-a_wasm.artifactbundle/swift-6.4.x-DEVELOPMENT-SNAPSHOT-2026-09-04-a_wasm/wasm32-unknown-wasip1/WASI.sdk @/host/spi-builder-workspace/.build/out/Intermediates.noindex/TTSKit.build/Debug-webassembly-wasm32/Flite-t.build/Objects-normal/wasm32/9f65232cb83f8421e3a495a5062eba382369c975104ee97bafc405ab795bfc5e-common-args.resp -MMD -MT dependencies -MF /host/spi-builder-workspace/.build/out/Intermediates.noindex/TTSKit.build/Debug-webassembly-wasm32/Flite-t.build/Objects-normal/wasm32/us_phoneset.d --serialize-diagnostics /host/spi-builder-workspace/.build/out/Intermediates.noindex/TTSKit.build/Debug-webassembly-wasm32/Flite-t.build/Objects-normal/wasm32/us_phoneset.dia -c /host/spi-builder-workspace/Sources/Flite/lang/usenglish/us_phoneset.c -o /host/spi-builder-workspace/.build/out/Intermediates.noindex/TTSKit.build/Debug-webassembly-wasm32/Flite-t.build/Objects-normal/wasm32/us_phoneset.o
In file included from /host/spi-builder-workspace/Sources/Flite/lang/usenglish/us_nums_cart.c:6:
In file included from /host/spi-builder-workspace/Sources/Flite/include/cst_cart.h:44:
In file included from /host/spi-builder-workspace/Sources/Flite/include/cst_val.h:45:
In file included from /host/spi-builder-workspace/Sources/Flite/include/cst_error.h:66:
/root/.swiftpm/swift-sdks/swift-6.4.x-DEVELOPMENT-SNAPSHOT-2026-09-04-a_wasm.artifactbundle/swift-6.4.x-DEVELOPMENT-SNAPSHOT-2026-09-04-a_wasm/wasm32-unknown-wasip1/WASI.sdk/include/wasm32-wasip1/setjmp.h:13:2: error: Setjmp/longjmp support requires Exception handling support, which is [not yet standardized](https://github.com/WebAssembly/proposals?tab=readme-ov-file#phase-3---implementation-phase-cg--wg). To enable it, compile with `-mllvm -wasm-enable-sjlj` and use an engine that implements the Exception handling proposal.
   13 | #error Setjmp/longjmp support requires Exception handling support, which is [not yet standardized](https://github.com/WebAssembly/proposals?tab=readme-ov-file#phase-3---implementation-phase-cg--wg). To enable it, compile with `-mllvm -wasm-enable-sjlj` and use an engine that implements the Exception handling proposal.
      |  ^
1 error generated.
error: CompileC /host/spi-builder-workspace/.build/out/Intermediates.noindex/TTSKit.build/Debug-webassembly-wasm32/Flite-t.build/Objects-normal/wasm32/us_nums_cart.o /host/spi-builder-workspace/Sources/Flite/lang/usenglish/us_nums_cart.c normal wasm32 c com.apple.compilers.llvm.clang.1_0.compiler failed with a nonzero exit code. Command line:     cd /host

    Using response file: /host/spi-builder-workspace/.build/out/Intermediates.noindex/TTSKit.build/Debug-webassembly-wasm32/Flite-t.build/Objects-normal/wasm32/9f65232cb83f8421e3a495a5062eba382369c975104ee97bafc405ab795bfc5e-common-args.resp

    /usr/bin/clang -x c -target wasm32-unknown-wasip1 -fmessage-length\=0 -fdiagnostics-show-note-include-stack -fmacro-backtrace-limit\=0 -fcolor-diagnostics -Wno-trigraphs -Wno-missing-field-initializers -Wno-missing-prototypes -Wno-return-type -Wno-missing-braces -Wparentheses -Wswitch -Wno-unused-function -Wno-unused-label -Wno-unused-parameter -Wno-unused-variable -Wunused-value -Wno-empty-body -Wno-uninitialized -Wno-unknown-pragmas -Wno-shadow -Wno-four-char-constants -Wno-conversion -Wno-constant-conversion -Wno-int-conversion -Wno-bool-conversion -Wno-enum-conversion -Wno-float-conversion -Wno-non-literal-null-conversion -Wno-objc-literal-conversion -Wno-shorten-64-to-32 -Wpointer-sign -Wno-newline-eof -Wno-implicit-fallthrough -fstrict-aliasing -Wdeprecated-declarations -Wno-sign-conversion -Wno-infinite-recursion -Wno-comma -Wno-block-capture-autoreleasing -Wno-strict-prototypes -Wno-semicolon-before-method-body --sysroot /root/.swiftpm/swift-sdks/swift-6.4.x-DEVELOPMENT-SNAPSHOT-2026-09-04-a_wasm.artifactbundle/swift-6.4.x-DEVELOPMENT-SNAPSHOT-2026-09-04-a_wasm/wasm32-unknown-wasip1/WASI.sdk @/host/spi-builder-workspace/.build/out/Intermediates.noindex/TTSKit.build/Debug-webassembly-wasm32/Flite-t.build/Objects-normal/wasm32/9f65232cb83f8421e3a495a5062eba382369c975104ee97bafc405ab795bfc5e-common-args.resp -MMD -MT dependencies -MF /host/spi-builder-workspace/.build/out/Intermediates.noindex/TTSKit.build/Debug-webassembly-wasm32/Flite-t.build/Objects-normal/wasm32/us_nums_cart.d --serialize-diagnostics /host/spi-builder-workspace/.build/out/Intermediates.noindex/TTSKit.build/Debug-webassembly-wasm32/Flite-t.build/Objects-normal/wasm32/us_nums_cart.dia -c /host/spi-builder-workspace/Sources/Flite/lang/usenglish/us_nums_cart.c -o /host/spi-builder-workspace/.build/out/Intermediates.noindex/TTSKit.build/Debug-webassembly-wasm32/Flite-t.build/Objects-normal/wasm32/us_nums_cart.o
In file included from /host/spi-builder-workspace/Sources/Flite/lang/usenglish/usenglish.c:39:
In file included from /host/spi-builder-workspace/Sources/Flite/include/flite.h:51:
In file included from /host/spi-builder-workspace/Sources/Flite/include/cst_args.h:43:
In file included from /host/spi-builder-workspace/Sources/Flite/include/cst_features.h:44:
In file included from /host/spi-builder-workspace/Sources/Flite/include/cst_val.h:45:
In file included from /host/spi-builder-workspace/Sources/Flite/include/cst_error.h:66:
/root/.swiftpm/swift-sdks/swift-6.4.x-DEVELOPMENT-SNAPSHOT-2026-09-04-a_wasm.artifactbundle/swift-6.4.x-DEVELOPMENT-SNAPSHOT-2026-09-04-a_wasm/wasm32-unknown-wasip1/WASI.sdk/include/wasm32-wasip1/setjmp.h:13:2: error: Setjmp/longjmp support requires Exception handling support, which is [not yet standardized](https://github.com/WebAssembly/proposals?tab=readme-ov-file#phase-3---implementation-phase-cg--wg). To enable it, compile with `-mllvm -wasm-enable-sjlj` and use an engine that implements the Exception handling proposal.
   13 | #error Setjmp/longjmp support requires Exception handling support, which is [not yet standardized](https://github.com/WebAssembly/proposals?tab=readme-ov-file#phase-3---implementation-phase-cg--wg). To enable it, compile with `-mllvm -wasm-enable-sjlj` and use an engine that implements the Exception handling proposal.
      |  ^
1 error generated.
error: CompileC /host/spi-builder-workspace/.build/out/Intermediates.noindex/TTSKit.build/Debug-webassembly-wasm32/Flite-t.build/Objects-normal/wasm32/usenglish.o /host/spi-builder-workspace/Sources/Flite/lang/usenglish/usenglish.c normal wasm32 c com.apple.compilers.llvm.clang.1_0.compiler failed with a nonzero exit code. Command line:     cd /host

    Using response file: /host/spi-builder-workspace/.build/out/Intermediates.noindex/TTSKit.build/Debug-webassembly-wasm32/Flite-t.build/Objects-normal/wasm32/9f65232cb83f8421e3a495a5062eba382369c975104ee97bafc405ab795bfc5e-common-args.resp

    /usr/bin/clang -x c -target wasm32-unknown-wasip1 -fmessage-length\=0 -fdiagnostics-show-note-include-stack -fmacro-backtrace-limit\=0 -fcolor-diagnostics -Wno-trigraphs -Wno-missing-field-initializers -Wno-missing-prototypes -Wno-return-type -Wno-missing-braces -Wparentheses -Wswitch -Wno-unused-function -Wno-unused-label -Wno-unused-parameter -Wno-unused-variable -Wunused-value -Wno-empty-body -Wno-uninitialized -Wno-unknown-pragmas -Wno-shadow -Wno-four-char-constants -Wno-conversion -Wno-constant-conversion -Wno-int-conversion -Wno-bool-conversion -Wno-enum-conversion -Wno-float-conversion -Wno-non-literal-null-conversion -Wno-objc-literal-conversion -Wno-shorten-64-to-32 -Wpointer-sign -Wno-newline-eof -Wno-implicit-fallthrough -fstrict-aliasing -Wdeprecated-declarations -Wno-sign-conversion -Wno-infinite-recursion -Wno-comma -Wno-block-capture-autoreleasing -Wno-strict-prototypes -Wno-semicolon-before-method-body --sysroot /root/.swiftpm/swift-sdks/swift-6.4.x-DEVELOPMENT-SNAPSHOT-2026-09-04-a_wasm.artifactbundle/swift-6.4.x-DEVELOPMENT-SNAPSHOT-2026-09-04-a_wasm/wasm32-unknown-wasip1/WASI.sdk @/host/spi-builder-workspace/.build/out/Intermediates.noindex/TTSKit.build/Debug-webassembly-wasm32/Flite-t.build/Objects-normal/wasm32/9f65232cb83f8421e3a495a5062eba382369c975104ee97bafc405ab795bfc5e-common-args.resp -MMD -MT dependencies -MF /host/spi-builder-workspace/.build/out/Intermediates.noindex/TTSKit.build/Debug-webassembly-wasm32/Flite-t.build/Objects-normal/wasm32/usenglish.d --serialize-diagnostics /host/spi-builder-workspace/.build/out/Intermediates.noindex/TTSKit.build/Debug-webassembly-wasm32/Flite-t.build/Objects-normal/wasm32/usenglish.dia -c /host/spi-builder-workspace/Sources/Flite/lang/usenglish/usenglish.c -o /host/spi-builder-workspace/.build/out/Intermediates.noindex/TTSKit.build/Debug-webassembly-wasm32/Flite-t.build/Objects-normal/wasm32/usenglish.o
In file included from /host/spi-builder-workspace/Sources/Flite/lang/usenglish/us_int_tone_cart.c:50:
In file included from /host/spi-builder-workspace/Sources/Flite/include/cst_cart.h:44:
In file included from /host/spi-builder-workspace/Sources/Flite/include/cst_val.h:45:
In file included from /host/spi-builder-workspace/Sources/Flite/include/cst_error.h:66:
/root/.swiftpm/swift-sdks/swift-6.4.x-DEVELOPMENT-SNAPSHOT-2026-09-04-a_wasm.artifactbundle/swift-6.4.x-DEVELOPMENT-SNAPSHOT-2026-09-04-a_wasm/wasm32-unknown-wasip1/WASI.sdk/include/wasm32-wasip1/setjmp.h:13:2: error: Setjmp/longjmp support requires Exception handling support, which is [not yet standardized](https://github.com/WebAssembly/proposals?tab=readme-ov-file#phase-3---implementation-phase-cg--wg). To enable it, compile with `-mllvm -wasm-enable-sjlj` and use an engine that implements the Exception handling proposal.
   13 | #error Setjmp/longjmp support requires Exception handling support, which is [not yet standardized](https://github.com/WebAssembly/proposals?tab=readme-ov-file#phase-3---implementation-phase-cg--wg). To enable it, compile with `-mllvm -wasm-enable-sjlj` and use an engine that implements the Exception handling proposal.
      |  ^
1 error generated.
error: CompileC /host/spi-builder-workspace/.build/out/Intermediates.noindex/TTSKit.build/Debug-webassembly-wasm32/Flite-t.build/Objects-normal/wasm32/us_int_tone_cart.o /host/spi-builder-workspace/Sources/Flite/lang/usenglish/us_int_tone_cart.c normal wasm32 c com.apple.compilers.llvm.clang.1_0.compiler failed with a nonzero exit code. Command line:     cd /host

    Using response file: /host/spi-builder-workspace/.build/out/Intermediates.noindex/TTSKit.build/Debug-webassembly-wasm32/Flite-t.build/Objects-normal/wasm32/9f65232cb83f8421e3a495a5062eba382369c975104ee97bafc405ab795bfc5e-common-args.resp

    /usr/bin/clang -x c -target wasm32-unknown-wasip1 -fmessage-length\=0 -fdiagnostics-show-note-include-stack -fmacro-backtrace-limit\=0 -fcolor-diagnostics -Wno-trigraphs -Wno-missing-field-initializers -Wno-missing-prototypes -Wno-return-type -Wno-missing-braces -Wparentheses -Wswitch -Wno-unused-function -Wno-unused-label -Wno-unused-parameter -Wno-unused-variable -Wunused-value -Wno-empty-body -Wno-uninitialized -Wno-unknown-pragmas -Wno-shadow -Wno-four-char-constants -Wno-conversion -Wno-constant-conversion -Wno-int-conversion -Wno-bool-conversion -Wno-enum-conversion -Wno-float-conversion -Wno-non-literal-null-conversion -Wno-objc-literal-conversion -Wno-shorten-64-to-32 -Wpointer-sign -Wno-newline-eof -Wno-implicit-fallthrough -fstrict-aliasing -Wdeprecated-declarations -Wno-sign-conversion -Wno-infinite-recursion -Wno-comma -Wno-block-capture-autoreleasing -Wno-strict-prototypes -Wno-semicolon-before-method-body --sysroot /root/.swiftpm/swift-sdks/swift-6.4.x-DEVELOPMENT-SNAPSHOT-2026-09-04-a_wasm.artifactbundle/swift-6.4.x-DEVELOPMENT-SNAPSHOT-2026-09-04-a_wasm/wasm32-unknown-wasip1/WASI.sdk @/host/spi-builder-workspace/.build/out/Intermediates.noindex/TTSKit.build/Debug-webassembly-wasm32/Flite-t.build/Objects-normal/wasm32/9f65232cb83f8421e3a495a5062eba382369c975104ee97bafc405ab795bfc5e-common-args.resp -MMD -MT dependencies -MF /host/spi-builder-workspace/.build/out/Intermediates.noindex/TTSKit.build/Debug-webassembly-wasm32/Flite-t.build/Objects-normal/wasm32/us_int_tone_cart.d --serialize-diagnostics /host/spi-builder-workspace/.build/out/Intermediates.noindex/TTSKit.build/Debug-webassembly-wasm32/Flite-t.build/Objects-normal/wasm32/us_int_tone_cart.dia -c /host/spi-builder-workspace/Sources/Flite/lang/usenglish/us_int_tone_cart.c -o /host/spi-builder-workspace/.build/out/Intermediates.noindex/TTSKit.build/Debug-webassembly-wasm32/Flite-t.build/Objects-normal/wasm32/us_int_tone_cart.o
In file included from /host/spi-builder-workspace/Sources/Flite/lang/usenglish/us_pos_cart.c:6:
In file included from /host/spi-builder-workspace/Sources/Flite/include/cst_cart.h:44:
In file included from /host/spi-builder-workspace/Sources/Flite/include/cst_val.h:45:
In file included from /host/spi-builder-workspace/Sources/Flite/include/cst_error.h:66:
/root/.swiftpm/swift-sdks/swift-6.4.x-DEVELOPMENT-SNAPSHOT-2026-09-04-a_wasm.artifactbundle/swift-6.4.x-DEVELOPMENT-SNAPSHOT-2026-09-04-a_wasm/wasm32-unknown-wasip1/WASI.sdk/include/wasm32-wasip1/setjmp.h:13:2: error: Setjmp/longjmp support requires Exception handling support, which is [not yet standardized](https://github.com/WebAssembly/proposals?tab=readme-ov-file#phase-3---implementation-phase-cg--wg). To enable it, compile with `-mllvm -wasm-enable-sjlj` and use an engine that implements the Exception handling proposal.
   13 | #error Setjmp/longjmp support requires Exception handling support, which is [not yet standardized](https://github.com/WebAssembly/proposals?tab=readme-ov-file#phase-3---implementation-phase-cg--wg). To enable it, compile with `-mllvm -wasm-enable-sjlj` and use an engine that implements the Exception handling proposal.
      |  ^
1 error generated.
error: CompileC /host/spi-builder-workspace/.build/out/Intermediates.noindex/TTSKit.build/Debug-webassembly-wasm32/Flite-t.build/Objects-normal/wasm32/us_pos_cart.o /host/spi-builder-workspace/Sources/Flite/lang/usenglish/us_pos_cart.c normal wasm32 c com.apple.compilers.llvm.clang.1_0.compiler failed with a nonzero exit code. Command line:     cd /host

    Using response file: /host/spi-builder-workspace/.build/out/Intermediates.noindex/TTSKit.build/Debug-webassembly-wasm32/Flite-t.build/Objects-normal/wasm32/9f65232cb83f8421e3a495a5062eba382369c975104ee97bafc405ab795bfc5e-common-args.resp

    /usr/bin/clang -x c -target wasm32-unknown-wasip1 -fmessage-length\=0 -fdiagnostics-show-note-include-stack -fmacro-backtrace-limit\=0 -fcolor-diagnostics -Wno-trigraphs -Wno-missing-field-initializers -Wno-missing-prototypes -Wno-return-type -Wno-missing-braces -Wparentheses -Wswitch -Wno-unused-function -Wno-unused-label -Wno-unused-parameter -Wno-unused-variable -Wunused-value -Wno-empty-body -Wno-uninitialized -Wno-unknown-pragmas -Wno-shadow -Wno-four-char-constants -Wno-conversion -Wno-constant-conversion -Wno-int-conversion -Wno-bool-conversion -Wno-enum-conversion -Wno-float-conversion -Wno-non-literal-null-conversion -Wno-objc-literal-conversion -Wno-shorten-64-to-32 -Wpointer-sign -Wno-newline-eof -Wno-implicit-fallthrough -fstrict-aliasing -Wdeprecated-declarations -Wno-sign-conversion -Wno-infinite-recursion -Wno-comma -Wno-block-capture-autoreleasing -Wno-strict-prototypes -Wno-semicolon-before-method-body --sysroot /root/.swiftpm/swift-sdks/swift-6.4.x-DEVELOPMENT-SNAPSHOT-2026-09-04-a_wasm.artifactbundle/swift-6.4.x-DEVELOPMENT-SNAPSHOT-2026-09-04-a_wasm/wasm32-unknown-wasip1/WASI.sdk @/host/spi-builder-workspace/.build/out/Intermediates.noindex/TTSKit.build/Debug-webassembly-wasm32/Flite-t.build/Objects-normal/wasm32/9f65232cb83f8421e3a495a5062eba382369c975104ee97bafc405ab795bfc5e-common-args.resp -MMD -MT dependencies -MF /host/spi-builder-workspace/.build/out/Intermediates.noindex/TTSKit.build/Debug-webassembly-wasm32/Flite-t.build/Objects-normal/wasm32/us_pos_cart.d --serialize-diagnostics /host/spi-builder-workspace/.build/out/Intermediates.noindex/TTSKit.build/Debug-webassembly-wasm32/Flite-t.build/Objects-normal/wasm32/us_pos_cart.dia -c /host/spi-builder-workspace/Sources/Flite/lang/usenglish/us_pos_cart.c -o /host/spi-builder-workspace/.build/out/Intermediates.noindex/TTSKit.build/Debug-webassembly-wasm32/Flite-t.build/Objects-normal/wasm32/us_pos_cart.o
In file included from /host/spi-builder-workspace/Sources/Flite/lang/usenglish/us_int_accent_cart.c:50:
In file included from /host/spi-builder-workspace/Sources/Flite/include/cst_cart.h:44:
In file included from /host/spi-builder-workspace/Sources/Flite/include/cst_val.h:45:
In file included from /host/spi-builder-workspace/Sources/Flite/include/cst_error.h:66:
/root/.swiftpm/swift-sdks/swift-6.4.x-DEVELOPMENT-SNAPSHOT-2026-09-04-a_wasm.artifactbundle/swift-6.4.x-DEVELOPMENT-SNAPSHOT-2026-09-04-a_wasm/wasm32-unknown-wasip1/WASI.sdk/include/wasm32-wasip1/setjmp.h:13:2: error: Setjmp/longjmp support requires Exception handling support, which is [not yet standardized](https://github.com/WebAssembly/proposals?tab=readme-ov-file#phase-3---implementation-phase-cg--wg). To enable it, compile with `-mllvm -wasm-enable-sjlj` and use an engine that implements the Exception handling proposal.
   13 | #error Setjmp/longjmp support requires Exception handling support, which is [not yet standardized](https://github.com/WebAssembly/proposals?tab=readme-ov-file#phase-3---implementation-phase-cg--wg). To enable it, compile with `-mllvm -wasm-enable-sjlj` and use an engine that implements the Exception handling proposal.
      |  ^
1 error generated.
error: CompileC /host/spi-builder-workspace/.build/out/Intermediates.noindex/TTSKit.build/Debug-webassembly-wasm32/Flite-t.build/Objects-normal/wasm32/us_int_accent_cart.o /host/spi-builder-workspace/Sources/Flite/lang/usenglish/us_int_accent_cart.c normal wasm32 c com.apple.compilers.llvm.clang.1_0.compiler failed with a nonzero exit code. Command line:     cd /host

    Using response file: /host/spi-builder-workspace/.build/out/Intermediates.noindex/TTSKit.build/Debug-webassembly-wasm32/Flite-t.build/Objects-normal/wasm32/9f65232cb83f8421e3a495a5062eba382369c975104ee97bafc405ab795bfc5e-common-args.resp

    /usr/bin/clang -x c -target wasm32-unknown-wasip1 -fmessage-length\=0 -fdiagnostics-show-note-include-stack -fmacro-backtrace-limit\=0 -fcolor-diagnostics -Wno-trigraphs -Wno-missing-field-initializers -Wno-missing-prototypes -Wno-return-type -Wno-missing-braces -Wparentheses -Wswitch -Wno-unused-function -Wno-unused-label -Wno-unused-parameter -Wno-unused-variable -Wunused-value -Wno-empty-body -Wno-uninitialized -Wno-unknown-pragmas -Wno-shadow -Wno-four-char-constants -Wno-conversion -Wno-constant-conversion -Wno-int-conversion -Wno-bool-conversion -Wno-enum-conversion -Wno-float-conversion -Wno-non-literal-null-conversion -Wno-objc-literal-conversion -Wno-shorten-64-to-32 -Wpointer-sign -Wno-newline-eof -Wno-implicit-fallthrough -fstrict-aliasing -Wdeprecated-declarations -Wno-sign-conversion -Wno-infinite-recursion -Wno-comma -Wno-block-capture-autoreleasing -Wno-strict-prototypes -Wno-semicolon-before-method-body --sysroot /root/.swiftpm/swift-sdks/swift-6.4.x-DEVELOPMENT-SNAPSHOT-2026-09-04-a_wasm.artifactbundle/swift-6.4.x-DEVELOPMENT-SNAPSHOT-2026-09-04-a_wasm/wasm32-unknown-wasip1/WASI.sdk @/host/spi-builder-workspace/.build/out/Intermediates.noindex/TTSKit.build/Debug-webassembly-wasm32/Flite-t.build/Objects-normal/wasm32/9f65232cb83f8421e3a495a5062eba382369c975104ee97bafc405ab795bfc5e-common-args.resp -MMD -MT dependencies -MF /host/spi-builder-workspace/.build/out/Intermediates.noindex/TTSKit.build/Debug-webassembly-wasm32/Flite-t.build/Objects-normal/wasm32/us_int_accent_cart.d --serialize-diagnostics /host/spi-builder-workspace/.build/out/Intermediates.noindex/TTSKit.build/Debug-webassembly-wasm32/Flite-t.build/Objects-normal/wasm32/us_int_accent_cart.dia -c /host/spi-builder-workspace/Sources/Flite/lang/usenglish/us_int_accent_cart.c -o /host/spi-builder-workspace/.build/out/Intermediates.noindex/TTSKit.build/Debug-webassembly-wasm32/Flite-t.build/Objects-normal/wasm32/us_int_accent_cart.o
error: Build failed
BUILD FAILURE 6.4 wasm