Build Information
Failed to build Avatar, reference main (e6d6cb), with Swift 6.1 for visionOS using Xcode 16.3 on 23 Oct 2026 00:49:15 UTC.
Build Command
env DEVELOPER_DIR=/Applications/Xcode-16.3.0.app xcrun xcodebuild -IDEClonedSourcePackagesDirPathOverride=$PWD/.dependencies -skipMacroValidation -skipPackagePluginValidation -derivedDataPath $PWD/.derivedData build -scheme Avatar -destination generic/platform=xrOSBuild Log
========================================
RunAll
========================================
Builder version: 5.1.3
Interrupt handler set up.
========================================
Checkout
========================================
Clone URL: https://github.com/prcela/Avatar.git
Reference: main
Initialized empty Git repository in /Users/admin/builder/spi-builder-workspace/.git/
From https://github.com/prcela/Avatar
* branch main -> FETCH_HEAD
* [new branch] main -> origin/main
HEAD is now at e6d6cbb wip
Cloned https://github.com/prcela/Avatar.git
Revision (git rev-parse @):
e6d6cbb7edf4d7000a62dc61406eace3cef66326
SUCCESS checkout https://github.com/prcela/Avatar.git at main
========================================
Build
========================================
Selected platform: visionOS
Swift version: 6.1
Building package at path: $PWD
https://github.com/prcela/Avatar.git
https://github.com/prcela/Avatar.git
{
"dependencies" : [
],
"manifest_display_name" : "Avatar",
"name" : "Avatar",
"path" : "/Users/admin/builder/spi-builder-workspace",
"platforms" : [
{
"name" : "ios",
"version" : "15.0"
}
],
"products" : [
{
"name" : "Avatar",
"targets" : [
"Avatar"
],
"type" : {
"library" : [
"automatic"
]
}
}
],
"targets" : [
{
"c99name" : "AvatarTests",
"module_type" : "SwiftTarget",
"name" : "AvatarTests",
"path" : "Tests/AvatarTests",
"sources" : [
"AvatarCacheTests.swift",
"AvatarCostumeTests.swift",
"AvatarGlassesColorTests.swift",
"AvatarRendererTests.swift",
"AvatarTests.swift"
],
"target_dependencies" : [
"Avatar"
],
"type" : "test"
},
{
"c99name" : "Avatar",
"module_type" : "SwiftTarget",
"name" : "Avatar",
"path" : "Sources/Avatar",
"product_memberships" : [
"Avatar"
],
"sources" : [
"Avatar.swift",
"AvatarBodyShading.swift",
"AvatarBodyShape.swift",
"AvatarCache.swift",
"AvatarEditorOptionCell.swift",
"AvatarEditorViewController.swift",
"AvatarGlassesStyle.swift",
"AvatarHairStyle.swift",
"AvatarHexID.swift",
"AvatarNoseStyle.swift",
"AvatarRenderer.swift",
"AvatarRenderingHelpers.swift",
"AvatarSymbolCell.swift",
"AvatarView.swift",
"EditAvatarView.swift",
"EditAvatarViewController.swift",
"UIAvatarView.swift",
"UIColorExt.swift",
"UIViewExt.swift"
],
"type" : "library"
}
],
"tools_version" : "5.7"
}
Command line invocation:
/Applications/Xcode-16.3.0.app/Contents/Developer/usr/bin/xcodebuild -IDEClonedSourcePackagesDirPathOverride=/Users/admin/builder/spi-builder-workspace/.dependencies -resolvePackageDependencies
Resolve Package Graph
Resolved source packages:
Avatar: /Users/admin/builder/spi-builder-workspace
resolved source packages: Avatar
{
"dependencies" : [
],
"manifest_display_name" : "Avatar",
"name" : "Avatar",
"path" : "/Users/admin/builder/spi-builder-workspace",
"platforms" : [
{
"name" : "ios",
"version" : "15.0"
}
],
"products" : [
{
"name" : "Avatar",
"targets" : [
"Avatar"
],
"type" : {
"library" : [
"automatic"
]
}
}
],
"targets" : [
{
"c99name" : "AvatarTests",
"module_type" : "SwiftTarget",
"name" : "AvatarTests",
"path" : "Tests/AvatarTests",
"sources" : [
"AvatarCacheTests.swift",
"AvatarCostumeTests.swift",
"AvatarGlassesColorTests.swift",
"AvatarRendererTests.swift",
"AvatarTests.swift"
],
"target_dependencies" : [
"Avatar"
],
"type" : "test"
},
{
"c99name" : "Avatar",
"module_type" : "SwiftTarget",
"name" : "Avatar",
"path" : "Sources/Avatar",
"product_memberships" : [
"Avatar"
],
"sources" : [
"Avatar.swift",
"AvatarBodyShading.swift",
"AvatarBodyShape.swift",
"AvatarCache.swift",
"AvatarEditorOptionCell.swift",
"AvatarEditorViewController.swift",
"AvatarGlassesStyle.swift",
"AvatarHairStyle.swift",
"AvatarHexID.swift",
"AvatarNoseStyle.swift",
"AvatarRenderer.swift",
"AvatarRenderingHelpers.swift",
"AvatarSymbolCell.swift",
"AvatarView.swift",
"EditAvatarView.swift",
"EditAvatarViewController.swift",
"UIAvatarView.swift",
"UIColorExt.swift",
"UIViewExt.swift"
],
"type" : "library"
}
],
"tools_version" : "5.7"
}
{
"workspace" : {
"name" : "spi-builder-workspace",
"schemes" : [
"Avatar"
]
}
}
Running build ...
env DEVELOPER_DIR=/Applications/Xcode-16.3.0.app xcrun xcodebuild -IDEClonedSourcePackagesDirPathOverride=$PWD/.dependencies -skipMacroValidation -skipPackagePluginValidation -derivedDataPath $PWD/.derivedData build -scheme Avatar -destination generic/platform=xrOS OTHER_SWIFT_FLAGS=-stats-output-dir .stats -strict-concurrency=complete -enable-upcoming-feature StrictConcurrency -enable-upcoming-feature DisableOutwardActorInference -enable-upcoming-feature GlobalActorIsolatedTypesUsability -enable-upcoming-feature InferSendableFromCaptures
Command line invocation:
/Applications/Xcode-16.3.0.app/Contents/Developer/usr/bin/xcodebuild -IDEClonedSourcePackagesDirPathOverride=/Users/admin/builder/spi-builder-workspace/.dependencies -skipMacroValidation -skipPackagePluginValidation -derivedDataPath /Users/admin/builder/spi-builder-workspace/.derivedData build -scheme Avatar -destination generic/platform=xrOS "OTHER_SWIFT_FLAGS=-stats-output-dir .stats -strict-concurrency=complete -enable-upcoming-feature StrictConcurrency -enable-upcoming-feature DisableOutwardActorInference -enable-upcoming-feature GlobalActorIsolatedTypesUsability -enable-upcoming-feature InferSendableFromCaptures"
Build settings from command line:
OTHER_SWIFT_FLAGS = -stats-output-dir .stats -strict-concurrency=complete -enable-upcoming-feature StrictConcurrency -enable-upcoming-feature DisableOutwardActorInference -enable-upcoming-feature GlobalActorIsolatedTypesUsability -enable-upcoming-feature InferSendableFromCaptures
Resolve Package Graph
Resolved source packages:
Avatar: /Users/admin/builder/spi-builder-workspace
ComputePackagePrebuildTargetDependencyGraph
Prepare packages
CreateBuildRequest
SendProjectDescription
CreateBuildOperation
ComputeTargetDependencyGraph
note: Building targets in dependency order
note: Target dependency graph (3 targets)
Target 'Avatar' in project 'Avatar'
➜ Explicit dependency on target 'Avatar' in project 'Avatar'
➜ Explicit dependency on target 'Avatar_Avatar' in project 'Avatar'
Target 'Avatar' in project 'Avatar'
➜ Explicit dependency on target 'Avatar_Avatar' in project 'Avatar'
Target 'Avatar_Avatar' in project 'Avatar' (no dependencies)
GatherProvisioningInputs
CreateBuildDescription
ExecuteExternalTool /Applications/Xcode-16.3.0.app/Contents/Developer/Toolchains/XcodeDefault.xctoolchain/usr/bin/clang -v -E -dM -isysroot /Applications/Xcode-16.3.0.app/Contents/Developer/Platforms/XROS.platform/Developer/SDKs/XROS2.4.sdk -x c -c /dev/null
ExecuteExternalTool /Applications/Xcode-16.3.0.app/Contents/Developer/usr/bin/ibtool --version --output-format xml1
ExecuteExternalTool /Applications/Xcode-16.3.0.app/Contents/Developer/usr/bin/actool --version --output-format xml1
ExecuteExternalTool /Applications/Xcode-16.3.0.app/Contents/Developer/Toolchains/XcodeDefault.xctoolchain/usr/bin/swiftc --version
ExecuteExternalTool /Applications/Xcode-16.3.0.app/Contents/Developer/Toolchains/XcodeDefault.xctoolchain/usr/bin/ld -version_details
Build description signature: 429c8289c0b2d4781d9d0c3c6a75e884
Build description path: /Users/admin/builder/spi-builder-workspace/.derivedData/Build/Intermediates.noindex/XCBuildData/429c8289c0b2d4781d9d0c3c6a75e884.xcbuilddata
ClangStatCache /Applications/Xcode-16.3.0.app/Contents/Developer/Toolchains/XcodeDefault.xctoolchain/usr/bin/clang-stat-cache /Applications/Xcode-16.3.0.app/Contents/Developer/Platforms/XROS.platform/Developer/SDKs/XROS2.4.sdk /Users/admin/builder/spi-builder-workspace/.derivedData/SDKStatCaches.noindex/xros2.4-22O233-407b76dbb837030756cbe1ab3f0b01b6.sdkstatcache
cd /Users/admin/builder/spi-builder-workspace/.swiftpm/xcode
/Applications/Xcode-16.3.0.app/Contents/Developer/Toolchains/XcodeDefault.xctoolchain/usr/bin/clang-stat-cache /Applications/Xcode-16.3.0.app/Contents/Developer/Platforms/XROS.platform/Developer/SDKs/XROS2.4.sdk -o /Users/admin/builder/spi-builder-workspace/.derivedData/SDKStatCaches.noindex/xros2.4-22O233-407b76dbb837030756cbe1ab3f0b01b6.sdkstatcache
CreateBuildDirectory /Users/admin/builder/spi-builder-workspace/.derivedData/Build/Products
cd /Users/admin/builder/spi-builder-workspace/.swiftpm/xcode
builtin-create-build-directory /Users/admin/builder/spi-builder-workspace/.derivedData/Build/Products
CreateBuildDirectory /Users/admin/builder/spi-builder-workspace/.derivedData/Build/Intermediates.noindex
cd /Users/admin/builder/spi-builder-workspace/.swiftpm/xcode
builtin-create-build-directory /Users/admin/builder/spi-builder-workspace/.derivedData/Build/Intermediates.noindex
CreateBuildDirectory /Users/admin/builder/spi-builder-workspace/.derivedData/Build/Products/Debug-xros
cd /Users/admin/builder/spi-builder-workspace/.swiftpm/xcode
builtin-create-build-directory /Users/admin/builder/spi-builder-workspace/.derivedData/Build/Products/Debug-xros
CreateBuildDirectory /Users/admin/builder/spi-builder-workspace/.derivedData/Build/Intermediates.noindex/EagerLinkingTBDs/Debug-xros
cd /Users/admin/builder/spi-builder-workspace/.swiftpm/xcode
builtin-create-build-directory /Users/admin/builder/spi-builder-workspace/.derivedData/Build/Intermediates.noindex/EagerLinkingTBDs/Debug-xros
CreateBuildDirectory /Users/admin/builder/spi-builder-workspace/.derivedData/Build/Products/Debug-xros/PackageFrameworks
cd /Users/admin/builder/spi-builder-workspace/.swiftpm/xcode
builtin-create-build-directory /Users/admin/builder/spi-builder-workspace/.derivedData/Build/Products/Debug-xros/PackageFrameworks
WriteAuxiliaryFile /Users/admin/builder/spi-builder-workspace/.derivedData/Build/Intermediates.noindex/Avatar.build/Debug-xros/Avatar_Avatar.build/empty-Avatar_Avatar.plist (in target 'Avatar_Avatar' from project 'Avatar')
cd /Users/admin/builder/spi-builder-workspace
write-file /Users/admin/builder/spi-builder-workspace/.derivedData/Build/Intermediates.noindex/Avatar.build/Debug-xros/Avatar_Avatar.build/empty-Avatar_Avatar.plist
WriteAuxiliaryFile /Users/admin/builder/spi-builder-workspace/.derivedData/Build/Intermediates.noindex/Avatar.build/Debug-xros/Avatar_Avatar.build/Avatar_Avatar.DependencyStaticMetadataFileList (in target 'Avatar_Avatar' from project 'Avatar')
cd /Users/admin/builder/spi-builder-workspace
write-file /Users/admin/builder/spi-builder-workspace/.derivedData/Build/Intermediates.noindex/Avatar.build/Debug-xros/Avatar_Avatar.build/Avatar_Avatar.DependencyStaticMetadataFileList
WriteAuxiliaryFile /Users/admin/builder/spi-builder-workspace/.derivedData/Build/Intermediates.noindex/Avatar.build/Debug-xros/Avatar_Avatar.build/Avatar_Avatar.DependencyMetadataFileList (in target 'Avatar_Avatar' from project 'Avatar')
cd /Users/admin/builder/spi-builder-workspace
write-file /Users/admin/builder/spi-builder-workspace/.derivedData/Build/Intermediates.noindex/Avatar.build/Debug-xros/Avatar_Avatar.build/Avatar_Avatar.DependencyMetadataFileList
WriteAuxiliaryFile /Users/admin/builder/spi-builder-workspace/.derivedData/Build/Intermediates.noindex/Avatar.build/Debug-xros/Avatar.build/DerivedSources/resource_bundle_accessor.swift (in target 'Avatar' from project 'Avatar')
cd /Users/admin/builder/spi-builder-workspace
write-file /Users/admin/builder/spi-builder-workspace/.derivedData/Build/Intermediates.noindex/Avatar.build/Debug-xros/Avatar.build/DerivedSources/resource_bundle_accessor.swift
WriteAuxiliaryFile /Users/admin/builder/spi-builder-workspace/.derivedData/Build/Intermediates.noindex/Avatar.build/Debug-xros/Avatar.build/Objects-normal/arm64/Avatar_const_extract_protocols.json (in target 'Avatar' from project 'Avatar')
cd /Users/admin/builder/spi-builder-workspace
write-file /Users/admin/builder/spi-builder-workspace/.derivedData/Build/Intermediates.noindex/Avatar.build/Debug-xros/Avatar.build/Objects-normal/arm64/Avatar_const_extract_protocols.json
WriteAuxiliaryFile /Users/admin/builder/spi-builder-workspace/.derivedData/Build/Intermediates.noindex/Avatar.build/Debug-xros/Avatar.build/Objects-normal/arm64/Avatar.LinkFileList (in target 'Avatar' from project 'Avatar')
cd /Users/admin/builder/spi-builder-workspace
write-file /Users/admin/builder/spi-builder-workspace/.derivedData/Build/Intermediates.noindex/Avatar.build/Debug-xros/Avatar.build/Objects-normal/arm64/Avatar.LinkFileList
WriteAuxiliaryFile /Users/admin/builder/spi-builder-workspace/.derivedData/Build/Intermediates.noindex/Avatar.build/Debug-xros/Avatar.build/Objects-normal/arm64/Avatar.SwiftFileList (in target 'Avatar' from project 'Avatar')
cd /Users/admin/builder/spi-builder-workspace
write-file /Users/admin/builder/spi-builder-workspace/.derivedData/Build/Intermediates.noindex/Avatar.build/Debug-xros/Avatar.build/Objects-normal/arm64/Avatar.SwiftFileList
WriteAuxiliaryFile /Users/admin/builder/spi-builder-workspace/.derivedData/Build/Intermediates.noindex/Avatar.build/Debug-xros/Avatar.build/Objects-normal/arm64/Avatar.SwiftConstValuesFileList (in target 'Avatar' from project 'Avatar')
cd /Users/admin/builder/spi-builder-workspace
write-file /Users/admin/builder/spi-builder-workspace/.derivedData/Build/Intermediates.noindex/Avatar.build/Debug-xros/Avatar.build/Objects-normal/arm64/Avatar.SwiftConstValuesFileList
WriteAuxiliaryFile /Users/admin/builder/spi-builder-workspace/.derivedData/Build/Intermediates.noindex/Avatar.build/Debug-xros/Avatar.build/Objects-normal/arm64/Avatar-OutputFileMap.json (in target 'Avatar' from project 'Avatar')
cd /Users/admin/builder/spi-builder-workspace
write-file /Users/admin/builder/spi-builder-workspace/.derivedData/Build/Intermediates.noindex/Avatar.build/Debug-xros/Avatar.build/Objects-normal/arm64/Avatar-OutputFileMap.json
WriteAuxiliaryFile /Users/admin/builder/spi-builder-workspace/.derivedData/Build/Intermediates.noindex/Avatar.build/Debug-xros/Avatar.build/Avatar.modulemap (in target 'Avatar' from project 'Avatar')
cd /Users/admin/builder/spi-builder-workspace
write-file /Users/admin/builder/spi-builder-workspace/.derivedData/Build/Intermediates.noindex/Avatar.build/Debug-xros/Avatar.build/Avatar.modulemap
WriteAuxiliaryFile /Users/admin/builder/spi-builder-workspace/.derivedData/Build/Intermediates.noindex/Avatar.build/Debug-xros/Avatar.build/Avatar.DependencyStaticMetadataFileList (in target 'Avatar' from project 'Avatar')
cd /Users/admin/builder/spi-builder-workspace
write-file /Users/admin/builder/spi-builder-workspace/.derivedData/Build/Intermediates.noindex/Avatar.build/Debug-xros/Avatar.build/Avatar.DependencyStaticMetadataFileList
WriteAuxiliaryFile /Users/admin/builder/spi-builder-workspace/.derivedData/Build/Intermediates.noindex/Avatar.build/Debug-xros/Avatar.build/Avatar.DependencyMetadataFileList (in target 'Avatar' from project 'Avatar')
cd /Users/admin/builder/spi-builder-workspace
write-file /Users/admin/builder/spi-builder-workspace/.derivedData/Build/Intermediates.noindex/Avatar.build/Debug-xros/Avatar.build/Avatar.DependencyMetadataFileList
MkDir /Users/admin/builder/spi-builder-workspace/.derivedData/Build/Products/Debug-xros/Avatar_Avatar.bundle (in target 'Avatar_Avatar' from project 'Avatar')
cd /Users/admin/builder/spi-builder-workspace
/bin/mkdir -p /Users/admin/builder/spi-builder-workspace/.derivedData/Build/Products/Debug-xros/Avatar_Avatar.bundle
Copy /Users/admin/builder/spi-builder-workspace/.derivedData/Build/Intermediates.noindex/GeneratedModuleMaps-xros/Avatar.modulemap /Users/admin/builder/spi-builder-workspace/.derivedData/Build/Intermediates.noindex/Avatar.build/Debug-xros/Avatar.build/Avatar.modulemap (in target 'Avatar' from project 'Avatar')
cd /Users/admin/builder/spi-builder-workspace
builtin-copy -exclude .DS_Store -exclude CVS -exclude .svn -exclude .git -exclude .hg -resolve-src-symlinks /Users/admin/builder/spi-builder-workspace/.derivedData/Build/Intermediates.noindex/Avatar.build/Debug-xros/Avatar.build/Avatar.modulemap /Users/admin/builder/spi-builder-workspace/.derivedData/Build/Intermediates.noindex/GeneratedModuleMaps-xros
MkDir /Users/admin/builder/spi-builder-workspace/.derivedData/Build/Intermediates.noindex/Avatar.build/Debug-xros/Avatar_Avatar.build/assetcatalog_output/unthinned (in target 'Avatar_Avatar' from project 'Avatar')
cd /Users/admin/builder/spi-builder-workspace
/bin/mkdir -p /Users/admin/builder/spi-builder-workspace/.derivedData/Build/Intermediates.noindex/Avatar.build/Debug-xros/Avatar_Avatar.build/assetcatalog_output/unthinned
MkDir /Users/admin/builder/spi-builder-workspace/.derivedData/Build/Intermediates.noindex/Avatar.build/Debug-xros/Avatar_Avatar.build/assetcatalog_output/thinned (in target 'Avatar_Avatar' from project 'Avatar')
cd /Users/admin/builder/spi-builder-workspace
/bin/mkdir -p /Users/admin/builder/spi-builder-workspace/.derivedData/Build/Intermediates.noindex/Avatar.build/Debug-xros/Avatar_Avatar.build/assetcatalog_output/thinned
CompileXIB /Users/admin/builder/spi-builder-workspace/Sources/Avatar/EditAvatarView.xib (in target 'Avatar_Avatar' from project 'Avatar')
cd /Users/admin/builder/spi-builder-workspace
/Applications/Xcode-16.3.0.app/Contents/Developer/usr/bin/ibtool --errors --warnings --notices --platform xros --module Avatar_Avatar --output-partial-info-plist /Users/admin/builder/spi-builder-workspace/.derivedData/Build/Intermediates.noindex/Avatar.build/Debug-xros/Avatar_Avatar.build/EditAvatarView-PartialInfo.plist --auto-activate-custom-fonts --target-device vision --minimum-deployment-target 1.0 --output-format human-readable-text --compile /Users/admin/builder/spi-builder-workspace/.derivedData/Build/Products/Debug-xros/Avatar_Avatar.bundle/EditAvatarView.nib /Users/admin/builder/spi-builder-workspace/Sources/Avatar/EditAvatarView.xib
/* com.apple.ibtool.document.warnings */
/Users/admin/builder/spi-builder-workspace/Sources/Avatar/EditAvatarView.xib:global: warning: Compiling Interface Builder products for visionOS will not be supported in a future version of Xcode. [9]
CompileStoryboard /Users/admin/builder/spi-builder-workspace/Sources/Avatar/Avatar.storyboard (in target 'Avatar_Avatar' from project 'Avatar')
cd /Users/admin/builder/spi-builder-workspace
/Applications/Xcode-16.3.0.app/Contents/Developer/usr/bin/ibtool --errors --warnings --notices --platform xros --module Avatar_Avatar --output-partial-info-plist /Users/admin/builder/spi-builder-workspace/.derivedData/Build/Intermediates.noindex/Avatar.build/Debug-xros/Avatar_Avatar.build/Avatar-SBPartialInfo.plist --auto-activate-custom-fonts --target-device vision --minimum-deployment-target 1.0 --output-format human-readable-text /Users/admin/builder/spi-builder-workspace/Sources/Avatar/Avatar.storyboard --compilation-directory /Users/admin/builder/spi-builder-workspace/.derivedData/Build/Intermediates.noindex/Avatar.build/Debug-xros/Avatar_Avatar.build
/* com.apple.ibtool.document.warnings */
/Users/admin/builder/spi-builder-workspace/Sources/Avatar/Avatar.storyboard:global: warning: Compiling Interface Builder products for visionOS will not be supported in a future version of Xcode. [9]
GenerateAssetSymbols /Users/admin/builder/spi-builder-workspace/Sources/Avatar/Avatar.xcassets (in target 'Avatar' from project 'Avatar')
cd /Users/admin/builder/spi-builder-workspace
/Applications/Xcode-16.3.0.app/Contents/Developer/usr/bin/actool /Users/admin/builder/spi-builder-workspace/Sources/Avatar/Avatar.xcassets --compile /Users/admin/builder/spi-builder-workspace/.derivedData/Build/Products/Debug-xros --output-format human-readable-text --notices --warnings --export-dependency-info /Users/admin/builder/spi-builder-workspace/.derivedData/Build/Intermediates.noindex/Avatar.build/Debug-xros/Avatar.build/assetcatalog_dependencies --output-partial-info-plist /Users/admin/builder/spi-builder-workspace/.derivedData/Build/Intermediates.noindex/Avatar.build/Debug-xros/Avatar.build/assetcatalog_generated_info.plist --compress-pngs --enable-on-demand-resources NO --development-region en --target-device vision --minimum-deployment-target 1.0 --platform xros --bundle-identifier spi-builder-workspace.Avatar --generate-swift-asset-symbol-extensions NO --generate-swift-asset-symbols /Users/admin/builder/spi-builder-workspace/.derivedData/Build/Intermediates.noindex/Avatar.build/Debug-xros/Avatar.build/DerivedSources/GeneratedAssetSymbols.swift --generate-objc-asset-symbols /Users/admin/builder/spi-builder-workspace/.derivedData/Build/Intermediates.noindex/Avatar.build/Debug-xros/Avatar.build/DerivedSources/GeneratedAssetSymbols.h --generate-asset-symbol-index /Users/admin/builder/spi-builder-workspace/.derivedData/Build/Intermediates.noindex/Avatar.build/Debug-xros/Avatar.build/DerivedSources/GeneratedAssetSymbols-Index.plist
/* com.apple.actool.compilation-results */
/Users/admin/builder/spi-builder-workspace/.derivedData/Build/Intermediates.noindex/Avatar.build/Debug-xros/Avatar.build/DerivedSources/GeneratedAssetSymbols-Index.plist
/Users/admin/builder/spi-builder-workspace/.derivedData/Build/Intermediates.noindex/Avatar.build/Debug-xros/Avatar.build/DerivedSources/GeneratedAssetSymbols.h
/Users/admin/builder/spi-builder-workspace/.derivedData/Build/Intermediates.noindex/Avatar.build/Debug-xros/Avatar.build/DerivedSources/GeneratedAssetSymbols.swift
CompileAssetCatalogVariant thinned /Users/admin/builder/spi-builder-workspace/.derivedData/Build/Products/Debug-xros/Avatar_Avatar.bundle /Users/admin/builder/spi-builder-workspace/Sources/Avatar/Avatar.xcassets (in target 'Avatar_Avatar' from project 'Avatar')
cd /Users/admin/builder/spi-builder-workspace
/Applications/Xcode-16.3.0.app/Contents/Developer/usr/bin/actool /Users/admin/builder/spi-builder-workspace/Sources/Avatar/Avatar.xcassets --compile /Users/admin/builder/spi-builder-workspace/.derivedData/Build/Intermediates.noindex/Avatar.build/Debug-xros/Avatar_Avatar.build/assetcatalog_output/thinned --output-format human-readable-text --notices --warnings --export-dependency-info /Users/admin/builder/spi-builder-workspace/.derivedData/Build/Intermediates.noindex/Avatar.build/Debug-xros/Avatar_Avatar.build/assetcatalog_dependencies_thinned --output-partial-info-plist /Users/admin/builder/spi-builder-workspace/.derivedData/Build/Intermediates.noindex/Avatar.build/Debug-xros/Avatar_Avatar.build/assetcatalog_generated_info.plist_thinned --compress-pngs --enable-on-demand-resources NO --development-region en --target-device vision --minimum-deployment-target 1.0 --platform xros
/* com.apple.actool.compilation-results */
/Users/admin/builder/spi-builder-workspace/.derivedData/Build/Intermediates.noindex/Avatar.build/Debug-xros/Avatar_Avatar.build/assetcatalog_generated_info.plist_thinned
/Users/admin/builder/spi-builder-workspace/.derivedData/Build/Intermediates.noindex/Avatar.build/Debug-xros/Avatar_Avatar.build/assetcatalog_output/thinned/Assets.car
SwiftDriver Avatar normal arm64 com.apple.xcode.tools.swift.compiler (in target 'Avatar' from project 'Avatar')
cd /Users/admin/builder/spi-builder-workspace/.swiftpm/xcode
builtin-SwiftDriver -- /Applications/Xcode-16.3.0.app/Contents/Developer/Toolchains/XcodeDefault.xctoolchain/usr/bin/swiftc -module-name Avatar -Onone -enforce-exclusivity\=checked @/Users/admin/builder/spi-builder-workspace/.derivedData/Build/Intermediates.noindex/Avatar.build/Debug-xros/Avatar.build/Objects-normal/arm64/Avatar.SwiftFileList -DSWIFT_PACKAGE -DDEBUG -stats-output-dir .stats -strict-concurrency\=complete -enable-upcoming-feature StrictConcurrency -enable-upcoming-feature DisableOutwardActorInference -enable-upcoming-feature GlobalActorIsolatedTypesUsability -enable-upcoming-feature InferSendableFromCaptures -plugin-path /Applications/Xcode-16.3.0.app/Contents/Developer/Toolchains/XcodeDefault.xctoolchain/usr/lib/swift/host/plugins/testing -enable-experimental-feature DebugDescriptionMacro -sdk /Applications/Xcode-16.3.0.app/Contents/Developer/Platforms/XROS.platform/Developer/SDKs/XROS2.4.sdk -target arm64-apple-xros1.0 -g -module-cache-path /Users/admin/builder/spi-builder-workspace/.derivedData/ModuleCache.noindex -Xfrontend -serialize-debugging-options -profile-coverage-mapping -profile-generate -enable-testing -index-store-path /Users/admin/builder/spi-builder-workspace/.derivedData/Index.noindex/DataStore -swift-version 5 -I /Users/admin/builder/spi-builder-workspace/.derivedData/Build/Products/Debug-xros -I /Applications/Xcode-16.3.0.app/Contents/Developer/Platforms/XROS.platform/Developer/usr/lib -F /Users/admin/builder/spi-builder-workspace/.derivedData/Build/Products/Debug-xros -F /Applications/Xcode-16.3.0.app/Contents/Developer/Platforms/XROS.platform/Developer/Library/Frameworks -F /Applications/Xcode-16.3.0.app/Contents/Developer/Platforms/XROS.platform/Developer/SDKs/XROS2.4.sdk/Developer/Library/Frameworks -c -j10 -enable-batch-mode -incremental -Xcc -ivfsstatcache -Xcc /Users/admin/builder/spi-builder-workspace/.derivedData/SDKStatCaches.noindex/xros2.4-22O233-407b76dbb837030756cbe1ab3f0b01b6.sdkstatcache -output-file-map /Users/admin/builder/spi-builder-workspace/.derivedData/Build/Intermediates.noindex/Avatar.build/Debug-xros/Avatar.build/Objects-normal/arm64/Avatar-OutputFileMap.json -use-frontend-parseable-output -save-temps -no-color-diagnostics -serialize-diagnostics -emit-dependencies -emit-module -emit-module-path /Users/admin/builder/spi-builder-workspace/.derivedData/Build/Intermediates.noindex/Avatar.build/Debug-xros/Avatar.build/Objects-normal/arm64/Avatar.swiftmodule -validate-clang-modules-once -clang-build-session-file /Users/admin/builder/spi-builder-workspace/.derivedData/ModuleCache.noindex/Session.modulevalidation -Xcc -I/Users/admin/builder/spi-builder-workspace/.derivedData/Build/Intermediates.noindex/Avatar.build/Debug-xros/Avatar.build/swift-overrides.hmap -emit-const-values -Xfrontend -const-gather-protocols-file -Xfrontend /Users/admin/builder/spi-builder-workspace/.derivedData/Build/Intermediates.noindex/Avatar.build/Debug-xros/Avatar.build/Objects-normal/arm64/Avatar_const_extract_protocols.json -Xcc -I/Users/admin/builder/spi-builder-workspace/.derivedData/Build/Products/Debug-xros/include -Xcc -I/Users/admin/builder/spi-builder-workspace/.derivedData/Build/Intermediates.noindex/Avatar.build/Debug-xros/Avatar.build/DerivedSources-normal/arm64 -Xcc -I/Users/admin/builder/spi-builder-workspace/.derivedData/Build/Intermediates.noindex/Avatar.build/Debug-xros/Avatar.build/DerivedSources/arm64 -Xcc -I/Users/admin/builder/spi-builder-workspace/.derivedData/Build/Intermediates.noindex/Avatar.build/Debug-xros/Avatar.build/DerivedSources -Xcc -DSWIFT_PACKAGE -Xcc -DDEBUG\=1 -emit-objc-header -emit-objc-header-path /Users/admin/builder/spi-builder-workspace/.derivedData/Build/Intermediates.noindex/Avatar.build/Debug-xros/Avatar.build/Objects-normal/arm64/Avatar-Swift.h -working-directory /Users/admin/builder/spi-builder-workspace/.swiftpm/xcode -experimental-emit-module-separately -disable-cmo
SwiftEmitModule normal arm64 Emitting\ module\ for\ Avatar (in target 'Avatar' from project 'Avatar')
EmitSwiftModule normal arm64 (in target 'Avatar' from project 'Avatar')
cd /Users/admin/builder/spi-builder-workspace/.swiftpm/xcode
/Users/admin/builder/spi-builder-workspace/Sources/Avatar/AvatarBodyShading.swift:28:24: warning: static property 'lights' is not concurrency-safe because non-'Sendable' type '[AvatarBodyShading.Light]' may have shared mutable state; this is an error in the Swift 6 language mode
private static let lights = [
^
/Users/admin/builder/spi-builder-workspace/Sources/Avatar/AvatarBodyShading.swift:8:20: note: consider making struct 'Light' conform to the 'Sendable' protocol
private struct Light {
^
: Sendable
/Users/admin/builder/spi-builder-workspace/Sources/Avatar/AvatarBodyShading.swift:28:24: note: add '@MainActor' to make static property 'lights' part of global actor 'MainActor'
private static let lights = [
^
@MainActor
/Users/admin/builder/spi-builder-workspace/Sources/Avatar/AvatarBodyShading.swift:28:24: note: disable concurrency-safety checks if accesses are protected by an external synchronization mechanism
private static let lights = [
^
nonisolated(unsafe)
/Users/admin/builder/spi-builder-workspace/Sources/Avatar/AvatarBodyShape.swift:242:24: warning: static property 'imageCache' is not concurrency-safe because non-'Sendable' type 'NSCache<NSNumber, AvatarBodyShape.Images>' may have shared mutable state; this is an error in the Swift 6 language mode
private static let imageCache = NSCache<NSNumber, Images>()
^
/Applications/Xcode-16.3.0.app/Contents/Developer/Platforms/XROS.platform/Developer/SDKs/XROS2.4.sdk/System/Library/Frameworks/Foundation.framework/Headers/NSCache.h:13:12: note: generic class 'NSCache' does not conform to the 'Sendable' protocol
@interface NSCache <KeyType, ObjectType> : NSObject
^
/Users/admin/builder/spi-builder-workspace/Sources/Avatar/AvatarBodyShape.swift:242:24: note: add '@MainActor' to make static property 'imageCache' part of global actor 'MainActor'
private static let imageCache = NSCache<NSNumber, Images>()
^
@MainActor
/Users/admin/builder/spi-builder-workspace/Sources/Avatar/AvatarBodyShape.swift:242:24: note: disable concurrency-safety checks if accesses are protected by an external synchronization mechanism
private static let imageCache = NSCache<NSNumber, Images>()
^
nonisolated(unsafe)
/Users/admin/builder/spi-builder-workspace/Sources/Avatar/AvatarBodyShape.swift:243:24: warning: static property 'shadedImageCache' is not concurrency-safe because non-'Sendable' type 'NSCache<NSString, UIImage>' may have shared mutable state; this is an error in the Swift 6 language mode
private static let shadedImageCache = NSCache<NSString, UIImage>()
^
/Applications/Xcode-16.3.0.app/Contents/Developer/Platforms/XROS.platform/Developer/SDKs/XROS2.4.sdk/System/Library/Frameworks/Foundation.framework/Headers/NSCache.h:13:12: note: generic class 'NSCache' does not conform to the 'Sendable' protocol
@interface NSCache <KeyType, ObjectType> : NSObject
^
/Users/admin/builder/spi-builder-workspace/Sources/Avatar/AvatarBodyShape.swift:243:24: note: add '@MainActor' to make static property 'shadedImageCache' part of global actor 'MainActor'
private static let shadedImageCache = NSCache<NSString, UIImage>()
^
@MainActor
/Users/admin/builder/spi-builder-workspace/Sources/Avatar/AvatarBodyShape.swift:243:24: note: disable concurrency-safety checks if accesses are protected by an external synchronization mechanism
private static let shadedImageCache = NSCache<NSString, UIImage>()
^
nonisolated(unsafe)
/Users/admin/builder/spi-builder-workspace/Sources/Avatar/AvatarBodyShape.swift:244:24: warning: static property 'fittedStubbleCache' is not concurrency-safe because non-'Sendable' type 'NSCache<NSNumber, UIImage>' may have shared mutable state; this is an error in the Swift 6 language mode
private static let fittedStubbleCache = NSCache<NSNumber, UIImage>()
^
/Applications/Xcode-16.3.0.app/Contents/Developer/Platforms/XROS.platform/Developer/SDKs/XROS2.4.sdk/System/Library/Frameworks/Foundation.framework/Headers/NSCache.h:13:12: note: generic class 'NSCache' does not conform to the 'Sendable' protocol
@interface NSCache <KeyType, ObjectType> : NSObject
^
/Users/admin/builder/spi-builder-workspace/Sources/Avatar/AvatarBodyShape.swift:244:24: note: add '@MainActor' to make static property 'fittedStubbleCache' part of global actor 'MainActor'
private static let fittedStubbleCache = NSCache<NSNumber, UIImage>()
^
@MainActor
/Users/admin/builder/spi-builder-workspace/Sources/Avatar/AvatarBodyShape.swift:244:24: note: disable concurrency-safety checks if accesses are protected by an external synchronization mechanism
private static let fittedStubbleCache = NSCache<NSNumber, UIImage>()
^
nonisolated(unsafe)
/Users/admin/builder/spi-builder-workspace/Sources/Avatar/AvatarBodyShape.swift:245:24: warning: static property 'fittedHairCache' is not concurrency-safe because non-'Sendable' type 'NSCache<NSString, UIImage>' may have shared mutable state; this is an error in the Swift 6 language mode
private static let fittedHairCache: NSCache<NSString, UIImage> = {
^
/Applications/Xcode-16.3.0.app/Contents/Developer/Platforms/XROS.platform/Developer/SDKs/XROS2.4.sdk/System/Library/Frameworks/Foundation.framework/Headers/NSCache.h:13:12: note: generic class 'NSCache' does not conform to the 'Sendable' protocol
@interface NSCache <KeyType, ObjectType> : NSObject
^
/Users/admin/builder/spi-builder-workspace/Sources/Avatar/AvatarBodyShape.swift:245:24: note: add '@MainActor' to make static property 'fittedHairCache' part of global actor 'MainActor'
private static let fittedHairCache: NSCache<NSString, UIImage> = {
^
@MainActor
/Users/admin/builder/spi-builder-workspace/Sources/Avatar/AvatarBodyShape.swift:245:24: note: disable concurrency-safety checks if accesses are protected by an external synchronization mechanism
private static let fittedHairCache: NSCache<NSString, UIImage> = {
^
nonisolated(unsafe)
/Users/admin/builder/spi-builder-workspace/Sources/Avatar/AvatarGlassesStyle.swift:7:24: warning: static property 'cache' is not concurrency-safe because non-'Sendable' type 'NSCache<NSString, UIImage>' may have shared mutable state; this is an error in the Swift 6 language mode
private static let cache: NSCache<NSString, UIImage> = {
^
/Applications/Xcode-16.3.0.app/Contents/Developer/Platforms/XROS.platform/Developer/SDKs/XROS2.4.sdk/System/Library/Frameworks/Foundation.framework/Headers/NSCache.h:13:12: note: generic class 'NSCache' does not conform to the 'Sendable' protocol
@interface NSCache <KeyType, ObjectType> : NSObject
^
/Users/admin/builder/spi-builder-workspace/Sources/Avatar/AvatarGlassesStyle.swift:7:24: note: add '@MainActor' to make static property 'cache' part of global actor 'MainActor'
private static let cache: NSCache<NSString, UIImage> = {
^
@MainActor
/Users/admin/builder/spi-builder-workspace/Sources/Avatar/AvatarGlassesStyle.swift:7:24: note: disable concurrency-safety checks if accesses are protected by an external synchronization mechanism
private static let cache: NSCache<NSString, UIImage> = {
^
nonisolated(unsafe)
/Users/admin/builder/spi-builder-workspace/Sources/Avatar/AvatarNoseStyle.swift:8:24: warning: static property 'cache' is not concurrency-safe because non-'Sendable' type 'NSCache<NSNumber, UIImage>' may have shared mutable state; this is an error in the Swift 6 language mode
private static let cache = NSCache<NSNumber, UIImage>()
^
/Applications/Xcode-16.3.0.app/Contents/Developer/Platforms/XROS.platform/Developer/SDKs/XROS2.4.sdk/System/Library/Frameworks/Foundation.framework/Headers/NSCache.h:13:12: note: generic class 'NSCache' does not conform to the 'Sendable' protocol
@interface NSCache <KeyType, ObjectType> : NSObject
^
/Users/admin/builder/spi-builder-workspace/Sources/Avatar/AvatarNoseStyle.swift:8:24: note: add '@MainActor' to make static property 'cache' part of global actor 'MainActor'
private static let cache = NSCache<NSNumber, UIImage>()
^
@MainActor
/Users/admin/builder/spi-builder-workspace/Sources/Avatar/AvatarNoseStyle.swift:8:24: note: disable concurrency-safety checks if accesses are protected by an external synchronization mechanism
private static let cache = NSCache<NSNumber, UIImage>()
^
nonisolated(unsafe)
SwiftCompile normal arm64 Compiling\ AvatarBodyShape.swift,\ AvatarCache.swift /Users/admin/builder/spi-builder-workspace/Sources/Avatar/AvatarBodyShape.swift /Users/admin/builder/spi-builder-workspace/Sources/Avatar/AvatarCache.swift (in target 'Avatar' from project 'Avatar')
SwiftCompile normal arm64 /Users/admin/builder/spi-builder-workspace/Sources/Avatar/AvatarBodyShape.swift (in target 'Avatar' from project 'Avatar')
cd /Users/admin/builder/spi-builder-workspace/.swiftpm/xcode
/Users/admin/builder/spi-builder-workspace/Sources/Avatar/AvatarBodyShape.swift:242:24: warning: static property 'imageCache' is not concurrency-safe because non-'Sendable' type 'NSCache<NSNumber, AvatarBodyShape.Images>' may have shared mutable state; this is an error in the Swift 6 language mode
private static let imageCache = NSCache<NSNumber, Images>()
^
/Applications/Xcode-16.3.0.app/Contents/Developer/Platforms/XROS.platform/Developer/SDKs/XROS2.4.sdk/System/Library/Frameworks/Foundation.framework/Headers/NSCache.h:13:12: note: generic class 'NSCache' does not conform to the 'Sendable' protocol
@interface NSCache <KeyType, ObjectType> : NSObject
^
/Users/admin/builder/spi-builder-workspace/Sources/Avatar/AvatarBodyShape.swift:242:24: note: add '@MainActor' to make static property 'imageCache' part of global actor 'MainActor'
private static let imageCache = NSCache<NSNumber, Images>()
^
@MainActor
/Users/admin/builder/spi-builder-workspace/Sources/Avatar/AvatarBodyShape.swift:242:24: note: disable concurrency-safety checks if accesses are protected by an external synchronization mechanism
private static let imageCache = NSCache<NSNumber, Images>()
^
nonisolated(unsafe)
/Users/admin/builder/spi-builder-workspace/Sources/Avatar/AvatarBodyShape.swift:243:24: warning: static property 'shadedImageCache' is not concurrency-safe because non-'Sendable' type 'NSCache<NSString, UIImage>' may have shared mutable state; this is an error in the Swift 6 language mode
private static let shadedImageCache = NSCache<NSString, UIImage>()
^
/Applications/Xcode-16.3.0.app/Contents/Developer/Platforms/XROS.platform/Developer/SDKs/XROS2.4.sdk/System/Library/Frameworks/Foundation.framework/Headers/NSCache.h:13:12: note: generic class 'NSCache' does not conform to the 'Sendable' protocol
@interface NSCache <KeyType, ObjectType> : NSObject
^
/Users/admin/builder/spi-builder-workspace/Sources/Avatar/AvatarBodyShape.swift:243:24: note: add '@MainActor' to make static property 'shadedImageCache' part of global actor 'MainActor'
private static let shadedImageCache = NSCache<NSString, UIImage>()
^
@MainActor
/Users/admin/builder/spi-builder-workspace/Sources/Avatar/AvatarBodyShape.swift:243:24: note: disable concurrency-safety checks if accesses are protected by an external synchronization mechanism
private static let shadedImageCache = NSCache<NSString, UIImage>()
^
nonisolated(unsafe)
/Users/admin/builder/spi-builder-workspace/Sources/Avatar/AvatarBodyShape.swift:244:24: warning: static property 'fittedStubbleCache' is not concurrency-safe because non-'Sendable' type 'NSCache<NSNumber, UIImage>' may have shared mutable state; this is an error in the Swift 6 language mode
private static let fittedStubbleCache = NSCache<NSNumber, UIImage>()
^
/Applications/Xcode-16.3.0.app/Contents/Developer/Platforms/XROS.platform/Developer/SDKs/XROS2.4.sdk/System/Library/Frameworks/Foundation.framework/Headers/NSCache.h:13:12: note: generic class 'NSCache' does not conform to the 'Sendable' protocol
@interface NSCache <KeyType, ObjectType> : NSObject
^
/Users/admin/builder/spi-builder-workspace/Sources/Avatar/AvatarBodyShape.swift:244:24: note: add '@MainActor' to make static property 'fittedStubbleCache' part of global actor 'MainActor'
private static let fittedStubbleCache = NSCache<NSNumber, UIImage>()
^
@MainActor
/Users/admin/builder/spi-builder-workspace/Sources/Avatar/AvatarBodyShape.swift:244:24: note: disable concurrency-safety checks if accesses are protected by an external synchronization mechanism
private static let fittedStubbleCache = NSCache<NSNumber, UIImage>()
^
nonisolated(unsafe)
/Users/admin/builder/spi-builder-workspace/Sources/Avatar/AvatarBodyShape.swift:245:24: warning: static property 'fittedHairCache' is not concurrency-safe because non-'Sendable' type 'NSCache<NSString, UIImage>' may have shared mutable state; this is an error in the Swift 6 language mode
private static let fittedHairCache: NSCache<NSString, UIImage> = {
^
/Applications/Xcode-16.3.0.app/Contents/Developer/Platforms/XROS.platform/Developer/SDKs/XROS2.4.sdk/System/Library/Frameworks/Foundation.framework/Headers/NSCache.h:13:12: note: generic class 'NSCache' does not conform to the 'Sendable' protocol
@interface NSCache <KeyType, ObjectType> : NSObject
^
/Users/admin/builder/spi-builder-workspace/Sources/Avatar/AvatarBodyShape.swift:245:24: note: add '@MainActor' to make static property 'fittedHairCache' part of global actor 'MainActor'
private static let fittedHairCache: NSCache<NSString, UIImage> = {
^
@MainActor
/Users/admin/builder/spi-builder-workspace/Sources/Avatar/AvatarBodyShape.swift:245:24: note: disable concurrency-safety checks if accesses are protected by an external synchronization mechanism
private static let fittedHairCache: NSCache<NSString, UIImage> = {
^
nonisolated(unsafe)
SwiftCompile normal arm64 /Users/admin/builder/spi-builder-workspace/Sources/Avatar/AvatarCache.swift (in target 'Avatar' from project 'Avatar')
cd /Users/admin/builder/spi-builder-workspace/.swiftpm/xcode
/Users/admin/builder/spi-builder-workspace/Sources/Avatar/AvatarCache.swift:43:64: error: 'UIScreen' is unavailable in visionOS
enableBots: UIAvatarView.enableBots, scale: UIScreen.main.scale,
^~~~~~~~
/Applications/Xcode-16.3.0.app/Contents/Developer/Platforms/XROS.platform/Developer/SDKs/XROS2.4.sdk/System/Library/Frameworks/UIKit.framework/Headers/UIScreen.h:54:12: note: 'UIScreen' has been explicitly marked unavailable here
@interface UIScreen : NSObject <UITraitEnvironment>
^
/Users/admin/builder/spi-builder-workspace/Sources/Avatar/AvatarCache.swift:110:20: warning: main actor-isolated property 'displayScale' can not be mutated from a nonisolated context; this is an error in the Swift 6 language mode
$0.displayScale = key.scale
^
/Applications/Xcode-16.3.0.app/Contents/Developer/Platforms/XROS.platform/Developer/SDKs/XROS2.4.sdk/System/Library/Frameworks/UIKit.framework/Headers/UITraitCollection.h:122:31: note: mutation of this property is only permitted within the actor
@property (nonatomic) CGFloat displayScale;
^
/Users/admin/builder/spi-builder-workspace/Sources/Avatar/AvatarCache.swift:111:20: warning: main actor-isolated property 'userInterfaceStyle' can not be mutated from a nonisolated context; this is an error in the Swift 6 language mode
$0.userInterfaceStyle = style
^
/Applications/Xcode-16.3.0.app/Contents/Developer/Platforms/XROS.platform/Developer/SDKs/XROS2.4.sdk/System/Library/Frameworks/UIKit.framework/Headers/UITraitCollection.h:120:44: note: mutation of this property is only permitted within the actor
@property (nonatomic) UIUserInterfaceStyle userInterfaceStyle;
^
Failed frontend command:
/Applications/Xcode-16.3.0.app/Contents/Developer/Toolchains/XcodeDefault.xctoolchain/usr/bin/swift-frontend -frontend -c /Users/admin/builder/spi-builder-workspace/.derivedData/Build/Intermediates.noindex/Avatar.build/Debug-xros/Avatar.build/DerivedSources/resource_bundle_accessor.swift /Users/admin/builder/spi-builder-workspace/Sources/Avatar/Avatar.swift /Users/admin/builder/spi-builder-workspace/Sources/Avatar/AvatarBodyShading.swift -primary-file /Users/admin/builder/spi-builder-workspace/Sources/Avatar/AvatarBodyShape.swift -primary-file /Users/admin/builder/spi-builder-workspace/Sources/Avatar/AvatarCache.swift /Users/admin/builder/spi-builder-workspace/Sources/Avatar/AvatarEditorOptionCell.swift /Users/admin/builder/spi-builder-workspace/Sources/Avatar/AvatarEditorViewController.swift /Users/admin/builder/spi-builder-workspace/Sources/Avatar/AvatarGlassesStyle.swift /Users/admin/builder/spi-builder-workspace/Sources/Avatar/AvatarHairStyle.swift /Users/admin/builder/spi-builder-workspace/Sources/Avatar/AvatarHexID.swift /Users/admin/builder/spi-builder-workspace/Sources/Avatar/AvatarNoseStyle.swift /Users/admin/builder/spi-builder-workspace/Sources/Avatar/AvatarRenderer.swift /Users/admin/builder/spi-builder-workspace/Sources/Avatar/AvatarRenderingHelpers.swift /Users/admin/builder/spi-builder-workspace/Sources/Avatar/AvatarSymbolCell.swift /Users/admin/builder/spi-builder-workspace/Sources/Avatar/AvatarView.swift /Users/admin/builder/spi-builder-workspace/Sources/Avatar/EditAvatarView.swift /Users/admin/builder/spi-builder-workspace/Sources/Avatar/EditAvatarViewController.swift /Users/admin/builder/spi-builder-workspace/Sources/Avatar/UIAvatarView.swift /Users/admin/builder/spi-builder-workspace/Sources/Avatar/UIColorExt.swift /Users/admin/builder/spi-builder-workspace/Sources/Avatar/UIViewExt.swift /Users/admin/builder/spi-builder-workspace/.derivedData/Build/Intermediates.noindex/Avatar.build/Debug-xros/Avatar.build/DerivedSources/GeneratedAssetSymbols.swift -emit-dependencies-path /Users/admin/builder/spi-builder-workspace/.derivedData/Build/Intermediates.noindex/Avatar.build/Debug-xros/Avatar.build/Objects-normal/arm64/AvatarBodyShape.d -emit-const-values-path /Users/admin/builder/spi-builder-workspace/.derivedData/Build/Intermediates.noindex/Avatar.build/Debug-xros/Avatar.build/Objects-normal/arm64/AvatarBodyShape.swiftconstvalues -emit-reference-dependencies-path /Users/admin/builder/spi-builder-workspace/.derivedData/Build/Intermediates.noindex/Avatar.build/Debug-xros/Avatar.build/Objects-normal/arm64/AvatarBodyShape.swiftdeps -serialize-diagnostics-path /Users/admin/builder/spi-builder-workspace/.derivedData/Build/Intermediates.noindex/Avatar.build/Debug-xros/Avatar.build/Objects-normal/arm64/AvatarBodyShape.dia -emit-dependencies-path /Users/admin/builder/spi-builder-workspace/.derivedData/Build/Intermediates.noindex/Avatar.build/Debug-xros/Avatar.build/Objects-normal/arm64/AvatarCache.d -emit-const-values-path /Users/admin/builder/spi-builder-workspace/.derivedData/Build/Intermediates.noindex/Avatar.build/Debug-xros/Avatar.build/Objects-normal/arm64/AvatarCache.swiftconstvalues -emit-reference-dependencies-path /Users/admin/builder/spi-builder-workspace/.derivedData/Build/Intermediates.noindex/Avatar.build/Debug-xros/Avatar.build/Objects-normal/arm64/AvatarCache.swiftdeps -serialize-diagnostics-path /Users/admin/builder/spi-builder-workspace/.derivedData/Build/Intermediates.noindex/Avatar.build/Debug-xros/Avatar.build/Objects-normal/arm64/AvatarCache.dia -target arm64-apple-xros1.0 -Xllvm -aarch64-use-tbi -enable-objc-interop -stack-check -sdk /Applications/Xcode-16.3.0.app/Contents/Developer/Platforms/XROS.platform/Developer/SDKs/XROS2.4.sdk -I /Users/admin/builder/spi-builder-workspace/.derivedData/Build/Products/Debug-xros -I /Applications/Xcode-16.3.0.app/Contents/Developer/Platforms/XROS.platform/Developer/usr/lib -F /Users/admin/builder/spi-builder-workspace/.derivedData/Build/Products/Debug-xros -F /Applications/Xcode-16.3.0.app/Contents/Developer/Platforms/XROS.platform/Developer/Library/Frameworks -F /Applications/Xcode-16.3.0.app/Contents/Developer/Platforms/XROS.platform/Developer/SDKs/XROS2.4.sdk/Developer/Library/Frameworks -no-color-diagnostics -enable-testing -g -debug-info-format\=dwarf -dwarf-version\=4 -module-cache-path /Users/admin/builder/spi-builder-workspace/.derivedData/ModuleCache.noindex -profile-generate -profile-coverage-mapping -swift-version 5 -enforce-exclusivity\=checked -stats-output-dir /Users/admin/builder/spi-builder-workspace/.swiftpm/xcode/.stats -Onone -D SWIFT_PACKAGE -D DEBUG -serialize-debugging-options -const-gather-protocols-file /Users/admin/builder/spi-builder-workspace/.derivedData/Build/Intermediates.noindex/Avatar.build/Debug-xros/Avatar.build/Objects-normal/arm64/Avatar_const_extract_protocols.json -enable-upcoming-feature StrictConcurrency -enable-upcoming-feature DisableOutwardActorInference -enable-upcoming-feature GlobalActorIsolatedTypesUsability -enable-upcoming-feature InferSendableFromCaptures -enable-experimental-feature DebugDescriptionMacro -strict-concurrency\=complete -empty-abi-descriptor -plugin-path /Applications/Xcode-16.3.0.app/Contents/Developer/Toolchains/XcodeDefault.xctoolchain/usr/lib/swift/host/plugins/testing -validate-clang-modules-once -clang-build-session-file /Users/admin/builder/spi-builder-workspace/.derivedData/ModuleCache.noindex/Session.modulevalidation -Xcc -working-directory -Xcc /Users/admin/builder/spi-builder-workspace/.swiftpm/xcode -resource-dir /Applications/Xcode-16.3.0.app/Contents/Developer/Toolchains/XcodeDefault.xctoolchain/usr/lib/swift -enable-anonymous-context-mangled-names -file-compilation-dir /Users/admin/builder/spi-builder-workspace/.swiftpm/xcode -Xcc -ivfsstatcache -Xcc /Users/admin/builder/spi-builder-workspace/.derivedData/SDKStatCaches.noindex/xros2.4-22O233-407b76dbb837030756cbe1ab3f0b01b6.sdkstatcache -Xcc -I/Users/admin/builder/spi-builder-workspace/.derivedData/Build/Intermediates.noindex/Avatar.build/Debug-xros/Avatar.build/swift-overrides.hmap -Xcc -I/Users/admin/builder/spi-builder-workspace/.derivedData/Build/Products/Debug-xros/include -Xcc -I/Users/admin/builder/spi-builder-workspace/.derivedData/Build/Intermediates.noindex/Avatar.build/Debug-xros/Avatar.build/DerivedSources-normal/arm64 -Xcc -I/Users/admin/builder/spi-builder-workspace/.derivedData/Build/Intermediates.noindex/Avatar.build/Debug-xros/Avatar.build/DerivedSources/arm64 -Xcc -I/Users/admin/builder/spi-builder-workspace/.derivedData/Build/Intermediates.noindex/Avatar.build/Debug-xros/Avatar.build/DerivedSources -Xcc -DSWIFT_PACKAGE -Xcc -DDEBUG\=1 -module-name Avatar -frontend-parseable-output -disable-clang-spi -target-sdk-version 2.4 -target-sdk-name xros2.4 -external-plugin-path /Applications/Xcode-16.3.0.app/Contents/Developer/Platforms/XROS.platform/Developer/usr/lib/swift/host/plugins\#/Applications/Xcode-16.3.0.app/Contents/Developer/Platforms/XROS.platform/Developer/usr/bin/swift-plugin-server -external-plugin-path /Applications/Xcode-16.3.0.app/Contents/Developer/Platforms/XROS.platform/Developer/usr/local/lib/swift/host/plugins\#/Applications/Xcode-16.3.0.app/Contents/Developer/Platforms/XROS.platform/Developer/usr/bin/swift-plugin-server -in-process-plugin-server-path /Applications/Xcode-16.3.0.app/Contents/Developer/Toolchains/XcodeDefault.xctoolchain/usr/lib/swift/host/libSwiftInProcPluginServer.dylib -plugin-path /Applications/Xcode-16.3.0.app/Contents/Developer/Toolchains/XcodeDefault.xctoolchain/usr/lib/swift/host/plugins -plugin-path /Applications/Xcode-16.3.0.app/Contents/Developer/Toolchains/XcodeDefault.xctoolchain/usr/local/lib/swift/host/plugins -o /Users/admin/builder/spi-builder-workspace/.derivedData/Build/Intermediates.noindex/Avatar.build/Debug-xros/Avatar.build/Objects-normal/arm64/AvatarBodyShape.o -o /Users/admin/builder/spi-builder-workspace/.derivedData/Build/Intermediates.noindex/Avatar.build/Debug-xros/Avatar.build/Objects-normal/arm64/AvatarCache.o -index-unit-output-path /Avatar.build/Debug-xros/Avatar.build/Objects-normal/arm64/AvatarBodyShape.o -index-unit-output-path /Avatar.build/Debug-xros/Avatar.build/Objects-normal/arm64/AvatarCache.o -index-store-path /Users/admin/builder/spi-builder-workspace/.derivedData/Index.noindex/DataStore -index-system-modules
SwiftCompile normal arm64 Compiling\ EditAvatarView.swift,\ EditAvatarViewController.swift /Users/admin/builder/spi-builder-workspace/Sources/Avatar/EditAvatarView.swift /Users/admin/builder/spi-builder-workspace/Sources/Avatar/EditAvatarViewController.swift (in target 'Avatar' from project 'Avatar')
SwiftCompile normal arm64 /Users/admin/builder/spi-builder-workspace/Sources/Avatar/EditAvatarView.swift (in target 'Avatar' from project 'Avatar')
cd /Users/admin/builder/spi-builder-workspace/.swiftpm/xcode
SwiftCompile normal arm64 /Users/admin/builder/spi-builder-workspace/Sources/Avatar/EditAvatarViewController.swift (in target 'Avatar' from project 'Avatar')
cd /Users/admin/builder/spi-builder-workspace/.swiftpm/xcode
SwiftCompile normal arm64 Compiling\ AvatarEditorOptionCell.swift,\ AvatarEditorViewController.swift /Users/admin/builder/spi-builder-workspace/Sources/Avatar/AvatarEditorOptionCell.swift /Users/admin/builder/spi-builder-workspace/Sources/Avatar/AvatarEditorViewController.swift (in target 'Avatar' from project 'Avatar')
SwiftCompile normal arm64 /Users/admin/builder/spi-builder-workspace/Sources/Avatar/AvatarEditorOptionCell.swift (in target 'Avatar' from project 'Avatar')
cd /Users/admin/builder/spi-builder-workspace/.swiftpm/xcode
SwiftCompile normal arm64 /Users/admin/builder/spi-builder-workspace/Sources/Avatar/AvatarEditorViewController.swift (in target 'Avatar' from project 'Avatar')
cd /Users/admin/builder/spi-builder-workspace/.swiftpm/xcode
SwiftCompile normal arm64 Compiling\ AvatarGlassesStyle.swift,\ AvatarHairStyle.swift /Users/admin/builder/spi-builder-workspace/Sources/Avatar/AvatarGlassesStyle.swift /Users/admin/builder/spi-builder-workspace/Sources/Avatar/AvatarHairStyle.swift (in target 'Avatar' from project 'Avatar')
SwiftCompile normal arm64 /Users/admin/builder/spi-builder-workspace/Sources/Avatar/AvatarGlassesStyle.swift (in target 'Avatar' from project 'Avatar')
cd /Users/admin/builder/spi-builder-workspace/.swiftpm/xcode
/Users/admin/builder/spi-builder-workspace/Sources/Avatar/AvatarGlassesStyle.swift:7:24: warning: static property 'cache' is not concurrency-safe because non-'Sendable' type 'NSCache<NSString, UIImage>' may have shared mutable state; this is an error in the Swift 6 language mode
private static let cache: NSCache<NSString, UIImage> = {
^
/Applications/Xcode-16.3.0.app/Contents/Developer/Platforms/XROS.platform/Developer/SDKs/XROS2.4.sdk/System/Library/Frameworks/Foundation.framework/Headers/NSCache.h:13:12: note: generic class 'NSCache' does not conform to the 'Sendable' protocol
@interface NSCache <KeyType, ObjectType> : NSObject
^
/Users/admin/builder/spi-builder-workspace/Sources/Avatar/AvatarGlassesStyle.swift:7:24: note: add '@MainActor' to make static property 'cache' part of global actor 'MainActor'
private static let cache: NSCache<NSString, UIImage> = {
^
@MainActor
/Users/admin/builder/spi-builder-workspace/Sources/Avatar/AvatarGlassesStyle.swift:7:24: note: disable concurrency-safety checks if accesses are protected by an external synchronization mechanism
private static let cache: NSCache<NSString, UIImage> = {
^
nonisolated(unsafe)
SwiftCompile normal arm64 /Users/admin/builder/spi-builder-workspace/Sources/Avatar/AvatarHairStyle.swift (in target 'Avatar' from project 'Avatar')
cd /Users/admin/builder/spi-builder-workspace/.swiftpm/xcode
SwiftCompile normal arm64 Compiling\ AvatarHexID.swift,\ AvatarNoseStyle.swift /Users/admin/builder/spi-builder-workspace/Sources/Avatar/AvatarHexID.swift /Users/admin/builder/spi-builder-workspace/Sources/Avatar/AvatarNoseStyle.swift (in target 'Avatar' from project 'Avatar')
SwiftCompile normal arm64 /Users/admin/builder/spi-builder-workspace/Sources/Avatar/AvatarHexID.swift (in target 'Avatar' from project 'Avatar')
cd /Users/admin/builder/spi-builder-workspace/.swiftpm/xcode
SwiftCompile normal arm64 /Users/admin/builder/spi-builder-workspace/Sources/Avatar/AvatarNoseStyle.swift (in target 'Avatar' from project 'Avatar')
cd /Users/admin/builder/spi-builder-workspace/.swiftpm/xcode
/Users/admin/builder/spi-builder-workspace/Sources/Avatar/AvatarNoseStyle.swift:8:24: warning: static property 'cache' is not concurrency-safe because non-'Sendable' type 'NSCache<NSNumber, UIImage>' may have shared mutable state; this is an error in the Swift 6 language mode
private static let cache = NSCache<NSNumber, UIImage>()
^
/Applications/Xcode-16.3.0.app/Contents/Developer/Platforms/XROS.platform/Developer/SDKs/XROS2.4.sdk/System/Library/Frameworks/Foundation.framework/Headers/NSCache.h:13:12: note: generic class 'NSCache' does not conform to the 'Sendable' protocol
@interface NSCache <KeyType, ObjectType> : NSObject
^
/Users/admin/builder/spi-builder-workspace/Sources/Avatar/AvatarNoseStyle.swift:8:24: note: add '@MainActor' to make static property 'cache' part of global actor 'MainActor'
private static let cache = NSCache<NSNumber, UIImage>()
^
@MainActor
/Users/admin/builder/spi-builder-workspace/Sources/Avatar/AvatarNoseStyle.swift:8:24: note: disable concurrency-safety checks if accesses are protected by an external synchronization mechanism
private static let cache = NSCache<NSNumber, UIImage>()
^
nonisolated(unsafe)
SwiftCompile normal arm64 Compiling\ AvatarRenderer.swift,\ AvatarRenderingHelpers.swift /Users/admin/builder/spi-builder-workspace/Sources/Avatar/AvatarRenderer.swift /Users/admin/builder/spi-builder-workspace/Sources/Avatar/AvatarRenderingHelpers.swift (in target 'Avatar' from project 'Avatar')
SwiftCompile normal arm64 /Users/admin/builder/spi-builder-workspace/Sources/Avatar/AvatarRenderer.swift (in target 'Avatar' from project 'Avatar')
cd /Users/admin/builder/spi-builder-workspace/.swiftpm/xcode
SwiftCompile normal arm64 /Users/admin/builder/spi-builder-workspace/Sources/Avatar/AvatarRenderingHelpers.swift (in target 'Avatar' from project 'Avatar')
cd /Users/admin/builder/spi-builder-workspace/.swiftpm/xcode
SwiftCompile normal arm64 Compiling\ resource_bundle_accessor.swift,\ Avatar.swift,\ AvatarBodyShading.swift /Users/admin/builder/spi-builder-workspace/.derivedData/Build/Intermediates.noindex/Avatar.build/Debug-xros/Avatar.build/DerivedSources/resource_bundle_accessor.swift /Users/admin/builder/spi-builder-workspace/Sources/Avatar/Avatar.swift /Users/admin/builder/spi-builder-workspace/Sources/Avatar/AvatarBodyShading.swift (in target 'Avatar' from project 'Avatar')
SwiftCompile normal arm64 /Users/admin/builder/spi-builder-workspace/.derivedData/Build/Intermediates.noindex/Avatar.build/Debug-xros/Avatar.build/DerivedSources/resource_bundle_accessor.swift (in target 'Avatar' from project 'Avatar')
cd /Users/admin/builder/spi-builder-workspace/.swiftpm/xcode
SwiftCompile normal arm64 /Users/admin/builder/spi-builder-workspace/Sources/Avatar/Avatar.swift (in target 'Avatar' from project 'Avatar')
cd /Users/admin/builder/spi-builder-workspace/.swiftpm/xcode
/Users/admin/builder/spi-builder-workspace/Sources/Avatar/Avatar.swift:1244:42: warning: main actor-isolated static property 'enableBots' can not be referenced from a nonisolated context; this is an error in the Swift 6 language mode
imageName = UIAvatarView.enableBots ? "Bot" : "Body"
^
/Users/admin/builder/spi-builder-workspace/Sources/Avatar/UIAvatarView.swift:16:23: note: static property declared here
public static var enableBots = false
^
/Users/admin/builder/spi-builder-workspace/Sources/Avatar/Avatar.swift:1238:14: note: add '@MainActor' to make instance method 'image()' part of global actor 'MainActor'
func image() -> UIImage? {
^
@MainActor
SwiftCompile normal arm64 /Users/admin/builder/spi-builder-workspace/Sources/Avatar/AvatarBodyShading.swift (in target 'Avatar' from project 'Avatar')
cd /Users/admin/builder/spi-builder-workspace/.swiftpm/xcode
/Users/admin/builder/spi-builder-workspace/Sources/Avatar/AvatarBodyShading.swift:28:24: warning: static property 'lights' is not concurrency-safe because non-'Sendable' type '[AvatarBodyShading.Light]' may have shared mutable state; this is an error in the Swift 6 language mode
private static let lights = [
^
/Users/admin/builder/spi-builder-workspace/Sources/Avatar/AvatarBodyShading.swift:8:20: note: consider making struct 'Light' conform to the 'Sendable' protocol
private struct Light {
^
: Sendable
/Users/admin/builder/spi-builder-workspace/Sources/Avatar/AvatarBodyShading.swift:28:24: note: add '@MainActor' to make static property 'lights' part of global actor 'MainActor'
private static let lights = [
^
@MainActor
/Users/admin/builder/spi-builder-workspace/Sources/Avatar/AvatarBodyShading.swift:28:24: note: disable concurrency-safety checks if accesses are protected by an external synchronization mechanism
private static let lights = [
^
nonisolated(unsafe)
SwiftCompile normal arm64 Compiling\ UIViewExt.swift,\ GeneratedAssetSymbols.swift /Users/admin/builder/spi-builder-workspace/Sources/Avatar/UIViewExt.swift /Users/admin/builder/spi-builder-workspace/.derivedData/Build/Intermediates.noindex/Avatar.build/Debug-xros/Avatar.build/DerivedSources/GeneratedAssetSymbols.swift (in target 'Avatar' from project 'Avatar')
SwiftCompile normal arm64 /Users/admin/builder/spi-builder-workspace/Sources/Avatar/UIViewExt.swift (in target 'Avatar' from project 'Avatar')
cd /Users/admin/builder/spi-builder-workspace/.swiftpm/xcode
/Users/admin/builder/spi-builder-workspace/Sources/Avatar/UIViewExt.swift:38:24: error: 'UIScreen' is unavailable in visionOS
format.scale = UIScreen.main.scale
^~~~~~~~
/Applications/Xcode-16.3.0.app/Contents/Developer/Platforms/XROS.platform/Developer/SDKs/XROS2.4.sdk/System/Library/Frameworks/UIKit.framework/Headers/UIScreen.h:54:12: note: 'UIScreen' has been explicitly marked unavailable here
@interface UIScreen : NSObject <UITraitEnvironment>
^
SwiftCompile normal arm64 /Users/admin/builder/spi-builder-workspace/.derivedData/Build/Intermediates.noindex/Avatar.build/Debug-xros/Avatar.build/DerivedSources/GeneratedAssetSymbols.swift (in target 'Avatar' from project 'Avatar')
cd /Users/admin/builder/spi-builder-workspace/.swiftpm/xcode
LinkStoryboards (in target 'Avatar_Avatar' from project 'Avatar')
cd /Users/admin/builder/spi-builder-workspace
/Applications/Xcode-16.3.0.app/Contents/Developer/usr/bin/ibtool --errors --warnings --notices --platform xros --module Avatar_Avatar --target-device vision --minimum-deployment-target 1.0 --output-format human-readable-text --link /Users/admin/builder/spi-builder-workspace/.derivedData/Build/Products/Debug-xros/Avatar_Avatar.bundle /Users/admin/builder/spi-builder-workspace/.derivedData/Build/Intermediates.noindex/Avatar.build/Debug-xros/Avatar_Avatar.build/Avatar.storyboardc
SwiftDriverJobDiscovery normal arm64 Emitting module for Avatar (in target 'Avatar' from project 'Avatar')
SwiftDriver\ Compilation\ Requirements Avatar normal arm64 com.apple.xcode.tools.swift.compiler (in target 'Avatar' from project 'Avatar')
cd /Users/admin/builder/spi-builder-workspace/.swiftpm/xcode
builtin-Swift-Compilation-Requirements -- /Applications/Xcode-16.3.0.app/Contents/Developer/Toolchains/XcodeDefault.xctoolchain/usr/bin/swiftc -module-name Avatar -Onone -enforce-exclusivity\=checked @/Users/admin/builder/spi-builder-workspace/.derivedData/Build/Intermediates.noindex/Avatar.build/Debug-xros/Avatar.build/Objects-normal/arm64/Avatar.SwiftFileList -DSWIFT_PACKAGE -DDEBUG -stats-output-dir .stats -strict-concurrency\=complete -enable-upcoming-feature StrictConcurrency -enable-upcoming-feature DisableOutwardActorInference -enable-upcoming-feature GlobalActorIsolatedTypesUsability -enable-upcoming-feature InferSendableFromCaptures -plugin-path /Applications/Xcode-16.3.0.app/Contents/Developer/Toolchains/XcodeDefault.xctoolchain/usr/lib/swift/host/plugins/testing -enable-experimental-feature DebugDescriptionMacro -sdk /Applications/Xcode-16.3.0.app/Contents/Developer/Platforms/XROS.platform/Developer/SDKs/XROS2.4.sdk -target arm64-apple-xros1.0 -g -module-cache-path /Users/admin/builder/spi-builder-workspace/.derivedData/ModuleCache.noindex -Xfrontend -serialize-debugging-options -profile-coverage-mapping -profile-generate -enable-testing -index-store-path /Users/admin/builder/spi-builder-workspace/.derivedData/Index.noindex/DataStore -swift-version 5 -I /Users/admin/builder/spi-builder-workspace/.derivedData/Build/Products/Debug-xros -I /Applications/Xcode-16.3.0.app/Contents/Developer/Platforms/XROS.platform/Developer/usr/lib -F /Users/admin/builder/spi-builder-workspace/.derivedData/Build/Products/Debug-xros -F /Applications/Xcode-16.3.0.app/Contents/Developer/Platforms/XROS.platform/Developer/Library/Frameworks -F /Applications/Xcode-16.3.0.app/Contents/Developer/Platforms/XROS.platform/Developer/SDKs/XROS2.4.sdk/Developer/Library/Frameworks -c -j10 -enable-batch-mode -incremental -Xcc -ivfsstatcache -Xcc /Users/admin/builder/spi-builder-workspace/.derivedData/SDKStatCaches.noindex/xros2.4-22O233-407b76dbb837030756cbe1ab3f0b01b6.sdkstatcache -output-file-map /Users/admin/builder/spi-builder-workspace/.derivedData/Build/Intermediates.noindex/Avatar.build/Debug-xros/Avatar.build/Objects-normal/arm64/Avatar-OutputFileMap.json -use-frontend-parseable-output -save-temps -no-color-diagnostics -serialize-diagnostics -emit-dependencies -emit-module -emit-module-path /Users/admin/builder/spi-builder-workspace/.derivedData/Build/Intermediates.noindex/Avatar.build/Debug-xros/Avatar.build/Objects-normal/arm64/Avatar.swiftmodule -validate-clang-modules-once -clang-build-session-file /Users/admin/builder/spi-builder-workspace/.derivedData/ModuleCache.noindex/Session.modulevalidation -Xcc -I/Users/admin/builder/spi-builder-workspace/.derivedData/Build/Intermediates.noindex/Avatar.build/Debug-xros/Avatar.build/swift-overrides.hmap -emit-const-values -Xfrontend -const-gather-protocols-file -Xfrontend /Users/admin/builder/spi-builder-workspace/.derivedData/Build/Intermediates.noindex/Avatar.build/Debug-xros/Avatar.build/Objects-normal/arm64/Avatar_const_extract_protocols.json -Xcc -I/Users/admin/builder/spi-builder-workspace/.derivedData/Build/Products/Debug-xros/include -Xcc -I/Users/admin/builder/spi-builder-workspace/.derivedData/Build/Intermediates.noindex/Avatar.build/Debug-xros/Avatar.build/DerivedSources-normal/arm64 -Xcc -I/Users/admin/builder/spi-builder-workspace/.derivedData/Build/Intermediates.noindex/Avatar.build/Debug-xros/Avatar.build/DerivedSources/arm64 -Xcc -I/Users/admin/builder/spi-builder-workspace/.derivedData/Build/Intermediates.noindex/Avatar.build/Debug-xros/Avatar.build/DerivedSources -Xcc -DSWIFT_PACKAGE -Xcc -DDEBUG\=1 -emit-objc-header -emit-objc-header-path /Users/admin/builder/spi-builder-workspace/.derivedData/Build/Intermediates.noindex/Avatar.build/Debug-xros/Avatar.build/Objects-normal/arm64/Avatar-Swift.h -working-directory /Users/admin/builder/spi-builder-workspace/.swiftpm/xcode -experimental-emit-module-separately -disable-cmo
SwiftCompile normal arm64 Compiling\ UIAvatarView.swift,\ UIColorExt.swift /Users/admin/builder/spi-builder-workspace/Sources/Avatar/UIAvatarView.swift /Users/admin/builder/spi-builder-workspace/Sources/Avatar/UIColorExt.swift (in target 'Avatar' from project 'Avatar')
SwiftCompile normal arm64 /Users/admin/builder/spi-builder-workspace/Sources/Avatar/UIAvatarView.swift (in target 'Avatar' from project 'Avatar')
cd /Users/admin/builder/spi-builder-workspace/.swiftpm/xcode
/Users/admin/builder/spi-builder-workspace/Sources/Avatar/UIAvatarView.swift:43:15: warning: 'awakeFromNib()' was deprecated in visionOS 1.0: Loading Interface Builder products will not be supported in a future version of visionOS.
super.awakeFromNib()
^
/Users/admin/builder/spi-builder-workspace/Sources/Avatar/UIAvatarView.swift:44:9: warning: main actor-isolated property 'isHidden' can not be mutated from a nonisolated context; this is an error in the Swift 6 language mode
isHidden = Self.hideAll
^
/Users/admin/builder/spi-builder-workspace/Sources/Avatar/UIAvatarView.swift:47:25: note: mutation of this property is only permitted within the actor
override public var isHidden: Bool {
^
/Users/admin/builder/spi-builder-workspace/Sources/Avatar/UIAvatarView.swift:44:25: warning: main actor-isolated static property 'hideAll' can not be referenced from a nonisolated context; this is an error in the Swift 6 language mode
isHidden = Self.hideAll
^
/Users/admin/builder/spi-builder-workspace/Sources/Avatar/UIAvatarView.swift:15:23: note: static property declared here
public static var hideAll = false
^
SwiftCompile normal arm64 /Users/admin/builder/spi-builder-workspace/Sources/Avatar/UIColorExt.swift (in target 'Avatar' from project 'Avatar')
cd /Users/admin/builder/spi-builder-workspace/.swiftpm/xcode
SwiftMergeGeneratedHeaders /Users/admin/builder/spi-builder-workspace/.derivedData/Build/Intermediates.noindex/GeneratedModuleMaps-xros/Avatar-Swift.h /Users/admin/builder/spi-builder-workspace/.derivedData/Build/Intermediates.noindex/Avatar.build/Debug-xros/Avatar.build/Objects-normal/arm64/Avatar-Swift.h (in target 'Avatar' from project 'Avatar')
cd /Users/admin/builder/spi-builder-workspace
builtin-swiftHeaderTool -arch arm64 /Users/admin/builder/spi-builder-workspace/.derivedData/Build/Intermediates.noindex/Avatar.build/Debug-xros/Avatar.build/Objects-normal/arm64/Avatar-Swift.h -o /Users/admin/builder/spi-builder-workspace/.derivedData/Build/Intermediates.noindex/GeneratedModuleMaps-xros/Avatar-Swift.h
Copy /Users/admin/builder/spi-builder-workspace/.derivedData/Build/Products/Debug-xros/Avatar.swiftmodule/arm64-apple-xros.swiftmodule /Users/admin/builder/spi-builder-workspace/.derivedData/Build/Intermediates.noindex/Avatar.build/Debug-xros/Avatar.build/Objects-normal/arm64/Avatar.swiftmodule (in target 'Avatar' from project 'Avatar')
cd /Users/admin/builder/spi-builder-workspace
builtin-copy -exclude .DS_Store -exclude CVS -exclude .svn -exclude .git -exclude .hg -resolve-src-symlinks -rename /Users/admin/builder/spi-builder-workspace/.derivedData/Build/Intermediates.noindex/Avatar.build/Debug-xros/Avatar.build/Objects-normal/arm64/Avatar.swiftmodule /Users/admin/builder/spi-builder-workspace/.derivedData/Build/Products/Debug-xros/Avatar.swiftmodule/arm64-apple-xros.swiftmodule
Copy /Users/admin/builder/spi-builder-workspace/.derivedData/Build/Products/Debug-xros/Avatar.swiftmodule/arm64-apple-xros.swiftdoc /Users/admin/builder/spi-builder-workspace/.derivedData/Build/Intermediates.noindex/Avatar.build/Debug-xros/Avatar.build/Objects-normal/arm64/Avatar.swiftdoc (in target 'Avatar' from project 'Avatar')
cd /Users/admin/builder/spi-builder-workspace
builtin-copy -exclude .DS_Store -exclude CVS -exclude .svn -exclude .git -exclude .hg -resolve-src-symlinks -rename /Users/admin/builder/spi-builder-workspace/.derivedData/Build/Intermediates.noindex/Avatar.build/Debug-xros/Avatar.build/Objects-normal/arm64/Avatar.swiftdoc /Users/admin/builder/spi-builder-workspace/.derivedData/Build/Products/Debug-xros/Avatar.swiftmodule/arm64-apple-xros.swiftdoc
Copy /Users/admin/builder/spi-builder-workspace/.derivedData/Build/Products/Debug-xros/Avatar.swiftmodule/arm64-apple-xros.abi.json /Users/admin/builder/spi-builder-workspace/.derivedData/Build/Intermediates.noindex/Avatar.build/Debug-xros/Avatar.build/Objects-normal/arm64/Avatar.abi.json (in target 'Avatar' from project 'Avatar')
cd /Users/admin/builder/spi-builder-workspace
builtin-copy -exclude .DS_Store -exclude CVS -exclude .svn -exclude .git -exclude .hg -resolve-src-symlinks -rename /Users/admin/builder/spi-builder-workspace/.derivedData/Build/Intermediates.noindex/Avatar.build/Debug-xros/Avatar.build/Objects-normal/arm64/Avatar.abi.json /Users/admin/builder/spi-builder-workspace/.derivedData/Build/Products/Debug-xros/Avatar.swiftmodule/arm64-apple-xros.abi.json
Copy /Users/admin/builder/spi-builder-workspace/.derivedData/Build/Products/Debug-xros/Avatar.swiftmodule/Project/arm64-apple-xros.swiftsourceinfo /Users/admin/builder/spi-builder-workspace/.derivedData/Build/Intermediates.noindex/Avatar.build/Debug-xros/Avatar.build/Objects-normal/arm64/Avatar.swiftsourceinfo (in target 'Avatar' from project 'Avatar')
cd /Users/admin/builder/spi-builder-workspace
builtin-copy -exclude .DS_Store -exclude CVS -exclude .svn -exclude .git -exclude .hg -resolve-src-symlinks -rename /Users/admin/builder/spi-builder-workspace/.derivedData/Build/Intermediates.noindex/Avatar.build/Debug-xros/Avatar.build/Objects-normal/arm64/Avatar.swiftsourceinfo /Users/admin/builder/spi-builder-workspace/.derivedData/Build/Products/Debug-xros/Avatar.swiftmodule/Project/arm64-apple-xros.swiftsourceinfo
LinkAssetCatalog /Users/admin/builder/spi-builder-workspace/Sources/Avatar/Avatar.xcassets (in target 'Avatar_Avatar' from project 'Avatar')
cd /Users/admin/builder/spi-builder-workspace
builtin-linkAssetCatalog --thinned /Users/admin/builder/spi-builder-workspace/.derivedData/Build/Intermediates.noindex/Avatar.build/Debug-xros/Avatar_Avatar.build/assetcatalog_output/thinned --thinned-dependencies /Users/admin/builder/spi-builder-workspace/.derivedData/Build/Intermediates.noindex/Avatar.build/Debug-xros/Avatar_Avatar.build/assetcatalog_dependencies_thinned --thinned-info-plist-content /Users/admin/builder/spi-builder-workspace/.derivedData/Build/Intermediates.noindex/Avatar.build/Debug-xros/Avatar_Avatar.build/assetcatalog_generated_info.plist_thinned --unthinned /Users/admin/builder/spi-builder-workspace/.derivedData/Build/Intermediates.noindex/Avatar.build/Debug-xros/Avatar_Avatar.build/assetcatalog_output/unthinned --unthinned-dependencies /Users/admin/builder/spi-builder-workspace/.derivedData/Build/Intermediates.noindex/Avatar.build/Debug-xros/Avatar_Avatar.build/assetcatalog_dependencies_unthinned --unthinned-info-plist-content /Users/admin/builder/spi-builder-workspace/.derivedData/Build/Intermediates.noindex/Avatar.build/Debug-xros/Avatar_Avatar.build/assetcatalog_generated_info.plist_unthinned --output /Users/admin/builder/spi-builder-workspace/.derivedData/Build/Products/Debug-xros/Avatar_Avatar.bundle --plist-output /Users/admin/builder/spi-builder-workspace/.derivedData/Build/Intermediates.noindex/Avatar.build/Debug-xros/Avatar_Avatar.build/assetcatalog_generated_info.plist
note: Emplaced /Users/admin/builder/spi-builder-workspace/.derivedData/Build/Products/Debug-xros/Avatar_Avatar.bundle/Assets.car (in target 'Avatar_Avatar' from project 'Avatar')
SwiftCompile normal arm64 Compiling\ AvatarSymbolCell.swift,\ AvatarView.swift /Users/admin/builder/spi-builder-workspace/Sources/Avatar/AvatarSymbolCell.swift /Users/admin/builder/spi-builder-workspace/Sources/Avatar/AvatarView.swift (in target 'Avatar' from project 'Avatar')
SwiftCompile normal arm64 /Users/admin/builder/spi-builder-workspace/Sources/Avatar/AvatarSymbolCell.swift (in target 'Avatar' from project 'Avatar')
cd /Users/admin/builder/spi-builder-workspace/.swiftpm/xcode
SwiftCompile normal arm64 /Users/admin/builder/spi-builder-workspace/Sources/Avatar/AvatarView.swift (in target 'Avatar' from project 'Avatar')
cd /Users/admin/builder/spi-builder-workspace/.swiftpm/xcode
ProcessInfoPlistFile /Users/admin/builder/spi-builder-workspace/.derivedData/Build/Products/Debug-xros/Avatar_Avatar.bundle/Info.plist /Users/admin/builder/spi-builder-workspace/.derivedData/Build/Intermediates.noindex/Avatar.build/Debug-xros/Avatar_Avatar.build/empty-Avatar_Avatar.plist (in target 'Avatar_Avatar' from project 'Avatar')
cd /Users/admin/builder/spi-builder-workspace
builtin-infoPlistUtility /Users/admin/builder/spi-builder-workspace/.derivedData/Build/Intermediates.noindex/Avatar.build/Debug-xros/Avatar_Avatar.build/empty-Avatar_Avatar.plist -producttype com.apple.product-type.bundle -expandbuildsettings -format binary -platform xros -additionalcontentfile /Users/admin/builder/spi-builder-workspace/.derivedData/Build/Intermediates.noindex/Avatar.build/Debug-xros/Avatar_Avatar.build/Avatar-SBPartialInfo.plist -additionalcontentfile /Users/admin/builder/spi-builder-workspace/.derivedData/Build/Intermediates.noindex/Avatar.build/Debug-xros/Avatar_Avatar.build/EditAvatarView-PartialInfo.plist -additionalcontentfile /Users/admin/builder/spi-builder-workspace/.derivedData/Build/Intermediates.noindex/Avatar.build/Debug-xros/Avatar_Avatar.build/assetcatalog_generated_info.plist -o /Users/admin/builder/spi-builder-workspace/.derivedData/Build/Products/Debug-xros/Avatar_Avatar.bundle/Info.plist
SwiftDriverJobDiscovery normal arm64 Compiling AvatarHexID.swift, AvatarNoseStyle.swift (in target 'Avatar' from project 'Avatar')
** BUILD FAILED **
The following build commands failed:
SwiftCompile normal arm64 /Users/admin/builder/spi-builder-workspace/Sources/Avatar/AvatarCache.swift (in target 'Avatar' from project 'Avatar')
SwiftCompile normal arm64 Compiling\ AvatarBodyShape.swift,\ AvatarCache.swift /Users/admin/builder/spi-builder-workspace/Sources/Avatar/AvatarBodyShape.swift /Users/admin/builder/spi-builder-workspace/Sources/Avatar/AvatarCache.swift (in target 'Avatar' from project 'Avatar')
SwiftCompile normal arm64 /Users/admin/builder/spi-builder-workspace/Sources/Avatar/UIViewExt.swift (in target 'Avatar' from project 'Avatar')
Building workspace spi-builder-workspace with scheme Avatar
(4 failures)
Command line invocation:
/Applications/Xcode-16.3.0.app/Contents/Developer/usr/bin/xcodebuild -IDEClonedSourcePackagesDirPathOverride=/Users/admin/builder/spi-builder-workspace/.dependencies -resolvePackageDependencies
Resolve Package Graph
Resolved source packages:
Avatar: /Users/admin/builder/spi-builder-workspace
resolved source packages: Avatar
{
"dependencies" : [
],
"manifest_display_name" : "Avatar",
"name" : "Avatar",
"path" : "/Users/admin/builder/spi-builder-workspace",
"platforms" : [
{
"name" : "ios",
"version" : "15.0"
}
],
"products" : [
{
"name" : "Avatar",
"targets" : [
"Avatar"
],
"type" : {
"library" : [
"automatic"
]
}
}
],
"targets" : [
{
"c99name" : "AvatarTests",
"module_type" : "SwiftTarget",
"name" : "AvatarTests",
"path" : "Tests/AvatarTests",
"sources" : [
"AvatarCacheTests.swift",
"AvatarCostumeTests.swift",
"AvatarGlassesColorTests.swift",
"AvatarRendererTests.swift",
"AvatarTests.swift"
],
"target_dependencies" : [
"Avatar"
],
"type" : "test"
},
{
"c99name" : "Avatar",
"module_type" : "SwiftTarget",
"name" : "Avatar",
"path" : "Sources/Avatar",
"product_memberships" : [
"Avatar"
],
"sources" : [
"Avatar.swift",
"AvatarBodyShading.swift",
"AvatarBodyShape.swift",
"AvatarCache.swift",
"AvatarEditorOptionCell.swift",
"AvatarEditorViewController.swift",
"AvatarGlassesStyle.swift",
"AvatarHairStyle.swift",
"AvatarHexID.swift",
"AvatarNoseStyle.swift",
"AvatarRenderer.swift",
"AvatarRenderingHelpers.swift",
"AvatarSymbolCell.swift",
"AvatarView.swift",
"EditAvatarView.swift",
"EditAvatarViewController.swift",
"UIAvatarView.swift",
"UIColorExt.swift",
"UIViewExt.swift"
],
"type" : "library"
}
],
"tools_version" : "5.7"
}
{
"workspace" : {
"name" : "spi-builder-workspace",
"schemes" : [
"Avatar"
]
}
}
Running build ...
env DEVELOPER_DIR=/Applications/Xcode-16.3.0.app xcrun xcodebuild -IDEClonedSourcePackagesDirPathOverride=$PWD/.dependencies -skipMacroValidation -skipPackagePluginValidation -derivedDataPath $PWD/.derivedData build -scheme Avatar -destination generic/platform=xrOS
Command line invocation:
/Applications/Xcode-16.3.0.app/Contents/Developer/usr/bin/xcodebuild -IDEClonedSourcePackagesDirPathOverride=/Users/admin/builder/spi-builder-workspace/.dependencies -skipMacroValidation -skipPackagePluginValidation -derivedDataPath /Users/admin/builder/spi-builder-workspace/.derivedData build -scheme Avatar -destination generic/platform=xrOS
Resolve Package Graph
Resolved source packages:
Avatar: /Users/admin/builder/spi-builder-workspace
ComputePackagePrebuildTargetDependencyGraph
Prepare packages
CreateBuildRequest
SendProjectDescription
CreateBuildOperation
ComputeTargetDependencyGraph
note: Building targets in dependency order
note: Target dependency graph (3 targets)
Target 'Avatar' in project 'Avatar'
➜ Explicit dependency on target 'Avatar' in project 'Avatar'
➜ Explicit dependency on target 'Avatar_Avatar' in project 'Avatar'
Target 'Avatar' in project 'Avatar'
➜ Explicit dependency on target 'Avatar_Avatar' in project 'Avatar'
Target 'Avatar_Avatar' in project 'Avatar' (no dependencies)
GatherProvisioningInputs
CreateBuildDescription
ExecuteExternalTool /Applications/Xcode-16.3.0.app/Contents/Developer/usr/bin/ibtool --version --output-format xml1
ExecuteExternalTool /Applications/Xcode-16.3.0.app/Contents/Developer/Toolchains/XcodeDefault.xctoolchain/usr/bin/clang -v -E -dM -isysroot /Applications/Xcode-16.3.0.app/Contents/Developer/Platforms/XROS.platform/Developer/SDKs/XROS2.4.sdk -x c -c /dev/null
ExecuteExternalTool /Applications/Xcode-16.3.0.app/Contents/Developer/usr/bin/actool --version --output-format xml1
ExecuteExternalTool /Applications/Xcode-16.3.0.app/Contents/Developer/Toolchains/XcodeDefault.xctoolchain/usr/bin/swiftc --version
ExecuteExternalTool /Applications/Xcode-16.3.0.app/Contents/Developer/Toolchains/XcodeDefault.xctoolchain/usr/bin/ld -version_details
Build description signature: d80cd0288a8ce0fb9bb2646b2a0b9de9
Build description path: /Users/admin/builder/spi-builder-workspace/.derivedData/Build/Intermediates.noindex/XCBuildData/d80cd0288a8ce0fb9bb2646b2a0b9de9.xcbuilddata
ClangStatCache /Applications/Xcode-16.3.0.app/Contents/Developer/Toolchains/XcodeDefault.xctoolchain/usr/bin/clang-stat-cache /Applications/Xcode-16.3.0.app/Contents/Developer/Platforms/XROS.platform/Developer/SDKs/XROS2.4.sdk /Users/admin/builder/spi-builder-workspace/.derivedData/SDKStatCaches.noindex/xros2.4-22O233-407b76dbb837030756cbe1ab3f0b01b6.sdkstatcache
cd /Users/admin/builder/spi-builder-workspace/.swiftpm/xcode
/Applications/Xcode-16.3.0.app/Contents/Developer/Toolchains/XcodeDefault.xctoolchain/usr/bin/clang-stat-cache /Applications/Xcode-16.3.0.app/Contents/Developer/Platforms/XROS.platform/Developer/SDKs/XROS2.4.sdk -o /Users/admin/builder/spi-builder-workspace/.derivedData/SDKStatCaches.noindex/xros2.4-22O233-407b76dbb837030756cbe1ab3f0b01b6.sdkstatcache
ProcessInfoPlistFile /Users/admin/builder/spi-builder-workspace/.derivedData/Build/Products/Debug-xros/Avatar_Avatar.bundle/Info.plist /Users/admin/builder/spi-builder-workspace/.derivedData/Build/Intermediates.noindex/Avatar.build/Debug-xros/Avatar_Avatar.build/empty-Avatar_Avatar.plist (in target 'Avatar_Avatar' from project 'Avatar')
cd /Users/admin/builder/spi-builder-workspace
builtin-infoPlistUtility /Users/admin/builder/spi-builder-workspace/.derivedData/Build/Intermediates.noindex/Avatar.build/Debug-xros/Avatar_Avatar.build/empty-Avatar_Avatar.plist -producttype com.apple.product-type.bundle -expandbuildsettings -format binary -platform xros -additionalcontentfile /Users/admin/builder/spi-builder-workspace/.derivedData/Build/Intermediates.noindex/Avatar.build/Debug-xros/Avatar_Avatar.build/Avatar-SBPartialInfo.plist -additionalcontentfile /Users/admin/builder/spi-builder-workspace/.derivedData/Build/Intermediates.noindex/Avatar.build/Debug-xros/Avatar_Avatar.build/EditAvatarView-PartialInfo.plist -additionalcontentfile /Users/admin/builder/spi-builder-workspace/.derivedData/Build/Intermediates.noindex/Avatar.build/Debug-xros/Avatar_Avatar.build/assetcatalog_generated_info.plist -o /Users/admin/builder/spi-builder-workspace/.derivedData/Build/Products/Debug-xros/Avatar_Avatar.bundle/Info.plist
RegisterExecutionPolicyException /Users/admin/builder/spi-builder-workspace/.derivedData/Build/Products/Debug-xros/Avatar_Avatar.bundle (in target 'Avatar_Avatar' from project 'Avatar')
cd /Users/admin/builder/spi-builder-workspace
builtin-RegisterExecutionPolicyException /Users/admin/builder/spi-builder-workspace/.derivedData/Build/Products/Debug-xros/Avatar_Avatar.bundle
SwiftDriver Avatar normal arm64 com.apple.xcode.tools.swift.compiler (in target 'Avatar' from project 'Avatar')
cd /Users/admin/builder/spi-builder-workspace/.swiftpm/xcode
builtin-SwiftDriver -- /Applications/Xcode-16.3.0.app/Contents/Developer/Toolchains/XcodeDefault.xctoolchain/usr/bin/swiftc -module-name Avatar -Onone -enforce-exclusivity\=checked @/Users/admin/builder/spi-builder-workspace/.derivedData/Build/Intermediates.noindex/Avatar.build/Debug-xros/Avatar.build/Objects-normal/arm64/Avatar.SwiftFileList -DSWIFT_PACKAGE -DDEBUG -DXcode -plugin-path /Applications/Xcode-16.3.0.app/Contents/Developer/Toolchains/XcodeDefault.xctoolchain/usr/lib/swift/host/plugins/testing -enable-experimental-feature DebugDescriptionMacro -sdk /Applications/Xcode-16.3.0.app/Contents/Developer/Platforms/XROS.platform/Developer/SDKs/XROS2.4.sdk -target arm64-apple-xros1.0 -g -module-cache-path /Users/admin/builder/spi-builder-workspace/.derivedData/ModuleCache.noindex -Xfrontend -serialize-debugging-options -profile-coverage-mapping -profile-generate -enable-testing -index-store-path /Users/admin/builder/spi-builder-workspace/.derivedData/Index.noindex/DataStore -swift-version 5 -I /Users/admin/builder/spi-builder-workspace/.derivedData/Build/Products/Debug-xros -I /Applications/Xcode-16.3.0.app/Contents/Developer/Platforms/XROS.platform/Developer/usr/lib -F /Users/admin/builder/spi-builder-workspace/.derivedData/Build/Products/Debug-xros -F /Applications/Xcode-16.3.0.app/Contents/Developer/Platforms/XROS.platform/Developer/Library/Frameworks -F /Applications/Xcode-16.3.0.app/Contents/Developer/Platforms/XROS.platform/Developer/SDKs/XROS2.4.sdk/Developer/Library/Frameworks -c -j10 -enable-batch-mode -incremental -Xcc -ivfsstatcache -Xcc /Users/admin/builder/spi-builder-workspace/.derivedData/SDKStatCaches.noindex/xros2.4-22O233-407b76dbb837030756cbe1ab3f0b01b6.sdkstatcache -output-file-map /Users/admin/builder/spi-builder-workspace/.derivedData/Build/Intermediates.noindex/Avatar.build/Debug-xros/Avatar.build/Objects-normal/arm64/Avatar-OutputFileMap.json -use-frontend-parseable-output -save-temps -no-color-diagnostics -serialize-diagnostics -emit-dependencies -emit-module -emit-module-path /Users/admin/builder/spi-builder-workspace/.derivedData/Build/Intermediates.noindex/Avatar.build/Debug-xros/Avatar.build/Objects-normal/arm64/Avatar.swiftmodule -validate-clang-modules-once -clang-build-session-file /Users/admin/builder/spi-builder-workspace/.derivedData/ModuleCache.noindex/Session.modulevalidation -Xcc -I/Users/admin/builder/spi-builder-workspace/.derivedData/Build/Intermediates.noindex/Avatar.build/Debug-xros/Avatar.build/swift-overrides.hmap -emit-const-values -Xfrontend -const-gather-protocols-file -Xfrontend /Users/admin/builder/spi-builder-workspace/.derivedData/Build/Intermediates.noindex/Avatar.build/Debug-xros/Avatar.build/Objects-normal/arm64/Avatar_const_extract_protocols.json -Xcc -I/Users/admin/builder/spi-builder-workspace/.derivedData/Build/Products/Debug-xros/include -Xcc -I/Users/admin/builder/spi-builder-workspace/.derivedData/Build/Intermediates.noindex/Avatar.build/Debug-xros/Avatar.build/DerivedSources-normal/arm64 -Xcc -I/Users/admin/builder/spi-builder-workspace/.derivedData/Build/Intermediates.noindex/Avatar.build/Debug-xros/Avatar.build/DerivedSources/arm64 -Xcc -I/Users/admin/builder/spi-builder-workspace/.derivedData/Build/Intermediates.noindex/Avatar.build/Debug-xros/Avatar.build/DerivedSources -Xcc -DSWIFT_PACKAGE -Xcc -DDEBUG\=1 -emit-objc-header -emit-objc-header-path /Users/admin/builder/spi-builder-workspace/.derivedData/Build/Intermediates.noindex/Avatar.build/Debug-xros/Avatar.build/Objects-normal/arm64/Avatar-Swift.h -working-directory /Users/admin/builder/spi-builder-workspace/.swiftpm/xcode -experimental-emit-module-separately -disable-cmo
Touch /Users/admin/builder/spi-builder-workspace/.derivedData/Build/Products/Debug-xros/Avatar_Avatar.bundle (in target 'Avatar_Avatar' from project 'Avatar')
cd /Users/admin/builder/spi-builder-workspace
/usr/bin/touch -c /Users/admin/builder/spi-builder-workspace/.derivedData/Build/Products/Debug-xros/Avatar_Avatar.bundle
SwiftCompile normal arm64 Compiling\ AvatarEditorOptionCell.swift,\ AvatarEditorViewController.swift /Users/admin/builder/spi-builder-workspace/Sources/Avatar/AvatarEditorOptionCell.swift /Users/admin/builder/spi-builder-workspace/Sources/Avatar/AvatarEditorViewController.swift (in target 'Avatar' from project 'Avatar')
SwiftCompile normal arm64 /Users/admin/builder/spi-builder-workspace/Sources/Avatar/AvatarEditorOptionCell.swift (in target 'Avatar' from project 'Avatar')
cd /Users/admin/builder/spi-builder-workspace/.swiftpm/xcode
SwiftCompile normal arm64 /Users/admin/builder/spi-builder-workspace/Sources/Avatar/AvatarEditorViewController.swift (in target 'Avatar' from project 'Avatar')
cd /Users/admin/builder/spi-builder-workspace/.swiftpm/xcode
SwiftCompile normal arm64 Compiling\ resource_bundle_accessor.swift,\ Avatar.swift,\ AvatarBodyShading.swift /Users/admin/builder/spi-builder-workspace/.derivedData/Build/Intermediates.noindex/Avatar.build/Debug-xros/Avatar.build/DerivedSources/resource_bundle_accessor.swift /Users/admin/builder/spi-builder-workspace/Sources/Avatar/Avatar.swift /Users/admin/builder/spi-builder-workspace/Sources/Avatar/AvatarBodyShading.swift (in target 'Avatar' from project 'Avatar')
SwiftCompile normal arm64 /Users/admin/builder/spi-builder-workspace/.derivedData/Build/Intermediates.noindex/Avatar.build/Debug-xros/Avatar.build/DerivedSources/resource_bundle_accessor.swift (in target 'Avatar' from project 'Avatar')
cd /Users/admin/builder/spi-builder-workspace/.swiftpm/xcode
SwiftCompile normal arm64 /Users/admin/builder/spi-builder-workspace/Sources/Avatar/Avatar.swift (in target 'Avatar' from project 'Avatar')
cd /Users/admin/builder/spi-builder-workspace/.swiftpm/xcode
SwiftCompile normal arm64 /Users/admin/builder/spi-builder-workspace/Sources/Avatar/AvatarBodyShading.swift (in target 'Avatar' from project 'Avatar')
cd /Users/admin/builder/spi-builder-workspace/.swiftpm/xcode
SwiftCompile normal arm64 Compiling\ AvatarBodyShape.swift,\ AvatarCache.swift /Users/admin/builder/spi-builder-workspace/Sources/Avatar/AvatarBodyShape.swift /Users/admin/builder/spi-builder-workspace/Sources/Avatar/AvatarCache.swift (in target 'Avatar' from project 'Avatar')
SwiftCompile normal arm64 /Users/admin/builder/spi-builder-workspace/Sources/Avatar/AvatarBodyShape.swift (in target 'Avatar' from project 'Avatar')
cd /Users/admin/builder/spi-builder-workspace/.swiftpm/xcode
SwiftCompile normal arm64 /Users/admin/builder/spi-builder-workspace/Sources/Avatar/AvatarCache.swift (in target 'Avatar' from project 'Avatar')
cd /Users/admin/builder/spi-builder-workspace/.swiftpm/xcode
SwiftCompile normal arm64 Compiling\ AvatarSymbolCell.swift,\ AvatarView.swift /Users/admin/builder/spi-builder-workspace/Sources/Avatar/AvatarSymbolCell.swift /Users/admin/builder/spi-builder-workspace/Sources/Avatar/AvatarView.swift (in target 'Avatar' from project 'Avatar')
SwiftCompile normal arm64 /Users/admin/builder/spi-builder-workspace/Sources/Avatar/AvatarSymbolCell.swift (in target 'Avatar' from project 'Avatar')
cd /Users/admin/builder/spi-builder-workspace/.swiftpm/xcode
SwiftCompile normal arm64 /Users/admin/builder/spi-builder-workspace/Sources/Avatar/AvatarView.swift (in target 'Avatar' from project 'Avatar')
cd /Users/admin/builder/spi-builder-workspace/.swiftpm/xcode
SwiftCompile normal arm64 Compiling\ AvatarRenderer.swift,\ AvatarRenderingHelpers.swift /Users/admin/builder/spi-builder-workspace/Sources/Avatar/AvatarRenderer.swift /Users/admin/builder/spi-builder-workspace/Sources/Avatar/AvatarRenderingHelpers.swift (in target 'Avatar' from project 'Avatar')
SwiftCompile normal arm64 /Users/admin/builder/spi-builder-workspace/Sources/Avatar/AvatarRenderer.swift (in target 'Avatar' from project 'Avatar')
cd /Users/admin/builder/spi-builder-workspace/.swiftpm/xcode
SwiftCompile normal arm64 /Users/admin/builder/spi-builder-workspace/Sources/Avatar/AvatarRenderingHelpers.swift (in target 'Avatar' from project 'Avatar')
cd /Users/admin/builder/spi-builder-workspace/.swiftpm/xcode
SwiftCompile normal arm64 Compiling\ AvatarHexID.swift,\ AvatarNoseStyle.swift /Users/admin/builder/spi-builder-workspace/Sources/Avatar/AvatarHexID.swift /Users/admin/builder/spi-builder-workspace/Sources/Avatar/AvatarNoseStyle.swift (in target 'Avatar' from project 'Avatar')
SwiftCompile normal arm64 /Users/admin/builder/spi-builder-workspace/Sources/Avatar/AvatarHexID.swift (in target 'Avatar' from project 'Avatar')
cd /Users/admin/builder/spi-builder-workspace/.swiftpm/xcode
SwiftCompile normal arm64 /Users/admin/builder/spi-builder-workspace/Sources/Avatar/AvatarNoseStyle.swift (in target 'Avatar' from project 'Avatar')
cd /Users/admin/builder/spi-builder-workspace/.swiftpm/xcode
SwiftCompile normal arm64 Compiling\ UIAvatarView.swift,\ UIColorExt.swift /Users/admin/builder/spi-builder-workspace/Sources/Avatar/UIAvatarView.swift /Users/admin/builder/spi-builder-workspace/Sources/Avatar/UIColorExt.swift (in target 'Avatar' from project 'Avatar')
SwiftCompile normal arm64 /Users/admin/builder/spi-builder-workspace/Sources/Avatar/UIAvatarView.swift (in target 'Avatar' from project 'Avatar')
cd /Users/admin/builder/spi-builder-workspace/.swiftpm/xcode
SwiftCompile normal arm64 /Users/admin/builder/spi-builder-workspace/Sources/Avatar/UIColorExt.swift (in target 'Avatar' from project 'Avatar')
cd /Users/admin/builder/spi-builder-workspace/.swiftpm/xcode
SwiftCompile normal arm64 Compiling\ AvatarGlassesStyle.swift,\ AvatarHairStyle.swift /Users/admin/builder/spi-builder-workspace/Sources/Avatar/AvatarGlassesStyle.swift /Users/admin/builder/spi-builder-workspace/Sources/Avatar/AvatarHairStyle.swift (in target 'Avatar' from project 'Avatar')
SwiftCompile normal arm64 /Users/admin/builder/spi-builder-workspace/Sources/Avatar/AvatarGlassesStyle.swift (in target 'Avatar' from project 'Avatar')
cd /Users/admin/builder/spi-builder-workspace/.swiftpm/xcode
SwiftCompile normal arm64 /Users/admin/builder/spi-builder-workspace/Sources/Avatar/AvatarHairStyle.swift (in target 'Avatar' from project 'Avatar')
cd /Users/admin/builder/spi-builder-workspace/.swiftpm/xcode
SwiftCompile normal arm64 Compiling\ EditAvatarView.swift,\ EditAvatarViewController.swift /Users/admin/builder/spi-builder-workspace/Sources/Avatar/EditAvatarView.swift /Users/admin/builder/spi-builder-workspace/Sources/Avatar/EditAvatarViewController.swift (in target 'Avatar' from project 'Avatar')
SwiftCompile normal arm64 /Users/admin/builder/spi-builder-workspace/Sources/Avatar/EditAvatarView.swift (in target 'Avatar' from project 'Avatar')
cd /Users/admin/builder/spi-builder-workspace/.swiftpm/xcode
SwiftCompile normal arm64 /Users/admin/builder/spi-builder-workspace/Sources/Avatar/EditAvatarViewController.swift (in target 'Avatar' from project 'Avatar')
cd /Users/admin/builder/spi-builder-workspace/.swiftpm/xcode
SwiftCompile normal arm64 Compiling\ UIViewExt.swift,\ GeneratedAssetSymbols.swift /Users/admin/builder/spi-builder-workspace/Sources/Avatar/UIViewExt.swift /Users/admin/builder/spi-builder-workspace/.derivedData/Build/Intermediates.noindex/Avatar.build/Debug-xros/Avatar.build/DerivedSources/GeneratedAssetSymbols.swift (in target 'Avatar' from project 'Avatar')
Failed frontend command:
/Applications/Xcode-16.3.0.app/Contents/Developer/Toolchains/XcodeDefault.xctoolchain/usr/bin/swift-frontend -frontend -c /Users/admin/builder/spi-builder-workspace/.derivedData/Build/Intermediates.noindex/Avatar.build/Debug-xros/Avatar.build/DerivedSources/resource_bundle_accessor.swift /Users/admin/builder/spi-builder-workspace/Sources/Avatar/Avatar.swift /Users/admin/builder/spi-builder-workspace/Sources/Avatar/AvatarBodyShading.swift /Users/admin/builder/spi-builder-workspace/Sources/Avatar/AvatarBodyShape.swift /Users/admin/builder/spi-builder-workspace/Sources/Avatar/AvatarCache.swift /Users/admin/builder/spi-builder-workspace/Sources/Avatar/AvatarEditorOptionCell.swift /Users/admin/builder/spi-builder-workspace/Sources/Avatar/AvatarEditorViewController.swift /Users/admin/builder/spi-builder-workspace/Sources/Avatar/AvatarGlassesStyle.swift /Users/admin/builder/spi-builder-workspace/Sources/Avatar/AvatarHairStyle.swift /Users/admin/builder/spi-builder-workspace/Sources/Avatar/AvatarHexID.swift /Users/admin/builder/spi-builder-workspace/Sources/Avatar/AvatarNoseStyle.swift /Users/admin/builder/spi-builder-workspace/Sources/Avatar/AvatarRenderer.swift /Users/admin/builder/spi-builder-workspace/Sources/Avatar/AvatarRenderingHelpers.swift /Users/admin/builder/spi-builder-workspace/Sources/Avatar/AvatarSymbolCell.swift /Users/admin/builder/spi-builder-workspace/Sources/Avatar/AvatarView.swift /Users/admin/builder/spi-builder-workspace/Sources/Avatar/EditAvatarView.swift /Users/admin/builder/spi-builder-workspace/Sources/Avatar/EditAvatarViewController.swift /Users/admin/builder/spi-builder-workspace/Sources/Avatar/UIAvatarView.swift /Users/admin/builder/spi-builder-workspace/Sources/Avatar/UIColorExt.swift -primary-file /Users/admin/builder/spi-builder-workspace/Sources/Avatar/UIViewExt.swift -primary-file /Users/admin/builder/spi-builder-workspace/.derivedData/Build/Intermediates.noindex/Avatar.build/Debug-xros/Avatar.build/DerivedSources/GeneratedAssetSymbols.swift -emit-dependencies-path /Users/admin/builder/spi-builder-workspace/.derivedData/Build/Intermediates.noindex/Avatar.build/Debug-xros/Avatar.build/Objects-normal/arm64/UIViewExt.d -emit-const-values-path /Users/admin/builder/spi-builder-workspace/.derivedData/Build/Intermediates.noindex/Avatar.build/Debug-xros/Avatar.build/Objects-normal/arm64/UIViewExt.swiftconstvalues -emit-reference-dependencies-path /Users/admin/builder/spi-builder-workspace/.derivedData/Build/Intermediates.noindex/Avatar.build/Debug-xros/Avatar.build/Objects-normal/arm64/UIViewExt.swiftdeps -serialize-diagnostics-path /Users/admin/builder/spi-builder-workspace/.derivedData/Build/Intermediates.noindex/Avatar.build/Debug-xros/Avatar.build/Objects-normal/arm64/UIViewExt.dia -emit-dependencies-path /Users/admin/builder/spi-builder-workspace/.derivedData/Build/Intermediates.noindex/Avatar.build/Debug-xros/Avatar.build/Objects-normal/arm64/GeneratedAssetSymbols.d -emit-const-values-path /Users/admin/builder/spi-builder-workspace/.derivedData/Build/Intermediates.noindex/Avatar.build/Debug-xros/Avatar.build/Objects-normal/arm64/GeneratedAssetSymbols.swiftconstvalues -emit-reference-dependencies-path /Users/admin/builder/spi-builder-workspace/.derivedData/Build/Intermediates.noindex/Avatar.build/Debug-xros/Avatar.build/Objects-normal/arm64/GeneratedAssetSymbols.swiftdeps -serialize-diagnostics-path /Users/admin/builder/spi-builder-workspace/.derivedData/Build/Intermediates.noindex/Avatar.build/Debug-xros/Avatar.build/Objects-normal/arm64/GeneratedAssetSymbols.dia -target arm64-apple-xros1.0 -Xllvm -aarch64-use-tbi -enable-objc-interop -stack-check -sdk /Applications/Xcode-16.3.0.app/Contents/Developer/Platforms/XROS.platform/Developer/SDKs/XROS2.4.sdk -I /Users/admin/builder/spi-builder-workspace/.derivedData/Build/Products/Debug-xros -I /Applications/Xcode-16.3.0.app/Contents/Developer/Platforms/XROS.platform/Developer/usr/lib -F /Users/admin/builder/spi-builder-workspace/.derivedData/Build/Products/Debug-xros -F /Applications/Xcode-16.3.0.app/Contents/Developer/Platforms/XROS.platform/Developer/Library/Frameworks -F /Applications/Xcode-16.3.0.app/Contents/Developer/Platforms/XROS.platform/Developer/SDKs/XROS2.4.sdk/Developer/Library/Frameworks -no-color-diagnostics -enable-testing -g -debug-info-format\=dwarf -dwarf-version\=4 -module-cache-path /Users/admin/builder/spi-builder-workspace/.derivedData/ModuleCache.noindex -profile-generate -profile-coverage-mapping -swift-version 5 -enforce-exclusivity\=checked -Onone -D SWIFT_PACKAGE -D DEBUG -D Xcode -serialize-debugging-options -const-gather-protocols-file /Users/admin/builder/spi-builder-workspace/.derivedData/Build/Intermediates.noindex/Avatar.build/Debug-xros/Avatar.build/Objects-normal/arm64/Avatar_const_extract_protocols.json -enable-experimental-feature DebugDescriptionMacro -empty-abi-descriptor -plugin-path /Applications/Xcode-16.3.0.app/Contents/Developer/Toolchains/XcodeDefault.xctoolchain/usr/lib/swift/host/plugins/testing -validate-clang-modules-once -clang-build-session-file /Users/admin/builder/spi-builder-workspace/.derivedData/ModuleCache.noindex/Session.modulevalidation -Xcc -working-directory -Xcc /Users/admin/builder/spi-builder-workspace/.swiftpm/xcode -resource-dir /Applications/Xcode-16.3.0.app/Contents/Developer/Toolchains/XcodeDefault.xctoolchain/usr/lib/swift -enable-anonymous-context-mangled-names -file-compilation-dir /Users/admin/builder/spi-builder-workspace/.swiftpm/xcode -Xcc -ivfsstatcache -Xcc /Users/admin/builder/spi-builder-workspace/.derivedData/SDKStatCaches.noindex/xros2.4-22O233-407b76dbb837030756cbe1ab3f0b01b6.sdkstatcache -Xcc -I/Users/admin/builder/spi-builder-workspace/.derivedData/Build/Intermediates.noindex/Avatar.build/Debug-xros/Avatar.build/swift-overrides.hmap -Xcc -I/Users/admin/builder/spi-builder-workspace/.derivedData/Build/Products/Debug-xros/include -Xcc -I/Users/admin/builder/spi-builder-workspace/.derivedData/Build/Intermediates.noindex/Avatar.build/Debug-xros/Avatar.build/DerivedSources-normal/arm64 -Xcc -I/Users/admin/builder/spi-builder-workspace/.derivedData/Build/Intermediates.noindex/Avatar.build/Debug-xros/Avatar.build/DerivedSources/arm64 -Xcc -I/Users/admin/builder/spi-builder-workspace/.derivedData/Build/Intermediates.noindex/Avatar.build/Debug-xros/Avatar.build/DerivedSources -Xcc -DSWIFT_PACKAGE -Xcc -DDEBUG\=1 -module-name Avatar -frontend-parseable-output -disable-clang-spi -target-sdk-version 2.4 -target-sdk-name xros2.4 -external-plugin-path /Applications/Xcode-16.3.0.app/Contents/Developer/Platforms/XROS.platform/Developer/usr/lib/swift/host/plugins\#/Applications/Xcode-16.3.0.app/Contents/Developer/Platforms/XROS.platform/Developer/usr/bin/swift-plugin-server -external-plugin-path /Applications/Xcode-16.3.0.app/Contents/Developer/Platforms/XROS.platform/Developer/usr/local/lib/swift/host/plugins\#/Applications/Xcode-16.3.0.app/Contents/Developer/Platforms/XROS.platform/Developer/usr/bin/swift-plugin-server -in-process-plugin-server-path /Applications/Xcode-16.3.0.app/Contents/Developer/Toolchains/XcodeDefault.xctoolchain/usr/lib/swift/host/libSwiftInProcPluginServer.dylib -plugin-path /Applications/Xcode-16.3.0.app/Contents/Developer/Toolchains/XcodeDefault.xctoolchain/usr/lib/swift/host/plugins -plugin-path /Applications/Xcode-16.3.0.app/Contents/Developer/Toolchains/XcodeDefault.xctoolchain/usr/local/lib/swift/host/plugins -o /Users/admin/builder/spi-builder-workspace/.derivedData/Build/Intermediates.noindex/Avatar.build/Debug-xros/Avatar.build/Objects-normal/arm64/UIViewExt.o -o /Users/admin/builder/spi-builder-workspace/.derivedData/Build/Intermediates.noindex/Avatar.build/Debug-xros/Avatar.build/Objects-normal/arm64/GeneratedAssetSymbols.o -index-unit-output-path /Avatar.build/Debug-xros/Avatar.build/Objects-normal/arm64/UIViewExt.o -index-unit-output-path /Avatar.build/Debug-xros/Avatar.build/Objects-normal/arm64/GeneratedAssetSymbols.o -index-store-path /Users/admin/builder/spi-builder-workspace/.derivedData/Index.noindex/DataStore -index-system-modules
SwiftCompile normal arm64 /Users/admin/builder/spi-builder-workspace/Sources/Avatar/UIViewExt.swift (in target 'Avatar' from project 'Avatar')
cd /Users/admin/builder/spi-builder-workspace/.swiftpm/xcode
/Users/admin/builder/spi-builder-workspace/Sources/Avatar/UIViewExt.swift:38:24: error: 'UIScreen' is unavailable in visionOS
format.scale = UIScreen.main.scale
^~~~~~~~
/Applications/Xcode-16.3.0.app/Contents/Developer/Platforms/XROS.platform/Developer/SDKs/XROS2.4.sdk/System/Library/Frameworks/UIKit.framework/Headers/UIScreen.h:54:12: note: 'UIScreen' has been explicitly marked unavailable here
@interface UIScreen : NSObject <UITraitEnvironment>
^
SwiftCompile normal arm64 /Users/admin/builder/spi-builder-workspace/.derivedData/Build/Intermediates.noindex/Avatar.build/Debug-xros/Avatar.build/DerivedSources/GeneratedAssetSymbols.swift (in target 'Avatar' from project 'Avatar')
cd /Users/admin/builder/spi-builder-workspace/.swiftpm/xcode
SwiftEmitModule normal arm64 Emitting\ module\ for\ Avatar (in target 'Avatar' from project 'Avatar')
Command SwiftEmitModule failed with a nonzero exit code
** BUILD FAILED **
The following build commands failed:
SwiftCompile normal arm64 Compiling\ UIViewExt.swift,\ GeneratedAssetSymbols.swift /Users/admin/builder/spi-builder-workspace/Sources/Avatar/UIViewExt.swift /Users/admin/builder/spi-builder-workspace/.derivedData/Build/Intermediates.noindex/Avatar.build/Debug-xros/Avatar.build/DerivedSources/GeneratedAssetSymbols.swift (in target 'Avatar' from project 'Avatar')
SwiftCompile normal arm64 /Users/admin/builder/spi-builder-workspace/Sources/Avatar/UIViewExt.swift (in target 'Avatar' from project 'Avatar')
SwiftEmitModule normal arm64 Emitting\ module\ for\ Avatar (in target 'Avatar' from project 'Avatar')
Building workspace spi-builder-workspace with scheme Avatar
(4 failures)
BUILD FAILURE 6.1 visionOS