The Swift Package Index logo.Swift Package Index

Build Information

Failed to build swift-interaction, reference main (a23060), with Swift 6.4 for Wasm on 17 Sep 2026 18:12:25 UTC.

Build Command

bash -c docker run --pull=always --rm -v "checkouts-53886769-0":/host -w "$PWD" -e JAVA_HOME="/root/.sdkman/candidates/java/current" -e SPI_BUILD="1" -e SPI_PROCESSING="1" registry.gitlab.com/saguaro1/spi-images:wasm-6.4-latest swift build --swift-sdk swift-6.4.x-DEVELOPMENT-SNAPSHOT-2026-09-04-a_wasm 2>&1

Build Log

========================================
RunAll
========================================
Builder version: 5.1.0
Interrupt handler set up.
========================================
Checkout
========================================
Clone URL: https://github.com/Ryu0118/swift-interaction.git
Reference: main
Initialized empty Git repository in /host/spi-builder-workspace/.git/
hint: Using 'master' as the name for the initial branch. This default branch name
hint: is subject to change. To configure the initial branch name to use in all
hint: of your new repositories, which will suppress this warning, call:
hint:
hint: 	git config --global init.defaultBranch <name>
hint:
hint: Names commonly chosen instead of 'master' are 'main', 'trunk' and
hint: 'development'. The just-created branch can be renamed via this command:
hint:
hint: 	git branch -m <name>
From https://github.com/Ryu0118/swift-interaction
 * branch            main       -> FETCH_HEAD
 * [new branch]      main       -> origin/main
HEAD is now at a230607 Redesign ValidationRule as an async, closure-based value type (#2)
Cloned https://github.com/Ryu0118/swift-interaction.git
Revision (git rev-parse @):
a2306079edb72712e4e8b262b4d420d292200009
SUCCESS checkout https://github.com/Ryu0118/swift-interaction.git at main
========================================
Build
========================================
Selected platform:         wasm
Swift version:             6.4
Building package at path:  $PWD
https://github.com/Ryu0118/swift-interaction.git
Running build ...
bash -c docker run --pull=always --rm -v "checkouts-53886769-0":/host -w "$PWD" -e JAVA_HOME="/root/.sdkman/candidates/java/current" -e SPI_BUILD="1" -e SPI_PROCESSING="1" registry.gitlab.com/saguaro1/spi-images:wasm-6.4-latest swift build --swift-sdk swift-6.4.x-DEVELOPMENT-SNAPSHOT-2026-09-04-a_wasm 2>&1
wasm-6.4-latest: Pulling from saguaro1/spi-images
Digest: sha256:4328fdb43c680d205c1d6761b1e3267aa38277eefdda9ddfb17b6a0f1a77857a
Status: Image is up to date for registry.gitlab.com/saguaro1/spi-images:wasm-6.4-latest
Fetching https://github.com/swiftlang/swift-docc-plugin
[1/2345] Fetching swift-docc-plugin
Fetched https://github.com/swiftlang/swift-docc-plugin (0.63s)
Computing version for https://github.com/swiftlang/swift-docc-plugin
Computed https://github.com/swiftlang/swift-docc-plugin at 1.5.0 (1.71s)
Fetching https://github.com/swiftlang/swift-docc-symbolkit
[1/3823] Fetching swift-docc-symbolkit
Fetched https://github.com/swiftlang/swift-docc-symbolkit (0.57s)
Computing version for https://github.com/swiftlang/swift-docc-symbolkit
Computed https://github.com/swiftlang/swift-docc-symbolkit at 1.0.0 (0.80s)
Creating working copy for https://github.com/swiftlang/swift-docc-symbolkit
Working copy of https://github.com/swiftlang/swift-docc-symbolkit resolved at 1.0.0
Creating working copy for https://github.com/swiftlang/swift-docc-plugin
Working copy of https://github.com/swiftlang/swift-docc-plugin resolved at 1.5.0
Building for debugging...
[Planning deferred tasks]
[27 / 35] Interaction
[32 / 35] Interaction
error: SwiftCompile normal wasm32 /host/spi-builder-workspace/Sources/Interaction/Input/StandardKeyInput.swift failed with a nonzero exit code. Command line:     cd /host
    builtin-SwiftPerFileCompile StandardKeyInput.swift
error: SwiftCompile normal wasm32 /host/spi-builder-workspace/Sources/Interaction/Input/TerminalCapabilities.swift failed with a nonzero exit code. Command line:     cd /host
    builtin-SwiftPerFileCompile TerminalCapabilities.swift
/host/spi-builder-workspace/Sources/Interaction/Input/StandardKeyInput.swift:22:24: error: cannot find 'termios' in scope
 20 |     /// Puts the terminal into raw input mode for the duration of the body.
 21 |     public func withRawInput<Result>(_ body: () throws -> Result) rethrows -> Result {
 22 |         var original = termios()
    |                        `- error: cannot find 'termios' in scope
 23 |         guard tcgetattr(STDIN_FILENO, &original) == 0 else {
 24 |             return try body()
/host/spi-builder-workspace/Sources/Interaction/Input/StandardKeyInput.swift:23:15: error: cannot find 'tcgetattr' in scope
 21 |     public func withRawInput<Result>(_ body: () throws -> Result) rethrows -> Result {
 22 |         var original = termios()
 23 |         guard tcgetattr(STDIN_FILENO, &original) == 0 else {
    |               `- error: cannot find 'tcgetattr' in scope
 24 |             return try body()
 25 |         }
/host/spi-builder-workspace/Sources/Interaction/Input/StandardKeyInput.swift:28:25: error: cannot find 'tcflag_t' in scope
 26 |
 27 |         var raw = original
 28 |         raw.c_lflag &= ~tcflag_t(ECHO | ICANON | ISIG)
    |                         `- error: cannot find 'tcflag_t' in scope
 29 |         tcsetattr(STDIN_FILENO, TCSANOW, &raw)
 30 |         defer { tcsetattr(STDIN_FILENO, TCSANOW, &original) }
/host/spi-builder-workspace/Sources/Interaction/Input/StandardKeyInput.swift:28:34: error: cannot find 'ECHO' in scope
 26 |
 27 |         var raw = original
 28 |         raw.c_lflag &= ~tcflag_t(ECHO | ICANON | ISIG)
    |                                  `- error: cannot find 'ECHO' in scope
 29 |         tcsetattr(STDIN_FILENO, TCSANOW, &raw)
 30 |         defer { tcsetattr(STDIN_FILENO, TCSANOW, &original) }
/host/spi-builder-workspace/Sources/Interaction/Input/StandardKeyInput.swift:28:41: error: cannot find 'ICANON' in scope
 26 |
 27 |         var raw = original
 28 |         raw.c_lflag &= ~tcflag_t(ECHO | ICANON | ISIG)
    |                                         `- error: cannot find 'ICANON' in scope
 29 |         tcsetattr(STDIN_FILENO, TCSANOW, &raw)
 30 |         defer { tcsetattr(STDIN_FILENO, TCSANOW, &original) }
/host/spi-builder-workspace/Sources/Interaction/Input/StandardKeyInput.swift:28:50: error: cannot find 'ISIG' in scope
 26 |
 27 |         var raw = original
 28 |         raw.c_lflag &= ~tcflag_t(ECHO | ICANON | ISIG)
    |                                                  `- error: cannot find 'ISIG' in scope
 29 |         tcsetattr(STDIN_FILENO, TCSANOW, &raw)
 30 |         defer { tcsetattr(STDIN_FILENO, TCSANOW, &original) }
/host/spi-builder-workspace/Sources/Interaction/Input/StandardKeyInput.swift:29:9: error: cannot find 'tcsetattr' in scope
 27 |         var raw = original
 28 |         raw.c_lflag &= ~tcflag_t(ECHO | ICANON | ISIG)
 29 |         tcsetattr(STDIN_FILENO, TCSANOW, &raw)
    |         `- error: cannot find 'tcsetattr' in scope
 30 |         defer { tcsetattr(STDIN_FILENO, TCSANOW, &original) }
 31 |         return try body()
/host/spi-builder-workspace/Sources/Interaction/Input/StandardKeyInput.swift:29:33: error: cannot find 'TCSANOW' in scope
 27 |         var raw = original
 28 |         raw.c_lflag &= ~tcflag_t(ECHO | ICANON | ISIG)
 29 |         tcsetattr(STDIN_FILENO, TCSANOW, &raw)
    |                                 `- error: cannot find 'TCSANOW' in scope
 30 |         defer { tcsetattr(STDIN_FILENO, TCSANOW, &original) }
 31 |         return try body()
/host/spi-builder-workspace/Sources/Interaction/Input/StandardKeyInput.swift:30:17: error: cannot find 'tcsetattr' in scope
 28 |         raw.c_lflag &= ~tcflag_t(ECHO | ICANON | ISIG)
 29 |         tcsetattr(STDIN_FILENO, TCSANOW, &raw)
 30 |         defer { tcsetattr(STDIN_FILENO, TCSANOW, &original) }
    |                 `- error: cannot find 'tcsetattr' in scope
 31 |         return try body()
 32 |     }
/host/spi-builder-workspace/Sources/Interaction/Input/StandardKeyInput.swift:30:41: error: cannot find 'TCSANOW' in scope
 28 |         raw.c_lflag &= ~tcflag_t(ECHO | ICANON | ISIG)
 29 |         tcsetattr(STDIN_FILENO, TCSANOW, &raw)
 30 |         defer { tcsetattr(STDIN_FILENO, TCSANOW, &original) }
    |                                         `- error: cannot find 'TCSANOW' in scope
 31 |         return try body()
 32 |     }
/host/spi-builder-workspace/Sources/Interaction/Input/StandardKeyInput.swift:36:24: error: cannot find 'termios' in scope
 34 |     /// Puts the terminal into raw input mode for the duration of the asynchronous body.
 35 |     public func withRawInput<Result>(_ body: () async throws -> Result) async rethrows -> Result {
 36 |         var original = termios()
    |                        `- error: cannot find 'termios' in scope
 37 |         guard tcgetattr(STDIN_FILENO, &original) == 0 else {
 38 |             return try await body()
/host/spi-builder-workspace/Sources/Interaction/Input/StandardKeyInput.swift:37:15: error: cannot find 'tcgetattr' in scope
 35 |     public func withRawInput<Result>(_ body: () async throws -> Result) async rethrows -> Result {
 36 |         var original = termios()
 37 |         guard tcgetattr(STDIN_FILENO, &original) == 0 else {
    |               `- error: cannot find 'tcgetattr' in scope
 38 |             return try await body()
 39 |         }
/host/spi-builder-workspace/Sources/Interaction/Input/StandardKeyInput.swift:42:25: error: cannot find 'tcflag_t' in scope
 40 |
 41 |         var raw = original
 42 |         raw.c_lflag &= ~tcflag_t(ECHO | ICANON | ISIG)
    |                         `- error: cannot find 'tcflag_t' in scope
 43 |         tcsetattr(STDIN_FILENO, TCSANOW, &raw)
 44 |         defer { tcsetattr(STDIN_FILENO, TCSANOW, &original) }
/host/spi-builder-workspace/Sources/Interaction/Input/StandardKeyInput.swift:42:34: error: cannot find 'ECHO' in scope
 40 |
 41 |         var raw = original
 42 |         raw.c_lflag &= ~tcflag_t(ECHO | ICANON | ISIG)
    |                                  `- error: cannot find 'ECHO' in scope
 43 |         tcsetattr(STDIN_FILENO, TCSANOW, &raw)
 44 |         defer { tcsetattr(STDIN_FILENO, TCSANOW, &original) }
/host/spi-builder-workspace/Sources/Interaction/Input/StandardKeyInput.swift:42:41: error: cannot find 'ICANON' in scope
 40 |
 41 |         var raw = original
 42 |         raw.c_lflag &= ~tcflag_t(ECHO | ICANON | ISIG)
    |                                         `- error: cannot find 'ICANON' in scope
 43 |         tcsetattr(STDIN_FILENO, TCSANOW, &raw)
 44 |         defer { tcsetattr(STDIN_FILENO, TCSANOW, &original) }
/host/spi-builder-workspace/Sources/Interaction/Input/StandardKeyInput.swift:42:50: error: cannot find 'ISIG' in scope
 40 |
 41 |         var raw = original
 42 |         raw.c_lflag &= ~tcflag_t(ECHO | ICANON | ISIG)
    |                                                  `- error: cannot find 'ISIG' in scope
 43 |         tcsetattr(STDIN_FILENO, TCSANOW, &raw)
 44 |         defer { tcsetattr(STDIN_FILENO, TCSANOW, &original) }
/host/spi-builder-workspace/Sources/Interaction/Input/StandardKeyInput.swift:43:9: error: cannot find 'tcsetattr' in scope
 41 |         var raw = original
 42 |         raw.c_lflag &= ~tcflag_t(ECHO | ICANON | ISIG)
 43 |         tcsetattr(STDIN_FILENO, TCSANOW, &raw)
    |         `- error: cannot find 'tcsetattr' in scope
 44 |         defer { tcsetattr(STDIN_FILENO, TCSANOW, &original) }
 45 |         return try await body()
/host/spi-builder-workspace/Sources/Interaction/Input/StandardKeyInput.swift:43:33: error: cannot find 'TCSANOW' in scope
 41 |         var raw = original
 42 |         raw.c_lflag &= ~tcflag_t(ECHO | ICANON | ISIG)
 43 |         tcsetattr(STDIN_FILENO, TCSANOW, &raw)
    |                                 `- error: cannot find 'TCSANOW' in scope
 44 |         defer { tcsetattr(STDIN_FILENO, TCSANOW, &original) }
 45 |         return try await body()
/host/spi-builder-workspace/Sources/Interaction/Input/StandardKeyInput.swift:44:17: error: cannot find 'tcsetattr' in scope
 42 |         raw.c_lflag &= ~tcflag_t(ECHO | ICANON | ISIG)
 43 |         tcsetattr(STDIN_FILENO, TCSANOW, &raw)
 44 |         defer { tcsetattr(STDIN_FILENO, TCSANOW, &original) }
    |                 `- error: cannot find 'tcsetattr' in scope
 45 |         return try await body()
 46 |     }
/host/spi-builder-workspace/Sources/Interaction/Input/StandardKeyInput.swift:44:41: error: cannot find 'TCSANOW' in scope
 42 |         raw.c_lflag &= ~tcflag_t(ECHO | ICANON | ISIG)
 43 |         tcsetattr(STDIN_FILENO, TCSANOW, &raw)
 44 |         defer { tcsetattr(STDIN_FILENO, TCSANOW, &original) }
    |                                         `- error: cannot find 'TCSANOW' in scope
 45 |         return try await body()
 46 |     }
/host/spi-builder-workspace/Sources/Interaction/Input/TerminalCapabilities.swift:41:20: error: cannot find 'winsize' in scope
39 |         guard stdoutIsTTY else { return nil }
40 |
41 |         var size = winsize()
   |                    `- error: cannot find 'winsize' in scope
42 |         let result = ioctl(STDOUT_FILENO, UInt(TIOCGWINSZ), &size)
43 |         guard result == 0, size.ws_col > 0 else { return nil }
/host/spi-builder-workspace/Sources/Interaction/Input/TerminalCapabilities.swift:42:48: error: cannot find 'TIOCGWINSZ' in scope
40 |
41 |         var size = winsize()
42 |         let result = ioctl(STDOUT_FILENO, UInt(TIOCGWINSZ), &size)
   |                                                `- error: cannot find 'TIOCGWINSZ' in scope
43 |         guard result == 0, size.ws_col > 0 else { return nil }
44 |         return Int(size.ws_col)
Failed frontend command:
/usr/bin/swift-frontend -frontend -c -primary-file /host/spi-builder-workspace/Sources/Interaction/Input/StandardKeyInput.swift -primary-file /host/spi-builder-workspace/Sources/Interaction/Input/TerminalCapabilities.swift -primary-file /host/spi-builder-workspace/Sources/Interaction/Input/TerminalKey.swift /host/spi-builder-workspace/Sources/Interaction/InteractionProviding+Convenience.swift /host/spi-builder-workspace/Sources/Interaction/InteractionProviding+PromptConvenience.swift /host/spi-builder-workspace/Sources/Interaction/Prompts/BlockRenderer.swift /host/spi-builder-workspace/Sources/Interaction/Prompts/ConfirmationLoop.swift /host/spi-builder-workspace/Sources/Interaction/Prompts/LineBuffer.swift /host/spi-builder-workspace/Sources/Interaction/Prompts/MultipleChoiceLoop.swift /host/spi-builder-workspace/Sources/Interaction/Prompts/Prompt.swift /host/spi-builder-workspace/Sources/Interaction/Prompts/PromptRendering.swift /host/spi-builder-workspace/Sources/Interaction/Prompts/SingleChoiceLoop.swift /host/spi-builder-workspace/Sources/Interaction/Prompts/TextPromptLoop.swift /host/spi-builder-workspace/Sources/Interaction/Selection/ChoiceOption.swift /host/spi-builder-workspace/Sources/Interaction/Selection/MultipleSelectionState.swift /host/spi-builder-workspace/Sources/Interaction/Selection/SingleSelectionState.swift /host/spi-builder-workspace/Sources/Interaction/Styling/DisplayWidth.swift /host/spi-builder-workspace/Sources/Interaction/Styling/StyledText.swift /host/spi-builder-workspace/Sources/Interaction/Styling/StyledTextRenderer.swift /host/spi-builder-workspace/Sources/Interaction/Table.swift /host/spi-builder-workspace/Sources/Interaction/Terminal+LineMode.swift /host/spi-builder-workspace/Sources/Interaction/Terminal.swift /host/spi-builder-workspace/Sources/Interaction/Validation.swift -supplementary-output-file-map /host/spi-builder-workspace/.build/out/Intermediates.noindex/swift-interaction.build/Debug-webassembly-wasm32/Interaction-t.build/Objects-normal/wasm32/supplementaryOutputs-1 -target wasm32-unknown-wasip1 -disable-objc-interop -sdk /root/.swiftpm/swift-sdks/swift-6.4.x-DEVELOPMENT-SNAPSHOT-2026-09-04-a_wasm.artifactbundle/swift-6.4.x-DEVELOPMENT-SNAPSHOT-2026-09-04-a_wasm/wasm32-unknown-wasip1/WASI.sdk -sysroot /root/.swiftpm/swift-sdks/swift-6.4.x-DEVELOPMENT-SNAPSHOT-2026-09-04-a_wasm.artifactbundle/swift-6.4.x-DEVELOPMENT-SNAPSHOT-2026-09-04-a_wasm/wasm32-unknown-wasip1/WASI.sdk -I /host/spi-builder-workspace/.build/out/Products/Debug-webassembly-wasm32 -module-cache-path /host/spi-builder-workspace/.build/out/ModuleCache.noindex -color-diagnostics -Xcc -fcolor-diagnostics -enable-testing -g -debug-info-format\=dwarf -dwarf-version\=4 -swift-version 6 -Onone -D SWIFT_PACKAGE -D DEBUG -D SWIFT_MODULE_RESOURCE_BUNDLE_UNAVAILABLE -D Xcode -serialize-debugging-options -enable-experimental-feature DebugDescriptionMacro -empty-abi-descriptor -external-plugin-path /usr/lib/swift/host/plugins/testing\#/usr/bin/swift-plugin-server -validate-clang-modules-once -clang-build-session-file /host/spi-builder-workspace/.build/out/ModuleCache.noindex/Session.modulevalidation -Xcc -working-directory -Xcc /host -resource-dir /root/.swiftpm/swift-sdks/swift-6.4.x-DEVELOPMENT-SNAPSHOT-2026-09-04-a_wasm.artifactbundle/swift-6.4.x-DEVELOPMENT-SNAPSHOT-2026-09-04-a_wasm/wasm32-unknown-wasip1/swift.xctoolchain/usr/lib/swift_static -use-static-resource-dir -enable-anonymous-context-mangled-names -file-compilation-dir /host -Xcc -resource-dir -Xcc /root/.swiftpm/swift-sdks/swift-6.4.x-DEVELOPMENT-SNAPSHOT-2026-09-04-a_wasm.artifactbundle/swift-6.4.x-DEVELOPMENT-SNAPSHOT-2026-09-04-a_wasm/wasm32-unknown-wasip1/swift.xctoolchain/usr/lib/swift_static/clang -Xcc -D_LIBCPP_HARDENING_MODE\=_LIBCPP_HARDENING_MODE_DEBUG -Xcc -fmodules-prune-interval\=86400 -Xcc -fmodules-prune-after\=345600 -Xcc -I/host/spi-builder-workspace/.build/out/Products/Debug-webassembly-wasm32/include -Xcc -I/host/spi-builder-workspace/.build/out/Intermediates.noindex/swift-interaction.build/Debug-webassembly-wasm32/Interaction-t.build/DerivedSources-normal/wasm32 -Xcc -I/host/spi-builder-workspace/.build/out/Intermediates.noindex/swift-interaction.build/Debug-webassembly-wasm32/Interaction-t.build/DerivedSources/wasm32 -Xcc -I/host/spi-builder-workspace/.build/out/Intermediates.noindex/swift-interaction.build/Debug-webassembly-wasm32/Interaction-t.build/DerivedSources -Xcc -DSWIFT_PACKAGE -Xcc -DDEBUG\=1 -no-auto-bridging-header-chaining -module-name Interaction -package-name spi_builder_workspace -const-gather-protocols-file /host/spi-builder-workspace/.build/out/Intermediates.noindex/swift-interaction.build/Debug-webassembly-wasm32/Interaction-t.build/Objects-normal/wasm32/Interaction_const_extract_protocols.json -in-process-plugin-server-path /usr/lib/swift/host/libSwiftInProcPluginServer.so -plugin-path /usr/lib/swift/host/plugins -plugin-path /usr/local/lib/swift/host/plugins -parse-as-library -o /host/spi-builder-workspace/.build/out/Intermediates.noindex/swift-interaction.build/Debug-webassembly-wasm32/Interaction-t.build/Objects-normal/wasm32/StandardKeyInput.o -o /host/spi-builder-workspace/.build/out/Intermediates.noindex/swift-interaction.build/Debug-webassembly-wasm32/Interaction-t.build/Objects-normal/wasm32/TerminalCapabilities.o -o /host/spi-builder-workspace/.build/out/Intermediates.noindex/swift-interaction.build/Debug-webassembly-wasm32/Interaction-t.build/Objects-normal/wasm32/TerminalKey.o -index-unit-output-path /swift-interaction.build/Debug-webassembly-wasm32/Interaction-t.build/Objects-normal/wasm32/StandardKeyInput.o -index-unit-output-path /swift-interaction.build/Debug-webassembly-wasm32/Interaction-t.build/Objects-normal/wasm32/TerminalCapabilities.o -index-unit-output-path /swift-interaction.build/Debug-webassembly-wasm32/Interaction-t.build/Objects-normal/wasm32/TerminalKey.o -index-store-path /host/spi-builder-workspace/.build/out -index-system-modules
error: Build failed
BUILD FAILURE 6.4 wasm