The Swift Package Index logo.Swift Package Index

Build Information

Failed to build StreamChatVapor, reference main (ab08eb), with Swift 6.2 for Android on 17 Jul 2026 19:37:13 UTC.

Build Command

bash -c docker run --pull=always --rm -v "checkouts-54344844-1":/host -w "$PWD" -e JAVA_HOME="/root/.sdkman/candidates/java/current" -e SPI_BUILD="1" -e SPI_PROCESSING="1" registry.gitlab.com/saguaro1/spi-images:android-6.2-latest swift build --swift-sdk aarch64-unknown-linux-android28 2>&1

Build Log

========================================
RunAll
========================================
Builder version: 333316120c8b89ed7d21f1b34865290794301d91
Interrupt handler set up.
========================================
Checkout
========================================
Clone URL: https://github.com/GetStream/stream-chat-vapor-swift.git
Reference: main
Initialized empty Git repository in /host/spi-builder-workspace/.git/
hint: Using 'master' as the name for the initial branch. This default branch name
hint: is subject to change. To configure the initial branch name to use in all
hint: of your new repositories, which will suppress this warning, call:
hint:
hint: 	git config --global init.defaultBranch <name>
hint:
hint: Names commonly chosen instead of 'master' are 'main', 'trunk' and
hint: 'development'. The just-created branch can be renamed via this command:
hint:
hint: 	git branch -m <name>
From https://github.com/GetStream/stream-chat-vapor-swift
 * branch            main       -> FETCH_HEAD
 * [new branch]      main       -> origin/main
HEAD is now at ab08ebd Merge pull request #2 from GetStream/dependabot/swift/github.com/apple/swift-nio-extras-1.14.0
Cloned https://github.com/GetStream/stream-chat-vapor-swift.git
Revision (git rev-parse @):
ab08ebdb250c135f9457d68eaaa073873f44f444
SPI manifest file found: $PWD/.spi.yml
SUCCESS checkout https://github.com/GetStream/stream-chat-vapor-swift.git at main
========================================
Build
========================================
Selected platform:         android
Swift version:             6.2
Building package at path:  $PWD
https://github.com/GetStream/stream-chat-vapor-swift.git
Running build ...
bash -c docker run --pull=always --rm -v "checkouts-54344844-1":/host -w "$PWD" -e JAVA_HOME="/root/.sdkman/candidates/java/current" -e SPI_BUILD="1" -e SPI_PROCESSING="1" registry.gitlab.com/saguaro1/spi-images:android-6.2-latest swift build --swift-sdk aarch64-unknown-linux-android28 2>&1
android-6.2-latest: Pulling from saguaro1/spi-images
Digest: sha256:3f0849bce0d177c252f57ff0847fffe59d625aee973279c71a52a43c740d3c90
Status: Image is up to date for registry.gitlab.com/saguaro1/spi-images:android-6.2-latest
Fetching https://github.com/vapor/fluent.git
Fetching https://github.com/vapor/vapor.git
Fetching https://github.com/vapor/jwt.git
Fetching https://github.com/vapor/fluent-postgres-driver.git
Fetching https://github.com/vapor-community/Imperial.git
[1/2757] Fetching jwt
[250/5485] Fetching jwt, fluent-postgres-driver
[5183/10646] Fetching jwt, fluent-postgres-driver, imperial
[5590/88221] Fetching jwt, fluent-postgres-driver, imperial, vapor
[29265/101732] Fetching jwt, fluent-postgres-driver, imperial, vapor, fluent
Fetched https://github.com/vapor/fluent-postgres-driver.git from cache (0.70s)
Fetched https://github.com/vapor-community/Imperial.git from cache (0.71s)
[21511/93843] Fetching jwt, vapor, fluent
Fetched https://github.com/vapor/jwt.git from cache (1.36s)
Fetched https://github.com/vapor/fluent.git from cache (1.37s)
Fetched https://github.com/vapor/vapor.git from cache (1.38s)
Computing version for https://github.com/vapor-community/Imperial.git
Computed https://github.com/vapor-community/Imperial.git at 1.2.0 (1.57s)
Fetching https://github.com/vapor/jwt-kit.git
[1/9613] Fetching jwt-kit
Fetched https://github.com/vapor/jwt-kit.git from cache (0.83s)
Computing version for https://github.com/vapor/jwt.git
Computed https://github.com/vapor/jwt.git at 4.2.2 (1.01s)
Computing version for https://github.com/vapor/fluent.git
Computed https://github.com/vapor/fluent.git at 4.13.0 (0.16s)
Fetching https://github.com/vapor/fluent-kit.git
[1/13968] Fetching fluent-kit
Fetched https://github.com/vapor/fluent-kit.git from cache (0.58s)
Computing version for https://github.com/vapor/fluent-kit.git
Computed https://github.com/vapor/fluent-kit.git at 1.57.0 (0.74s)
Fetching https://github.com/apple/swift-log.git
Fetching https://github.com/apple/swift-distributed-tracing.git
Fetching https://github.com/apple/swift-service-context.git
Fetching https://github.com/vapor/sql-kit.git
Fetching https://github.com/apple/swift-nio.git
Fetching https://github.com/swift-server/swift-service-lifecycle.git
[1/1307] Fetching swift-service-context
[1308/4082] Fetching swift-service-context, swift-service-lifecycle
[1336/11867] Fetching swift-service-context, swift-service-lifecycle, swift-log
[11868/18136] Fetching swift-service-context, swift-service-lifecycle, swift-log, sql-kit
[11931/24001] Fetching swift-service-context, swift-service-lifecycle, swift-log, sql-kit, swift-distributed-tracing
Fetched https://github.com/vapor/sql-kit.git from cache (0.52s)
Fetched https://github.com/swift-server/swift-service-lifecycle.git from cache (0.53s)
[1/84596] Fetching swift-nio
Fetched https://github.com/apple/swift-service-context.git from cache (2.86s)
Fetched https://github.com/apple/swift-log.git from cache (2.86s)
Fetched https://github.com/apple/swift-distributed-tracing.git from cache (2.86s)
Fetched https://github.com/apple/swift-nio.git from cache (2.90s)
Computing version for https://github.com/apple/swift-distributed-tracing.git
Computed https://github.com/apple/swift-distributed-tracing.git at 1.4.1 (3.06s)
Computing version for https://github.com/swift-server/swift-service-lifecycle.git
Computed https://github.com/swift-server/swift-service-lifecycle.git at 2.11.0 (0.15s)
Fetching https://github.com/apple/swift-async-algorithms.git
[1/6599] Fetching swift-async-algorithms
Fetched https://github.com/apple/swift-async-algorithms.git from cache (0.51s)
Computing version for https://github.com/apple/swift-async-algorithms.git
Computed https://github.com/apple/swift-async-algorithms.git at 1.1.5 (0.73s)
Fetching https://github.com/apple/swift-collections.git
[1/26103] Fetching swift-collections
Fetched https://github.com/apple/swift-collections.git from cache (1.12s)
Computing version for https://github.com/apple/swift-collections.git
Computed https://github.com/apple/swift-collections.git at 1.6.0 (1.36s)
Computing version for https://github.com/apple/swift-service-context.git
Computed https://github.com/apple/swift-service-context.git at 1.3.0 (0.15s)
Computing version for https://github.com/vapor/sql-kit.git
Computed https://github.com/vapor/sql-kit.git at 3.36.0 (0.15s)
Computing version for https://github.com/vapor/vapor.git
Computed https://github.com/vapor/vapor.git at 4.122.0 (0.18s)
Fetching https://github.com/apple/swift-nio-extras.git
Fetching https://github.com/apple/swift-algorithms.git
Fetching https://github.com/apple/swift-atomics.git
Fetching https://github.com/apple/swift-metrics.git
Fetching https://github.com/vapor/websocket-kit.git
Fetching https://github.com/apple/swift-asn1.git
[1/1868] Fetching swift-atomics
[356/4538] Fetching swift-atomics, websocket-kit
[589/7949] Fetching swift-atomics, websocket-kit, swift-metrics
[4716/14554] Fetching swift-atomics, websocket-kit, swift-metrics, swift-nio-extras
[6305/20630] Fetching swift-atomics, websocket-kit, swift-metrics, swift-nio-extras, swift-algorithms
Fetched https://github.com/apple/swift-metrics.git from cache (0.47s)
[15304/17219] Fetching swift-atomics, websocket-kit, swift-nio-extras, swift-algorithms
Fetching https://github.com/apple/swift-certificates.git
Fetched https://github.com/apple/swift-nio-extras.git from cache (0.53s)
Fetching https://github.com/apple/swift-nio-http2.git
[1/1914] Fetching swift-asn1
Fetched https://github.com/vapor/websocket-kit.git from cache (0.79s)
Fetched https://github.com/apple/swift-asn1.git from cache (0.79s)
Fetched https://github.com/apple/swift-atomics.git from cache (0.79s)
Fetched https://github.com/apple/swift-algorithms.git from cache (0.79s)
Fetching https://github.com/apple/swift-crypto.git
Fetching https://github.com/apple/swift-nio-ssl.git
Fetching https://github.com/swift-server/async-http-client.git
Fetching https://github.com/vapor/multipart-kit.git
[1/7415] Fetching swift-certificates
[5340/19598] Fetching swift-certificates, swift-nio-http2
Fetched https://github.com/apple/swift-certificates.git from cache (0.62s)
Fetching https://github.com/vapor/async-kit.git
[2681/12183] Fetching swift-nio-http2
[7677/16163] Fetching swift-nio-http2, multipart-kit
[13816/32184] Fetching swift-nio-http2, multipart-kit, async-http-client
[14938/47781] Fetching swift-nio-http2, multipart-kit, async-http-client, swift-nio-ssl
[17788/65584] Fetching swift-nio-http2, multipart-kit, async-http-client, swift-nio-ssl, swift-crypto
Fetched https://github.com/apple/swift-nio-http2.git from cache (0.86s)
[8641/53401] Fetching multipart-kit, async-http-client, swift-nio-ssl, swift-crypto
Fetching https://github.com/vapor/routing-kit.git
[18474/55905] Fetching multipart-kit, async-http-client, swift-nio-ssl, swift-crypto, async-kit
Fetched https://github.com/vapor/async-kit.git from cache (0.41s)
Fetching https://github.com/vapor/console-kit.git
[22822/53401] Fetching multipart-kit, async-http-client, swift-nio-ssl, swift-crypto
Fetched https://github.com/swift-server/async-http-client.git from cache (0.86s)
[11502/37380] Fetching multipart-kit, swift-nio-ssl, swift-crypto
[17314/58825] Fetching multipart-kit, swift-nio-ssl, swift-crypto, routing-kit
Fetched https://github.com/vapor/multipart-kit.git from cache (1.05s)
[36650/54845] Fetching swift-nio-ssl, swift-crypto, routing-kit
[41830/61555] Fetching swift-nio-ssl, swift-crypto, routing-kit, console-kit
Fetched https://github.com/vapor/console-kit.git from cache (0.48s)
[53599/54845] Fetching swift-nio-ssl, swift-crypto, routing-kit
Fetched https://github.com/apple/swift-nio-ssl.git from cache (1.33s)
Fetched https://github.com/vapor/routing-kit.git from cache (0.75s)
Fetched https://github.com/apple/swift-crypto.git from cache (1.45s)
Computing version for https://github.com/apple/swift-atomics.git
Computed https://github.com/apple/swift-atomics.git at 1.3.1 (2.39s)
Computing version for https://github.com/apple/swift-algorithms.git
Computed https://github.com/apple/swift-algorithms.git at 1.2.1 (0.17s)
Fetching https://github.com/apple/swift-numerics.git
[1/6441] Fetching swift-numerics
Fetched https://github.com/apple/swift-numerics.git from cache (0.49s)
Computing version for https://github.com/vapor/routing-kit.git
Computed https://github.com/vapor/routing-kit.git at 4.9.3 (0.63s)
Computing version for https://github.com/vapor/websocket-kit.git
Computed https://github.com/vapor/websocket-kit.git at 2.16.2 (0.14s)
Fetching https://github.com/apple/swift-nio-transport-services.git
[1/2860] Fetching swift-nio-transport-services
Fetched https://github.com/apple/swift-nio-transport-services.git from cache (0.41s)
Computing version for https://github.com/apple/swift-numerics.git
Computed https://github.com/apple/swift-numerics.git at 1.1.1 (0.56s)
Computing version for https://github.com/apple/swift-nio-ssl.git
Computed https://github.com/apple/swift-nio-ssl.git at 2.37.2 (0.18s)
Computing version for https://github.com/apple/swift-nio.git
Computed https://github.com/apple/swift-nio.git at 2.101.3 (0.34s)
Fetching https://github.com/apple/swift-system.git
[1/6224] Fetching swift-system
Fetched https://github.com/apple/swift-system.git from cache (0.54s)
Computing version for https://github.com/vapor/console-kit.git
Computed https://github.com/vapor/console-kit.git at 4.16.0 (0.70s)
Computing version for https://github.com/apple/swift-log.git
Computed https://github.com/apple/swift-log.git at 1.14.0 (0.15s)
Computing version for https://github.com/vapor/async-kit.git
Computed https://github.com/vapor/async-kit.git at 1.22.0 (0.14s)
Computing version for https://github.com/apple/swift-certificates.git
Computed https://github.com/apple/swift-certificates.git at 1.19.3 (0.90s)
Computing version for https://github.com/apple/swift-asn1.git
Computed https://github.com/apple/swift-asn1.git at 1.7.1 (0.18s)
Computing version for https://github.com/apple/swift-metrics.git
Computed https://github.com/apple/swift-metrics.git at 2.11.0 (0.15s)
Computing version for https://github.com/vapor/multipart-kit.git
Computed https://github.com/vapor/multipart-kit.git at 4.7.1 (0.14s)
Computing version for https://github.com/apple/swift-system.git
Computed https://github.com/apple/swift-system.git at 1.7.4 (0.18s)
Computing version for https://github.com/apple/swift-nio-transport-services.git
Computed https://github.com/apple/swift-nio-transport-services.git at 1.28.0 (0.16s)
Computing version for https://github.com/apple/swift-crypto.git
Computed https://github.com/apple/swift-crypto.git at 4.5.1 (0.47s)
Computing version for https://github.com/apple/swift-nio-extras.git
Computed https://github.com/apple/swift-nio-extras.git at 1.34.3 (0.26s)
Fetching https://github.com/apple/swift-http-structured-headers.git
Fetching https://github.com/apple/swift-http-types.git
[1/1219] Fetching swift-http-types
[1220/2468] Fetching swift-http-types, swift-http-structured-headers
Fetched https://github.com/apple/swift-http-structured-headers.git from cache (0.73s)
Fetched https://github.com/apple/swift-http-types.git from cache (0.73s)
Computing version for https://github.com/apple/swift-http-types.git
Computed https://github.com/apple/swift-http-types.git at 1.6.0 (0.89s)
Computing version for https://github.com/apple/swift-http-structured-headers.git
Computed https://github.com/apple/swift-http-structured-headers.git at 1.7.0 (0.15s)
Computing version for https://github.com/apple/swift-nio-http2.git
Computed https://github.com/apple/swift-nio-http2.git at 1.44.0 (0.16s)
Computing version for https://github.com/swift-server/async-http-client.git
Computed https://github.com/swift-server/async-http-client.git at 1.35.0 (0.17s)
Fetching https://github.com/apple/swift-configuration.git
[1/3379] Fetching swift-configuration
Fetched https://github.com/apple/swift-configuration.git from cache (0.45s)
Computing version for https://github.com/apple/swift-configuration.git
Computed https://github.com/apple/swift-configuration.git at 1.2.0 (0.67s)
Computing version for https://github.com/vapor/jwt-kit.git
Computed https://github.com/vapor/jwt.git at 4.2.2 (0.00s)
Computed https://github.com/vapor/fluent.git at 4.13.0 (0.00s)
Computed https://github.com/vapor/fluent-kit.git at 1.57.0 (0.00s)
Computed https://github.com/apple/swift-distributed-tracing.git at 1.4.1 (0.00s)
Computed https://github.com/swift-server/swift-service-lifecycle.git at 2.11.0 (0.00s)
Computed https://github.com/apple/swift-async-algorithms.git at 1.1.5 (0.00s)
Computed https://github.com/apple/swift-collections.git at 1.6.0 (0.00s)
Computed https://github.com/apple/swift-service-context.git at 1.3.0 (0.00s)
Computed https://github.com/vapor/sql-kit.git at 3.36.0 (0.00s)
Computed https://github.com/vapor/vapor.git at 4.122.0 (0.00s)
Computed https://github.com/apple/swift-atomics.git at 1.3.1 (0.00s)
Computed https://github.com/apple/swift-algorithms.git at 1.2.1 (0.00s)
Computed https://github.com/vapor/routing-kit.git at 4.9.3 (0.00s)
Computed https://github.com/vapor/websocket-kit.git at 2.16.2 (0.00s)
Computed https://github.com/apple/swift-numerics.git at 1.1.1 (0.00s)
Computed https://github.com/apple/swift-nio-ssl.git at 2.37.2 (0.00s)
Computed https://github.com/apple/swift-nio.git at 2.101.3 (0.00s)
Computed https://github.com/vapor/console-kit.git at 4.16.0 (0.00s)
Computed https://github.com/apple/swift-log.git at 1.14.0 (0.00s)
Computed https://github.com/vapor/async-kit.git at 1.22.0 (0.00s)
Computed https://github.com/apple/swift-certificates.git at 1.19.3 (0.00s)
Computed https://github.com/apple/swift-crypto.git at 3.15.1 (0.41s)
Computed https://github.com/apple/swift-asn1.git at 1.7.1 (0.00s)
Computed https://github.com/apple/swift-metrics.git at 2.11.0 (0.00s)
Computed https://github.com/vapor/multipart-kit.git at 4.7.1 (0.00s)
Computed https://github.com/apple/swift-system.git at 1.7.4 (0.00s)
Computed https://github.com/apple/swift-nio-transport-services.git at 1.28.0 (0.00s)
Computed https://github.com/apple/swift-nio-extras.git at 1.34.3 (0.00s)
Computed https://github.com/apple/swift-http-types.git at 1.6.0 (0.00s)
Computed https://github.com/apple/swift-http-structured-headers.git at 1.7.0 (0.00s)
Computed https://github.com/apple/swift-nio-http2.git at 1.44.0 (0.00s)
Computed https://github.com/swift-server/async-http-client.git at 1.35.0 (0.00s)
Computed https://github.com/apple/swift-configuration.git at 1.2.0 (0.00s)
Computed https://github.com/vapor/jwt-kit.git at 4.13.5 (0.00s)
Computing version for https://github.com/vapor/fluent-postgres-driver.git
Computed https://github.com/vapor/fluent-postgres-driver.git at 2.12.0 (0.15s)
Fetching https://github.com/vapor/postgres-kit.git
[1/5485] Fetching postgres-kit
Fetched https://github.com/vapor/postgres-kit.git from cache (0.45s)
Computing version for https://github.com/vapor/postgres-kit.git
Computed https://github.com/vapor/postgres-kit.git at 2.15.1 (0.60s)
Fetching https://github.com/vapor/postgres-nio.git
[1/14234] Fetching postgres-nio
Fetched https://github.com/vapor/postgres-nio.git from cache (0.74s)
Computing version for https://github.com/vapor/postgres-nio.git
Computed https://github.com/vapor/postgres-nio.git at 1.33.0 (0.91s)
Creating working copy for https://github.com/vapor/vapor.git
Working copy of https://github.com/vapor/vapor.git resolved at 4.122.0
Creating working copy for https://github.com/vapor-community/Imperial.git
Working copy of https://github.com/vapor-community/Imperial.git resolved at 1.2.0
Creating working copy for https://github.com/vapor/jwt.git
Working copy of https://github.com/vapor/jwt.git resolved at 4.2.2
Creating working copy for https://github.com/apple/swift-algorithms.git
Working copy of https://github.com/apple/swift-algorithms.git resolved at 1.2.1
Creating working copy for https://github.com/swift-server/async-http-client.git
Working copy of https://github.com/swift-server/async-http-client.git resolved at 1.35.0
Creating working copy for https://github.com/apple/swift-distributed-tracing.git
Working copy of https://github.com/apple/swift-distributed-tracing.git resolved at 1.4.1
Creating working copy for https://github.com/apple/swift-collections.git
Working copy of https://github.com/apple/swift-collections.git resolved at 1.6.0
Creating working copy for https://github.com/apple/swift-nio-transport-services.git
Working copy of https://github.com/apple/swift-nio-transport-services.git resolved at 1.28.0
Creating working copy for https://github.com/apple/swift-service-context.git
Working copy of https://github.com/apple/swift-service-context.git resolved at 1.3.0
Creating working copy for https://github.com/swift-server/swift-service-lifecycle.git
Working copy of https://github.com/swift-server/swift-service-lifecycle.git resolved at 2.11.0
Creating working copy for https://github.com/vapor/postgres-kit.git
Working copy of https://github.com/vapor/postgres-kit.git resolved at 2.15.1
Creating working copy for https://github.com/apple/swift-numerics.git
Working copy of https://github.com/apple/swift-numerics.git resolved at 1.1.1
Creating working copy for https://github.com/apple/swift-nio-http2.git
Working copy of https://github.com/apple/swift-nio-http2.git resolved at 1.44.0
Creating working copy for https://github.com/vapor/fluent-postgres-driver.git
Working copy of https://github.com/vapor/fluent-postgres-driver.git resolved at 2.12.0
Creating working copy for https://github.com/vapor/sql-kit.git
Working copy of https://github.com/vapor/sql-kit.git resolved at 3.36.0
Creating working copy for https://github.com/vapor/websocket-kit.git
Working copy of https://github.com/vapor/websocket-kit.git resolved at 2.16.2
Creating working copy for https://github.com/apple/swift-crypto.git
Working copy of https://github.com/apple/swift-crypto.git resolved at 3.15.1
Creating working copy for https://github.com/apple/swift-nio-ssl.git
Working copy of https://github.com/apple/swift-nio-ssl.git resolved at 2.37.2
Creating working copy for https://github.com/apple/swift-http-structured-headers.git
Working copy of https://github.com/apple/swift-http-structured-headers.git resolved at 1.7.0
Creating working copy for https://github.com/apple/swift-asn1.git
Working copy of https://github.com/apple/swift-asn1.git resolved at 1.7.1
Creating working copy for https://github.com/vapor/postgres-nio.git
Working copy of https://github.com/vapor/postgres-nio.git resolved at 1.33.0
Creating working copy for https://github.com/apple/swift-certificates.git
Working copy of https://github.com/apple/swift-certificates.git resolved at 1.19.3
Creating working copy for https://github.com/apple/swift-http-types.git
Working copy of https://github.com/apple/swift-http-types.git resolved at 1.6.0
Creating working copy for https://github.com/vapor/async-kit.git
Working copy of https://github.com/vapor/async-kit.git resolved at 1.22.0
Creating working copy for https://github.com/vapor/fluent.git
Working copy of https://github.com/vapor/fluent.git resolved at 4.13.0
Creating working copy for https://github.com/vapor/routing-kit.git
Working copy of https://github.com/vapor/routing-kit.git resolved at 4.9.3
Creating working copy for https://github.com/vapor/multipart-kit.git
Working copy of https://github.com/vapor/multipart-kit.git resolved at 4.7.1
Creating working copy for https://github.com/apple/swift-log.git
Working copy of https://github.com/apple/swift-log.git resolved at 1.14.0
Creating working copy for https://github.com/vapor/console-kit.git
Working copy of https://github.com/vapor/console-kit.git resolved at 4.16.0
Creating working copy for https://github.com/vapor/jwt-kit.git
Working copy of https://github.com/vapor/jwt-kit.git resolved at 4.13.5
Creating working copy for https://github.com/apple/swift-metrics.git
Working copy of https://github.com/apple/swift-metrics.git resolved at 2.11.0
Creating working copy for https://github.com/apple/swift-nio-extras.git
Working copy of https://github.com/apple/swift-nio-extras.git resolved at 1.34.3
Creating working copy for https://github.com/apple/swift-system.git
Working copy of https://github.com/apple/swift-system.git resolved at 1.7.4
Creating working copy for https://github.com/apple/swift-nio.git
Working copy of https://github.com/apple/swift-nio.git resolved at 2.101.3
Creating working copy for https://github.com/vapor/fluent-kit.git
Working copy of https://github.com/vapor/fluent-kit.git resolved at 1.57.0
Creating working copy for https://github.com/apple/swift-atomics.git
Working copy of https://github.com/apple/swift-atomics.git resolved at 1.3.1
Creating working copy for https://github.com/apple/swift-async-algorithms.git
Working copy of https://github.com/apple/swift-async-algorithms.git resolved at 1.1.5
Creating working copy for https://github.com/apple/swift-configuration.git
Working copy of https://github.com/apple/swift-configuration.git resolved at 1.2.0
warning: 'jwt': found 1 file(s) which are unhandled; explicitly declare them as resources or exclude from the target
    /host/spi-builder-workspace/.build/checkouts/jwt/Sources/JWT/Docs.docc
Building for debugging...
[0/1371] Compiling sha1-586-linux.S
[1/1371] Compiling sha1-586-apple.S
[1/1371] Compiling sha1-armv4-large-linux.S
[3/1371] Write sources
[11/1371] Compiling p256_beeu-armv8-asm-linux.S
[11/1371] Write sources
[17/1371] Compiling p256_beeu-armv8-asm-apple.S
[25/1371] Write sources
[74/1371] Compiling _NumericsShims _NumericsShims.c
[75/1371] Compiling _AtomicsShims.c
[76/1371] Compiling CNIOWindows shim.c
[77/1371] Compiling CVaporBcrypt blf.c
[78/1371] Compiling CNIOWindows WSAStartup.c
[79/1371] Compiling CSystem shims.c
[80/1371] Compiling CNIOWASI CNIOWASI.c
[81/1371] Compiling CVaporBcrypt bcrypt.c
[82/1371] Compiling CNIOPosix event_loop_id.c
[83/1371] Write swift-version--11D90AFD9DD3AB2.txt
[84/1371] Compiling CNIOOpenBSD shim.c
[85/1371] Compiling CNIOSHA1 c_nio_sha1.c
[86/1371] Compiling CNIOLinux liburing_shims.c
[87/1376] Compiling CNIOLinux shim.c
[88/1416] Compiling CNIOLLHTTP c_nio_llhttp.c
[90/1416] Emitting module _CertificateInternals
[91/1433] Emitting module _NIOBase64
[91/1433] Compiling thread_win.cc
[92/1433] Compiling tasn_enc.cc
[93/1447] Compiling pmbtoken.cc
[95/1458] Emitting module RealModule
[96/1459] Emitting module Logging
[97/1460] Compiling RealModule RealFunctions.swift
[98/1460] Compiling RealModule RelaxedArithmetic.swift
[99/1460] Compiling RealModule Real.swift
[100/1460] Compiling SwiftASN1 ASN1Integer.swift
[101/1460] Compiling SwiftASN1 ASN1Null.swift
[102/1462] Compiling ServiceContextModule ServiceContext.swift
[103/1462] Emitting module ServiceContextModule
[104/1462] Compiling ServiceContextModule ServiceContextKey.swift
[105/1463] Compiling SwiftASN1 TimeUtilities.swift
[106/1463] Compiling SwiftASN1 UTCTime.swift
[108/1463] Compiling RealModule Float16+Real.swift
[109/1463] Compiling RealModule Float80+Real.swift
[110/1463] Compiling Logging LogEvent.swift
[111/1463] Compiling Logging LogHandler.swift
[112/1463] Compiling Logging MultiplexLogHandler.swift
[113/1463] Compiling Logging StreamLogHandler.swift
[114/1463] Compiling Logging SwiftLogNoOpLogHandler.swift
[115/1463] Compiling Logging Locks.swift
[117/1482] Emitting module _NIODataStructures
[118/1482] Compiling _NIODataStructures _TinyArray.swift
[119/1482] Compiling _NIODataStructures Heap.swift
[120/1482] Compiling _NIODataStructures PriorityQueue.swift
[121/1483] Compiling _CertificateInternals _TinyArray.swift
[122/1483] Compiling Logging Logger+Attributes.swift
[123/1483] Compiling InternalCollectionsUtilities RandomAccessCollection+Offsets.swift
[124/1483] Compiling InternalCollectionsUtilities Span+Extras.swift
[126/1487] Emitting module SystemPackage
[127/1494] Compiling InternalCollectionsUtilities Debugging.swift
[128/1494] Compiling InternalCollectionsUtilities Descriptions.swift
[129/1494] Compiling InternalCollectionsUtilities FixedWidthInteger+roundUpToPowerOfTwo.swift
[130/1494] Compiling InternalCollectionsUtilities LifetimeOverride.swift
[133/1495] Compiling _NIOBase64 Base64.swift
[134/1496] Compiling InternalCollectionsUtilities UnsafeMutableRawBufferPointer+Extras.swift
[135/1496] Compiling InternalCollectionsUtilities UnsafeRawBufferPointer+Extras.swift
[138/1498] Compiling Logging Logger+With.swift
[139/1498] Compiling Logging Logger.swift
[140/1498] Compiling Logging LoggingSystem.swift
[141/1503] Compiling InternalCollectionsUtilities _SortedCollection.swift
[142/1503] Compiling InternalCollectionsUtilities _UniqueCollection.swift
[142/1503] Wrapping AST for _NIODataStructures for debugging
[147/1506] Compiling Instrumentation NoOpInstrument.swift
[148/1506] Compiling Instrumentation MultiplexInstrument.swift
[149/1506] Compiling CoreMetrics WithMetricsFactory.swift
[149/1506] Wrapping AST for _NIOBase64 for debugging
[157/1506] Compiling ConcurrencyHelpers LockedValueBox.swift
[158/1506] Emitting module Instrumentation
[159/1506] Compiling Instrumentation Instrument.swift
[159/1506] Wrapping AST for _CertificateInternals for debugging
[162/1506] Wrapping AST for ServiceContextModule for debugging
[163/1506] Wrapping AST for RealModule for debugging
[165/1506] Compiling CoreMetrics MappingMetricsFactory.swift
[168/1506] Compiling CNIOLLHTTP c_nio_http.c
[170/1506] Compiling InternalCollectionsUtilities String+Padding.swift
[171/1506] Compiling InternalCollectionsUtilities _UnsafeBitSet+Index.swift
[171/1506] Compiling CNIOLLHTTP c_nio_api.c
[172/1506] Compiling CNIOFreeBSD shim.c
[173/1506] Compiling CNIOExtrasZlib zutil.c
[175/1506] Compiling InternalCollectionsUtilities Integer rank.swift
[176/1506] Compiling InternalCollectionsUtilities UInt+first and last set bit.swift
[177/1506] Compiling InternalCollectionsUtilities UInt+reversed.swift
[177/1506] Compiling CNIOExtrasZlib trees.c
[179/1506] Compiling InternalCollectionsUtilities UnsafeMutableBufferPointer+Extras.swift
[180/1506] Compiling CNIOExtrasZlib inftrees.c
[181/1506] Compiling CNIOExtrasZlib inflate.c
[183/1506] Emitting module InternalCollectionsUtilities
[184/1506] Compiling InternalCollectionsUtilities UnsafeBufferPointer+Extras.swift
[186/1506] Compiling InternalCollectionsUtilities _UnsafeBitSet+_Word.swift
[187/1506] Compiling InternalCollectionsUtilities _UnsafeBitSet.swift
[187/1507] Compiling CNIOExtrasZlib inffast.c
[190/1507] Emitting module SwiftASN1
[190/1507] Compiling CNIOExtrasZlib crc32.c
[191/1507] Compiling CNIOExtrasZlib deflate.c
[193/1634] Compiling _RopeModule BigString+RemoveSubrange.swift
[194/1634] Compiling _RopeModule BigString+ReplaceSubrange.swift
[195/1634] Compiling _RopeModule BigString+Split.swift
[196/1634] Compiling _RopeModule Range+BigString.swift
[197/1634] Compiling _RopeModule BigString+UTF16View.swift
[198/1634] Compiling CoreMetrics Metrics.swift
[199/1634] Compiling _RopeModule BigString+ExpressibleByStringLiteral.swift
[200/1634] Compiling _RopeModule BigString+Hashing.swift
[201/1634] Compiling _RopeModule BigString+LosslessStringConvertible.swift
[202/1634] Compiling _RopeModule BigString+RangeReplaceableCollection.swift
[203/1634] Compiling _RopeModule BigString+Sequence.swift
[204/1634] Compiling _RopeModule BigString+TextOutputStream.swift
[205/1634] Compiling _RopeModule BigString+Append.swift
[206/1634] Compiling _RopeModule BigString+Initializers.swift
[207/1634] Compiling _RopeModule BigString+Insert.swift
[208/1634] Compiling _RopeModule BigString+Managing Breaks.swift
[209/1634] Compiling _RopeModule BigString+Chunk+Splitting.swift
[210/1634] Compiling _RopeModule BigString+Chunk+UTF16.swift
[211/1634] Compiling _RopeModule BigString+Chunk+UTF8.swift
[212/1634] Compiling _RopeModule BigString+Chunk+UnicodeScalar.swift
[213/1634] Compiling _RopeModule BigString+Chunk.swift
[214/1634] Compiling _RopeModule BigString+Debugging.swift
[215/1634] Compiling _RopeModule BigString+Index.swift
[216/1634] Compiling _RopeModule BigString+Metrics.swift
[217/1634] Compiling _RopeModule BigString+Summary.swift
[218/1634] Compiling _RopeModule BigString.swift
[219/1634] Compiling _RopeModule BigString+Chunk+Append and Insert.swift
[220/1634] Compiling _RopeModule BigString+Chunk+Breaks.swift
[221/1634] Compiling Logging MetadataProvider.swift
[222/1634] Compiling Instrumentation Locks.swift
[223/1634] Compiling Instrumentation InstrumentationSystem.swift
[224/1634] Compiling _RopeModule BigString+Builder.swift
[225/1634] Compiling _RopeModule BigString+Contents.swift
[226/1636] Emitting module ConcurrencyHelpers
[227/1636] Compiling ConcurrencyHelpers Lock.swift
[228/1637] Emitting module CoreMetrics
[229/1637] Compiling CoreMetrics Locks.swift
[231/1638] Compiling _RopeModule BigString+BidirectionalCollection.swift
[232/1638] Compiling _RopeModule BigString+Comparable.swift
[233/1638] Compiling _RopeModule BigString+CustomDebugStringConvertible.swift
[234/1638] Compiling _RopeModule BigString+CustomStringConvertible.swift
[235/1638] Compiling _RopeModule BigString+Equatable.swift
[237/1638] Compiling _RopeModule BigString+Chunk+Character.swift
[238/1638] Compiling _RopeModule BigString+Chunk+Counts.swift
[239/1638] Compiling _RopeModule BigString+Chunk+Description.swift
[240/1638] Compiling _RopeModule BigString+Chunk+Index.swift
[241/1638] Compiling _RopeModule BigString+Chunk+RopeElement.swift
[250/1640] Compiling _RopeModule Rope+Debugging.swift
[251/1640] Compiling _RopeModule Rope+Invariants.swift
[252/1640] Compiling _RopeModule Rope+_Node.swift
[253/1640] Compiling _RopeModule Rope+_Storage.swift
[254/1640] Compiling _RopeModule Rope+_UnmanagedLeaf.swift
[255/1640] Compiling _RopeModule Rope+_UnsafeHandle.swift
[256/1640] Compiling _RopeModule Rope.swift
[257/1640] Compiling _RopeModule RopeElement.swift
[258/1673] Compiling HeapModule Heap+ExpressibleByArrayLiteral.swift
[259/1749] Compiling HeapModule Heap+Descriptions.swift
[260/1749] Compiling Tracing NoOpTracer.swift
[261/1749] Compiling Tracing InstrumentationSystem+Tracing.swift
[262/1749] Compiling HeapModule _HeapNode.swift
[263/1749] Compiling Tracing TracingTime.swift
[264/1749] Compiling HeapModule Heap.swift
[265/1749] Emitting module Tracing
[266/1749] Emitting module Metrics
[267/1749] Compiling Tracing TracerProtocol.swift
[268/1749] Emitting module HeapModule
[269/1749] Compiling HeapModule Heap+Invariants.swift
[270/1749] Compiling HeapModule Heap+UnsafeHandle.swift
[272/1750] Compiling Tracing TracerProtocol+Legacy.swift
[273/1750] Compiling Tracing Tracer.swift
[274/1750] Compiling Metrics Metrics.swift
[275/1787] Wrapping AST for SystemPackage for debugging
[277/1787] Compiling ContainersPreview BorrowingSequence+Standard Conformances.swift
[278/1787] Compiling ContainersPreview BorrowingSequence+Utilities.swift
[279/1787] Compiling ContainersPreview BorrowingSequence.swift
[280/1787] Compiling ContainersPreview BidirectionalContainer.swift
[281/1787] Compiling ContainersPreview Container+Filter.swift
[282/1791] Compiling ContainersPreview Drain+Map.swift
[283/1791] Compiling ContainersPreview Drain+Reduce.swift
[284/1791] Compiling ContainersPreview Drain.swift
[285/1791] Compiling ContainersPreview Producer+Collect.swift
[286/1791] Compiling ContainersPreview Producer+Filter.swift
[287/1791] Compiling ContainersPreview Producer+Map.swift
[288/1791] Compiling ContainersPreview Producer+Reduce.swift
[289/1791] Compiling ContainersPreview Producer.swift
[290/1791] Compiling ContainersPreview InputSpan.swift
[291/1791] Compiling ContainersPreview MutableRef.swift
[292/1791] Compiling UnixSignals UnixSignalsSequence.swift
[293/1791] Emitting module UnixSignals
[294/1791] Compiling UnixSignals UnixSignal.swift
[294/1792] Wrapping AST for SwiftASN1 for debugging
[296/1792] Compiling ContainersPreview PermutableContainer.swift
[297/1792] Compiling ContainersPreview RandomAccessContainer.swift
[298/1792] Compiling ContainersPreview RangeExpression2.swift
[299/1792] Compiling ContainersPreview RangeReplaceableContainer.swift
[300/1792] Compiling ContainersPreview Strideable+Limits.swift
[301/1792] Compiling ContainersPreview BorrowingIteratorProtocol+Map.swift
[302/1792] Compiling ContainersPreview BorrowingIteratorProtocol+Reduce.swift
[303/1792] Compiling ContainersPreview BorrowingIteratorProtocol+SpanwiseZip.swift
[304/1792] Compiling ContainersPreview BorrowingIteratorProtocol.swift
[305/1792] Compiling ContainersPreview BorrowingSequence+Algorithms.swift
[306/1792] Compiling ContainersPreview Container+SpanwiseZip.swift
[307/1792] Compiling ContainersPreview Container.swift
[308/1792] Compiling ContainersPreview ContainerIterator.swift
[309/1792] Compiling ContainersPreview DynamicContainer.swift
[310/1792] Compiling ContainersPreview MutableContainer.swift
[311/1792] Wrapping AST for Metrics for debugging
[313/1792] Emitting module ContainersPreview
[314/1792] Compiling Tracing SpanProtocol.swift
[314/1793] Wrapping AST for Logging for debugging
[317/1793] Compiling ContainersPreview OutputSpan+Extras.swift
[318/1793] Compiling ContainersPreview TemporaryAllocation.swift
[319/1793] Compiling ContainersPreview BorrowingIteratorProtocol+Copy.swift
[320/1793] Compiling ContainersPreview BorrowingIteratorProtocol+ElementsEqual.swift
[321/1793] Compiling ContainersPreview BorrowingIteratorProtocol+Filter.swift
[321/1793] Wrapping AST for UnixSignals for debugging
[323/1793] Compiling ContainersPreview Ref.swift
[324/1793] Compiling ContainersPreview Shared.swift
[325/1793] Compiling ContainersPreview SpanIterator.swift
[326/1793] Compiling ContainersPreview UniqueBox.swift
[326/1794] Wrapping AST for Instrumentation for debugging
[327/1794] Wrapping AST for InternalCollectionsUtilities for debugging
[361/1794] Wrapping AST for CoreMetrics for debugging
[362/1794] Wrapping AST for HeapModule for debugging
[363/1794] Wrapping AST for Tracing for debugging
[364/1794] Wrapping AST for ConcurrencyHelpers for debugging
[373/1794] Compiling HashTreeCollections _HashNode+UnsafeHandle.swift
[374/1794] Compiling HashTreeCollections _HashNode.swift
[375/1794] Compiling HashTreeCollections _HashNodeHeader.swift
[376/1794] Compiling HashTreeCollections _HashSlot.swift
[377/1794] Compiling HashTreeCollections _HashStack.swift
[378/1794] Compiling HashTreeCollections TreeDictionary+Equatable.swift
[379/1794] Compiling HashTreeCollections TreeDictionary+ExpressibleByDictionaryLiteral.swift
[380/1794] Compiling HashTreeCollections TreeDictionary+Filter.swift
[381/1794] Compiling HashTreeCollections TreeDictionary+Hashable.swift
[382/1794] Compiling HashTreeCollections TreeSet+Hashable.swift
[383/1794] Compiling HashTreeCollections TreeSet+Sendable.swift
[384/1794] Compiling HashTreeCollections TreeSet+Sequence.swift
[385/1794] Compiling HashTreeCollections TreeSet+SetAlgebra Initializers.swift
[386/1794] Compiling HashTreeCollections TreeSet+SetAlgebra basics.swift
[387/1794] Compiling HashTreeCollections TreeSet+SetAlgebra formIntersection.swift
[388/1794] Compiling HashTreeCollections TreeSet+SetAlgebra formSymmetricDifference.swift
[389/1794] Compiling HashTreeCollections TreeSet+SetAlgebra formUnion.swift
[390/1794] Compiling HashTreeCollections TreeSet+SetAlgebra intersection.swift
[391/1794] Compiling HashTreeCollections TreeSet+SetAlgebra isDisjoint.swift
[392/1794] Compiling HashTreeCollections TreeDictionary.swift
[393/1794] Compiling HashTreeCollections TreeSet+Codable.swift
[394/1794] Compiling HashTreeCollections TreeSet+Collection.swift
[395/1794] Compiling HashTreeCollections TreeSet+CustomReflectable.swift
[396/1794] Compiling HashTreeCollections TreeSet+Debugging.swift
[397/1794] Compiling HashTreeCollections TreeSet+Descriptions.swift
[398/1794] Compiling HashTreeCollections TreeSet+Equatable.swift
[399/1794] Compiling HashTreeCollections TreeSet+ExpressibleByArrayLiteral.swift
[400/1794] Compiling HashTreeCollections TreeSet+Extras.swift
[401/1794] Compiling HashTreeCollections TreeSet+Filter.swift
[401/1804] Wrapping AST for ContainersPreview for debugging
[402/1804] Compiling CNIODarwin shim.c
[403/1823] Compiling CNIOExtrasZlib adler32.c
[409/1845] Compiling HashTreeCollections TreeDictionary+Initializers.swift
[410/1845] Compiling HashTreeCollections TreeDictionary+Keys.swift
[411/1845] Compiling HashTreeCollections TreeDictionary+MapValues.swift
[412/1845] Compiling HashTreeCollections TreeDictionary+Merge.swift
[413/1845] Compiling HashTreeCollections TreeDictionary+Sendable.swift
[414/1845] Compiling HashTreeCollections TreeDictionary+Sequence.swift
[415/1845] Compiling HashTreeCollections TreeDictionary+Values.swift
[415/1845] Compiling fiat_p256_adx_sqr.S
[416/1845] Compiling fiat_p256_adx_mul.S
[417/1845] Compiling fiat_curve25519_adx_square.S
[418/1845] Compiling fiat_curve25519_adx_mul.S
[429/1854] Compiling DequeModule Deque._UnsafeHandle.swift
[430/1854] Compiling DequeModule Deque.swift
[431/1854] Compiling DequeModule _DequeBuffer.swift
[432/1854] Compiling DequeModule _DequeBufferHeader.swift
[433/1854] Compiling DequeModule RigidDeque+Append.swift
[434/1854] Compiling DequeModule RigidDeque+Consumption.swift
[435/1854] Compiling DequeModule RigidDeque+Container.swift
[436/1854] Compiling DequeModule RigidDeque+Descriptions.swift
[437/1854] Compiling DequeModule RigidDeque+Equatable.swift
[438/1854] Compiling DequeModule RigidDeque+Experimental.swift
[455/1854] Compiling CNIOBoringSSLShims shims.c
[459/1854] Compiling DequeModule RigidDeque+Hashable.swift
[460/1854] Compiling DequeModule RigidDeque+Initializers.swift
[461/1854] Compiling DequeModule RigidDeque+Insertions.swift
[462/1854] Compiling DequeModule RigidDeque+Prepend.swift
[469/1859] Compiling DequeModule Deque+Codable.swift
[470/1859] Compiling DequeModule Deque+Collection.swift
[471/1859] Compiling DequeModule Deque+CustomReflectable.swift
[472/1859] Compiling DequeModule Deque+Descriptions.swift
[473/1859] Compiling DequeModule Deque+Equatable.swift
[474/1859] Compiling DequeModule Deque+ExpressibleByArrayLiteral.swift
[475/1859] Compiling DequeModule Deque+Extras.swift
[476/1859] Compiling DequeModule Deque+Hashable.swift
[477/1859] Compiling DequeModule Deque+Testing.swift
[478/1859] Compiling DequeModule Deque._Storage.swift
[479/1859] Compiling DequeModule UniqueDeque+Container.swift
[480/1859] Compiling DequeModule UniqueDeque+Deprecated.swift
[481/1859] Compiling DequeModule UniqueDeque+Descriptions.swift
[482/1859] Compiling DequeModule UniqueDeque+Equatable.swift
[483/1859] Compiling DequeModule UniqueDeque+Experimental.swift
[484/1859] Compiling DequeModule UniqueDeque+Hashable.swift
[485/1859] Compiling DequeModule UniqueDeque+Initializers.swift
[486/1859] Compiling DequeModule UniqueDeque+Insertions.swift
[487/1859] Compiling DequeModule UniqueDeque+Prepend.swift
[488/1859] Compiling DequeModule UniqueDeque+Removals.swift
[489/1859] Compiling DequeModule RigidDeque+Removals.swift
[490/1859] Compiling DequeModule RigidDeque+Replacements.swift
[491/1859] Compiling DequeModule RigidDeque+Testing.swift
[492/1859] Compiling DequeModule RigidDeque.swift
[493/1859] Compiling DequeModule UniqueDeque+Append.swift
[494/1859] Compiling DequeModule UniqueDeque+Consumption.swift
[495/1859] Compiling RoutingKit PathComponent.swift
[496/1859] Emitting module _RopeModule
[497/1859] Compiling _RopeModule String Utilities.swift
[498/1859] Compiling _RopeModule String.Index+ABI.swift
[499/1859] Compiling _RopeModule _CharacterRecognizer.swift
[500/1859] Compiling HashTreeCollections TreeSet+SetAlgebra isSubset.swift
[501/1859] Compiling HashTreeCollections TreeSet+SetAlgebra isSuperset.swift
[502/1859] Compiling HashTreeCollections TreeSet+SetAlgebra subtract.swift
[503/1859] Compiling HashTreeCollections TreeSet+SetAlgebra subtracting.swift
[504/1859] Compiling HashTreeCollections TreeSet+SetAlgebra symmetricDifference.swift
[505/1859] Compiling HashTreeCollections TreeSet+SetAlgebra union.swift
[506/1859] Compiling HashTreeCollections TreeSet.swift
[518/1859] Compiling RoutingKit Router.swift
[519/1859] Compiling RoutingKit TrieRouter.swift
[537/1859] Emitting module OrderedCollections
[545/1860] Emitting module RoutingKit
[545/1860] Compiling tls_method.cc
[546/1860] Compiling RoutingKit Parameters.swift
[548/1860] Compiling RoutingKit AnyRouter.swift
[560/1861] Wrapping AST for OrderedCollections for debugging
[561/1861] Compiling tls_record.cc
[573/1861] Compiling DequeModule UniqueDeque+Replacements.swift
[574/1861] Compiling DequeModule UniqueDeque.swift
[575/1861] Compiling DequeModule _DequeSlot.swift
[576/1861] Compiling DequeModule _UnsafeDequeHandle.swift
[577/1861] Compiling DequeModule _UnsafeDequeSegments.swift
[604/1861] Compiling _RopeModule Rope+Join.swift
[605/1861] Compiling _RopeModule Rope+MutatingForEach.swift
[606/1861] Compiling _RopeModule Rope+Remove.swift
[607/1861] Compiling _RopeModule Rope+RemoveSubrange.swift
[608/1861] Compiling _RopeModule Rope+Split.swift
[609/1861] Compiling _RopeModule Optional Utilities.swift
[613/1862] Compiling tls13_server.cc
[615/1862] Emitting module HashTreeCollections
[615/1863] Wrapping AST for RoutingKit for debugging
[616/1863] Wrapping AST for _RopeModule for debugging
[618/1863] Compiling tls13_enc.cc
[619/1863] Wrapping AST for HashTreeCollections for debugging
[620/1863] Compiling t1_enc.cc
[621/1863] Compiling tls13_client.cc
[627/1863] Compiling tls13_both.cc
[629/1863] Emitting module DequeModule
[630/1864] Compiling ssl_versions.cc
[631/1907] Compiling ssl_stat.cc
[632/1907] Wrapping AST for DequeModule for debugging
[633/1907] Compiling ssl_transcript.cc
[634/1907] Compiling ssl_x509.cc
[636/1907] Compiling Configuration JSONSnapshot.swift
[637/1907] Compiling Configuration PropertyListSnapshot.swift
[638/1907] Compiling Configuration ReloadingFileProvider.swift
[639/1907] Compiling Configuration ReloadingFileProviderMetrics.swift
[640/1907] Compiling Configuration YAMLSnapshot.swift
[641/1907] Compiling Configuration InMemoryProvider.swift
[642/1912] Compiling Configuration Deprecations.swift
[643/1912] Compiling Configuration ExpressibleByConfigInt.swift
[644/1912] Compiling Configuration ExpressibleByConfigString.swift
[645/1912] Compiling Configuration CLIKeyEncoder.swift
[646/1912] Compiling Configuration ConfigKeyEncoder.swift
[647/1912] Compiling Configuration DotSeparatorKeyDecoder.swift
[647/1912] Compiling ssl_session.cc
[648/1912] Compiling ssl_privkey.cc
[649/1912] Compiling ssl_lib.cc
[650/1912] Compiling ssl_file.cc
[652/1912] Compiling Configuration EnvironmentKeyEncoder.swift
[653/1912] Compiling Configuration EnvironmentVariablesProvider.swift
[654/1912] Compiling Configuration CommonProviderFileSystem.swift
[655/1912] Compiling Configuration DirectoryFilesProvider.swift
[656/1912] Compiling Configuration FileProvider.swift
[657/1912] Compiling Configuration FileProviderSnapshot.swift
[657/1912] Compiling ssl_credential.cc
[658/1912] Compiling ssl_key_share.cc
[659/1912] Compiling ssl_buffer.cc
[660/1912] Compiling ssl_cert.cc
[661/1912] Compiling ssl_cipher.cc
[662/1912] Compiling ssl_aead_ctx.cc
[663/1912] Compiling ssl_asn1.cc
[664/1912] Compiling s3_pkt.cc
[665/1912] Compiling s3_lib.cc
[666/1912] Compiling s3_both.cc
[668/1912] Compiling Configuration SeparatorKeyEncoder.swift
[669/1912] Compiling Configuration MultiProvider.swift
[670/1912] Compiling Configuration CLIArgumentParser.swift
[671/1912] Compiling Configuration CLISnapshot.swift
[672/1912] Compiling Configuration CommandLineArgumentsProvider.swift
[673/1912] Compiling Configuration EnvironmentFileParser.swift
[674/1912] Compiling Configuration CombineLatestManyStorage.swift
[675/1912] Compiling Configuration AsyncSequences.swift
[676/1912] Compiling Configuration FoundationExtensions.swift
[677/1912] Compiling Configuration Span.swift
[678/1912] Compiling Configuration ConfigBytesFromStringDecoder.swift
[678/1912] Compiling handshake_server.cc
[680/1912] Compiling Configuration AccessReporter.swift
[681/1912] Compiling Configuration AccessLogger.swift
[682/1912] Compiling Configuration FileAccessLogger.swift
[683/1912] Compiling Configuration ConfigContext.swift
[684/1912] Compiling Configuration ConfigKey.swift
[685/1912] Compiling Configuration ConfigProvider.swift
[686/1912] Emitting module Configuration
[686/1912] Compiling handshake_client.cc
[688/1912] Compiling Configuration MutableInMemoryProvider.swift
[689/1912] Compiling Configuration ConfigProvider+Operators.swift
[690/1912] Compiling Configuration KeyMappingProvider.swift
[691/1912] Compiling Configuration SecretsSpecifier.swift
[692/1912] Compiling Configuration AsyncCombineLatestManySequence.swift
[693/1912] Compiling Configuration CombineLatestManyStateMachine.swift
[693/1912] Compiling handshake.cc
[694/1912] Compiling handoff.cc
[695/1912] Compiling encrypted_client_hello.cc
[697/1912] Compiling Configuration ConfigProviderHelpers.swift
[698/1912] Compiling Configuration ConfigReader+internalHelpers.swift
[699/1912] Compiling Configuration ConfigReader+methods.swift
[700/1912] Compiling Configuration ConfigReader.swift
[701/1912] Compiling Configuration ConfigSnapshotReader+methods.swift
[702/1912] Compiling Configuration ConfigSnapshotReader.swift
[702/1912] Compiling dtls_record.cc
[704/1913] Compiling md5-x86_64-linux.S
[705/1913] Compiling extensions.cc
[706/1913] Wrapping AST for Configuration for debugging
[707/1913] Compiling dtls_method.cc
[708/1913] Compiling md5-x86_64-apple.S
[709/1913] Compiling md5-586-linux.S
[710/1913] Compiling md5-586-apple.S
[711/1913] Compiling chacha20_poly1305_x86_64-linux.S
[712/1913] Compiling chacha20_poly1305_x86_64-apple.S
[713/1913] Compiling chacha20_poly1305_armv8-win.S
[714/1913] Compiling chacha20_poly1305_armv8-apple.S
[715/1913] Compiling chacha20_poly1305_armv8-linux.S
[716/1913] Compiling chacha-x86_64-linux.S
[717/1913] Compiling d1_srtp.cc
[718/1913] Compiling chacha-x86_64-apple.S
[719/1913] Compiling chacha-x86-linux.S
[720/1913] Compiling chacha-x86-apple.S
[721/1913] Compiling chacha-armv8-win.S
[722/1913] Compiling chacha-armv8-apple.S
[723/1913] Compiling chacha-armv4-linux.S
[724/1913] Compiling chacha-armv8-linux.S
[725/1913] Compiling aes128gcmsiv-x86_64-linux.S
[726/1913] Compiling x86_64-mont5-linux.S
[727/1913] Compiling aes128gcmsiv-x86_64-apple.S
[728/1913] Compiling x86_64-mont5-apple.S
[729/1913] Compiling x86_64-mont-linux.S
[729/1913] Compiling x86_64-mont-apple.S
[731/1913] Compiling x86-mont-linux.S
[732/1913] Compiling x86-mont-apple.S
[733/1913] Compiling vpaes-x86_64-linux.S
[734/1913] Compiling vpaes-x86_64-apple.S
[735/1913] Compiling d1_pkt.cc
[736/1913] Compiling err_data.cc
[737/1913] Compiling vpaes-x86-linux.S
[738/1913] Compiling vpaes-x86-apple.S
[739/1913] Compiling vpaes-armv8-win.S
[740/1913] Compiling d1_lib.cc
[741/1913] Compiling vpaes-armv7-linux.S
[742/1913] Compiling vpaes-armv8-apple.S
[743/1913] Compiling vpaes-armv8-linux.S
[744/1913] Compiling sha512-x86_64-linux.S
[745/1913] Compiling sha512-x86_64-apple.S
[746/1913] Compiling sha512-armv8-win.S
[747/1913] Compiling sha512-armv8-apple.S
[748/1913] Compiling sha512-armv4-linux.S
[749/1913] Compiling sha512-586-linux.S
[750/1913] Compiling sha512-armv8-linux.S
[751/1913] Compiling sha512-586-apple.S
[752/1913] Compiling sha256-x86_64-linux.S
[753/1913] Compiling sha256-armv8-win.S
[754/1913] Compiling sha256-x86_64-apple.S
[755/1913] Compiling sha256-armv8-apple.S
[756/1913] Compiling bio_ssl.cc
[757/1913] Compiling sha256-armv4-linux.S
[758/1913] Compiling sha256-armv8-linux.S
[759/1913] Compiling sha256-586-linux.S
[760/1913] Compiling sha1-x86_64-linux.S
[761/1913] Compiling sha256-586-apple.S
[762/1913] Compiling sha1-x86_64-apple.S
[763/1913] Compiling sha1-armv8-win.S
[764/1913] Compiling sha1-armv4-large-linux.S
[765/1913] Compiling sha1-armv8-apple.S
[766/1913] Compiling sha1-586-apple.S
[767/1913] Compiling sha1-586-linux.S
[768/1913] Compiling sha1-armv8-linux.S
[769/1913] Compiling rsaz-avx2-linux.S
[770/1913] Compiling rsaz-avx2-apple.S
[771/1913] Compiling rdrand-x86_64-apple.S
[772/1913] Compiling rdrand-x86_64-linux.S
[773/1913] Compiling p256_beeu-x86_64-asm-linux.S
[773/1913] Compiling p256_beeu-armv8-asm-win.S
[773/1913] Compiling p256_beeu-x86_64-asm-apple.S
[776/1913] Compiling p256_beeu-armv8-asm-apple.S
[776/1913] Compiling p256_beeu-armv8-asm-linux.S
[778/1913] Compiling p256-x86_64-asm-linux.S
[779/1913] Compiling p256-x86_64-asm-apple.S
[780/1913] Compiling p256-armv8-asm-win.S
[781/1913] Compiling ghashv8-armv8-win.S
[781/1913] Compiling p256-armv8-asm-apple.S
[783/1913] Compiling p256-armv8-asm-linux.S
[784/1913] Compiling ghashv8-armv8-linux.S
[785/1913] Compiling ghash-x86_64-linux.S
[786/1913] Compiling ghashv8-armv7-linux.S
[787/1913] Compiling ghashv8-armv8-apple.S
[788/1913] Compiling ghash-x86_64-apple.S
[789/1913] Compiling ghash-x86-linux.S
[790/1913] Compiling ghash-x86-apple.S
[791/1913] Compiling ghash-ssse3-x86_64-linux.S
[792/1913] Compiling ghash-ssse3-x86-linux.S
[792/1913] Compiling ghash-ssse3-x86_64-apple.S
[794/1913] Compiling ghash-ssse3-x86-apple.S
[795/1913] Compiling ghash-neon-armv8-win.S
[796/1913] Compiling ghash-neon-armv8-linux.S
[797/1913] Compiling ghash-neon-armv8-apple.S
[798/1913] Compiling ghash-armv4-linux.S
[799/1913] Compiling co-586-linux.S
[800/1913] Compiling co-586-apple.S
[801/1913] Compiling bsaes-armv7-linux.S
[802/1913] Compiling bn-armv8-win.S
[803/1913] Compiling bn-armv8-linux.S
[804/1913] Compiling bn-586-apple.S
[804/1913] Compiling bn-armv8-apple.S
[806/1913] Compiling bn-586-linux.S
[807/1913] Compiling armv8-mont-win.S
[808/1913] Compiling armv8-mont-linux.S
[809/1913] Compiling armv4-mont-linux.S
[809/1913] Compiling armv8-mont-apple.S
[811/1913] Compiling aesv8-gcm-armv8-win.S
[812/1913] Compiling aesv8-gcm-armv8-apple.S
[813/1913] Compiling aesv8-armv8-win.S
[814/1913] Compiling aesv8-gcm-armv8-linux.S
[815/1913] Compiling aesv8-armv8-apple.S
[816/1913] Compiling aesv8-armv8-linux.S
[817/1913] Compiling aesv8-armv7-linux.S
[818/1913] Compiling aesni-x86_64-apple.S
[819/1913] Compiling aesni-x86_64-linux.S
[820/1913] Compiling aesni-x86-linux.S
[821/1913] Compiling aesni-x86-apple.S
[822/1913] Compiling aesni-gcm-x86_64-apple.S
[823/1913] Compiling aesni-gcm-x86_64-linux.S
[824/1913] Compiling aes-gcm-avx2-x86_64-linux.S
[825/1913] Compiling d1_both.cc
[826/1913] Compiling aes-gcm-avx2-x86_64-apple.S
[827/1913] Compiling aes-gcm-avx10-x86_64-linux.S
[828/1913] Compiling aes-gcm-avx10-x86_64-apple.S
[829/1913] Compiling x_sig.cc
[830/1913] Compiling x_val.cc
[831/1913] Compiling x_x509a.cc
[832/1913] Compiling x_spki.cc
[833/1913] Compiling x_req.cc
[834/1913] Compiling x_x509.cc
[835/1913] Compiling x_pubkey.cc
[836/1913] Compiling x_name.cc
[837/1913] Compiling x509spki.cc
[838/1913] Compiling x_exten.cc
[839/1913] Compiling x_algor.cc
[840/1913] Compiling x_attrib.cc
[841/1913] Compiling x_crl.cc
[842/1913] Compiling x_all.cc
[843/1913] Compiling x509rset.cc
[844/1913] Compiling x509name.cc
[845/1913] Compiling x509_txt.cc
[846/1913] Compiling x509cset.cc
[847/1913] Compiling x509_vpm.cc
[848/1913] Compiling x509_v3.cc
[849/1913] Compiling x509_trs.cc
[850/1913] Compiling x509_vfy.cc
[851/1913] Compiling x509_set.cc
[852/1913] Compiling x509_req.cc
[853/1913] Compiling x509_obj.cc
[853/1913] Compiling x509_def.cc
[855/1913] Compiling x509_d2.cc
[856/1913] Compiling x509_ext.cc
[856/1913] Compiling x509_lu.cc
[858/1913] Compiling x509_cmp.cc
[859/1913] Compiling x509.cc
[860/1913] Compiling x509_att.cc
[861/1913] Compiling v3_skey.cc
[862/1913] Compiling v3_prn.cc
[863/1913] Compiling v3_pmaps.cc
[863/1913] Compiling v3_purp.cc
[865/1913] Compiling v3_ocsp.cc
[865/1913] Compiling v3_pcons.cc
[866/1913] Compiling v3_utl.cc
[868/1913] Compiling v3_ncons.cc
[869/1913] Compiling v3_int.cc
[870/1913] Compiling v3_lib.cc
[871/1913] Compiling v3_ia5.cc
[872/1913] Compiling v3_extku.cc
[873/1913] Compiling v3_info.cc
[874/1913] Compiling v3_enum.cc
[875/1913] Compiling v3_genn.cc
[876/1913] Compiling v3_crld.cc
[877/1913] Compiling v3_bitst.cc
[878/1913] Compiling v3_conf.cc
[879/1913] Compiling v3_cpols.cc
[880/1913] Compiling v3_bcons.cc
[881/1913] Compiling v3_akeya.cc
[882/1913] Compiling v3_akey.cc
[883/1913] Compiling t_x509a.cc
[884/1913] Compiling v3_alt.cc
[885/1913] Compiling i2d_pr.cc
[886/1913] Compiling t_crl.cc
[887/1913] Compiling t_req.cc
[887/1913] Compiling t_x509.cc
[889/1913] Compiling rsa_pss.cc
[890/1913] Compiling name_print.cc
[891/1913] Compiling policy.cc
[892/1913] Compiling by_file.cc
[893/1913] Compiling by_dir.cc
[894/1913] Compiling algorithm.cc
[894/1913] Compiling a_verify.cc
[896/1913] Compiling asn1_gen.cc
[897/1913] Compiling a_digest.cc
[898/1913] Compiling voprf.cc
[899/1913] Compiling a_sign.cc
[900/1913] Compiling trust_token.cc
[901/1913] Compiling thread_win.cc
[902/1913] Compiling thread_pthread.cc
[903/1913] Compiling thread_none.cc
[904/1913] Compiling thread.cc
[905/1913] Compiling stack.cc
[906/1913] Compiling pmbtoken.cc
[907/1913] Compiling slhdsa.cc
[908/1913] Compiling spake2plus.cc
[909/1913] Compiling sha512.cc
[910/1913] Compiling siphash.cc
[911/1913] Compiling sha256.cc
[912/1913] Compiling sha1.cc
[913/1913] Compiling rsa_print.cc
[914/1913] Compiling rsa_extra.cc
[915/1913] Compiling rsa_crypt.cc
[916/1913] Compiling rc4.cc
[917/1913] Compiling refcount.cc
[918/1913] Compiling windows.cc
[919/1913] Compiling urandom.cc
[920/1913] Compiling trusty.cc
[921/1913] Compiling rsa_asn1.cc
[922/1913] Compiling rand.cc
[923/1913] Compiling passive.cc
[924/1913] Compiling poly1305_arm_asm.S
[925/1913] Compiling ios.cc
[926/1913] Compiling getentropy.cc
[927/1913] Compiling forkunsafe.cc
[928/1913] Compiling deterministic.cc
[929/1913] Compiling fork_detect.cc
[930/1913] Compiling poly1305_vec.cc
[931/1913] Compiling pool.cc
[932/1913] Compiling poly1305_arm.cc
[933/1913] Compiling poly1305.cc
[934/1913] Compiling pkcs7.cc
[935/1913] Compiling pkcs8_x509.cc
[936/1913] Compiling p5_pbev2.cc
[937/1913] Compiling pkcs8.cc
[938/1913] Compiling pkcs7_x509.cc
[939/1913] Compiling pem_xaux.cc
[940/1913] Compiling pem_x509.cc
[941/1913] Compiling pem_pkey.cc
[942/1913] Compiling pem_oth.cc
[943/1913] Compiling mlkem.cc
[944/1913] Compiling pem_pk8.cc
[945/1913] Compiling pem_info.cc
[946/1913] Compiling pem_lib.cc
[947/1913] Compiling pem_all.cc
[948/1913] Compiling obj_xref.cc
[949/1913] Compiling obj.cc
[950/1913] Compiling poly_rq_mul.S
[951/1913] Compiling mldsa.cc
[952/1913] Compiling fips_shared_support.cc
[953/1913] Compiling md5.cc
[954/1913] Compiling mem.cc
[955/1913] Compiling lhash.cc
[956/1913] Compiling md4.cc
[957/1913] Compiling kyber.cc
[958/1913] Compiling sign.cc
[959/1913] Compiling ex_data.cc
[960/1913] Compiling hrss.cc
[961/1913] Compiling scrypt.cc
[962/1913] Compiling print.cc
[963/1913] Compiling hpke.cc
[964/1913] Compiling pbkdf.cc
[965/1913] Compiling p_x25519.cc
[966/1913] Compiling p_x25519_asn1.cc
[967/1913] Compiling p_rsa_asn1.cc
[968/1913] Compiling p_rsa.cc
[969/1913] Compiling p_hkdf.cc
[970/1913] Compiling p_ed25519.cc
[971/1913] Compiling p_ed25519_asn1.cc
[972/1913] Compiling p_ec.cc
[972/1913] Compiling p_ec_asn1.cc
[974/1913] Compiling p_dh_asn1.cc
[975/1913] Compiling p_dh.cc
[976/1913] Compiling evp_ctx.cc
[977/1913] Compiling p_dsa_asn1.cc
[978/1913] Compiling evp_asn1.cc
[979/1913] Compiling engine.cc
[980/1913] Compiling err.cc
[981/1913] Compiling evp.cc
[982/1913] Compiling ecdh.cc
[983/1913] Compiling ecdsa_asn1.cc
[984/1913] Compiling hash_to_curve.cc
[985/1913] Compiling ec_derive.cc
[986/1913] Compiling dsa.cc
[987/1913] Compiling dsa_asn1.cc
[988/1913] Compiling ec_asn1.cc
[989/1913] Compiling params.cc
[990/1913] Compiling bcm.cc
[991/1913] Compiling digest_extra.cc
[991/1913] Compiling x25519-asm-arm.S
[993/1913] Compiling des.cc
[994/1913] Compiling dh_asn1.cc
[995/1913] Compiling curve25519_64_adx.cc
[996/1913] Compiling spake25519.cc
[997/1913] Compiling cpu_intel.cc
[997/1913] Compiling crypto.cc
[999/1913] Compiling cpu_arm_linux.cc
[1000/1913] Compiling cpu_arm_freebsd.cc
[1001/1913] Compiling curve25519.cc
[1002/1913] Compiling cpu_aarch64_win.cc
[1003/1913] Compiling cpu_aarch64_sysreg.cc
[1004/1913] Compiling cpu_aarch64_openbsd.cc
[1005/1913] Compiling cpu_aarch64_fuchsia.cc
[1006/1913] Compiling cpu_aarch64_linux.cc
[1007/1913] Compiling cpu_aarch64_apple.cc
[1008/1913] Compiling conf.cc
[1009/1913] Compiling get_cipher.cc
[1010/1913] Compiling tls_cbc.cc
[1011/1913] Compiling e_rc4.cc
[1012/1913] Compiling e_tls.cc
[1013/1913] Compiling e_rc2.cc
[1014/1913] Compiling e_null.cc
[1015/1913] Compiling e_des.cc
[1016/1913] Compiling e_chacha20poly1305.cc
[1017/1913] Compiling e_aesctrhmac.cc
[1017/1913] Compiling e_aesgcmsiv.cc
[1019/1913] Compiling derive_key.cc
[1020/1913] Compiling chacha.cc
[1021/1913] Compiling unicode.cc
[1022/1913] Compiling buf.cc
[1023/1913] Compiling cbb.cc
[1024/1913] Compiling cbs.cc
[1025/1913] Compiling ber.cc
[1026/1913] Compiling asn1_compat.cc
[1027/1913] Compiling bn_asn1.cc
[1028/1913] Compiling convert.cc
[1029/1913] Compiling blake2.cc
[1030/1913] Compiling socket_helper.cc
[1031/1913] Compiling printf.cc
[1031/1913] Compiling socket.cc
[1033/1913] Compiling pair.cc
[1034/1913] Compiling hexdump.cc
[1035/1913] Compiling errno.cc
[1036/1913] Compiling file.cc
[1037/1913] Compiling fd.cc
[1038/1913] Compiling connect.cc
[1039/1913] Compiling bio_mem.cc
[1040/1913] Compiling bio.cc
[1041/1913] Compiling base64.cc
[1042/1913] Compiling tasn_utl.cc
[1043/1913] Compiling tasn_typ.cc
[1043/1913] Compiling tasn_fre.cc
[1045/1913] Compiling tasn_enc.cc
[1046/1913] Compiling posix_time.cc
[1047/1913] Compiling f_string.cc
[1048/1913] Compiling tasn_new.cc
[1049/1913] Compiling tasn_dec.cc
[1050/1913] Compiling f_int.cc
[1051/1913] Compiling asn1_par.cc
[1052/1913] Compiling asn_pack.cc
[1053/1913] Compiling asn1_lib.cc
[1054/1913] Compiling a_utctm.cc
[1055/1913] Compiling a_type.cc
[1056/1913] Compiling a_time.cc
[1057/1913] Compiling a_octet.cc
[1058/1913] Compiling a_strnid.cc
[1059/1913] Compiling a_strex.cc
[1060/1913] Compiling a_object.cc
[1061/1913] Compiling a_i2d_fp.cc
[1062/1913] Compiling a_dup.cc
[1063/1913] Compiling a_mbstr.cc
[1064/1913] Compiling fiat_p256_adx_sqr.S
[1065/1913] Compiling a_d2i_fp.cc
[1066/1913] Compiling a_int.cc
[1067/1913] Compiling a_gentm.cc
[1068/1913] Compiling fiat_curve25519_adx_square.S
[1068/1913] Compiling fiat_p256_adx_mul.S
[1070/1913] Compiling fiat_curve25519_adx_mul.S
[1071/1913] Compiling a_bitstr.cc
[1072/1913] Compiling x_val.c
[1073/1913] Compiling x_spki.c
[1074/1913] Compiling x_x509.c
[1074/1913] Compiling x_x509a.c
[1076/1913] Compiling x_sig.c
[1077/1913] Compiling a_bool.cc
[1078/1913] Compiling x_pubkey.c
[1079/1913] Compiling x_req.c
[1079/1913] Compiling x_exten.c
[1081/1913] Compiling x_name.c
[1082/1913] Compiling x_attrib.c
[1083/1913] Compiling x_crl.c
[1084/1913] Compiling x509spki.c
[1085/1913] Compiling x_algor.c
[1086/1913] Compiling x509rset.c
[1087/1913] Compiling x509name.c
[1087/1913] Compiling x_all.c
[1087/1913] Compiling x509cset.c
[1090/1913] Compiling x509_txt.c
[1091/1913] Compiling x509_vpm.c
[1092/1913] Compiling x509_v3.c
[1093/1913] Compiling x509_trs.c
[1094/1913] Compiling x509_set.c
[1095/1913] Compiling x509_vfy.c
[1096/1913] Compiling x509_obj.c
[1097/1913] Compiling x509_def.c
[1098/1913] Compiling x509_req.c
[1099/1913] Compiling x509_d2.c
[1100/1913] Compiling x509_ext.c
[1101/1913] Compiling x509_lu.c
[1102/1913] Compiling x509.c
[1103/1913] Compiling x509_cmp.c
[1104/1913] Compiling x509_att.c
[1105/1913] Compiling v3_skey.c
[1106/1913] Compiling v3_purp.c
[1107/1913] Compiling v3_utl.c
[1108/1913] Compiling v3_prn.c
[1109/1913] Compiling v3_ocsp.c
[1110/1913] Compiling v3_pcons.c
[1110/1913] Compiling v3_pmaps.c
[1112/1913] Compiling v3_lib.c
[1113/1913] Compiling v3_ncons.c
[1114/1913] Compiling v3_int.c
[1115/1913] Compiling v3_ia5.c
[1116/1913] Compiling v3_info.c
[1117/1913] Compiling v3_genn.c
[1118/1913] Compiling v3_enum.c
[1119/1913] Compiling v3_extku.c
[1120/1913] Compiling v3_crld.c
[1121/1913] Compiling v3_bitst.c
[1122/1913] Compiling v3_conf.c
[1122/1913] Compiling v3_cpols.c
[1124/1913] Compiling v3_bcons.c
[1125/1913] Compiling v3_alt.c
[1126/1913] Compiling v3_akeya.c
[1127/1913] Compiling v3_akey.c
[1128/1913] Compiling t_x509.c
[1129/1913] Compiling t_x509a.c
[1130/1913] Compiling t_req.c
[1131/1913] Compiling i2d_pr.c
[1132/1913] Compiling t_crl.c
[1133/1913] Compiling rsa_pss.c
[1134/1913] Compiling name_print.c
[1135/1913] Compiling policy.c
[1136/1913] Compiling by_file.c
[1137/1913] Compiling by_dir.c
[1138/1913] Compiling asn1_gen.c
[1139/1913] Compiling algorithm.c
[1140/1913] Compiling a_verify.c
[1141/1913] Compiling a_sign.c
[1142/1913] Compiling thread_win.c
[1143/1913] Compiling a_digest.c
[1144/1913] Compiling trust_token.c
[1145/1913] Compiling voprf.c
[1146/1913] Compiling thread_none.c
[1147/1913] Compiling thread_pthread.c
[1148/1913] Compiling thread.c
[1149/1913] Compiling pmbtoken.c
[1150/1913] Compiling wots.c
[1151/1913] Compiling spx_util.c
[1151/1913] Compiling thash.c
[1153/1913] Compiling spx.c
[1154/1913] Compiling stack.c
[1155/1913] Compiling merkle.c
[1156/1913] Compiling fors.c
[1157/1913] Compiling siphash.c
[1158/1913] Compiling address.c
[1159/1913] Compiling rsa_print.c
[1160/1913] Compiling refcount.c
[1161/1913] Compiling rc4.c
[1162/1913] Compiling rsa_asn1.c
[1163/1913] Compiling rand_extra.c
[1164/1913] Compiling rsa_crypt.c
[1165/1913] Compiling windows.c
[1166/1913] Compiling trusty.c
[1167/1913] Compiling passive.c
[1168/1913] Compiling ios.c
[1169/1913] Compiling getentropy.c
[1170/1913] Compiling forkunsafe.c
[1171/1913] Compiling deterministic.c
[1172/1913] Compiling poly1305_arm_asm.S
[1173/1913] Compiling pool.c
[1174/1913] Compiling poly1305_vec.c
[1175/1913] Compiling poly1305_arm.c
[1176/1913] Compiling poly1305.c
[1177/1913] Compiling pkcs7.c
[1178/1913] Compiling c-nioatomics.c
[1179/1913] Compiling p5_pbev2.c
[1179/1913] Compiling pkcs8.c
[1181/1913] Compiling pem_xaux.c
[1181/1913] Compiling pkcs8_x509.c
[1183/1913] Compiling pkcs7_x509.c
[1184/1913] Compiling pem_x509.c
[1185/1913] Compiling pem_pkey.c
[1186/1913] Compiling obj_xref.c
[1187/1913] Compiling pem_oth.c
[1188/1913] Compiling pem_pk8.c
[1189/1913] Compiling pem_info.c
[1190/1913] Compiling pem_all.c
[1191/1913] Compiling pem_lib.c
[1192/1913] Compiling lhash.c
[1193/1913] Compiling mem.c
[1194/1913] Compiling poly_rq_mul.S
[1195/1913] Compiling keccak.c
[1196/1913] Compiling x86_64-mont5-mac.mac.x86_64.S
[1197/1913] Compiling kyber.c
[1198/1913] Compiling x86_64-mont5-linux.linux.x86_64.S
[1199/1913] Compiling x86_64-mont-mac.mac.x86_64.S
[1200/1913] Compiling obj.c
[1201/1913] Compiling x86-mont-windows.windows.x86.S
[1202/1913] Compiling x86_64-mont-linux.linux.x86_64.S
[1203/1913] Compiling vpaes-x86_64-linux.linux.x86_64.S
[1204/1913] Compiling vpaes-x86_64-mac.mac.x86_64.S
[1205/1913] Compiling x86-mont-linux.linux.x86.S
[1206/1913] Compiling hpke.c
[1207/1913] Compiling vpaes-x86-windows.windows.x86.S
[1208/1913] Compiling vpaes-x86-linux.linux.x86.S
[1209/1913] Compiling vpaes-armv8-ios.ios.aarch64.S
[1210/1913] Compiling vpaes-armv7-linux.linux.arm.S
[1211/1913] Compiling vpaes-armv8-linux.linux.aarch64.S
[1212/1913] Compiling vpaes-armv7-ios.ios.arm.S
[1213/1913] Compiling sha512-x86_64-mac.mac.x86_64.S
[1214/1913] Compiling sha512-x86_64-linux.linux.x86_64.S
[1215/1913] Compiling kdf.c
[1216/1913] Compiling sha512-armv8-ios.ios.aarch64.S
[1217/1913] Compiling sha512-armv4-ios.ios.arm.S
[1218/1913] Compiling sha512-armv8-linux.linux.aarch64.S
[1219/1913] Compiling sha512-armv4-linux.linux.arm.S
[1220/1913] Compiling sha512-586-windows.windows.x86.S
[1221/1913] Compiling sha512-586-linux.linux.x86.S
[1222/1913] Compiling sha256-x86_64-linux.linux.x86_64.S
[1223/1913] Compiling sha256-x86_64-mac.mac.x86_64.S
[1224/1913] Compiling sha256-armv8-ios.ios.aarch64.S
[1225/1913] Compiling sha256-armv8-linux.linux.aarch64.S
[1225/1913] Compiling sha256-armv4-ios.ios.arm.S
[1227/1913] Compiling sha256-armv4-linux.linux.arm.S
[1228/1913] Compiling sha256-586-windows.windows.x86.S
[1229/1913] Compiling sha256-586-linux.linux.x86.S
[1230/1913] Compiling sha1-x86_64-mac.mac.x86_64.S
[1231/1913] Compiling sha1-x86_64-linux.linux.x86_64.S
[1232/1913] Compiling hrss.c
[1233/1913] Compiling sha1-armv8-ios.ios.aarch64.S
[1234/1913] Compiling sha1-armv4-large-linux.linux.arm.S
[1235/1913] Compiling sha1-armv4-large-ios.ios.arm.S
[1236/1913] Compiling sha1-586-windows.windows.x86.S
[1237/1913] Compiling sha1-armv8-linux.linux.aarch64.S
[1238/1913] Compiling c-atomics.c
[1239/1913] Compiling sha1-586-linux.linux.x86.S
[1240/1913] Compiling rsaz-avx2-mac.mac.x86_64.S
[1241/1913] Compiling sha512.c
[1242/1913] Compiling fips.c
[1243/1913] Compiling sha256.c
[1244/1913] Compiling sha1.c
[1245/1913] Compiling service_indicator.c
[1246/1920] Compiling rsaz-avx2-linux.linux.x86_64.S
[1247/1920] Compiling rdrand-x86_64-mac.mac.x86_64.S
[1248/1920] Compiling blinding.c
[1249/1920] Compiling self_check.c
[1250/1920] Compiling rdrand-x86_64-linux.linux.x86_64.S
[1251/1920] Compiling padding.c
[1252/1920] Compiling rsa.c
[1253/1920] Compiling rsa_impl.c
[1254/1920] Compiling urandom.c
[1255/1920] Compiling ctrdrbg.c
[1256/1920] Compiling rand.c
[1257/1920] Compiling fork_detect.c
[1257/1920] Compiling p256_beeu-x86_64-asm-linux.linux.x86_64.S
[1257/1920] Compiling p256_beeu-x86_64-asm-mac.mac.x86_64.S
[1260/1920] Compiling p256_beeu-armv8-asm-linux.linux.aarch64.S
[1261/1920] Compiling p256-x86_64-asm-mac.mac.x86_64.S
[1262/1920] Compiling p256_beeu-armv8-asm-ios.ios.aarch64.S
[1263/1920] Compiling p256-x86_64-asm-linux.linux.x86_64.S
[1265/1920] Compiling NIOConcurrencyHelpers NIOLockedValueBox.swift
[1265/1920] Compiling p256-armv8-asm-ios.ios.aarch64.S
[1266/1920] Compiling p256-armv8-asm-linux.linux.aarch64.S
[1267/1920] Compiling ofb.c
[1268/1920] Compiling polyval.c
[1269/1920] Compiling cbc.c
[1270/1920] Compiling gcm_nohw.c
[1271/1920] Compiling ctr.c
[1272/1920] Compiling cfb.c
[1273/1920] Compiling md5-x86_64-linux.linux.x86_64.S
[1274/1920] Compiling md5-x86_64-mac.mac.x86_64.S
[1274/1920] Compiling gcm.c
[1276/1920] Compiling md5-586-linux.linux.x86.S
[1277/1920] Compiling md5-586-windows.windows.x86.S
[1279/1920] Compiling NIOConcurrencyHelpers NIOThreadPoolWorkAvailable.swift
[1279/1920] Compiling md5.c
[1280/1920] Compiling ghashv8-armv8-ios.ios.aarch64.S
[1281/1920] Compiling ghashv8-armv8-linux.linux.aarch64.S
[1282/1920] Compiling ghashv8-armv7-linux.linux.arm.S
[1283/1920] Compiling hmac.c
[1284/1920] Compiling hkdf.c
[1285/1920] Compiling ghash-x86_64-mac.mac.x86_64.S
[1287/1920] Compiling NIOConcurrencyHelpers NIOLock.swift
[1287/1920] Compiling ghashv8-armv7-ios.ios.arm.S
[1288/1920] Compiling md4.c
[1289/1920] Compiling ghash-x86-windows.windows.x86.S
[1291/1920] Compiling NIOConcurrencyHelpers NIOAtomic.swift
[1291/1920] Compiling ghash-x86-linux.linux.x86.S
[1292/1920] Compiling ghash-x86_64-linux.linux.x86_64.S
[1293/1920] Compiling ghash-ssse3-x86_64-mac.mac.x86_64.S
[1294/1920] Compiling ghash-ssse3-x86-linux.linux.x86.S
[1295/1920] Compiling ghash-ssse3-x86_64-linux.linux.x86_64.S
[1296/1920] Compiling ghash-ssse3-x86-windows.windows.x86.S
[1297/1920] Compiling ghash-neon-armv8-ios.ios.aarch64.S
[1298/1920] Compiling ghash-neon-armv8-linux.linux.aarch64.S
[1300/1920] Emitting module NIOConcurrencyHelpers
[1300/1920] Compiling fips_shared_support.c
[1301/1920] Compiling ghash-armv4-linux.linux.arm.S
[1302/1920] Compiling ghash-armv4-ios.ios.arm.S
[1304/1920] Compiling NIOConcurrencyHelpers lock.swift
[1304/1920] Compiling ecdh.c
[1306/1920] Compiling NIOConcurrencyHelpers atomics.swift
[1306/1920] Compiling wnaf.c
[1307/1920] Compiling ecdsa.c
[1308/1921] Compiling util.c
[1309/1921] Compiling simple_mul.c
[1310/1921] Compiling scalar.c
[1311/1921] Compiling simple.c
[1313/1921] Compiling oct.c
[1314/1921] Compiling felem.c
[1315/1921] Compiling ec_montgomery.c
[1316/1921] Compiling p256.c
[1317/1921] Compiling p224-64.c
[1318/1921] Compiling ec_key.c
[1319/1921] Wrapping AST for NIOConcurrencyHelpers for debugging
[1320/1947] Compiling digest.c
[1321/1947] Compiling digestsign.c
[1322/1947] Compiling co-586-windows.windows.x86.S
[1323/1947] Compiling digests.c
[1324/1947] Compiling dh.c
[1325/1947] Compiling check.c
[1326/1947] Compiling co-586-linux.linux.x86.S
[1327/1947] Compiling ec.c
[1328/1947] Compiling cmac.c
[1329/1947] Compiling bsaes-armv7-linux.linux.arm.S
[1330/1947] Compiling e_aesccm.c
[1330/1947] Compiling bsaes-armv7-ios.ios.arm.S
[1332/1947] Compiling aead.c
[1333/1947] Compiling p256-nistz.c
[1334/1947] Compiling cipher.c
[1335/1947] Compiling e_aes.c
[1336/1947] Compiling sqrt.c
[1336/1947] Compiling rsaz_exp.c
[1338/1947] Compiling shift.c
[1339/1947] Compiling random.c
[1340/1947] Compiling montgomery_inv.c
[1341/1947] Compiling prime.c
[1342/1947] Compiling mul.c
[1342/1947] Compiling jacobi.c
[1344/1947] Compiling montgomery.c
[1345/1947] Compiling generic.c
[1346/1947] Compiling div_extra.c
[1347/1947] Compiling gcd.c
[1348/1947] Compiling gcd_extra.c
[1348/1947] Compiling ctx.c
[1350/1947] Compiling bytes.c
[1351/1947] Compiling x86_64-gcc.c
[1352/1947] Compiling add.c
[1353/1947] Compiling bn.c
[1354/1947] Compiling cmp.c
[1356/1947] Compiling ConsoleKitTerminal Console+Ephemeral.swift
[1357/1947] Compiling ConsoleKitTerminal ConsoleClear.swift
[1358/1947] Compiling ConsoleKitTerminal Console+Ask.swift
[1359/1947] Compiling ConsoleKitTerminal Console+Choose.swift
[1359/1947] Compiling exponentiation.c
[1360/1950] Compiling div.c
[1361/1950] Compiling bn-586-linux.linux.x86.S
[1362/1950] Compiling bn-armv8-ios.ios.aarch64.S
[1363/1950] Compiling bn-586-windows.windows.x86.S
[1364/1950] Compiling armv8-mont-ios.ios.aarch64.S
[1365/1950] Compiling bn-armv8-linux.linux.aarch64.S
[1366/1950] Compiling armv8-mont-linux.linux.aarch64.S
[1367/1950] Compiling armv4-mont-linux.linux.arm.S
[1368/1950] Compiling armv4-mont-ios.ios.arm.S
[1369/1950] Compiling aesv8-gcm-armv8-ios.ios.aarch64.S
[1369/1950] Compiling aesv8-armv8-ios.ios.aarch64.S
[1371/1950] Compiling aesv8-gcm-armv8-linux.linux.aarch64.S
[1372/1950] Compiling aesv8-armv7-linux.linux.arm.S
[1373/1950] Compiling aesv8-armv8-linux.linux.aarch64.S
[1374/1950] Compiling aesv8-armv7-ios.ios.arm.S
[1375/1950] Compiling aesni-x86_64-linux.linux.x86_64.S
[1376/1950] Compiling aesni-x86-windows.windows.x86.S
[1377/1950] Compiling aesni-x86_64-mac.mac.x86_64.S
[1378/1950] Compiling aesni-x86-linux.linux.x86.S
[1379/1950] Compiling aesni-gcm-x86_64-mac.mac.x86_64.S
[1380/1950] Compiling aesni-gcm-x86_64-linux.linux.x86_64.S
[1381/1950] Compiling mode_wrappers.c
[1382/1950] Compiling aes.c
[1383/1950] Compiling ex_data.c
[1384/1950] Compiling key_wrap.c
[1386/1950] Compiling ConsoleKitTerminal Console+Confirm.swift
[1387/1950] Compiling ConsoleKitTerminal Console+Input.swift
[1388/1950] Compiling ConsoleKitTerminal Console+Center.swift
[1389/1950] Compiling ConsoleKitTerminal Console+Output.swift
[1390/1950] Compiling ConsoleKitTerminal Console+Wait.swift
[1391/1950] Compiling ConsoleKitTerminal ConsoleColor.swift
[1392/1950] Compiling ConsoleKitTerminal ConsoleStyle.swift
[1393/1950] Compiling ConsoleKitTerminal ConsoleText.swift
[1394/1950] Compiling ConsoleKitTerminal ConsoleTextFragment.swift
[1395/1950] Compiling ConsoleKitTerminal ANSI.swift
[1395/1950] Compiling scrypt.c
[1396/1950] Compiling sign.c
[1397/1950] Compiling pbkdf.c
[1398/1950] Compiling print.c
[1399/1950] Compiling aes_nohw.c
[1400/1950] Compiling p_x25519_asn1.c
[1401/1950] Compiling p_x25519.c
[1402/1950] Compiling p_ed25519.c
[1404/1950] Compiling ConsoleKitTerminal ActivityBar.swift
[1405/1950] Compiling ConsoleKitTerminal ActivityIndicator.swift
[1406/1950] Compiling ConsoleKitTerminal ActivityIndicatorRenderer.swift
[1407/1950] Compiling ConsoleKitTerminal ActivityIndicatorState.swift
[1408/1950] Emitting module ConsoleKitTerminal
[1409/1950] Compiling ConsoleKitTerminal CustomActivity.swift
[1410/1950] Compiling ConsoleKitTerminal LoadingBar.swift
[1411/1950] Compiling ConsoleKitTerminal ProgressBar.swift
[1412/1950] Compiling ConsoleKitTerminal Console+Clear.swift
[1412/1950] Compiling p_ed25519_asn1.c
[1413/1950] Compiling p_rsa.c
[1414/1950] Compiling p_ec_asn1.c
[1415/1950] Compiling p_hkdf.c
[1416/1950] Compiling p_rsa_asn1.c
[1417/1950] Compiling p_ec.c
[1418/1950] Compiling err_data.c
[1419/1950] Compiling p_dsa_asn1.c
[1420/1950] Compiling evp_ctx.c
[1422/1950] Compiling ConsoleKitTerminal Console.swift
[1423/1950] Compiling ConsoleKitTerminal Terminal.swift
[1424/1950] Compiling ConsoleKitTerminal readpassphrase_linux.swift
[1424/1950] Compiling evp_asn1.c
[1425/1950] Compiling engine.c
[1425/1950] Compiling evp.c
[1427/1950] Compiling ecdsa_asn1.c
[1428/1950] Compiling ecdh_extra.c
[1429/1950] Compiling err.c
[1430/1950] Compiling ec_asn1.c
[1431/1950] Compiling hash_to_curve.c
[1432/1950] Compiling ec_derive.c
[1433/1950] Compiling dsa_asn1.c
[1434/1950] Compiling params.c
[1435/1950] Compiling dsa.c
[1436/1950] Compiling digest_extra.c
[1437/1950] Compiling curve25519_64_adx.c
[1438/1950] Compiling dh_asn1.c
[1439/1950] Compiling spake25519.c
[1440/1950] Compiling cpu_intel.c
[1441/1950] Compiling x25519-asm-arm.S
[1443/1950] Compiling ConsoleKitTerminal AnySendableHashable.swift
[1444/1950] Compiling ConsoleKitTerminal ConsoleLogger.swift
[1445/1950] Compiling ConsoleKitTerminal LoggerFragment.swift
[1445/1951] Compiling cpu_arm_linux.c
[1446/1951] Compiling des.c
[1447/1951] Compiling crypto.c
[1448/1951] Compiling cpu_arm_freebsd.c
[1448/1951] Compiling cpu_aarch64_win.c
[1451/1951] Compiling cpu_aarch64_openbsd.c
[1451/1951] Compiling cpu_aarch64_sysreg.c
[1453/1951] Compiling cpu_aarch64_linux.c
[1454/1951] Compiling cpu_aarch64_apple.c
[1455/1951] Compiling cpu_aarch64_fuchsia.c
[1456/1951] Compiling e_rc4.c
[1457/1951] Compiling tls_cbc.c
[1458/1951] Compiling e_tls.c
[1459/1951] Wrapping AST for ConsoleKitTerminal for debugging
[1460/1951] Compiling conf.c
[1461/1973] Compiling e_rc2.c
[1462/1973] Compiling curve25519.c
[1463/1973] Compiling e_null.c
[1464/1973] Compiling e_des.c
[1465/1973] Compiling derive_key.c
[1466/1973] Compiling e_chacha20poly1305.c
[1467/1973] Compiling e_aesctrhmac.c
[1468/1973] Compiling e_aesgcmsiv.c
[1469/1973] Compiling chacha20_poly1305_x86_64-mac.mac.x86_64.S
[1470/1973] Compiling aes128gcmsiv-x86_64-mac.mac.x86_64.S
[1471/1973] Compiling chacha20_poly1305_x86_64-linux.linux.x86_64.S
[1472/1973] Compiling chacha20_poly1305_armv8-ios.ios.aarch64.S
[1473/1973] Compiling cipher_extra.c
[1474/1973] Compiling aes128gcmsiv-x86_64-linux.linux.x86_64.S
[1475/1973] Compiling chacha-x86_64-mac.mac.x86_64.S
[1476/1973] Compiling chacha20_poly1305_armv8-linux.linux.aarch64.S
[1477/1973] Compiling chacha-x86-windows.windows.x86.S
[1478/1973] Compiling chacha-x86_64-linux.linux.x86_64.S
[1479/1973] Compiling chacha.c
[1480/1973] Compiling chacha-x86-linux.linux.x86.S
[1482/1973] Compiling ConsoleKitCommands CommandSignature.swift
[1483/1973] Compiling ConsoleKitCommands Flag.swift
[1484/1973] Compiling ConsoleKitCommands Option.swift
[1484/1973] Compiling chacha-armv4-linux.linux.arm.S
[1485/1975] Compiling chacha-armv8-ios.ios.aarch64.S
[1486/1975] Compiling unicode.c
[1487/1975] Compiling chacha-armv4-ios.ios.arm.S
[1488/1975] Compiling chacha-armv8-linux.linux.aarch64.S
[1489/1975] Compiling asn1_compat.c
[1490/1975] Compiling buf.c
[1491/1975] Compiling cbs.c
[1493/1975] Compiling ConsoleKitCommands AnyAsyncCommand.swift
[1494/1975] Compiling ConsoleKitCommands AsyncCommand.swift
[1495/1975] Compiling ConsoleKitCommands AsyncCommandGroup.swift
[1495/1975] Compiling bn_asn1.c
[1496/1975] Compiling ber.c
[1497/1975] Compiling convert.c
[1499/1975] Compiling ConsoleKitCommands AsyncCommands.swift
[1500/1975] Compiling ConsoleKitCommands GenerateAsyncAutocompleteCommand.swift
[1501/1975] Compiling ConsoleKitCommands AnyCommand.swift
[1501/1975] Compiling socket_helper.c
[1502/1975] Compiling blake2.c
[1503/1975] Compiling printf.c
[1504/1975] Compiling socket.c
[1505/1975] Compiling cbb.c
[1506/1975] Compiling pair.c
[1507/1975] Compiling hexdump.c
[1508/1975] Compiling file.c
[1510/1975] Compiling ConsoleKitCommands Command.swift
[1511/1975] Compiling ConsoleKitCommands CommandContext.swift
[1512/1975] Compiling ConsoleKitCommands CommandError.swift
[1512/1975] Compiling errno.c
[1514/1975] Emitting module ConsoleKitCommands
[1515/1975] Compiling ConsoleKitCommands CommandGroup.swift
[1516/1975] Compiling ConsoleKitCommands CommandInput.swift
[1517/1975] Compiling ConsoleKitCommands Commands.swift
[1517/1975] Compiling fd.c
[1518/1975] Compiling connect.c
[1519/1975] Compiling bio_mem.c
[1521/1975] Compiling ConsoleKitCommands String+LevenshteinDistance.swift
[1522/1975] Compiling ConsoleKitCommands Utilities.swift
[1522/1975] Compiling base64.c
[1523/1975] Compiling bio.c
[1524/1975] Compiling tasn_typ.c
[1525/1975] Compiling tasn_utl.c
[1526/1975] Compiling tasn_fre.c
[1527/1975] Compiling tasn_new.c
[1528/1975] Compiling posix_time.c
[1529/1975] Compiling tasn_enc.c
[1530/1975] Compiling tasn_dec.c
[1531/1975] Compiling f_string.c
[1532/1975] Compiling f_int.c
[1533/1975] Compiling asn_pack.c
[1534/1975] Compiling asn1_par.c
[1535/1975] Compiling a_utctm.c
[1536/1975] Compiling asn1_lib.c
[1537/1975] Compiling a_type.c
[1538/1975] Compiling a_time.c
[1539/1975] Compiling a_octet.c
[1540/1975] Compiling a_strnid.c
[1541/1975] Compiling a_strex.c
[1542/1975] Compiling a_object.c
[1543/1975] Compiling a_i2d_fp.c
[1544/1975] Compiling a_mbstr.c
[1545/1975] Compiling a_gentm.c
[1546/1975] Compiling a_dup.c
[1547/1975] Compiling a_d2i_fp.c
[1547/1975] Compiling a_int.c
[1549/1975] Compiling a_bool.c
[1550/1975] Compiling fiat_p256_adx_mul.S
[1551/1975] Compiling a_bitstr.c
[1552/1975] Compiling fiat_curve25519_adx_mul.S
[1553/1975] Compiling fiat_p256_adx_sqr.S
[1554/1975] Compiling fiat_curve25519_adx_square.S
[1555/1975] Compiling md5-x86_64-linux.S
[1556/1975] Compiling md5-586-linux.S
[1557/1975] Compiling md5-x86_64-apple.S
[1558/1975] Compiling md5-586-apple.S
[1559/1975] Compiling chacha20_poly1305_x86_64-linux.S
[1560/1975] Compiling chacha20_poly1305_armv8-win.S
[1561/1975] Compiling chacha20_poly1305_armv8-apple.S
[1562/1975] Compiling chacha20_poly1305_x86_64-apple.S
[1563/1975] Compiling chacha-x86_64-apple.S
[1564/1975] Compiling chacha-x86-linux.S
[1565/1975] Compiling chacha-x86_64-linux.S
[1566/1975] Compiling chacha20_poly1305_armv8-linux.S
[1567/1975] Compiling chacha-x86-apple.S
[1568/1975] Compiling chacha-armv4-linux.S
[1569/1975] Compiling chacha-armv8-apple.S
[1570/1975] Compiling chacha-armv8-win.S
[1571/1975] Compiling aes128gcmsiv-x86_64-linux.S
[1572/1975] Compiling chacha-armv8-linux.S
[1573/1975] Compiling x86_64-mont5-linux.S
[1574/1975] Compiling aes128gcmsiv-x86_64-apple.S
[1575/1975] Compiling x86_64-mont5-apple.S
[1576/1975] Compiling x86_64-mont-linux.S
[1577/1975] Compiling x86-mont-linux.S
[1578/1975] Compiling x86_64-mont-apple.S
[1579/1975] Compiling CCryptoBoringSSLShims shims.c
[1580/1975] Compiling x86-mont-apple.S
[1581/1975] Compiling vpaes-x86_64-linux.S
[1582/1975] Compiling vpaes-x86_64-apple.S
[1583/1975] Compiling vpaes-x86-linux.S
[1584/1975] Compiling vpaes-armv8-win.S
[1584/1975] Compiling vpaes-armv8-apple.S
[1586/1975] Compiling vpaes-x86-apple.S
[1587/1975] Compiling vpaes-armv8-linux.S
[1588/1975] Compiling vpaes-armv7-linux.S
[1589/1975] Compiling sha512-x86_64-linux.S
[1590/1975] Compiling sha512-armv8-win.S
[1591/1975] Compiling sha512-armv8-apple.S
[1592/1975] Compiling sha512-x86_64-apple.S
[1594/1975] Compiling ConsoleKitCommands GenerateAutocompleteCommand.swift
[1595/1975] Compiling ConsoleKitCommands MergedAsyncCommandGroup.swift
[1596/1975] Compiling ConsoleKitCommands Argument.swift
[1597/1975] Compiling ConsoleKitCommands Console+Run.swift
[1598/1975] Compiling ConsoleKitCommands ConsoleError.swift
[1599/1975] Compiling ConsoleKitCommands Completion.swift
[1599/1975] Compiling sha512-armv4-linux.S
[1600/1976] Compiling sha512-586-linux.S
[1601/1976] Compiling sha512-armv8-linux.S
[1602/1976] Compiling sha256-x86_64-linux.S
[1603/1976] Compiling sha256-x86_64-apple.S
[1604/1976] Compiling sha512-586-apple.S
[1606/1976] Compiling sha256-armv8-apple.S
[1607/1976] Compiling sha256-armv8-win.S
[1608/1976] Compiling sha256-armv8-linux.S
[1609/1976] Compiling err_data.cc
[1610/1976] Compiling sha256-586-linux.S
[1610/1976] Compiling sha256-armv4-linux.S
[1612/1976] Compiling sha256-586-apple.S
[1613/1976] Compiling sha1-x86_64-apple.S
[1614/1976] Compiling sha1-x86_64-linux.S
[1615/1976] Compiling sha1-armv8-win.S
[1616/1976] Wrapping AST for ConsoleKitCommands for debugging
[1617/1976] Compiling rsaz-avx2-linux.S
[1618/1976] Compiling sha1-armv8-apple.S
[1619/1978] Compiling sha1-armv8-linux.S
[1620/1978] Compiling rsaz-avx2-apple.S
[1621/1978] Compiling rdrand-x86_64-linux.S
[1622/1978] Compiling rdrand-x86_64-apple.S
[1623/1978] Compiling p256_beeu-x86_64-asm-linux.S
[1624/1978] Compiling p256_beeu-x86_64-asm-apple.S
[1625/1978] Compiling p256-x86_64-asm-apple.S
[1626/1978] Compiling p256_beeu-armv8-asm-win.S
[1627/1978] Compiling p256-x86_64-asm-linux.S
[1628/1978] Compiling p256-armv8-asm-win.S
[1630/1978] Compiling ConsoleKit Exports.swift
[1631/1978] Emitting module ConsoleKit
[1631/1979] Compiling p256-armv8-asm-apple.S
[1632/1979] Compiling p256-armv8-asm-linux.S
[1633/1979] Compiling ghashv8-armv8-win.S
[1634/1979] Compiling ghashv8-armv7-linux.S
[1635/1979] Compiling ghashv8-armv8-linux.S
[1636/1979] Compiling ghashv8-armv8-apple.S
[1638/1979] Compiling ghash-x86_64-linux.S
[1639/1979] Compiling ghash-x86_64-apple.S
[1640/1979] Compiling ghash-ssse3-x86_64-linux.S
[1641/1979] Compiling ghash-x86-linux.S
[1641/1979] Compiling ghash-x86-apple.S
[1643/1979] Compiling ghash-ssse3-x86_64-apple.S
[1644/1979] Compiling ghash-neon-armv8-win.S
[1645/1979] Compiling ghash-ssse3-x86-linux.S
[1646/1979] Compiling ghash-ssse3-x86-apple.S
[1647/1979] Compiling ghash-neon-armv8-linux.S
[1648/1979] Compiling ghash-armv4-linux.S
[1649/1979] Wrapping AST for ConsoleKit for debugging
[1650/1979] Compiling ghash-neon-armv8-apple.S
[1651/1979] Compiling co-586-linux.S
[1652/1979] Compiling co-586-apple.S
[1653/1979] Compiling bsaes-armv7-linux.S
[1654/1979] Compiling bn-armv8-win.S
[1655/1979] Compiling bn-armv8-apple.S
[1656/1979] Compiling bn-586-apple.S
[1657/1979] Compiling bn-armv8-linux.S
[1657/1979] Compiling bn-586-linux.S
[1659/1979] Compiling armv8-mont-win.S
[1660/1979] Compiling armv8-mont-apple.S
[1661/1979] Compiling armv4-mont-linux.S
[1662/1979] Compiling armv8-mont-linux.S
[1663/1979] Compiling aesv8-gcm-armv8-win.S
[1664/1979] Compiling aesv8-gcm-armv8-apple.S
[1665/1979] Compiling aesv8-gcm-armv8-linux.S
[1666/1979] Compiling aesv8-armv8-apple.S
[1667/1979] Compiling aesv8-armv8-win.S
[1668/1979] Compiling aesv8-armv8-linux.S
[1669/1979] Compiling aesv8-armv7-linux.S
[1670/1979] Compiling aesni-x86_64-linux.S
[1671/1979] Compiling aesni-x86-linux.S
[1672/1979] Compiling aesni-x86_64-apple.S
[1673/1979] Compiling aesni-gcm-x86_64-linux.S
[1674/1979] Compiling aesni-x86-apple.S
[1675/1979] Compiling aesni-gcm-x86_64-apple.S
[1676/1979] Compiling aes-gcm-avx512-x86_64-apple.S
[1676/1979] Compiling aes-gcm-avx512-x86_64-linux.S
[1678/1979] Compiling aes-gcm-avx2-x86_64-linux.S
[1679/1979] Compiling aes-gcm-avx2-x86_64-apple.S
[1680/1979] Compiling xwing.cc
[1681/1979] Compiling x_spki.cc
[1682/1979] Compiling x_sig.cc
[1682/1979] Compiling x_req.cc
[1684/1979] Compiling x_x509a.cc
[1685/1979] Compiling x_x509.cc
[1686/1979] Compiling x_name.cc
[1687/1979] Compiling x_pubkey.cc
[1688/1979] Compiling x_exten.cc
[1689/1979] Compiling x_attrib.cc
[1690/1979] Compiling x_crl.cc
[1691/1979] Compiling x_algor.cc
[1692/1979] Compiling x509spki.cc
[1693/1979] Compiling x509rset.cc
[1694/1979] Compiling x_all.cc
[1695/1979] Compiling x509name.cc
[1696/1979] Compiling x509cset.cc
[1697/1979] Compiling x509_txt.cc
[1697/1979] Compiling x509_vpm.cc
[1699/1979] Compiling x509_v3.cc
[1700/1979] Compiling x509_set.cc
[1701/1979] Compiling x509_trs.cc
[1702/1979] Compiling x509_vfy.cc
[1703/1979] Compiling x509_req.cc
[1704/1979] Compiling x509_obj.cc
[1705/1979] Compiling x509_def.cc
[1706/1979] Compiling x509.cc
[1707/1979] Compiling x509_ext.cc
[1708/1979] Compiling x509_att.cc
[1708/1979] Compiling x509_lu.cc
[1710/1979] Compiling x509_d2.cc
[1711/1979] Compiling x509_cmp.cc
[1712/1979] Compiling v3_utl.cc
[1713/1979] Compiling v3_purp.cc
[1714/1979] Compiling v3_prn.cc
[1715/1979] Compiling v3_pmaps.cc
[1716/1979] Compiling v3_pcons.cc
[1717/1979] Compiling v3_skey.cc
[1718/1979] Compiling v3_ocsp.cc
[1719/1979] Compiling v3_ncons.cc
[1720/1979] Compiling v3_lib.cc
[1721/1979] Compiling v3_extku.cc
[1722/1979] Compiling v3_int.cc
[1723/1979] Compiling v3_ia5.cc
[1724/1979] Compiling v3_info.cc
[1725/1979] Compiling v3_genn.cc
[1726/1979] Compiling v3_cpols.cc
[1727/1979] Compiling v3_bitst.cc
[1728/1979] Compiling v3_enum.cc
[1729/1979] Compiling v3_crld.cc
[1730/1979] Compiling v3_akeya.cc
[1731/1979] Compiling v3_conf.cc
[1732/1979] Compiling v3_alt.cc
[1733/1979] Compiling v3_bcons.cc
[1734/1979] Compiling v3_akey.cc
[1735/1979] Compiling t_x509a.cc
[1736/1979] Compiling t_x509.cc
[1737/1979] Compiling t_req.cc
[1738/1979] Compiling rsa_pss.cc
[1739/1979] Compiling name_print.cc
[1740/1979] Compiling policy.cc
[1741/1979] Compiling t_crl.cc
[1742/1979] Compiling i2d_pr.cc
[1743/1979] Compiling by_file.cc
[1744/1979] Compiling by_dir.cc
[1745/1979] Compiling asn1_gen.cc
[1746/1979] Compiling a_sign.cc
[1747/1979] Compiling voprf.cc
[1748/1979] Compiling a_digest.cc
[1749/1979] Compiling thread.cc
[1750/1979] Compiling a_verify.cc
[1751/1979] Compiling algorithm.cc
[1752/1979] Compiling thread_none.cc
[1753/1979] Compiling thread_pthread.cc
[1754/1979] Compiling trust_token.cc
[1755/1979] Compiling stack.cc
[1756/1979] Compiling slhdsa.cc
[1757/1979] Compiling sha512.cc
[1758/1979] Compiling sha1.cc
[1759/1979] Compiling rsa_extra.cc
[1760/1979] Compiling siphash.cc
[1761/1979] Compiling sha256.cc
[1762/1979] Compiling rsa_print.cc
[1763/1979] Compiling spake2plus.cc
[1764/1979] Compiling rsa_crypt.cc
[1765/1979] Compiling windows.cc
[1766/1979] Compiling rsa_asn1.cc
[1767/1979] Compiling trusty.cc
[1768/1979] Compiling refcount.cc
[1769/1979] Compiling rc4.cc
[1770/1979] Compiling rand.cc
[1771/1979] Compiling urandom.cc
[1772/1979] Compiling passive.cc
[1773/1979] Compiling poly1305_arm_asm.S
[1774/1979] Compiling ios.cc
[1775/1979] Compiling getentropy.cc
[1776/1979] Compiling forkunsafe.cc
[1777/1979] Compiling deterministic.cc
[1778/1979] Compiling fork_detect.cc
[1779/1979] Compiling poly1305_arm.cc
[1780/1979] Compiling pool.cc
[1781/1979] Compiling poly1305.cc
[1782/1979] Compiling poly1305_vec.cc
[1783/1979] Compiling pkcs8.cc
[1784/1979] Compiling p5_pbev2.cc
[1785/1979] Compiling pkcs8_x509.cc
[1786/1979] Compiling pem_x509.cc
[1787/1979] Compiling pkcs7.cc
[1788/1979] Compiling pkcs7_x509.cc
[1789/1979] Compiling pem_xaux.cc
[1790/1979] Compiling pem_pk8.cc
[1791/1979] Compiling pem_pkey.cc
[1792/1979] Compiling pem_oth.cc
[1793/1979] Compiling pem_lib.cc
[1794/1979] Compiling pem_info.cc
[1795/1979] Compiling mlkem.cc
[1796/1979] Compiling obj_xref.cc
[1797/1979] Compiling pem_all.cc
[1798/1979] Compiling mldsa.cc
[1799/1979] Compiling obj.cc
[1800/1979] Compiling poly_rq_mul.S
[1801/1979] Compiling lhash.cc
[1802/1979] Compiling fips_shared_support.cc
[1803/1979] Compiling mem.cc
[1804/1979] Compiling kyber.cc
[1805/1979] Compiling md5.cc
[1806/1979] Compiling md4.cc
[1807/1979] Compiling fuzzer_mode.cc
[1808/1979] Compiling hrss.cc
[1809/1979] Compiling ex_data.cc
[1810/1979] Compiling scrypt.cc
[1811/1979] Compiling print.cc
[1812/1979] Compiling hpke.cc
[1813/1979] Compiling pbkdf.cc
[1814/1979] Compiling sign.cc
[1815/1979] Compiling p_x25519_asn1.cc
[1816/1979] Compiling p_rsa_asn1.cc
[1817/1979] Compiling p_x25519.cc
[1818/1979] Compiling p_ed25519_asn1.cc
[1819/1979] Compiling p_ed25519.cc
[1820/1979] Compiling p_hkdf.cc
[1821/1979] Compiling p_rsa.cc
[1822/1979] Compiling p_ec.cc
[1823/1979] Compiling p_ec_asn1.cc
[1824/1979] Compiling p_dh.cc
[1825/1979] Compiling p_dh_asn1.cc
[1826/1979] Compiling p_dsa_asn1.cc
[1827/1979] Compiling evp_ctx.cc
[1828/1979] Compiling evp_asn1.cc
[1829/1979] Compiling ecdsa_p1363.cc
[1830/1979] Compiling engine.cc
[1831/1979] Compiling evp.cc
[1832/1979] Compiling err.cc
[1833/1979] Compiling ecdsa_asn1.cc
[1834/1979] Compiling ecdh.cc
[1835/1979] Compiling hash_to_curve.cc
[1836/1979] Compiling ec_derive.cc
[1837/1979] Compiling ec_asn1.cc
[1838/1979] Compiling dsa.cc
[1839/1979] Compiling dsa_asn1.cc
[1840/1979] Compiling params.cc
[1841/1979] Compiling digest_extra.cc
[1842/1979] Compiling x25519-asm-arm.S
[1843/1979] Compiling curve25519_64_adx.cc
[1844/1979] Compiling spake25519.cc
[1845/1979] Compiling dh_asn1.cc
[1846/1979] Compiling crypto.cc
[1847/1979] Compiling des.cc
[1848/1979] Compiling curve25519.cc
[1849/1979] Compiling cpu_arm_linux.cc
[1850/1979] Compiling cpu_intel.cc
[1851/1979] Compiling cpu_arm_freebsd.cc
[1852/1979] Compiling cpu_aarch64_win.cc
[1853/1979] Compiling cpu_aarch64_sysreg.cc
[1854/1979] Compiling cpu_aarch64_fuchsia.cc
[1855/1979] Compiling cpu_aarch64_apple.cc
[1856/1979] Compiling cpu_aarch64_linux.cc
[1857/1979] Compiling cpu_aarch64_openbsd.cc
[1858/1979] Compiling conf.cc
[1859/1979] Compiling tls_cbc.cc
[1860/1979] Compiling get_cipher.cc
[1861/1979] Compiling cms.cc
[1862/1979] Compiling e_rc4.cc
[1863/1979] Compiling e_null.cc
[1864/1979] Compiling e_des.cc
[1865/1979] Compiling e_chacha20poly1305.cc
[1866/1979] Compiling e_rc2.cc
[1867/1979] Compiling e_tls.cc
[1868/1979] Compiling e_aesgcmsiv.cc
[1869/1979] Compiling derive_key.cc
[1870/1979] Compiling e_aesctrhmac.cc
[1871/1979] Compiling e_aeseax.cc
[1872/1979] Compiling unicode.cc
[1873/1979] Compiling chacha.cc
[1874/1979] Compiling cbb.cc
[1875/1979] Compiling cbs.cc
[1876/1979] Compiling ber.cc
[1877/1979] Compiling sqrt.cc
[1878/1979] Compiling buf.cc
[1879/1979] Compiling asn1_compat.cc
[1880/1979] Compiling exponentiation.cc
[1881/1979] Compiling div.cc
[1882/1979] Compiling convert.cc
[1883/1979] Compiling printf.cc
[1884/1979] Compiling pair.cc
[1885/1979] Compiling blake2.cc
[1886/1979] Compiling bn_asn1.cc
[1887/1979] Compiling hexdump.cc
[1888/1979] Compiling fd.cc
[1889/1979] Compiling file.cc
[1890/1979] Compiling bio.cc
[1891/1979] Compiling errno.cc
[1892/1979] Compiling bio_mem.cc
[1893/1979] Compiling tasn_typ.cc
[1894/1979] Compiling base64.cc
[1895/1979] Compiling tasn_fre.cc
[1896/1979] Compiling tasn_new.cc
[1897/1979] Compiling posix_time.cc
[1898/1979] Compiling tasn_utl.cc
[1899/1979] Compiling f_int.cc
[1900/1979] Compiling asn_pack.cc
[1901/1979] Compiling tasn_dec.cc
[1902/1979] Compiling f_string.cc
[1903/1979] Compiling asn1_par.cc
[1904/1979] Compiling bcm.cc
[1905/1979] Compiling asn1_lib.cc
[1906/1979] Compiling a_utctm.cc
[1907/1979] Compiling a_strnid.cc
[1908/1979] Compiling a_time.cc
[1909/1979] Compiling a_octet.cc
[1910/1979] Compiling a_type.cc
[1911/1979] Compiling a_strex.cc
[1912/1979] Compiling a_i2d_fp.cc
[1913/1979] Compiling a_object.cc
[1914/1979] Compiling a_int.cc
[1915/1979] Compiling CAsyncHTTPClient CAsyncHTTPClient.c
[1915/1979] Write sources
[1921/1979] Compiling a_mbstr.cc
[1922/1979] Compiling a_d2i_fp.cc
[1923/1979] Compiling a_dup.cc
[1923/1979] Write sources
[1925/2129] Compiling a_gentm.cc
[1927/2129] Compiling AsyncAlgorithms AsyncChunkedOnProjectionSequence.swift
[1928/2129] Compiling AsyncAlgorithms AsyncChunksOfCountOrSignalSequence.swift
[1929/2131] Compiling AsyncAlgorithms AsyncRemoveDuplicatesSequence.swift
[1930/2131] Compiling AsyncAlgorithms AsyncShareSequence.swift
[1931/2131] Compiling AsyncAlgorithms AsyncChunksOfCountSequence.swift
[1932/2131] Compiling AsyncAlgorithms AsyncSyncSequence.swift
[1933/2131] Compiling AsyncAlgorithms AsyncAdjacentPairsSequence.swift
[1934/2131] Compiling AsyncAlgorithms AsyncBufferedByteIterator.swift
[1934/2131] Compiling aes.cc
[1938/2131] Compiling AsyncAlgorithms AsyncChain2Sequence.swift
[1939/2131] Compiling AsyncAlgorithms AsyncChain3Sequence.swift
[1940/2131] Compiling AsyncAlgorithms AsyncChunkedByGroupSequence.swift
[1943/2138] Compiling a_bool.cc
[1945/2138] Compiling Atomics IntegerOperations.swift
[1946/2138] Compiling Atomics Unmanaged extensions.swift
[1946/2138] Compiling a_bitstr.cc
[1951/2146] Compiling AsyncAlgorithms CombineLatestStateMachine.swift
[1952/2146] Compiling AsyncAlgorithms CombineLatestStorage.swift
[1953/2146] Compiling AsyncAlgorithms AsyncDebounceSequence.swift
[1954/2146] Compiling AsyncAlgorithms DebounceStateMachine.swift
[1955/2146] Compiling AsyncAlgorithms DebounceStorage.swift
[1956/2146] Compiling AsyncAlgorithms Dictionary.swift
[1957/2146] Compiling AsyncAlgorithms AsyncFlatMapLatestSequence.swift
[1958/2146] Compiling AsyncAlgorithms FlatMapLatestStateMachine.swift
[1959/2146] Compiling AsyncAlgorithms FlatMapLatestStorage.swift
[1960/2146] Compiling AsyncAlgorithms Disconnected.swift
[1961/2146] Compiling AsyncAlgorithms _TinyArray.swift
[1962/2146] Compiling AsyncAlgorithms AsyncInterspersedSequence.swift
[1963/2146] Compiling AsyncAlgorithms Locking.swift
[1964/2146] Compiling AsyncAlgorithms AsyncMerge2Sequence.swift
[1965/2146] Compiling AsyncAlgorithms AsyncMerge3Sequence.swift
[1966/2146] Compiling AsyncAlgorithms MergeStateMachine.swift
[1967/2146] Compiling AsyncAlgorithms MergeStorage.swift
[1968/2146] Compiling AsyncAlgorithms MultiProducerSingleConsumerAsyncChannel+Internal.swift
[1969/2146] Compiling AsyncAlgorithms MultiProducerSingleConsumerAsyncChannel.swift
[1970/2146] Compiling AsyncAlgorithms RangeReplaceableCollection.swift
[1971/2146] Compiling BitCollections BitSet.Counted.swift
[1972/2146] Compiling AsyncAlgorithms AsyncCompactedSequence.swift
[1973/2146] Compiling AsyncAlgorithms AsyncExclusiveReductionsSequence.swift
[1974/2146] Compiling AsyncAlgorithms AsyncInclusiveReductionsSequence.swift
[1975/2146] Compiling AsyncAlgorithms AsyncJoinedBySeparatorSequence.swift
[1977/2149] Compiling AsyncAlgorithms AsyncThrowingInclusiveReductionsSequence.swift
[1978/2149] Compiling AsyncAlgorithms AsyncTimerSequence.swift
[1979/2149] Compiling AsyncAlgorithms AsyncBufferSequence.swift
[1980/2149] Compiling AsyncAlgorithms BoundedBufferStateMachine.swift
[1981/2149] Compiling AsyncAlgorithms BoundedBufferStorage.swift
[1988/2149] Compiling CryptoBoringWrapper RandomBytes.swift
[1989/2149] Compiling BitCollections BitSet.Index.swift
[1990/2149] Compiling BitCollections BitSet._UnsafeHandle.swift
[1991/2149] Compiling BitCollections BitSet.swift
[1992/2149] Compiling BitCollections Range+Utilities.swift
[1993/2149] Compiling BitCollections Slice+Utilities.swift
[1994/2149] Compiling BitCollections UInt+Tricks.swift
[1995/2149] Compiling BitCollections _Word.swift
[2008/2156] Emitting module BitCollections
[2013/2156] Compiling AsyncAlgorithms AsyncJoinedSequence.swift
[2014/2156] Compiling AsyncAlgorithms AsyncMapErrorSequence.swift
[2017/2156] Compiling Algorithms Trim.swift
[2018/2156] Compiling Algorithms Unique.swift
[2019/2156] Compiling Algorithms Windows.swift
[2020/2156] Compiling AsyncAlgorithms AsyncThrowingChannel.swift
[2021/2156] Compiling AsyncAlgorithms ChannelStateMachine.swift
[2022/2156] Compiling AsyncAlgorithms ChannelStorage.swift
[2023/2156] Compiling AsyncAlgorithms AsyncCombineLatest2Sequence.swift
[2024/2156] Compiling AsyncAlgorithms AsyncCombineLatest3Sequence.swift
[2033/2156] Compiling CryptoBoringWrapper FiniteFieldArithmeticContext.swift
[2046/2157] Compiling CryptoBoringWrapper CryptoKitErrors_boring.swift
[2047/2157] Emitting module Atomics
[2047/2157] Wrapping AST for BitCollections for debugging
[2049/2163] Compiling CryptoBoringWrapper EllipticCurve.swift
[2050/2163] Compiling CryptoBoringWrapper BoringSSLAEAD.swift
[2051/2163] Emitting module CryptoBoringWrapper
[2052/2163] Compiling Collections DequeModule reexports.swift
[2053/2163] Compiling Collections OrderedCollections reexports.swift
[2054/2163] Compiling Collections HeapModule reexports.swift
[2055/2163] Compiling Collections HashTreeCollections reexports.swift
[2056/2163] Compiling Collections BitCollections reexports.swift
[2057/2163] Compiling CryptoBoringWrapper ArbitraryPrecisionInteger.swift
[2058/2163] Compiling CryptoBoringWrapper EllipticCurvePoint.swift
[2059/2164] Emitting module Collections
[2068/2166] Emitting module AsyncAlgorithms
[2077/2166] Wrapping AST for CryptoBoringWrapper for debugging
[2078/2166] Wrapping AST for Collections for debugging
[2079/2237] Wrapping AST for Atomics for debugging
[2081/2237] Compiling Crypto Cipher.swift
[2082/2237] Compiling Crypto Nonces.swift
[2083/2237] Compiling Crypto ASN1.swift
[2084/2237] Compiling Crypto ASN1Any.swift
[2085/2242] Compiling Crypto CryptoKitErrors.swift
[2086/2242] Compiling Crypto Digest_boring.swift
[2087/2242] Compiling Crypto Digest.swift
[2088/2242] Compiling Crypto Digests.swift
[2089/2242] Compiling Crypto HashFunctions.swift
[2090/2242] Compiling Crypto HashFunctions_SHA2.swift
[2091/2242] Compiling Crypto HPKE-AEAD.swift
[2092/2316] Compiling NIOCore AsyncChannelInboundStream.swift
[2093/2316] Compiling NIOCore AsyncChannelOutboundWriter.swift
[2094/2317] Compiling NIOCore NIOAny.swift
[2095/2317] Compiling NIOCore NIOCloseOnErrorHandler.swift
[2096/2317] Compiling NIOCore NIOCoreSendableMetatype.swift
[2097/2317] Compiling NIOCore NIODecodedAsyncSequence.swift
[2098/2317] Compiling NIOCore NIOLoopBound.swift
[2099/2317] Compiling NIOCore NIOPooledRecvBufferAllocator.swift
[2100/2317] Compiling NIOCore NIOScheduledCallback.swift
[2101/2317] Compiling NIOCore NIOAsyncSequenceProducer.swift
[2102/2317] Compiling NIOCore NIOAsyncSequenceProducerStrategies.swift
[2103/2317] Compiling NIOCore ByteBuffer-aux.swift
[2104/2317] Compiling NIOCore ByteBuffer-binaryEncodedLengthPrefix.swift
[2105/2317] Compiling NIOCore ByteBuffer-conversions.swift
[2106/2317] Compiling NIOCore ByteBuffer-core.swift
[2107/2317] Compiling NIOCore ByteBuffer-hex.swift
[2108/2317] Compiling NIOCore ByteBuffer-int.swift
[2109/2317] Compiling NIOCore ByteBuffer-lengthPrefix.swift
[2110/2317] Compiling NIOCore FileHandle.swift
[2111/2317] Compiling NIOCore FileRegion.swift
[2112/2317] Compiling NIOCore GlobalSingletons.swift
[2113/2317] Compiling NIOCore IO.swift
[2114/2317] Compiling NIOCore IOData.swift
[2115/2317] Compiling NIOCore NIOThrowingAsyncSequenceProducer.swift
[2116/2317] Compiling NIOCore BSDSocketAPI.swift
[2117/2317] Compiling NIOCore IPProtocol.swift
[2118/2317] Compiling NIOCore IntegerBitPacking.swift
[2119/2317] Compiling NIOCore IntegerTypes.swift
[2120/2317] Compiling NIOCore Interfaces.swift
[2121/2317] Compiling NIOCore Linux.swift
[2122/2317] Compiling NIOCore MarkedCircularBuffer.swift
[2123/2317] Compiling NIOCore MulticastChannel.swift
[2124/2317] Emitting module Algorithms
[2127/2319] Compiling _ConnectionPoolModule TinyFastSequence.swift
[2127/2319] Wrapping AST for Algorithms for debugging
[2128/2319] Wrapping AST for AsyncAlgorithms for debugging
[2135/2328] Compiling NIOCore NIOSendable.swift
[2136/2328] Compiling NIOCore NIOSplitLinesMessageDecoder.swift
[2137/2328] Compiling NIOCore NIOTransportAccessibleChannelCore.swift
[2138/2328] Compiling NIOCore RecvByteBufferAllocator.swift
[2139/2336] Compiling ServiceLifecycle CancellationWaiter.swift
[2140/2336] Compiling ServiceLifecycle ClosureService.swift
[2141/2336] Compiling ServiceLifecycle AsyncCancelOnGracefulShutdownSequence.swift
[2142/2336] Compiling ServiceLifecycle AsyncGracefulShutdownSequence.swift
[2143/2336] Emitting module ServiceLifecycle
[2144/2336] Compiling ServiceLifecycle GracefulShutdown.swift
[2145/2337] Emitting module Crypto
[2148/2347] Compiling NIOCore AsyncChannel.swift
[2149/2347] Compiling NIOCore AsyncChannelHandler.swift
[2160/2347] Compiling ServiceLifecycle ServiceRunnerError.swift
[2169/2347] Compiling NIOCore NIOAsyncWriter.swift
[2170/2347] Compiling NIOCore ByteBuffer-multi-int.swift
[2171/2347] Emitting module _ConnectionPoolModule
[2175/2347] Compiling NIOCore SingleStepByteToMessageDecoder.swift
[2176/2347] Compiling NIOCore SocketAddresses.swift
[2177/2347] Compiling NIOCore SocketOptionProvider.swift
[2178/2347] Compiling NIOCore SystemCallHelpers.swift
[2179/2347] Compiling NIOCore TimeAmount+Duration.swift
[2180/2347] Compiling NIOCore TypeAssistedChannelHandler.swift
[2181/2347] Compiling NIOCore UniversalBootstrapSupport.swift
[2182/2347] Compiling ServiceLifecycle Service.swift
[2183/2347] Compiling ServiceLifecycle ServiceGroupConfiguration.swift
[2184/2347] Compiling ServiceLifecycle ServiceGroup.swift
[2186/2348] Compiling NIOCore ByteBuffer-quicBinaryEncodingStrategy.swift
[2187/2348] Compiling NIOCore ByteBuffer-views.swift
[2187/2348] Wrapping AST for ServiceLifecycle for debugging
[2189/2348] Compiling NIOCore Channel.swift
/host/spi-builder-workspace/.build/checkouts/postgres-nio/Sources/ConnectionPoolModule/PoolStateMachine.swift:888:48: error: cannot find 'pow' in scope
886 |
887 |         let start = Double(100_000_000)
888 |         let backoffNanosecondsDouble = start * pow(1.25, Double(attempts - 1))
    |                                                `- error: cannot find 'pow' in scope
889 |
890 |         // Cap to 60s _before_ we convert to Int64, to avoid trapping in the Int64 initializer.
/host/spi-builder-workspace/.build/checkouts/postgres-nio/Sources/ConnectionPoolModule/PoolStateMachine.swift:898:74: error: referencing instance method 'randomElement()' on 'ClosedRange' requires that 'Float16' conform to 'SignedInteger'
896 |         let jitterRange = (backoffNanoseconds / 100) * 3
897 |         // Pick a random element from the range +/- jitter range.
898 |         let jitter: Duration = .nanoseconds((-jitterRange...jitterRange).randomElement()!)
    |                                                                          `- error: referencing instance method 'randomElement()' on 'ClosedRange' requires that 'Float16' conform to 'SignedInteger'
899 |         let jitteredBackoff = backoff + jitter
900 |         return jitteredBackoff
Swift.ClosedRange:1:11: note: requirement from conditional conformance of 'ClosedRange<Float16>' to 'Collection'
 1 | extension ClosedRange : Collection, BidirectionalCollection, RandomAccessCollection where Bound : Strideable, Bound.Stride : SignedInteger {
   |           `- note: requirement from conditional conformance of 'ClosedRange<Float16>' to 'Collection'
 2 |     public typealias SubSequence = Slice<ClosedRange<Bound>>
 3 |     @inlinable public var startIndex: ClosedRange<Bound>.Index { get }
[2190/2348] Compiling NIOCore ChannelHandler.swift
/host/spi-builder-workspace/.build/checkouts/postgres-nio/Sources/ConnectionPoolModule/PoolStateMachine.swift:888:48: error: cannot find 'pow' in scope
886 |
887 |         let start = Double(100_000_000)
888 |         let backoffNanosecondsDouble = start * pow(1.25, Double(attempts - 1))
    |                                                `- error: cannot find 'pow' in scope
889 |
890 |         // Cap to 60s _before_ we convert to Int64, to avoid trapping in the Int64 initializer.
/host/spi-builder-workspace/.build/checkouts/postgres-nio/Sources/ConnectionPoolModule/PoolStateMachine.swift:898:74: error: referencing instance method 'randomElement()' on 'ClosedRange' requires that 'Float16' conform to 'SignedInteger'
896 |         let jitterRange = (backoffNanoseconds / 100) * 3
897 |         // Pick a random element from the range +/- jitter range.
898 |         let jitter: Duration = .nanoseconds((-jitterRange...jitterRange).randomElement()!)
    |                                                                          `- error: referencing instance method 'randomElement()' on 'ClosedRange' requires that 'Float16' conform to 'SignedInteger'
899 |         let jitteredBackoff = backoff + jitter
900 |         return jitteredBackoff
Swift.ClosedRange:1:11: note: requirement from conditional conformance of 'ClosedRange<Float16>' to 'Collection'
 1 | extension ClosedRange : Collection, BidirectionalCollection, RandomAccessCollection where Bound : Strideable, Bound.Stride : SignedInteger {
   |           `- note: requirement from conditional conformance of 'ClosedRange<Float16>' to 'Collection'
 2 |     public typealias SubSequence = Slice<ClosedRange<Bound>>
 3 |     @inlinable public var startIndex: ClosedRange<Bound>.Index { get }
[2203/2348] Compiling NIOCore ConvenienceOptionSupport.swift
[2204/2348] Compiling NIOCore DeadChannel.swift
[2205/2348] Compiling NIOCore DispatchQueue+WithFuture.swift
[2206/2348] Compiling NIOCore EventLoop+Deprecated.swift
[2207/2348] Compiling NIOCore EventLoop+SerialExecutor.swift
[2208/2348] Compiling NIOCore EventLoop.swift
[2209/2348] Compiling NIOCore EventLoopFuture+AssumeIsolated.swift
[2210/2348] Compiling NIOCore EventLoopFuture+Deprecated.swift
[2211/2348] Compiling NIOCore EventLoopFuture+WithEventLoop.swift
[2212/2348] Compiling NIOCore EventLoopFuture.swift
[2217/2348] Compiling NIOCore ChannelHandlers.swift
[2218/2348] Compiling NIOCore ChannelInvoker.swift
[2219/2348] Compiling NIOCore ChannelOption.swift
[2220/2348] Compiling NIOCore ChannelPipeline.swift
[2221/2348] Compiling NIOCore CircularBuffer.swift
[2222/2348] Compiling NIOCore Codec.swift
[2223/2348] Compiling NIOCore FileDescriptor.swift
BUILD FAILURE 6.2 android