The Swift Package Index logo.Swift Package Index

Build Information

Failed to build SwiftXCore, reference 1.0.0 (5b0ba4), with Swift 6.4 for Linux on 24 Sep 2026 12:12:50 UTC.

Build Command

bash -c docker run --pull=always --rm -v "checkouts-54344843-1":/host -w "$PWD" -e JAVA_HOME="/root/.sdkman/candidates/java/current" -e SPI_BUILD="1" -e SPI_PROCESSING="1" registry.gitlab.com/saguaro1/spi-images:basic-6.4-latest swift build --triple x86_64-unknown-linux-gnu 2>&1

Build Log

========================================
RunAll
========================================
Builder version: 5.1.0
Interrupt handler set up.
========================================
Checkout
========================================
Clone URL: https://github.com/SwiftXCity/SwiftXCore.git
Reference: 1.0.0
Initialized empty Git repository in /host/spi-builder-workspace/.git/
hint: Using 'master' as the name for the initial branch. This default branch name
hint: is subject to change. To configure the initial branch name to use in all
hint: of your new repositories, which will suppress this warning, call:
hint:
hint: 	git config --global init.defaultBranch <name>
hint:
hint: Names commonly chosen instead of 'master' are 'main', 'trunk' and
hint: 'development'. The just-created branch can be renamed via this command:
hint:
hint: 	git branch -m <name>
From https://github.com/SwiftXCity/SwiftXCore
 * tag               1.0.0      -> FETCH_HEAD
HEAD is now at 5b0ba45 docs: add MIT license and update repo url
Cloned https://github.com/SwiftXCity/SwiftXCore.git
Revision (git rev-parse @):
5b0ba4544e30120f773e2d72ea025f7ba0f5fb5d
SUCCESS checkout https://github.com/SwiftXCity/SwiftXCore.git at 1.0.0
========================================
Build
========================================
Selected platform:         linux
Swift version:             6.4
Building package at path:  $PWD
https://github.com/SwiftXCity/SwiftXCore.git
Running build ...
bash -c docker run --pull=always --rm -v "checkouts-54344843-1":/host -w "$PWD" -e JAVA_HOME="/root/.sdkman/candidates/java/current" -e SPI_BUILD="1" -e SPI_PROCESSING="1" registry.gitlab.com/saguaro1/spi-images:basic-6.4-latest swift build --triple x86_64-unknown-linux-gnu 2>&1
basic-6.4-latest: Pulling from saguaro1/spi-images
Digest: sha256:c77fcce225e223ac0fafed844619173fc6de8d62dd560eeb28db3182af6a282b
Status: Image is up to date for registry.gitlab.com/saguaro1/spi-images:basic-6.4-latest
Building for debugging...
[Planning deferred tasks]
[32 / 44] SwiftXCore
/host/spi-builder-workspace/Sources/SwiftXCore/http/http_parser.swift:51:17: warning: variable 'query' was never mutated; consider changing to 'let' constant [#]8;;https://docs.swift.org/compiler/documentation/diagnostics/variable-never-mutated\VariableNeverMutated]8;;\]
 49 |             // Query params
 50 |             var path = pathFull
 51 |             var query: [String: String] = [:]
    |                 `- warning: variable 'query' was never mutated; consider changing to 'let' constant [#]8;;https://docs.swift.org/compiler/documentation/diagnostics/variable-never-mutated\VariableNeverMutated]8;;\]
 52 |             if let qIdx = pathFull.firstIndex(of: "?") {
 53 |                 path = String(pathFull[..<qIdx])
[#VariableNeverMutated]: <https://docs.swift.org/compiler/documentation/diagnostics/variable-never-mutated>
error: SwiftCompile normal x86_64 /host/spi-builder-workspace/Sources/SwiftXCore/net/connection.swift failed with a nonzero exit code. Command line:     cd /host
    builtin-SwiftPerFileCompile connection.swift
error: SwiftCompile normal x86_64 /host/spi-builder-workspace/Sources/SwiftXCore/net/listener.swift failed with a nonzero exit code. Command line:     cd /host
    builtin-SwiftPerFileCompile listener.swift
/host/spi-builder-workspace/Sources/SwiftXCore/net/connection.swift:40:13: error: cannot find 'Darwin' in scope
38 |         #else
39 |         _ = data.withUnsafeBytes { ptr in
40 |             Darwin.send(Int32(socket.fd), ptr.baseAddress!, data.count, 0)
   |             `- error: cannot find 'Darwin' in scope
41 |         }
42 |         #endif
/host/spi-builder-workspace/Sources/SwiftXCore/net/connection.swift:51:13: error: cannot find 'Darwin' in scope
49 |         _ = WinSDK.shutdown(s, Int32(SD_SEND))
50 |         #else
51 |         _ = Darwin.shutdown(Int32(socket.fd), SHUT_WR)
   |             `- error: cannot find 'Darwin' in scope
52 |         #endif
53 |         socket.close()
/host/spi-builder-workspace/Sources/SwiftXCore/net/listener.swift:26:34: error: cannot convert value of type '__socket_type' to expected argument type 'Int32'
 24 |         }
 25 |         #else
 26 |         let fd = socket(AF_INET, SOCK_STREAM, 0)
    |                                  `- error: cannot convert value of type '__socket_type' to expected argument type 'Int32'
 27 |         if fd == -1 {
 28 |             fatalError("Failed to create server socket")
/host/spi-builder-workspace/Sources/SwiftXCore/net/listener.swift:68:17: error: cannot find 'Darwin' in scope
 66 |                 WinSDK.bind(SOCKET(bitPattern: Int64(serverSocket.fd)), $0, Int32(MemoryLayout<sockaddr_in>.size))
 67 |                 #else
 68 |                 Darwin.bind(Int32(serverSocket.fd), $0, socklen_t(MemoryLayout<sockaddr_in>.size))
    |                 `- error: cannot find 'Darwin' in scope
 69 |                 #endif
 70 |             }
/host/spi-builder-workspace/Sources/SwiftXCore/net/listener.swift:80:9: error: cannot find 'Darwin' in scope
 78 |         WinSDK.listen(SOCKET(bitPattern: Int64(serverSocket.fd)), SOMAXCONN)
 79 |         #else
 80 |         Darwin.listen(Int32(serverSocket.fd), SOMAXCONN)
    |         `- error: cannot find 'Darwin' in scope
 81 |         #endif
 82 |
/host/spi-builder-workspace/Sources/SwiftXCore/net/listener.swift:97:24: error: cannot find 'Darwin' in scope
 95 |         }
 96 |         #else
 97 |         let clientFd = Darwin.accept(Int32(serverSocket.fd), &clientAddr, &clientAddrLen)
    |                        `- error: cannot find 'Darwin' in scope
 98 |         if clientFd == -1 {
 99 |             return nil
Failed frontend command:
/usr/bin/swift-frontend -frontend -c /host/spi-builder-workspace/Sources/SwiftXCore/SwiftXCore.swift /host/spi-builder-workspace/Sources/SwiftXCore/buffer/byte_buffer.swift /host/spi-builder-workspace/Sources/SwiftXCore/http/encoder.swift /host/spi-builder-workspace/Sources/SwiftXCore/http/http_parser.swift /host/spi-builder-workspace/Sources/SwiftXCore/http/request.swift /host/spi-builder-workspace/Sources/SwiftXCore/http/response.swift /host/spi-builder-workspace/Sources/SwiftXCore/io/backend.swift /host/spi-builder-workspace/Sources/SwiftXCore/io/epoll_backend.swift /host/spi-builder-workspace/Sources/SwiftXCore/io/iocp_backend.swift /host/spi-builder-workspace/Sources/SwiftXCore/io/kqueue_backend.swift /host/spi-builder-workspace/Sources/SwiftXCore/io/select_backend.swift /host/spi-builder-workspace/Sources/SwiftXCore/io/socket.swift -primary-file /host/spi-builder-workspace/Sources/SwiftXCore/io/wsapoll_backend.swift -primary-file /host/spi-builder-workspace/Sources/SwiftXCore/net/connection.swift -primary-file /host/spi-builder-workspace/Sources/SwiftXCore/net/listener.swift /host/spi-builder-workspace/Sources/SwiftXCore/router/radix_router.swift /host/spi-builder-workspace/Sources/SwiftXCore/runtime/queue.swift /host/spi-builder-workspace/Sources/SwiftXCore/runtime/scheduler.swift /host/spi-builder-workspace/Sources/SwiftXCore/runtime/task.swift /host/spi-builder-workspace/Sources/SwiftXCore/runtime/worker.swift /host/spi-builder-workspace/Sources/SwiftXCore/utils/config.swift /host/spi-builder-workspace/Sources/SwiftXCore/utils/runtime_info.swift /host/spi-builder-workspace/Sources/SwiftXCore/websocket/websocket_server.swift -supplementary-output-file-map /host/spi-builder-workspace/.build/out/Intermediates.noindex/SwiftXCore.build/Debug-linux-x86_64/SwiftXCore-t.build/Objects-normal/x86_64/supplementaryOutputs-5 -target x86_64-unknown-linux-gnu -disable-objc-interop -I /host/spi-builder-workspace/.build/out/Products/Debug-linux-x86_64 -module-cache-path /host/spi-builder-workspace/.build/out/ModuleCache.noindex -color-diagnostics -Xcc -fcolor-diagnostics -enable-testing -g -debug-info-format\=dwarf -dwarf-version\=4 -swift-version 6 -Onone -D SWIFT_PACKAGE -D DEBUG -D SWIFT_MODULE_RESOURCE_BUNDLE_UNAVAILABLE -D Xcode -serialize-debugging-options -enable-experimental-feature DebugDescriptionMacro -empty-abi-descriptor -external-plugin-path /usr/lib/swift/host/plugins/testing\#/usr/bin/swift-plugin-server -validate-clang-modules-once -clang-build-session-file /host/spi-builder-workspace/.build/out/ModuleCache.noindex/Session.modulevalidation -Xcc -working-directory -Xcc /host -enable-anonymous-context-mangled-names -file-compilation-dir /host -Xcc -fno-omit-frame-pointer -Xcc -D_LIBCPP_HARDENING_MODE\=_LIBCPP_HARDENING_MODE_DEBUG -Xcc -fmodules-prune-interval\=86400 -Xcc -fmodules-prune-after\=345600 -Xcc -I/host/spi-builder-workspace/.build/out/Products/Debug-linux-x86_64/include -Xcc -I/host/spi-builder-workspace/.build/out/Intermediates.noindex/SwiftXCore.build/Debug-linux-x86_64/SwiftXCore-t.build/DerivedSources-normal/x86_64 -Xcc -I/host/spi-builder-workspace/.build/out/Intermediates.noindex/SwiftXCore.build/Debug-linux-x86_64/SwiftXCore-t.build/DerivedSources/x86_64 -Xcc -I/host/spi-builder-workspace/.build/out/Intermediates.noindex/SwiftXCore.build/Debug-linux-x86_64/SwiftXCore-t.build/DerivedSources -Xcc -DSWIFT_PACKAGE -Xcc -DDEBUG\=1 -no-auto-bridging-header-chaining -module-name SwiftXCore -package-name spi_builder_workspace -const-gather-protocols-file /host/spi-builder-workspace/.build/out/Intermediates.noindex/SwiftXCore.build/Debug-linux-x86_64/SwiftXCore-t.build/Objects-normal/x86_64/SwiftXCore_const_extract_protocols.json -in-process-plugin-server-path /usr/lib/swift/host/libSwiftInProcPluginServer.so -plugin-path /usr/lib/swift/host/plugins -plugin-path /usr/local/lib/swift/host/plugins -parse-as-library -o /host/spi-builder-workspace/.build/out/Intermediates.noindex/SwiftXCore.build/Debug-linux-x86_64/SwiftXCore-t.build/Objects-normal/x86_64/wsapoll_backend.o -o /host/spi-builder-workspace/.build/out/Intermediates.noindex/SwiftXCore.build/Debug-linux-x86_64/SwiftXCore-t.build/Objects-normal/x86_64/connection.o -o /host/spi-builder-workspace/.build/out/Intermediates.noindex/SwiftXCore.build/Debug-linux-x86_64/SwiftXCore-t.build/Objects-normal/x86_64/listener.o -index-unit-output-path /SwiftXCore.build/Debug-linux-x86_64/SwiftXCore-t.build/Objects-normal/x86_64/wsapoll_backend.o -index-unit-output-path /SwiftXCore.build/Debug-linux-x86_64/SwiftXCore-t.build/Objects-normal/x86_64/connection.o -index-unit-output-path /SwiftXCore.build/Debug-linux-x86_64/SwiftXCore-t.build/Objects-normal/x86_64/listener.o -index-store-path /host/spi-builder-workspace/.build/out -index-system-modules
error: SwiftCompile normal x86_64 /host/spi-builder-workspace/Sources/SwiftXCore/io/epoll_backend.swift failed with a nonzero exit code. Command line:     cd /host
    builtin-SwiftPerFileCompile epoll_backend.swift
/host/spi-builder-workspace/Sources/SwiftXCore/io/epoll_backend.swift:11:21: error: cannot find 'epoll_create1' in scope
 9 |
10 |     public init() {
11 |         self.epfd = epoll_create1(0)
   |                     `- error: cannot find 'epoll_create1' in scope
12 |         if epfd == -1 {
13 |             fatalError("Failed to create epoll")
/host/spi-builder-workspace/Sources/SwiftXCore/io/epoll_backend.swift:18:21: error: cannot find 'epoll_event' in scope
16 |
17 |     public func register(_ socket: Socket) {
18 |         var event = epoll_event()
   |                     `- error: cannot find 'epoll_event' in scope
19 |         event.events = UInt32(EPOLLIN.rawValue) | UInt32(EPOLLET.rawValue)
20 |         event.data.fd = Int32(socket.fd)
/host/spi-builder-workspace/Sources/SwiftXCore/io/epoll_backend.swift:19:31: error: cannot find 'EPOLLIN' in scope
17 |     public func register(_ socket: Socket) {
18 |         var event = epoll_event()
19 |         event.events = UInt32(EPOLLIN.rawValue) | UInt32(EPOLLET.rawValue)
   |                               `- error: cannot find 'EPOLLIN' in scope
20 |         event.data.fd = Int32(socket.fd)
21 |
/host/spi-builder-workspace/Sources/SwiftXCore/io/epoll_backend.swift:19:58: error: cannot find 'EPOLLET' in scope
17 |     public func register(_ socket: Socket) {
18 |         var event = epoll_event()
19 |         event.events = UInt32(EPOLLIN.rawValue) | UInt32(EPOLLET.rawValue)
   |                                                          `- error: cannot find 'EPOLLET' in scope
20 |         event.data.fd = Int32(socket.fd)
21 |
/host/spi-builder-workspace/Sources/SwiftXCore/io/epoll_backend.swift:22:9: error: cannot find 'epoll_ctl' in scope
20 |         event.data.fd = Int32(socket.fd)
21 |
22 |         epoll_ctl(epfd, EPOLL_CTL_ADD, Int32(socket.fd), &event)
   |         `- error: cannot find 'epoll_ctl' in scope
23 |         socketMap[Int32(socket.fd)] = socket
24 |     }
/host/spi-builder-workspace/Sources/SwiftXCore/io/epoll_backend.swift:22:25: error: cannot find 'EPOLL_CTL_ADD' in scope
20 |         event.data.fd = Int32(socket.fd)
21 |
22 |         epoll_ctl(epfd, EPOLL_CTL_ADD, Int32(socket.fd), &event)
   |                         `- error: cannot find 'EPOLL_CTL_ADD' in scope
23 |         socketMap[Int32(socket.fd)] = socket
24 |     }
/host/spi-builder-workspace/Sources/SwiftXCore/io/epoll_backend.swift:27:9: error: cannot find 'epoll_ctl' in scope
25 |
26 |     public func unregister(_ socket: Socket) {
27 |         epoll_ctl(epfd, EPOLL_CTL_DEL, Int32(socket.fd), nil)
   |         `- error: cannot find 'epoll_ctl' in scope
28 |         socketMap.removeValue(forKey: Int32(socket.fd))
29 |     }
/host/spi-builder-workspace/Sources/SwiftXCore/io/epoll_backend.swift:27:25: error: cannot find 'EPOLL_CTL_DEL' in scope
25 |
26 |     public func unregister(_ socket: Socket) {
27 |         epoll_ctl(epfd, EPOLL_CTL_DEL, Int32(socket.fd), nil)
   |                         `- error: cannot find 'EPOLL_CTL_DEL' in scope
28 |         socketMap.removeValue(forKey: Int32(socket.fd))
29 |     }
/host/spi-builder-workspace/Sources/SwiftXCore/io/epoll_backend.swift:32:23: error: cannot find 'epoll_event' in scope
30 |
31 |     public func poll(timeout: Int) -> [IOEvent] {
32 |         var events = [epoll_event](repeating: epoll_event(), count: 1024)
   |                       `- error: cannot find 'epoll_event' in scope
33 |         let count = epoll_wait(epfd, &events, 1024, Int32(timeout))
34 |
/host/spi-builder-workspace/Sources/SwiftXCore/io/epoll_backend.swift:32:47: error: cannot find 'epoll_event' in scope
30 |
31 |     public func poll(timeout: Int) -> [IOEvent] {
32 |         var events = [epoll_event](repeating: epoll_event(), count: 1024)
   |                                               `- error: cannot find 'epoll_event' in scope
33 |         let count = epoll_wait(epfd, &events, 1024, Int32(timeout))
34 |
/host/spi-builder-workspace/Sources/SwiftXCore/io/epoll_backend.swift:32:22: error: cannot call value of non-function type '[Element]'
30 |
31 |     public func poll(timeout: Int) -> [IOEvent] {
32 |         var events = [epoll_event](repeating: epoll_event(), count: 1024)
   |                      `- error: cannot call value of non-function type '[Element]'
33 |         let count = epoll_wait(epfd, &events, 1024, Int32(timeout))
34 |
/host/spi-builder-workspace/Sources/SwiftXCore/io/epoll_backend.swift:33:21: error: cannot find 'epoll_wait' in scope
31 |     public func poll(timeout: Int) -> [IOEvent] {
32 |         var events = [epoll_event](repeating: epoll_event(), count: 1024)
33 |         let count = epoll_wait(epfd, &events, 1024, Int32(timeout))
   |                     `- error: cannot find 'epoll_wait' in scope
34 |
35 |         var results: [IOEvent] = []
/host/spi-builder-workspace/Sources/SwiftXCore/io/epoll_backend.swift:40:43: error: cannot find 'EPOLLIN' in scope
38 |             let fd = event.data.fd
39 |             if let socket = socketMap[fd] {
40 |                 if (event.events & UInt32(EPOLLIN.rawValue)) != 0 {
   |                                           `- error: cannot find 'EPOLLIN' in scope
41 |                     results.append(.read(socket))
42 |                 }
/host/spi-builder-workspace/Sources/SwiftXCore/io/epoll_backend.swift:43:43: error: cannot find 'EPOLLOUT' in scope
41 |                     results.append(.read(socket))
42 |                 }
43 |                 if (event.events & UInt32(EPOLLOUT.rawValue)) != 0 {
   |                                           `- error: cannot find 'EPOLLOUT' in scope
44 |                     results.append(.write(socket))
45 |                 }
Failed frontend command:
/usr/bin/swift-frontend -frontend -c /host/spi-builder-workspace/Sources/SwiftXCore/SwiftXCore.swift /host/spi-builder-workspace/Sources/SwiftXCore/buffer/byte_buffer.swift /host/spi-builder-workspace/Sources/SwiftXCore/http/encoder.swift /host/spi-builder-workspace/Sources/SwiftXCore/http/http_parser.swift /host/spi-builder-workspace/Sources/SwiftXCore/http/request.swift /host/spi-builder-workspace/Sources/SwiftXCore/http/response.swift -primary-file /host/spi-builder-workspace/Sources/SwiftXCore/io/backend.swift -primary-file /host/spi-builder-workspace/Sources/SwiftXCore/io/epoll_backend.swift -primary-file /host/spi-builder-workspace/Sources/SwiftXCore/io/iocp_backend.swift /host/spi-builder-workspace/Sources/SwiftXCore/io/kqueue_backend.swift /host/spi-builder-workspace/Sources/SwiftXCore/io/select_backend.swift /host/spi-builder-workspace/Sources/SwiftXCore/io/socket.swift /host/spi-builder-workspace/Sources/SwiftXCore/io/wsapoll_backend.swift /host/spi-builder-workspace/Sources/SwiftXCore/net/connection.swift /host/spi-builder-workspace/Sources/SwiftXCore/net/listener.swift /host/spi-builder-workspace/Sources/SwiftXCore/router/radix_router.swift /host/spi-builder-workspace/Sources/SwiftXCore/runtime/queue.swift /host/spi-builder-workspace/Sources/SwiftXCore/runtime/scheduler.swift /host/spi-builder-workspace/Sources/SwiftXCore/runtime/task.swift /host/spi-builder-workspace/Sources/SwiftXCore/runtime/worker.swift /host/spi-builder-workspace/Sources/SwiftXCore/utils/config.swift /host/spi-builder-workspace/Sources/SwiftXCore/utils/runtime_info.swift /host/spi-builder-workspace/Sources/SwiftXCore/websocket/websocket_server.swift -supplementary-output-file-map /host/spi-builder-workspace/.build/out/Intermediates.noindex/SwiftXCore.build/Debug-linux-x86_64/SwiftXCore-t.build/Objects-normal/x86_64/supplementaryOutputs-3 -target x86_64-unknown-linux-gnu -disable-objc-interop -I /host/spi-builder-workspace/.build/out/Products/Debug-linux-x86_64 -module-cache-path /host/spi-builder-workspace/.build/out/ModuleCache.noindex -color-diagnostics -Xcc -fcolor-diagnostics -enable-testing -g -debug-info-format\=dwarf -dwarf-version\=4 -swift-version 6 -Onone -D SWIFT_PACKAGE -D DEBUG -D SWIFT_MODULE_RESOURCE_BUNDLE_UNAVAILABLE -D Xcode -serialize-debugging-options -enable-experimental-feature DebugDescriptionMacro -empty-abi-descriptor -external-plugin-path /usr/lib/swift/host/plugins/testing\#/usr/bin/swift-plugin-server -validate-clang-modules-once -clang-build-session-file /host/spi-builder-workspace/.build/out/ModuleCache.noindex/Session.modulevalidation -Xcc -working-directory -Xcc /host -enable-anonymous-context-mangled-names -file-compilation-dir /host -Xcc -fno-omit-frame-pointer -Xcc -D_LIBCPP_HARDENING_MODE\=_LIBCPP_HARDENING_MODE_DEBUG -Xcc -fmodules-prune-interval\=86400 -Xcc -fmodules-prune-after\=345600 -Xcc -I/host/spi-builder-workspace/.build/out/Products/Debug-linux-x86_64/include -Xcc -I/host/spi-builder-workspace/.build/out/Intermediates.noindex/SwiftXCore.build/Debug-linux-x86_64/SwiftXCore-t.build/DerivedSources-normal/x86_64 -Xcc -I/host/spi-builder-workspace/.build/out/Intermediates.noindex/SwiftXCore.build/Debug-linux-x86_64/SwiftXCore-t.build/DerivedSources/x86_64 -Xcc -I/host/spi-builder-workspace/.build/out/Intermediates.noindex/SwiftXCore.build/Debug-linux-x86_64/SwiftXCore-t.build/DerivedSources -Xcc -DSWIFT_PACKAGE -Xcc -DDEBUG\=1 -no-auto-bridging-header-chaining -module-name SwiftXCore -package-name spi_builder_workspace -const-gather-protocols-file /host/spi-builder-workspace/.build/out/Intermediates.noindex/SwiftXCore.build/Debug-linux-x86_64/SwiftXCore-t.build/Objects-normal/x86_64/SwiftXCore_const_extract_protocols.json -in-process-plugin-server-path /usr/lib/swift/host/libSwiftInProcPluginServer.so -plugin-path /usr/lib/swift/host/plugins -plugin-path /usr/local/lib/swift/host/plugins -parse-as-library -o /host/spi-builder-workspace/.build/out/Intermediates.noindex/SwiftXCore.build/Debug-linux-x86_64/SwiftXCore-t.build/Objects-normal/x86_64/backend.o -o /host/spi-builder-workspace/.build/out/Intermediates.noindex/SwiftXCore.build/Debug-linux-x86_64/SwiftXCore-t.build/Objects-normal/x86_64/epoll_backend.o -o /host/spi-builder-workspace/.build/out/Intermediates.noindex/SwiftXCore.build/Debug-linux-x86_64/SwiftXCore-t.build/Objects-normal/x86_64/iocp_backend.o -index-unit-output-path /SwiftXCore.build/Debug-linux-x86_64/SwiftXCore-t.build/Objects-normal/x86_64/backend.o -index-unit-output-path /SwiftXCore.build/Debug-linux-x86_64/SwiftXCore-t.build/Objects-normal/x86_64/epoll_backend.o -index-unit-output-path /SwiftXCore.build/Debug-linux-x86_64/SwiftXCore-t.build/Objects-normal/x86_64/iocp_backend.o -index-store-path /host/spi-builder-workspace/.build/out -index-system-modules
error: Build failed
BUILD FAILURE 6.4 linux