The Swift Package Index logo.Swift Package Index

Build Information

Failed to build simshot, reference main (183e89), with Swift 6.1 for tvOS using Xcode 16.3 on 31 Oct 2026 05:35:27 UTC.

Build Command

env DEVELOPER_DIR=/Applications/Xcode-16.3.0.app xcrun xcodebuild -IDEClonedSourcePackagesDirPathOverride=$PWD/.dependencies -skipMacroValidation -skipPackagePluginValidation -derivedDataPath $PWD/.derivedData build -scheme simshot -destination generic/platform=tvOS

Build Log

========================================
RunAll
========================================
Builder version: 5.1.4
Interrupt handler set up.
========================================
Checkout
========================================
Clone URL: https://github.com/kichiemon/simshot.git
Reference: main
Initialized empty Git repository in /Users/admin/builder/spi-builder-workspace/.git/
From https://github.com/kichiemon/simshot
 * branch            main       -> FETCH_HEAD
 * [new branch]      main       -> origin/main
HEAD is now at 183e89e feat: verify flags folders with more than 10 screenshots
Cloned https://github.com/kichiemon/simshot.git
Revision (git rev-parse @):
183e89e73c70ef3c4d85766954c0026a4a5c6da7
SUCCESS checkout https://github.com/kichiemon/simshot.git at main
========================================
Build
========================================
Selected platform:         tvOS
Swift version:             6.1
Building package at path:  $PWD
https://github.com/kichiemon/simshot.git
https://github.com/kichiemon/simshot.git
{
  "dependencies" : [
  ],
  "manifest_display_name" : "simshot",
  "name" : "simshot",
  "path" : "/Users/admin/builder/spi-builder-workspace",
  "platforms" : [
    {
      "name" : "macos",
      "version" : "13.0"
    }
  ],
  "products" : [
    {
      "name" : "simshot",
      "targets" : [
        "simshot"
      ],
      "type" : {
        "executable" : null
      }
    }
  ],
  "targets" : [
    {
      "c99name" : "simshotTests",
      "module_type" : "SwiftTarget",
      "name" : "simshotTests",
      "path" : "Tests/simshotTests",
      "sources" : [
        "ArgParserTests.swift",
        "DoctorTests.swift",
        "InitConfigTests.swift",
        "ProcessRunnerTests.swift",
        "ResizerFailureTests.swift",
        "ResizerTests.swift",
        "ShotSpecTests.swift",
        "SimctlProcessTests.swift",
        "VerifierTests.swift"
      ],
      "target_dependencies" : [
        "SimshotCore"
      ],
      "type" : "test"
    },
    {
      "c99name" : "simshot",
      "module_type" : "SwiftTarget",
      "name" : "simshot",
      "path" : "Sources/simshot",
      "product_memberships" : [
        "simshot"
      ],
      "sources" : [
        "CLI.swift",
        "Doctor.swift",
        "Help.swift",
        "InitRunner.swift",
        "ShootRunner.swift",
        "VerifyRunner.swift"
      ],
      "target_dependencies" : [
        "SimshotCore"
      ],
      "type" : "executable"
    },
    {
      "c99name" : "SimshotCore",
      "module_type" : "SwiftTarget",
      "name" : "SimshotCore",
      "path" : "Sources/SimshotCore",
      "product_memberships" : [
        "simshot"
      ],
      "sources" : [
        "DeviceSpec.swift",
        "Doctor.swift",
        "InitConfig.swift",
        "Options.swift",
        "ProcessRunner.swift",
        "Resizer.swift",
        "ShotSpec.swift",
        "Simctl.swift",
        "Support.swift",
        "Verifier.swift",
        "XcodeBuild.swift"
      ],
      "type" : "library"
    }
  ],
  "tools_version" : "5.9"
}
Command line invocation:
    /Applications/Xcode-16.3.0.app/Contents/Developer/usr/bin/xcodebuild -IDEClonedSourcePackagesDirPathOverride=/Users/admin/builder/spi-builder-workspace/.dependencies -resolvePackageDependencies
Resolve Package Graph
Resolve Package Graph
Resolved source packages:
  simshot: /Users/admin/builder/spi-builder-workspace
resolved source packages: simshot
{
  "dependencies" : [
  ],
  "manifest_display_name" : "simshot",
  "name" : "simshot",
  "path" : "/Users/admin/builder/spi-builder-workspace",
  "platforms" : [
    {
      "name" : "macos",
      "version" : "13.0"
    }
  ],
  "products" : [
    {
      "name" : "simshot",
      "targets" : [
        "simshot"
      ],
      "type" : {
        "executable" : null
      }
    }
  ],
  "targets" : [
    {
      "c99name" : "simshotTests",
      "module_type" : "SwiftTarget",
      "name" : "simshotTests",
      "path" : "Tests/simshotTests",
      "sources" : [
        "ArgParserTests.swift",
        "DoctorTests.swift",
        "InitConfigTests.swift",
        "ProcessRunnerTests.swift",
        "ResizerFailureTests.swift",
        "ResizerTests.swift",
        "ShotSpecTests.swift",
        "SimctlProcessTests.swift",
        "VerifierTests.swift"
      ],
      "target_dependencies" : [
        "SimshotCore"
      ],
      "type" : "test"
    },
    {
      "c99name" : "simshot",
      "module_type" : "SwiftTarget",
      "name" : "simshot",
      "path" : "Sources/simshot",
      "product_memberships" : [
        "simshot"
      ],
      "sources" : [
        "CLI.swift",
        "Doctor.swift",
        "Help.swift",
        "InitRunner.swift",
        "ShootRunner.swift",
        "VerifyRunner.swift"
      ],
      "target_dependencies" : [
        "SimshotCore"
      ],
      "type" : "executable"
    },
    {
      "c99name" : "SimshotCore",
      "module_type" : "SwiftTarget",
      "name" : "SimshotCore",
      "path" : "Sources/SimshotCore",
      "product_memberships" : [
        "simshot"
      ],
      "sources" : [
        "DeviceSpec.swift",
        "Doctor.swift",
        "InitConfig.swift",
        "Options.swift",
        "ProcessRunner.swift",
        "Resizer.swift",
        "ShotSpec.swift",
        "Simctl.swift",
        "Support.swift",
        "Verifier.swift",
        "XcodeBuild.swift"
      ],
      "type" : "library"
    }
  ],
  "tools_version" : "5.9"
}
{
  "workspace" : {
    "name" : "spi-builder-workspace",
    "schemes" : [
      "simshot"
    ]
  }
}
Running build ...
env DEVELOPER_DIR=/Applications/Xcode-16.3.0.app xcrun xcodebuild -IDEClonedSourcePackagesDirPathOverride=$PWD/.dependencies -skipMacroValidation -skipPackagePluginValidation -derivedDataPath $PWD/.derivedData build -scheme simshot -destination generic/platform=tvOS OTHER_SWIFT_FLAGS=-stats-output-dir .stats -strict-concurrency=complete -enable-upcoming-feature StrictConcurrency -enable-upcoming-feature DisableOutwardActorInference -enable-upcoming-feature GlobalActorIsolatedTypesUsability -enable-upcoming-feature InferSendableFromCaptures
Command line invocation:
    /Applications/Xcode-16.3.0.app/Contents/Developer/usr/bin/xcodebuild -IDEClonedSourcePackagesDirPathOverride=/Users/admin/builder/spi-builder-workspace/.dependencies -skipMacroValidation -skipPackagePluginValidation -derivedDataPath /Users/admin/builder/spi-builder-workspace/.derivedData build -scheme simshot -destination generic/platform=tvOS "OTHER_SWIFT_FLAGS=-stats-output-dir .stats -strict-concurrency=complete -enable-upcoming-feature StrictConcurrency -enable-upcoming-feature DisableOutwardActorInference -enable-upcoming-feature GlobalActorIsolatedTypesUsability -enable-upcoming-feature InferSendableFromCaptures"
Build settings from command line:
    OTHER_SWIFT_FLAGS = -stats-output-dir .stats -strict-concurrency=complete -enable-upcoming-feature StrictConcurrency -enable-upcoming-feature DisableOutwardActorInference -enable-upcoming-feature GlobalActorIsolatedTypesUsability -enable-upcoming-feature InferSendableFromCaptures
Resolve Package Graph
Resolved source packages:
  simshot: /Users/admin/builder/spi-builder-workspace
ComputePackagePrebuildTargetDependencyGraph
Prepare packages
CreateBuildRequest
SendProjectDescription
CreateBuildOperation
ComputeTargetDependencyGraph
note: Building targets in dependency order
note: Target dependency graph (2 targets)
    Target 'simshot' in project 'simshot'
        ➜ Explicit dependency on target 'SimshotCore' in project 'simshot'
    Target 'SimshotCore' in project 'simshot' (no dependencies)
GatherProvisioningInputs
CreateBuildDescription
ExecuteExternalTool /Applications/Xcode-16.3.0.app/Contents/Developer/Toolchains/XcodeDefault.xctoolchain/usr/bin/clang -v -E -dM -isysroot /Applications/Xcode-16.3.0.app/Contents/Developer/Platforms/AppleTVOS.platform/Developer/SDKs/AppleTVOS18.4.sdk -x c -c /dev/null
ExecuteExternalTool /Applications/Xcode-16.3.0.app/Contents/Developer/Toolchains/XcodeDefault.xctoolchain/usr/bin/swiftc --version
ExecuteExternalTool /Applications/Xcode-16.3.0.app/Contents/Developer/Toolchains/XcodeDefault.xctoolchain/usr/bin/ld -version_details
Build description signature: ff9b12d4fba12051990162a79842df9b
Build description path: /Users/admin/builder/spi-builder-workspace/.derivedData/Build/Intermediates.noindex/XCBuildData/ff9b12d4fba12051990162a79842df9b.xcbuilddata
CreateBuildDirectory /Users/admin/builder/spi-builder-workspace/.derivedData/Build/Products
    cd /Users/admin/builder/spi-builder-workspace/.swiftpm/xcode
    builtin-create-build-directory /Users/admin/builder/spi-builder-workspace/.derivedData/Build/Products
ClangStatCache /Applications/Xcode-16.3.0.app/Contents/Developer/Toolchains/XcodeDefault.xctoolchain/usr/bin/clang-stat-cache /Applications/Xcode-16.3.0.app/Contents/Developer/Platforms/AppleTVOS.platform/Developer/SDKs/AppleTVOS18.4.sdk /Users/admin/builder/spi-builder-workspace/.derivedData/SDKStatCaches.noindex/appletvos18.4-22L251-271d326055c85f9856fa135c41255102.sdkstatcache
    cd /Users/admin/builder/spi-builder-workspace/.swiftpm/xcode
    /Applications/Xcode-16.3.0.app/Contents/Developer/Toolchains/XcodeDefault.xctoolchain/usr/bin/clang-stat-cache /Applications/Xcode-16.3.0.app/Contents/Developer/Platforms/AppleTVOS.platform/Developer/SDKs/AppleTVOS18.4.sdk -o /Users/admin/builder/spi-builder-workspace/.derivedData/SDKStatCaches.noindex/appletvos18.4-22L251-271d326055c85f9856fa135c41255102.sdkstatcache
CreateBuildDirectory /Users/admin/builder/spi-builder-workspace/.derivedData/Build/Intermediates.noindex
    cd /Users/admin/builder/spi-builder-workspace/.swiftpm/xcode
    builtin-create-build-directory /Users/admin/builder/spi-builder-workspace/.derivedData/Build/Intermediates.noindex
CreateBuildDirectory /Users/admin/builder/spi-builder-workspace/.derivedData/Build/Intermediates.noindex/EagerLinkingTBDs/Debug-appletvos
    cd /Users/admin/builder/spi-builder-workspace/.swiftpm/xcode
    builtin-create-build-directory /Users/admin/builder/spi-builder-workspace/.derivedData/Build/Intermediates.noindex/EagerLinkingTBDs/Debug-appletvos
CreateBuildDirectory /Users/admin/builder/spi-builder-workspace/.derivedData/Build/Products/Debug-appletvos
    cd /Users/admin/builder/spi-builder-workspace/.swiftpm/xcode
    builtin-create-build-directory /Users/admin/builder/spi-builder-workspace/.derivedData/Build/Products/Debug-appletvos
CreateBuildDirectory /Users/admin/builder/spi-builder-workspace/.derivedData/Build/Products/Debug-appletvos/PackageFrameworks
    cd /Users/admin/builder/spi-builder-workspace/.swiftpm/xcode
    builtin-create-build-directory /Users/admin/builder/spi-builder-workspace/.derivedData/Build/Products/Debug-appletvos/PackageFrameworks
WriteAuxiliaryFile /Users/admin/builder/spi-builder-workspace/.derivedData/Build/Intermediates.noindex/simshot.build/Debug-appletvos/simshot.build/simshot.DependencyStaticMetadataFileList (in target 'simshot' from project 'simshot')
    cd /Users/admin/builder/spi-builder-workspace
    write-file /Users/admin/builder/spi-builder-workspace/.derivedData/Build/Intermediates.noindex/simshot.build/Debug-appletvos/simshot.build/simshot.DependencyStaticMetadataFileList
WriteAuxiliaryFile /Users/admin/builder/spi-builder-workspace/.derivedData/Build/Intermediates.noindex/simshot.build/Debug-appletvos/simshot.build/simshot.DependencyMetadataFileList (in target 'simshot' from project 'simshot')
    cd /Users/admin/builder/spi-builder-workspace
    write-file /Users/admin/builder/spi-builder-workspace/.derivedData/Build/Intermediates.noindex/simshot.build/Debug-appletvos/simshot.build/simshot.DependencyMetadataFileList
WriteAuxiliaryFile /Users/admin/builder/spi-builder-workspace/.derivedData/Build/Intermediates.noindex/simshot.build/Debug-appletvos/SimshotCore.build/SimshotCore.DependencyStaticMetadataFileList (in target 'SimshotCore' from project 'simshot')
    cd /Users/admin/builder/spi-builder-workspace
    write-file /Users/admin/builder/spi-builder-workspace/.derivedData/Build/Intermediates.noindex/simshot.build/Debug-appletvos/SimshotCore.build/SimshotCore.DependencyStaticMetadataFileList
WriteAuxiliaryFile /Users/admin/builder/spi-builder-workspace/.derivedData/Build/Intermediates.noindex/simshot.build/Debug-appletvos/SimshotCore.build/SimshotCore.DependencyMetadataFileList (in target 'SimshotCore' from project 'simshot')
    cd /Users/admin/builder/spi-builder-workspace
    write-file /Users/admin/builder/spi-builder-workspace/.derivedData/Build/Intermediates.noindex/simshot.build/Debug-appletvos/SimshotCore.build/SimshotCore.DependencyMetadataFileList
WriteAuxiliaryFile /Users/admin/builder/spi-builder-workspace/.derivedData/Build/Intermediates.noindex/simshot.build/Debug-appletvos/SimshotCore.build/SimshotCore.modulemap (in target 'SimshotCore' from project 'simshot')
    cd /Users/admin/builder/spi-builder-workspace
    write-file /Users/admin/builder/spi-builder-workspace/.derivedData/Build/Intermediates.noindex/simshot.build/Debug-appletvos/SimshotCore.build/SimshotCore.modulemap
WriteAuxiliaryFile /Users/admin/builder/spi-builder-workspace/.derivedData/Build/Intermediates.noindex/simshot.build/Debug-appletvos/simshot.build/Objects-normal/arm64/simshot_const_extract_protocols.json (in target 'simshot' from project 'simshot')
    cd /Users/admin/builder/spi-builder-workspace
    write-file /Users/admin/builder/spi-builder-workspace/.derivedData/Build/Intermediates.noindex/simshot.build/Debug-appletvos/simshot.build/Objects-normal/arm64/simshot_const_extract_protocols.json
WriteAuxiliaryFile /Users/admin/builder/spi-builder-workspace/.derivedData/Build/Intermediates.noindex/simshot.build/Debug-appletvos/simshot.build/Objects-normal/arm64/simshot.LinkFileList (in target 'simshot' from project 'simshot')
    cd /Users/admin/builder/spi-builder-workspace
    write-file /Users/admin/builder/spi-builder-workspace/.derivedData/Build/Intermediates.noindex/simshot.build/Debug-appletvos/simshot.build/Objects-normal/arm64/simshot.LinkFileList
WriteAuxiliaryFile /Users/admin/builder/spi-builder-workspace/.derivedData/Build/Intermediates.noindex/simshot.build/Debug-appletvos/simshot.build/Objects-normal/arm64/simshot.SwiftFileList (in target 'simshot' from project 'simshot')
    cd /Users/admin/builder/spi-builder-workspace
    write-file /Users/admin/builder/spi-builder-workspace/.derivedData/Build/Intermediates.noindex/simshot.build/Debug-appletvos/simshot.build/Objects-normal/arm64/simshot.SwiftFileList
WriteAuxiliaryFile /Users/admin/builder/spi-builder-workspace/.derivedData/Build/Intermediates.noindex/simshot.build/Debug-appletvos/simshot.build/Objects-normal/arm64/simshot-OutputFileMap.json (in target 'simshot' from project 'simshot')
    cd /Users/admin/builder/spi-builder-workspace
    write-file /Users/admin/builder/spi-builder-workspace/.derivedData/Build/Intermediates.noindex/simshot.build/Debug-appletvos/simshot.build/Objects-normal/arm64/simshot-OutputFileMap.json
WriteAuxiliaryFile /Users/admin/builder/spi-builder-workspace/.derivedData/Build/Intermediates.noindex/simshot.build/Debug-appletvos/SimshotCore.build/Objects-normal/arm64/SimshotCore_const_extract_protocols.json (in target 'SimshotCore' from project 'simshot')
    cd /Users/admin/builder/spi-builder-workspace
    write-file /Users/admin/builder/spi-builder-workspace/.derivedData/Build/Intermediates.noindex/simshot.build/Debug-appletvos/SimshotCore.build/Objects-normal/arm64/SimshotCore_const_extract_protocols.json
WriteAuxiliaryFile /Users/admin/builder/spi-builder-workspace/.derivedData/Build/Intermediates.noindex/simshot.build/Debug-appletvos/SimshotCore.build/Objects-normal/arm64/SimshotCore.SwiftFileList (in target 'SimshotCore' from project 'simshot')
    cd /Users/admin/builder/spi-builder-workspace
    write-file /Users/admin/builder/spi-builder-workspace/.derivedData/Build/Intermediates.noindex/simshot.build/Debug-appletvos/SimshotCore.build/Objects-normal/arm64/SimshotCore.SwiftFileList
WriteAuxiliaryFile /Users/admin/builder/spi-builder-workspace/.derivedData/Build/Intermediates.noindex/simshot.build/Debug-appletvos/SimshotCore.build/Objects-normal/arm64/SimshotCore.SwiftConstValuesFileList (in target 'SimshotCore' from project 'simshot')
    cd /Users/admin/builder/spi-builder-workspace
    write-file /Users/admin/builder/spi-builder-workspace/.derivedData/Build/Intermediates.noindex/simshot.build/Debug-appletvos/SimshotCore.build/Objects-normal/arm64/SimshotCore.SwiftConstValuesFileList
WriteAuxiliaryFile /Users/admin/builder/spi-builder-workspace/.derivedData/Build/Intermediates.noindex/simshot.build/Debug-appletvos/SimshotCore.build/Objects-normal/arm64/SimshotCore.LinkFileList (in target 'SimshotCore' from project 'simshot')
    cd /Users/admin/builder/spi-builder-workspace
    write-file /Users/admin/builder/spi-builder-workspace/.derivedData/Build/Intermediates.noindex/simshot.build/Debug-appletvos/SimshotCore.build/Objects-normal/arm64/SimshotCore.LinkFileList
WriteAuxiliaryFile /Users/admin/builder/spi-builder-workspace/.derivedData/Build/Intermediates.noindex/simshot.build/Debug-appletvos/SimshotCore.build/Objects-normal/arm64/SimshotCore-OutputFileMap.json (in target 'SimshotCore' from project 'simshot')
    cd /Users/admin/builder/spi-builder-workspace
    write-file /Users/admin/builder/spi-builder-workspace/.derivedData/Build/Intermediates.noindex/simshot.build/Debug-appletvos/SimshotCore.build/Objects-normal/arm64/SimshotCore-OutputFileMap.json
Copy /Users/admin/builder/spi-builder-workspace/.derivedData/Build/Intermediates.noindex/GeneratedModuleMaps-appletvos/SimshotCore.modulemap /Users/admin/builder/spi-builder-workspace/.derivedData/Build/Intermediates.noindex/simshot.build/Debug-appletvos/SimshotCore.build/SimshotCore.modulemap (in target 'SimshotCore' from project 'simshot')
    cd /Users/admin/builder/spi-builder-workspace
    builtin-copy -exclude .DS_Store -exclude CVS -exclude .svn -exclude .git -exclude .hg -resolve-src-symlinks /Users/admin/builder/spi-builder-workspace/.derivedData/Build/Intermediates.noindex/simshot.build/Debug-appletvos/SimshotCore.build/SimshotCore.modulemap /Users/admin/builder/spi-builder-workspace/.derivedData/Build/Intermediates.noindex/GeneratedModuleMaps-appletvos
SwiftDriver SimshotCore normal arm64 com.apple.xcode.tools.swift.compiler (in target 'SimshotCore' from project 'simshot')
    cd /Users/admin/builder/spi-builder-workspace/.swiftpm/xcode
    builtin-SwiftDriver -- /Applications/Xcode-16.3.0.app/Contents/Developer/Toolchains/XcodeDefault.xctoolchain/usr/bin/swiftc -module-name SimshotCore -Onone -enforce-exclusivity\=checked @/Users/admin/builder/spi-builder-workspace/.derivedData/Build/Intermediates.noindex/simshot.build/Debug-appletvos/SimshotCore.build/Objects-normal/arm64/SimshotCore.SwiftFileList -DSWIFT_PACKAGE -DDEBUG -stats-output-dir .stats -strict-concurrency\=complete -enable-upcoming-feature StrictConcurrency -enable-upcoming-feature DisableOutwardActorInference -enable-upcoming-feature GlobalActorIsolatedTypesUsability -enable-upcoming-feature InferSendableFromCaptures -plugin-path /Applications/Xcode-16.3.0.app/Contents/Developer/Toolchains/XcodeDefault.xctoolchain/usr/lib/swift/host/plugins/testing -enable-experimental-feature DebugDescriptionMacro -sdk /Applications/Xcode-16.3.0.app/Contents/Developer/Platforms/AppleTVOS.platform/Developer/SDKs/AppleTVOS18.4.sdk -target arm64-apple-tvos12.0 -g -module-cache-path /Users/admin/builder/spi-builder-workspace/.derivedData/ModuleCache.noindex -Xfrontend -serialize-debugging-options -profile-coverage-mapping -profile-generate -enable-testing -index-store-path /Users/admin/builder/spi-builder-workspace/.derivedData/Index.noindex/DataStore -swift-version 5 -I /Users/admin/builder/spi-builder-workspace/.derivedData/Build/Products/Debug-appletvos -I /Applications/Xcode-16.3.0.app/Contents/Developer/Platforms/AppleTVOS.platform/Developer/usr/lib -F /Users/admin/builder/spi-builder-workspace/.derivedData/Build/Products/Debug-appletvos -F /Applications/Xcode-16.3.0.app/Contents/Developer/Platforms/AppleTVOS.platform/Developer/Library/Frameworks -F /Applications/Xcode-16.3.0.app/Contents/Developer/Platforms/AppleTVOS.platform/Developer/SDKs/AppleTVOS18.4.sdk/Developer/Library/Frameworks -c -j10 -enable-batch-mode -incremental -Xcc -ivfsstatcache -Xcc /Users/admin/builder/spi-builder-workspace/.derivedData/SDKStatCaches.noindex/appletvos18.4-22L251-271d326055c85f9856fa135c41255102.sdkstatcache -output-file-map /Users/admin/builder/spi-builder-workspace/.derivedData/Build/Intermediates.noindex/simshot.build/Debug-appletvos/SimshotCore.build/Objects-normal/arm64/SimshotCore-OutputFileMap.json -use-frontend-parseable-output -save-temps -no-color-diagnostics -serialize-diagnostics -emit-dependencies -emit-module -emit-module-path /Users/admin/builder/spi-builder-workspace/.derivedData/Build/Intermediates.noindex/simshot.build/Debug-appletvos/SimshotCore.build/Objects-normal/arm64/SimshotCore.swiftmodule -validate-clang-modules-once -clang-build-session-file /Users/admin/builder/spi-builder-workspace/.derivedData/ModuleCache.noindex/Session.modulevalidation -package-name spi_builder_workspace -Xcc -I/Users/admin/builder/spi-builder-workspace/.derivedData/Build/Intermediates.noindex/simshot.build/Debug-appletvos/SimshotCore.build/swift-overrides.hmap -emit-const-values -Xfrontend -const-gather-protocols-file -Xfrontend /Users/admin/builder/spi-builder-workspace/.derivedData/Build/Intermediates.noindex/simshot.build/Debug-appletvos/SimshotCore.build/Objects-normal/arm64/SimshotCore_const_extract_protocols.json -Xcc -I/Users/admin/builder/spi-builder-workspace/.derivedData/Build/Products/Debug-appletvos/include -Xcc -I/Users/admin/builder/spi-builder-workspace/.derivedData/Build/Intermediates.noindex/simshot.build/Debug-appletvos/SimshotCore.build/DerivedSources-normal/arm64 -Xcc -I/Users/admin/builder/spi-builder-workspace/.derivedData/Build/Intermediates.noindex/simshot.build/Debug-appletvos/SimshotCore.build/DerivedSources/arm64 -Xcc -I/Users/admin/builder/spi-builder-workspace/.derivedData/Build/Intermediates.noindex/simshot.build/Debug-appletvos/SimshotCore.build/DerivedSources -Xcc -DSWIFT_PACKAGE -Xcc -DDEBUG\=1 -emit-objc-header -emit-objc-header-path /Users/admin/builder/spi-builder-workspace/.derivedData/Build/Intermediates.noindex/simshot.build/Debug-appletvos/SimshotCore.build/Objects-normal/arm64/SimshotCore-Swift.h -working-directory /Users/admin/builder/spi-builder-workspace/.swiftpm/xcode -experimental-emit-module-separately -disable-cmo
SwiftCompile normal arm64 Compiling\ ProcessRunner.swift /Users/admin/builder/spi-builder-workspace/Sources/SimshotCore/ProcessRunner.swift (in target 'SimshotCore' from project 'simshot')
SwiftCompile normal arm64 /Users/admin/builder/spi-builder-workspace/Sources/SimshotCore/ProcessRunner.swift (in target 'SimshotCore' from project 'simshot')
    cd /Users/admin/builder/spi-builder-workspace/.swiftpm/xcode

SwiftCompile normal arm64 Compiling\ InitConfig.swift /Users/admin/builder/spi-builder-workspace/Sources/SimshotCore/InitConfig.swift (in target 'SimshotCore' from project 'simshot')
SwiftCompile normal arm64 /Users/admin/builder/spi-builder-workspace/Sources/SimshotCore/InitConfig.swift (in target 'SimshotCore' from project 'simshot')
    cd /Users/admin/builder/spi-builder-workspace/.swiftpm/xcode

SwiftCompile normal arm64 Compiling\ Options.swift /Users/admin/builder/spi-builder-workspace/Sources/SimshotCore/Options.swift (in target 'SimshotCore' from project 'simshot')
SwiftCompile normal arm64 /Users/admin/builder/spi-builder-workspace/Sources/SimshotCore/Options.swift (in target 'SimshotCore' from project 'simshot')
    cd /Users/admin/builder/spi-builder-workspace/.swiftpm/xcode

SwiftEmitModule normal arm64 Emitting\ module\ for\ SimshotCore (in target 'SimshotCore' from project 'simshot')
Failed frontend command:
/Applications/Xcode-16.3.0.app/Contents/Developer/Toolchains/XcodeDefault.xctoolchain/usr/bin/swift-frontend -frontend -emit-module -experimental-skip-non-inlinable-function-bodies-without-types /Users/admin/builder/spi-builder-workspace/Sources/SimshotCore/DeviceSpec.swift /Users/admin/builder/spi-builder-workspace/Sources/SimshotCore/Doctor.swift /Users/admin/builder/spi-builder-workspace/Sources/SimshotCore/InitConfig.swift /Users/admin/builder/spi-builder-workspace/Sources/SimshotCore/Options.swift /Users/admin/builder/spi-builder-workspace/Sources/SimshotCore/ProcessRunner.swift /Users/admin/builder/spi-builder-workspace/Sources/SimshotCore/Resizer.swift /Users/admin/builder/spi-builder-workspace/Sources/SimshotCore/ShotSpec.swift /Users/admin/builder/spi-builder-workspace/Sources/SimshotCore/Simctl.swift /Users/admin/builder/spi-builder-workspace/Sources/SimshotCore/Support.swift /Users/admin/builder/spi-builder-workspace/Sources/SimshotCore/Verifier.swift /Users/admin/builder/spi-builder-workspace/Sources/SimshotCore/XcodeBuild.swift -target arm64-apple-tvos12.0 -Xllvm -aarch64-use-tbi -enable-objc-interop -sdk /Applications/Xcode-16.3.0.app/Contents/Developer/Platforms/AppleTVOS.platform/Developer/SDKs/AppleTVOS18.4.sdk -I /Users/admin/builder/spi-builder-workspace/.derivedData/Build/Products/Debug-appletvos -I /Applications/Xcode-16.3.0.app/Contents/Developer/Platforms/AppleTVOS.platform/Developer/usr/lib -F /Users/admin/builder/spi-builder-workspace/.derivedData/Build/Products/Debug-appletvos -F /Applications/Xcode-16.3.0.app/Contents/Developer/Platforms/AppleTVOS.platform/Developer/Library/Frameworks -F /Applications/Xcode-16.3.0.app/Contents/Developer/Platforms/AppleTVOS.platform/Developer/SDKs/AppleTVOS18.4.sdk/Developer/Library/Frameworks -no-color-diagnostics -enable-testing -g -debug-info-format\=dwarf -dwarf-version\=4 -module-cache-path /Users/admin/builder/spi-builder-workspace/.derivedData/ModuleCache.noindex -profile-generate -profile-coverage-mapping -swift-version 5 -enforce-exclusivity\=checked -stats-output-dir /Users/admin/builder/spi-builder-workspace/.swiftpm/xcode/.stats -Onone -D SWIFT_PACKAGE -D DEBUG -serialize-debugging-options -const-gather-protocols-file /Users/admin/builder/spi-builder-workspace/.derivedData/Build/Intermediates.noindex/simshot.build/Debug-appletvos/SimshotCore.build/Objects-normal/arm64/SimshotCore_const_extract_protocols.json -enable-upcoming-feature StrictConcurrency -enable-upcoming-feature DisableOutwardActorInference -enable-upcoming-feature GlobalActorIsolatedTypesUsability -enable-upcoming-feature InferSendableFromCaptures -enable-experimental-feature DebugDescriptionMacro -strict-concurrency\=complete -empty-abi-descriptor -plugin-path /Applications/Xcode-16.3.0.app/Contents/Developer/Toolchains/XcodeDefault.xctoolchain/usr/lib/swift/host/plugins/testing -validate-clang-modules-once -clang-build-session-file /Users/admin/builder/spi-builder-workspace/.derivedData/ModuleCache.noindex/Session.modulevalidation -Xcc -working-directory -Xcc /Users/admin/builder/spi-builder-workspace/.swiftpm/xcode -resource-dir /Applications/Xcode-16.3.0.app/Contents/Developer/Toolchains/XcodeDefault.xctoolchain/usr/lib/swift -enable-anonymous-context-mangled-names -file-compilation-dir /Users/admin/builder/spi-builder-workspace/.swiftpm/xcode -Xcc -ivfsstatcache -Xcc /Users/admin/builder/spi-builder-workspace/.derivedData/SDKStatCaches.noindex/appletvos18.4-22L251-271d326055c85f9856fa135c41255102.sdkstatcache -Xcc -I/Users/admin/builder/spi-builder-workspace/.derivedData/Build/Intermediates.noindex/simshot.build/Debug-appletvos/SimshotCore.build/swift-overrides.hmap -Xcc -I/Users/admin/builder/spi-builder-workspace/.derivedData/Build/Products/Debug-appletvos/include -Xcc -I/Users/admin/builder/spi-builder-workspace/.derivedData/Build/Intermediates.noindex/simshot.build/Debug-appletvos/SimshotCore.build/DerivedSources-normal/arm64 -Xcc -I/Users/admin/builder/spi-builder-workspace/.derivedData/Build/Intermediates.noindex/simshot.build/Debug-appletvos/SimshotCore.build/DerivedSources/arm64 -Xcc -I/Users/admin/builder/spi-builder-workspace/.derivedData/Build/Intermediates.noindex/simshot.build/Debug-appletvos/SimshotCore.build/DerivedSources -Xcc -DSWIFT_PACKAGE -Xcc -DDEBUG\=1 -module-name SimshotCore -package-name spi_builder_workspace -frontend-parseable-output -disable-clang-spi -target-sdk-version 18.4 -target-sdk-name appletvos18.4 -external-plugin-path /Applications/Xcode-16.3.0.app/Contents/Developer/Platforms/AppleTVOS.platform/Developer/usr/lib/swift/host/plugins\#/Applications/Xcode-16.3.0.app/Contents/Developer/Platforms/AppleTVOS.platform/Developer/usr/bin/swift-plugin-server -external-plugin-path /Applications/Xcode-16.3.0.app/Contents/Developer/Platforms/AppleTVOS.platform/Developer/usr/local/lib/swift/host/plugins\#/Applications/Xcode-16.3.0.app/Contents/Developer/Platforms/AppleTVOS.platform/Developer/usr/bin/swift-plugin-server -in-process-plugin-server-path /Applications/Xcode-16.3.0.app/Contents/Developer/Toolchains/XcodeDefault.xctoolchain/usr/lib/swift/host/libSwiftInProcPluginServer.dylib -plugin-path /Applications/Xcode-16.3.0.app/Contents/Developer/Toolchains/XcodeDefault.xctoolchain/usr/lib/swift/host/plugins -plugin-path /Applications/Xcode-16.3.0.app/Contents/Developer/Toolchains/XcodeDefault.xctoolchain/usr/local/lib/swift/host/plugins -emit-module-doc-path /Users/admin/builder/spi-builder-workspace/.derivedData/Build/Intermediates.noindex/simshot.build/Debug-appletvos/SimshotCore.build/Objects-normal/arm64/SimshotCore.swiftdoc -emit-module-source-info-path /Users/admin/builder/spi-builder-workspace/.derivedData/Build/Intermediates.noindex/simshot.build/Debug-appletvos/SimshotCore.build/Objects-normal/arm64/SimshotCore.swiftsourceinfo -emit-objc-header-path /Users/admin/builder/spi-builder-workspace/.derivedData/Build/Intermediates.noindex/simshot.build/Debug-appletvos/SimshotCore.build/Objects-normal/arm64/SimshotCore-Swift.h -serialize-diagnostics-path /Users/admin/builder/spi-builder-workspace/.derivedData/Build/Intermediates.noindex/simshot.build/Debug-appletvos/SimshotCore.build/Objects-normal/arm64/SimshotCore-master-emit-module.dia -emit-dependencies-path /Users/admin/builder/spi-builder-workspace/.derivedData/Build/Intermediates.noindex/simshot.build/Debug-appletvos/SimshotCore.build/Objects-normal/arm64/SimshotCore-master-emit-module.d -o /Users/admin/builder/spi-builder-workspace/.derivedData/Build/Intermediates.noindex/simshot.build/Debug-appletvos/SimshotCore.build/Objects-normal/arm64/SimshotCore.swiftmodule -emit-abi-descriptor-path /Users/admin/builder/spi-builder-workspace/.derivedData/Build/Intermediates.noindex/simshot.build/Debug-appletvos/SimshotCore.build/Objects-normal/arm64/SimshotCore.abi.json
EmitSwiftModule normal arm64 (in target 'SimshotCore' from project 'simshot')
    cd /Users/admin/builder/spi-builder-workspace/.swiftpm/xcode

/Users/admin/builder/spi-builder-workspace/Sources/SimshotCore/DeviceSpec.swift:36:23: warning: static property 'appStoreTargets' is not concurrency-safe because non-'Sendable' type '[AppStoreTarget]' may have shared mutable state; this is an error in the Swift 6 language mode
    public static let appStoreTargets: [AppStoreTarget] = [
                      ^
/Users/admin/builder/spi-builder-workspace/Sources/SimshotCore/DeviceSpec.swift:4:15: note: consider making struct 'AppStoreTarget' conform to the 'Sendable' protocol
public struct AppStoreTarget: Equatable {
              ^
                                       , Sendable
/Users/admin/builder/spi-builder-workspace/Sources/SimshotCore/DeviceSpec.swift:36:23: note: add '@MainActor' to make static property 'appStoreTargets' part of global actor 'MainActor'
    public static let appStoreTargets: [AppStoreTarget] = [
                      ^
    @MainActor
/Users/admin/builder/spi-builder-workspace/Sources/SimshotCore/DeviceSpec.swift:36:23: note: disable concurrency-safety checks if accesses are protected by an external synchronization mechanism
    public static let appStoreTargets: [AppStoreTarget] = [
                      ^
    nonisolated(unsafe)
/Users/admin/builder/spi-builder-workspace/Sources/SimshotCore/Options.swift:17:10: error: 'homeDirectoryForCurrentUser' is unavailable in tvOS
        .homeDirectoryForCurrentUser
         ^~~~~~~~~~~~~~~~~~~~~~~~~~~
/Applications/Xcode-16.3.0.app/Contents/Developer/Platforms/AppleTVOS.platform/Developer/SDKs/AppleTVOS18.4.sdk/System/Library/Frameworks/Foundation.framework/Headers/NSFileManager.h:340:35: note: 'homeDirectoryForCurrentUser' has been explicitly marked unavailable here
@property (readonly, copy) NSURL *homeDirectoryForCurrentUser API_AVAILABLE(macosx(10.12)) API_UNAVAILABLE(ios, watchos, tvos);
                                  ^
/Users/admin/builder/spi-builder-workspace/Sources/SimshotCore/ProcessRunner.swift:23:16: warning: static property 'handler' is not concurrency-safe because it is nonisolated global shared mutable state; this is an error in the Swift 6 language mode
    static var handler: (String, [String], TimeInterval, Bool) throws -> ProcessResult = realRun
               ^
/Users/admin/builder/spi-builder-workspace/Sources/SimshotCore/ProcessRunner.swift:23:16: note: convert 'handler' to a 'let' constant to make 'Sendable' shared state immutable
    static var handler: (String, [String], TimeInterval, Bool) throws -> ProcessResult = realRun
           ~~~ ^
           let
/Users/admin/builder/spi-builder-workspace/Sources/SimshotCore/ProcessRunner.swift:23:16: note: add '@MainActor' to make static property 'handler' part of global actor 'MainActor'
    static var handler: (String, [String], TimeInterval, Bool) throws -> ProcessResult = realRun
               ^
    @MainActor
/Users/admin/builder/spi-builder-workspace/Sources/SimshotCore/ProcessRunner.swift:23:16: note: disable concurrency-safety checks if accesses are protected by an external synchronization mechanism
    static var handler: (String, [String], TimeInterval, Bool) throws -> ProcessResult = realRun
               ^
    nonisolated(unsafe)
/Users/admin/builder/spi-builder-workspace/Sources/SimshotCore/Support.swift:41:23: warning: static property 'verbose' is not concurrency-safe because it is nonisolated global shared mutable state; this is an error in the Swift 6 language mode
    public static var verbose = false
                      ^
/Users/admin/builder/spi-builder-workspace/Sources/SimshotCore/Support.swift:41:23: note: convert 'verbose' to a 'let' constant to make 'Sendable' shared state immutable
    public static var verbose = false
                  ~~~ ^
                  let
/Users/admin/builder/spi-builder-workspace/Sources/SimshotCore/Support.swift:41:23: note: add '@MainActor' to make static property 'verbose' part of global actor 'MainActor'
    public static var verbose = false
                      ^
    @MainActor
/Users/admin/builder/spi-builder-workspace/Sources/SimshotCore/Support.swift:41:23: note: disable concurrency-safety checks if accesses are protected by an external synchronization mechanism
    public static var verbose = false
                      ^
    nonisolated(unsafe)
SwiftCompile normal arm64 Compiling\ DeviceSpec.swift,\ Doctor.swift /Users/admin/builder/spi-builder-workspace/Sources/SimshotCore/DeviceSpec.swift /Users/admin/builder/spi-builder-workspace/Sources/SimshotCore/Doctor.swift (in target 'SimshotCore' from project 'simshot')
SwiftCompile normal arm64 /Users/admin/builder/spi-builder-workspace/Sources/SimshotCore/DeviceSpec.swift (in target 'SimshotCore' from project 'simshot')
    cd /Users/admin/builder/spi-builder-workspace/.swiftpm/xcode

SwiftCompile normal arm64 /Users/admin/builder/spi-builder-workspace/Sources/SimshotCore/Doctor.swift (in target 'SimshotCore' from project 'simshot')
    cd /Users/admin/builder/spi-builder-workspace/.swiftpm/xcode

SwiftCompile normal arm64 Compiling\ ShotSpec.swift /Users/admin/builder/spi-builder-workspace/Sources/SimshotCore/ShotSpec.swift (in target 'SimshotCore' from project 'simshot')
SwiftCompile normal arm64 /Users/admin/builder/spi-builder-workspace/Sources/SimshotCore/ShotSpec.swift (in target 'SimshotCore' from project 'simshot')
    cd /Users/admin/builder/spi-builder-workspace/.swiftpm/xcode

SwiftCompile normal arm64 Compiling\ Verifier.swift /Users/admin/builder/spi-builder-workspace/Sources/SimshotCore/Verifier.swift (in target 'SimshotCore' from project 'simshot')
SwiftCompile normal arm64 /Users/admin/builder/spi-builder-workspace/Sources/SimshotCore/Verifier.swift (in target 'SimshotCore' from project 'simshot')
    cd /Users/admin/builder/spi-builder-workspace/.swiftpm/xcode

SwiftCompile normal arm64 Compiling\ Support.swift /Users/admin/builder/spi-builder-workspace/Sources/SimshotCore/Support.swift (in target 'SimshotCore' from project 'simshot')
SwiftCompile normal arm64 /Users/admin/builder/spi-builder-workspace/Sources/SimshotCore/Support.swift (in target 'SimshotCore' from project 'simshot')
    cd /Users/admin/builder/spi-builder-workspace/.swiftpm/xcode

SwiftCompile normal arm64 Compiling\ Simctl.swift /Users/admin/builder/spi-builder-workspace/Sources/SimshotCore/Simctl.swift (in target 'SimshotCore' from project 'simshot')
SwiftCompile normal arm64 /Users/admin/builder/spi-builder-workspace/Sources/SimshotCore/Simctl.swift (in target 'SimshotCore' from project 'simshot')
    cd /Users/admin/builder/spi-builder-workspace/.swiftpm/xcode

SwiftCompile normal arm64 Compiling\ XcodeBuild.swift /Users/admin/builder/spi-builder-workspace/Sources/SimshotCore/XcodeBuild.swift (in target 'SimshotCore' from project 'simshot')
SwiftCompile normal arm64 /Users/admin/builder/spi-builder-workspace/Sources/SimshotCore/XcodeBuild.swift (in target 'SimshotCore' from project 'simshot')
    cd /Users/admin/builder/spi-builder-workspace/.swiftpm/xcode

SwiftCompile normal arm64 Compiling\ Resizer.swift /Users/admin/builder/spi-builder-workspace/Sources/SimshotCore/Resizer.swift (in target 'SimshotCore' from project 'simshot')
Command SwiftCompile failed with a nonzero exit code
** BUILD FAILED **
The following build commands failed:
	SwiftEmitModule normal arm64 Emitting\ module\ for\ SimshotCore (in target 'SimshotCore' from project 'simshot')
	EmitSwiftModule normal arm64 (in target 'SimshotCore' from project 'simshot')
	SwiftCompile normal arm64 Compiling\ Resizer.swift /Users/admin/builder/spi-builder-workspace/Sources/SimshotCore/Resizer.swift (in target 'SimshotCore' from project 'simshot')
	Building workspace spi-builder-workspace with scheme simshot
(4 failures)
Command line invocation:
    /Applications/Xcode-16.3.0.app/Contents/Developer/usr/bin/xcodebuild -IDEClonedSourcePackagesDirPathOverride=/Users/admin/builder/spi-builder-workspace/.dependencies -resolvePackageDependencies
Resolve Package Graph
Resolved source packages:
  simshot: /Users/admin/builder/spi-builder-workspace
resolved source packages: simshot
{
  "dependencies" : [
  ],
  "manifest_display_name" : "simshot",
  "name" : "simshot",
  "path" : "/Users/admin/builder/spi-builder-workspace",
  "platforms" : [
    {
      "name" : "macos",
      "version" : "13.0"
    }
  ],
  "products" : [
    {
      "name" : "simshot",
      "targets" : [
        "simshot"
      ],
      "type" : {
        "executable" : null
      }
    }
  ],
  "targets" : [
    {
      "c99name" : "simshotTests",
      "module_type" : "SwiftTarget",
      "name" : "simshotTests",
      "path" : "Tests/simshotTests",
      "sources" : [
        "ArgParserTests.swift",
        "DoctorTests.swift",
        "InitConfigTests.swift",
        "ProcessRunnerTests.swift",
        "ResizerFailureTests.swift",
        "ResizerTests.swift",
        "ShotSpecTests.swift",
        "SimctlProcessTests.swift",
        "VerifierTests.swift"
      ],
      "target_dependencies" : [
        "SimshotCore"
      ],
      "type" : "test"
    },
    {
      "c99name" : "simshot",
      "module_type" : "SwiftTarget",
      "name" : "simshot",
      "path" : "Sources/simshot",
      "product_memberships" : [
        "simshot"
      ],
      "sources" : [
        "CLI.swift",
        "Doctor.swift",
        "Help.swift",
        "InitRunner.swift",
        "ShootRunner.swift",
        "VerifyRunner.swift"
      ],
      "target_dependencies" : [
        "SimshotCore"
      ],
      "type" : "executable"
    },
    {
      "c99name" : "SimshotCore",
      "module_type" : "SwiftTarget",
      "name" : "SimshotCore",
      "path" : "Sources/SimshotCore",
      "product_memberships" : [
        "simshot"
      ],
      "sources" : [
        "DeviceSpec.swift",
        "Doctor.swift",
        "InitConfig.swift",
        "Options.swift",
        "ProcessRunner.swift",
        "Resizer.swift",
        "ShotSpec.swift",
        "Simctl.swift",
        "Support.swift",
        "Verifier.swift",
        "XcodeBuild.swift"
      ],
      "type" : "library"
    }
  ],
  "tools_version" : "5.9"
}
{
  "workspace" : {
    "name" : "spi-builder-workspace",
    "schemes" : [
      "simshot"
    ]
  }
}
Running build ...
env DEVELOPER_DIR=/Applications/Xcode-16.3.0.app xcrun xcodebuild -IDEClonedSourcePackagesDirPathOverride=$PWD/.dependencies -skipMacroValidation -skipPackagePluginValidation -derivedDataPath $PWD/.derivedData build -scheme simshot -destination generic/platform=tvOS
Command line invocation:
    /Applications/Xcode-16.3.0.app/Contents/Developer/usr/bin/xcodebuild -IDEClonedSourcePackagesDirPathOverride=/Users/admin/builder/spi-builder-workspace/.dependencies -skipMacroValidation -skipPackagePluginValidation -derivedDataPath /Users/admin/builder/spi-builder-workspace/.derivedData build -scheme simshot -destination generic/platform=tvOS
Resolve Package Graph
Resolved source packages:
  simshot: /Users/admin/builder/spi-builder-workspace
ComputePackagePrebuildTargetDependencyGraph
Prepare packages
CreateBuildRequest
SendProjectDescription
CreateBuildOperation
ComputeTargetDependencyGraph
note: Building targets in dependency order
note: Target dependency graph (2 targets)
    Target 'simshot' in project 'simshot'
        ➜ Explicit dependency on target 'SimshotCore' in project 'simshot'
    Target 'SimshotCore' in project 'simshot' (no dependencies)
GatherProvisioningInputs
CreateBuildDescription
ExecuteExternalTool /Applications/Xcode-16.3.0.app/Contents/Developer/Toolchains/XcodeDefault.xctoolchain/usr/bin/clang -v -E -dM -isysroot /Applications/Xcode-16.3.0.app/Contents/Developer/Platforms/AppleTVOS.platform/Developer/SDKs/AppleTVOS18.4.sdk -x c -c /dev/null
ExecuteExternalTool /Applications/Xcode-16.3.0.app/Contents/Developer/Toolchains/XcodeDefault.xctoolchain/usr/bin/swiftc --version
ExecuteExternalTool /Applications/Xcode-16.3.0.app/Contents/Developer/Toolchains/XcodeDefault.xctoolchain/usr/bin/ld -version_details
Build description signature: 1e50b4b697989d70a76e253b322c3c16
Build description path: /Users/admin/builder/spi-builder-workspace/.derivedData/Build/Intermediates.noindex/XCBuildData/1e50b4b697989d70a76e253b322c3c16.xcbuilddata
ClangStatCache /Applications/Xcode-16.3.0.app/Contents/Developer/Toolchains/XcodeDefault.xctoolchain/usr/bin/clang-stat-cache /Applications/Xcode-16.3.0.app/Contents/Developer/Platforms/AppleTVOS.platform/Developer/SDKs/AppleTVOS18.4.sdk /Users/admin/builder/spi-builder-workspace/.derivedData/SDKStatCaches.noindex/appletvos18.4-22L251-271d326055c85f9856fa135c41255102.sdkstatcache
    cd /Users/admin/builder/spi-builder-workspace/.swiftpm/xcode
    /Applications/Xcode-16.3.0.app/Contents/Developer/Toolchains/XcodeDefault.xctoolchain/usr/bin/clang-stat-cache /Applications/Xcode-16.3.0.app/Contents/Developer/Platforms/AppleTVOS.platform/Developer/SDKs/AppleTVOS18.4.sdk -o /Users/admin/builder/spi-builder-workspace/.derivedData/SDKStatCaches.noindex/appletvos18.4-22L251-271d326055c85f9856fa135c41255102.sdkstatcache
SwiftDriver SimshotCore normal arm64 com.apple.xcode.tools.swift.compiler (in target 'SimshotCore' from project 'simshot')
    cd /Users/admin/builder/spi-builder-workspace/.swiftpm/xcode
    builtin-SwiftDriver -- /Applications/Xcode-16.3.0.app/Contents/Developer/Toolchains/XcodeDefault.xctoolchain/usr/bin/swiftc -module-name SimshotCore -Onone -enforce-exclusivity\=checked @/Users/admin/builder/spi-builder-workspace/.derivedData/Build/Intermediates.noindex/simshot.build/Debug-appletvos/SimshotCore.build/Objects-normal/arm64/SimshotCore.SwiftFileList -DSWIFT_PACKAGE -DDEBUG -DXcode -plugin-path /Applications/Xcode-16.3.0.app/Contents/Developer/Toolchains/XcodeDefault.xctoolchain/usr/lib/swift/host/plugins/testing -enable-experimental-feature DebugDescriptionMacro -sdk /Applications/Xcode-16.3.0.app/Contents/Developer/Platforms/AppleTVOS.platform/Developer/SDKs/AppleTVOS18.4.sdk -target arm64-apple-tvos12.0 -g -module-cache-path /Users/admin/builder/spi-builder-workspace/.derivedData/ModuleCache.noindex -Xfrontend -serialize-debugging-options -profile-coverage-mapping -profile-generate -enable-testing -index-store-path /Users/admin/builder/spi-builder-workspace/.derivedData/Index.noindex/DataStore -swift-version 5 -I /Users/admin/builder/spi-builder-workspace/.derivedData/Build/Products/Debug-appletvos -I /Applications/Xcode-16.3.0.app/Contents/Developer/Platforms/AppleTVOS.platform/Developer/usr/lib -F /Users/admin/builder/spi-builder-workspace/.derivedData/Build/Products/Debug-appletvos -F /Applications/Xcode-16.3.0.app/Contents/Developer/Platforms/AppleTVOS.platform/Developer/Library/Frameworks -F /Applications/Xcode-16.3.0.app/Contents/Developer/Platforms/AppleTVOS.platform/Developer/SDKs/AppleTVOS18.4.sdk/Developer/Library/Frameworks -c -j10 -enable-batch-mode -incremental -Xcc -ivfsstatcache -Xcc /Users/admin/builder/spi-builder-workspace/.derivedData/SDKStatCaches.noindex/appletvos18.4-22L251-271d326055c85f9856fa135c41255102.sdkstatcache -output-file-map /Users/admin/builder/spi-builder-workspace/.derivedData/Build/Intermediates.noindex/simshot.build/Debug-appletvos/SimshotCore.build/Objects-normal/arm64/SimshotCore-OutputFileMap.json -use-frontend-parseable-output -save-temps -no-color-diagnostics -serialize-diagnostics -emit-dependencies -emit-module -emit-module-path /Users/admin/builder/spi-builder-workspace/.derivedData/Build/Intermediates.noindex/simshot.build/Debug-appletvos/SimshotCore.build/Objects-normal/arm64/SimshotCore.swiftmodule -validate-clang-modules-once -clang-build-session-file /Users/admin/builder/spi-builder-workspace/.derivedData/ModuleCache.noindex/Session.modulevalidation -package-name spi_builder_workspace -Xcc -I/Users/admin/builder/spi-builder-workspace/.derivedData/Build/Intermediates.noindex/simshot.build/Debug-appletvos/SimshotCore.build/swift-overrides.hmap -emit-const-values -Xfrontend -const-gather-protocols-file -Xfrontend /Users/admin/builder/spi-builder-workspace/.derivedData/Build/Intermediates.noindex/simshot.build/Debug-appletvos/SimshotCore.build/Objects-normal/arm64/SimshotCore_const_extract_protocols.json -Xcc -I/Users/admin/builder/spi-builder-workspace/.derivedData/Build/Products/Debug-appletvos/include -Xcc -I/Users/admin/builder/spi-builder-workspace/.derivedData/Build/Intermediates.noindex/simshot.build/Debug-appletvos/SimshotCore.build/DerivedSources-normal/arm64 -Xcc -I/Users/admin/builder/spi-builder-workspace/.derivedData/Build/Intermediates.noindex/simshot.build/Debug-appletvos/SimshotCore.build/DerivedSources/arm64 -Xcc -I/Users/admin/builder/spi-builder-workspace/.derivedData/Build/Intermediates.noindex/simshot.build/Debug-appletvos/SimshotCore.build/DerivedSources -Xcc -DSWIFT_PACKAGE -Xcc -DDEBUG\=1 -emit-objc-header -emit-objc-header-path /Users/admin/builder/spi-builder-workspace/.derivedData/Build/Intermediates.noindex/simshot.build/Debug-appletvos/SimshotCore.build/Objects-normal/arm64/SimshotCore-Swift.h -working-directory /Users/admin/builder/spi-builder-workspace/.swiftpm/xcode -experimental-emit-module-separately -disable-cmo
SwiftCompile normal arm64 Compiling\ DeviceSpec.swift,\ Doctor.swift /Users/admin/builder/spi-builder-workspace/Sources/SimshotCore/DeviceSpec.swift /Users/admin/builder/spi-builder-workspace/Sources/SimshotCore/Doctor.swift (in target 'SimshotCore' from project 'simshot')
SwiftCompile normal arm64 /Users/admin/builder/spi-builder-workspace/Sources/SimshotCore/DeviceSpec.swift (in target 'SimshotCore' from project 'simshot')
    cd /Users/admin/builder/spi-builder-workspace/.swiftpm/xcode

SwiftCompile normal arm64 /Users/admin/builder/spi-builder-workspace/Sources/SimshotCore/Doctor.swift (in target 'SimshotCore' from project 'simshot')
    cd /Users/admin/builder/spi-builder-workspace/.swiftpm/xcode

SwiftCompile normal arm64 Compiling\ InitConfig.swift /Users/admin/builder/spi-builder-workspace/Sources/SimshotCore/InitConfig.swift (in target 'SimshotCore' from project 'simshot')
SwiftCompile normal arm64 /Users/admin/builder/spi-builder-workspace/Sources/SimshotCore/InitConfig.swift (in target 'SimshotCore' from project 'simshot')
    cd /Users/admin/builder/spi-builder-workspace/.swiftpm/xcode

SwiftCompile normal arm64 Compiling\ Options.swift /Users/admin/builder/spi-builder-workspace/Sources/SimshotCore/Options.swift (in target 'SimshotCore' from project 'simshot')
SwiftCompile normal arm64 /Users/admin/builder/spi-builder-workspace/Sources/SimshotCore/Options.swift (in target 'SimshotCore' from project 'simshot')
    cd /Users/admin/builder/spi-builder-workspace/.swiftpm/xcode

SwiftCompile normal arm64 Compiling\ Resizer.swift /Users/admin/builder/spi-builder-workspace/Sources/SimshotCore/Resizer.swift (in target 'SimshotCore' from project 'simshot')
SwiftCompile normal arm64 /Users/admin/builder/spi-builder-workspace/Sources/SimshotCore/Resizer.swift (in target 'SimshotCore' from project 'simshot')
    cd /Users/admin/builder/spi-builder-workspace/.swiftpm/xcode

SwiftCompile normal arm64 Compiling\ XcodeBuild.swift /Users/admin/builder/spi-builder-workspace/Sources/SimshotCore/XcodeBuild.swift (in target 'SimshotCore' from project 'simshot')
SwiftCompile normal arm64 /Users/admin/builder/spi-builder-workspace/Sources/SimshotCore/XcodeBuild.swift (in target 'SimshotCore' from project 'simshot')
    cd /Users/admin/builder/spi-builder-workspace/.swiftpm/xcode

SwiftCompile normal arm64 Compiling\ Simctl.swift /Users/admin/builder/spi-builder-workspace/Sources/SimshotCore/Simctl.swift (in target 'SimshotCore' from project 'simshot')
SwiftCompile normal arm64 /Users/admin/builder/spi-builder-workspace/Sources/SimshotCore/Simctl.swift (in target 'SimshotCore' from project 'simshot')
    cd /Users/admin/builder/spi-builder-workspace/.swiftpm/xcode

SwiftCompile normal arm64 Compiling\ Verifier.swift /Users/admin/builder/spi-builder-workspace/Sources/SimshotCore/Verifier.swift (in target 'SimshotCore' from project 'simshot')
SwiftCompile normal arm64 /Users/admin/builder/spi-builder-workspace/Sources/SimshotCore/Verifier.swift (in target 'SimshotCore' from project 'simshot')
    cd /Users/admin/builder/spi-builder-workspace/.swiftpm/xcode

SwiftEmitModule normal arm64 Emitting\ module\ for\ SimshotCore (in target 'SimshotCore' from project 'simshot')
Failed frontend command:
/Applications/Xcode-16.3.0.app/Contents/Developer/Toolchains/XcodeDefault.xctoolchain/usr/bin/swift-frontend -frontend -emit-module -experimental-skip-non-inlinable-function-bodies-without-types /Users/admin/builder/spi-builder-workspace/Sources/SimshotCore/DeviceSpec.swift /Users/admin/builder/spi-builder-workspace/Sources/SimshotCore/Doctor.swift /Users/admin/builder/spi-builder-workspace/Sources/SimshotCore/InitConfig.swift /Users/admin/builder/spi-builder-workspace/Sources/SimshotCore/Options.swift /Users/admin/builder/spi-builder-workspace/Sources/SimshotCore/ProcessRunner.swift /Users/admin/builder/spi-builder-workspace/Sources/SimshotCore/Resizer.swift /Users/admin/builder/spi-builder-workspace/Sources/SimshotCore/ShotSpec.swift /Users/admin/builder/spi-builder-workspace/Sources/SimshotCore/Simctl.swift /Users/admin/builder/spi-builder-workspace/Sources/SimshotCore/Support.swift /Users/admin/builder/spi-builder-workspace/Sources/SimshotCore/Verifier.swift /Users/admin/builder/spi-builder-workspace/Sources/SimshotCore/XcodeBuild.swift -target arm64-apple-tvos12.0 -Xllvm -aarch64-use-tbi -enable-objc-interop -sdk /Applications/Xcode-16.3.0.app/Contents/Developer/Platforms/AppleTVOS.platform/Developer/SDKs/AppleTVOS18.4.sdk -I /Users/admin/builder/spi-builder-workspace/.derivedData/Build/Products/Debug-appletvos -I /Applications/Xcode-16.3.0.app/Contents/Developer/Platforms/AppleTVOS.platform/Developer/usr/lib -F /Users/admin/builder/spi-builder-workspace/.derivedData/Build/Products/Debug-appletvos -F /Applications/Xcode-16.3.0.app/Contents/Developer/Platforms/AppleTVOS.platform/Developer/Library/Frameworks -F /Applications/Xcode-16.3.0.app/Contents/Developer/Platforms/AppleTVOS.platform/Developer/SDKs/AppleTVOS18.4.sdk/Developer/Library/Frameworks -no-color-diagnostics -enable-testing -g -debug-info-format\=dwarf -dwarf-version\=4 -module-cache-path /Users/admin/builder/spi-builder-workspace/.derivedData/ModuleCache.noindex -profile-generate -profile-coverage-mapping -swift-version 5 -enforce-exclusivity\=checked -Onone -D SWIFT_PACKAGE -D DEBUG -D Xcode -serialize-debugging-options -const-gather-protocols-file /Users/admin/builder/spi-builder-workspace/.derivedData/Build/Intermediates.noindex/simshot.build/Debug-appletvos/SimshotCore.build/Objects-normal/arm64/SimshotCore_const_extract_protocols.json -enable-experimental-feature DebugDescriptionMacro -empty-abi-descriptor -plugin-path /Applications/Xcode-16.3.0.app/Contents/Developer/Toolchains/XcodeDefault.xctoolchain/usr/lib/swift/host/plugins/testing -validate-clang-modules-once -clang-build-session-file /Users/admin/builder/spi-builder-workspace/.derivedData/ModuleCache.noindex/Session.modulevalidation -Xcc -working-directory -Xcc /Users/admin/builder/spi-builder-workspace/.swiftpm/xcode -resource-dir /Applications/Xcode-16.3.0.app/Contents/Developer/Toolchains/XcodeDefault.xctoolchain/usr/lib/swift -enable-anonymous-context-mangled-names -file-compilation-dir /Users/admin/builder/spi-builder-workspace/.swiftpm/xcode -Xcc -ivfsstatcache -Xcc /Users/admin/builder/spi-builder-workspace/.derivedData/SDKStatCaches.noindex/appletvos18.4-22L251-271d326055c85f9856fa135c41255102.sdkstatcache -Xcc -I/Users/admin/builder/spi-builder-workspace/.derivedData/Build/Intermediates.noindex/simshot.build/Debug-appletvos/SimshotCore.build/swift-overrides.hmap -Xcc -I/Users/admin/builder/spi-builder-workspace/.derivedData/Build/Products/Debug-appletvos/include -Xcc -I/Users/admin/builder/spi-builder-workspace/.derivedData/Build/Intermediates.noindex/simshot.build/Debug-appletvos/SimshotCore.build/DerivedSources-normal/arm64 -Xcc -I/Users/admin/builder/spi-builder-workspace/.derivedData/Build/Intermediates.noindex/simshot.build/Debug-appletvos/SimshotCore.build/DerivedSources/arm64 -Xcc -I/Users/admin/builder/spi-builder-workspace/.derivedData/Build/Intermediates.noindex/simshot.build/Debug-appletvos/SimshotCore.build/DerivedSources -Xcc -DSWIFT_PACKAGE -Xcc -DDEBUG\=1 -module-name SimshotCore -package-name spi_builder_workspace -frontend-parseable-output -disable-clang-spi -target-sdk-version 18.4 -target-sdk-name appletvos18.4 -external-plugin-path /Applications/Xcode-16.3.0.app/Contents/Developer/Platforms/AppleTVOS.platform/Developer/usr/lib/swift/host/plugins\#/Applications/Xcode-16.3.0.app/Contents/Developer/Platforms/AppleTVOS.platform/Developer/usr/bin/swift-plugin-server -external-plugin-path /Applications/Xcode-16.3.0.app/Contents/Developer/Platforms/AppleTVOS.platform/Developer/usr/local/lib/swift/host/plugins\#/Applications/Xcode-16.3.0.app/Contents/Developer/Platforms/AppleTVOS.platform/Developer/usr/bin/swift-plugin-server -in-process-plugin-server-path /Applications/Xcode-16.3.0.app/Contents/Developer/Toolchains/XcodeDefault.xctoolchain/usr/lib/swift/host/libSwiftInProcPluginServer.dylib -plugin-path /Applications/Xcode-16.3.0.app/Contents/Developer/Toolchains/XcodeDefault.xctoolchain/usr/lib/swift/host/plugins -plugin-path /Applications/Xcode-16.3.0.app/Contents/Developer/Toolchains/XcodeDefault.xctoolchain/usr/local/lib/swift/host/plugins -emit-module-doc-path /Users/admin/builder/spi-builder-workspace/.derivedData/Build/Intermediates.noindex/simshot.build/Debug-appletvos/SimshotCore.build/Objects-normal/arm64/SimshotCore.swiftdoc -emit-module-source-info-path /Users/admin/builder/spi-builder-workspace/.derivedData/Build/Intermediates.noindex/simshot.build/Debug-appletvos/SimshotCore.build/Objects-normal/arm64/SimshotCore.swiftsourceinfo -emit-objc-header-path /Users/admin/builder/spi-builder-workspace/.derivedData/Build/Intermediates.noindex/simshot.build/Debug-appletvos/SimshotCore.build/Objects-normal/arm64/SimshotCore-Swift.h -serialize-diagnostics-path /Users/admin/builder/spi-builder-workspace/.derivedData/Build/Intermediates.noindex/simshot.build/Debug-appletvos/SimshotCore.build/Objects-normal/arm64/SimshotCore-master-emit-module.dia -emit-dependencies-path /Users/admin/builder/spi-builder-workspace/.derivedData/Build/Intermediates.noindex/simshot.build/Debug-appletvos/SimshotCore.build/Objects-normal/arm64/SimshotCore-master-emit-module.d -o /Users/admin/builder/spi-builder-workspace/.derivedData/Build/Intermediates.noindex/simshot.build/Debug-appletvos/SimshotCore.build/Objects-normal/arm64/SimshotCore.swiftmodule -emit-abi-descriptor-path /Users/admin/builder/spi-builder-workspace/.derivedData/Build/Intermediates.noindex/simshot.build/Debug-appletvos/SimshotCore.build/Objects-normal/arm64/SimshotCore.abi.json
EmitSwiftModule normal arm64 (in target 'SimshotCore' from project 'simshot')
    cd /Users/admin/builder/spi-builder-workspace/.swiftpm/xcode

/Users/admin/builder/spi-builder-workspace/Sources/SimshotCore/Options.swift:17:10: error: 'homeDirectoryForCurrentUser' is unavailable in tvOS
        .homeDirectoryForCurrentUser
         ^~~~~~~~~~~~~~~~~~~~~~~~~~~
/Applications/Xcode-16.3.0.app/Contents/Developer/Platforms/AppleTVOS.platform/Developer/SDKs/AppleTVOS18.4.sdk/System/Library/Frameworks/Foundation.framework/Headers/NSFileManager.h:340:35: note: 'homeDirectoryForCurrentUser' has been explicitly marked unavailable here
@property (readonly, copy) NSURL *homeDirectoryForCurrentUser API_AVAILABLE(macosx(10.12)) API_UNAVAILABLE(ios, watchos, tvos);
                                  ^
SwiftCompile normal arm64 Compiling\ ShotSpec.swift /Users/admin/builder/spi-builder-workspace/Sources/SimshotCore/ShotSpec.swift (in target 'SimshotCore' from project 'simshot')
SwiftCompile normal arm64 /Users/admin/builder/spi-builder-workspace/Sources/SimshotCore/ShotSpec.swift (in target 'SimshotCore' from project 'simshot')
    cd /Users/admin/builder/spi-builder-workspace/.swiftpm/xcode

SwiftCompile normal arm64 Compiling\ ProcessRunner.swift /Users/admin/builder/spi-builder-workspace/Sources/SimshotCore/ProcessRunner.swift (in target 'SimshotCore' from project 'simshot')
SwiftCompile normal arm64 /Users/admin/builder/spi-builder-workspace/Sources/SimshotCore/ProcessRunner.swift (in target 'SimshotCore' from project 'simshot')
    cd /Users/admin/builder/spi-builder-workspace/.swiftpm/xcode

SwiftCompile normal arm64 Compiling\ Support.swift /Users/admin/builder/spi-builder-workspace/Sources/SimshotCore/Support.swift (in target 'SimshotCore' from project 'simshot')
Command SwiftCompile failed with a nonzero exit code
** BUILD FAILED **
The following build commands failed:
	SwiftEmitModule normal arm64 Emitting\ module\ for\ SimshotCore (in target 'SimshotCore' from project 'simshot')
	EmitSwiftModule normal arm64 (in target 'SimshotCore' from project 'simshot')
	SwiftCompile normal arm64 Compiling\ Support.swift /Users/admin/builder/spi-builder-workspace/Sources/SimshotCore/Support.swift (in target 'SimshotCore' from project 'simshot')
	Building workspace spi-builder-workspace with scheme simshot
(4 failures)
BUILD FAILURE 6.1 tvOS