Build Information
Failed to build Drawer, reference v0.1.0 (e18f1f), with Swift 6.4 for macOS (Xcode) using Xcode 27.0 on 17 Sep 2026 06:17:14 UTC.
Build Command
env DEVELOPER_DIR=/Applications/Xcode-27.0.0-Release.Candidate.app xcrun xcodebuild -IDEClonedSourcePackagesDirPathOverride=$PWD/.dependencies -skipMacroValidation -skipPackagePluginValidation -derivedDataPath $PWD/.derivedData build -scheme Drawer -destination platform=macOS,arch=arm64Build Log
========================================
RunAll
========================================
Builder version: 5.1.0
Interrupt handler set up.
========================================
Checkout
========================================
Clone URL: https://github.com/maustinstar/swiftui-drawer.git
Reference: v0.1.0
Initialized empty Git repository in /Users/admin/builder/spi-builder-workspace/.git/
From https://github.com/maustinstar/swiftui-drawer
* tag v0.1.0 -> FETCH_HEAD
HEAD is now at e18f1f4 Update Examples.md
Cloned https://github.com/maustinstar/swiftui-drawer.git
Revision (git rev-parse @):
e18f1f44dc716d99d9a147a47d8507eebbfa8e4c
SUCCESS checkout https://github.com/maustinstar/swiftui-drawer.git at v0.1.0
========================================
Build
========================================
Selected platform: macosXcodebuild
Swift version: 6.4
Building package at path: $PWD
https://github.com/maustinstar/swiftui-drawer.git
Command line invocation:
/Applications/Xcode-27.0.0-Release.Candidate.app/Contents/Developer/usr/bin/xcodebuild -IDEClonedSourcePackagesDirPathOverride=/Users/admin/builder/spi-builder-workspace/.dependencies -resolvePackageDependencies
Resolve Package Graph
Resolve Package Graph
Resolved source packages:
Drawer: /Users/admin/builder/spi-builder-workspace
resolved source packages: Drawer
2026-09-17 02:16:19.704 xcodebuild[525:2986] [MT] IDERunDestination: Supported platforms for the buildables in the current scheme is empty.
{
"dependencies" : [
],
"manifest_display_name" : "Drawer",
"name" : "Drawer",
"path" : "/Users/admin/builder/spi-builder-workspace",
"platforms" : [
{
"name" : "ios",
"version" : "13.0"
}
],
"products" : [
{
"name" : "Drawer",
"targets" : [
"Drawer"
],
"type" : {
"library" : [
"automatic"
]
}
}
],
"targets" : [
{
"c99name" : "DrawerTests",
"module_type" : "SwiftTarget",
"name" : "DrawerTests",
"path" : "Tests/DrawerTests",
"sources" : [
"DrawerTests.swift",
"XCTestManifests.swift"
],
"target_dependencies" : [
"Drawer"
],
"type" : "test"
},
{
"c99name" : "Drawer",
"module_type" : "SwiftTarget",
"name" : "Drawer",
"path" : "Sources/Drawer",
"product_memberships" : [
"Drawer"
],
"sources" : [
"Drawer+Computed.swift",
"Drawer+Drag.swift",
"Drawer+Modifiers.swift",
"Drawer.swift",
"SwiftUIView.swift"
],
"type" : "library"
}
],
"tools_version" : "5.2"
}
{
"workspace" : {
"name" : "Drawer",
"schemes" : [
"Drawer"
]
}
}
2026-09-17 02:17:01.054 xcodebuild[623:3938] [MT] IDERunDestination: Supported platforms for the buildables in the current scheme is empty.
Running build ...
env DEVELOPER_DIR=/Applications/Xcode-27.0.0-Release.Candidate.app xcrun xcodebuild -IDEClonedSourcePackagesDirPathOverride=$PWD/.dependencies -skipMacroValidation -skipPackagePluginValidation -derivedDataPath $PWD/.derivedData build -scheme Drawer -destination platform=macOS,arch=arm64
Command line invocation:
/Applications/Xcode-27.0.0-Release.Candidate.app/Contents/Developer/usr/bin/xcodebuild -IDEClonedSourcePackagesDirPathOverride=/Users/admin/builder/spi-builder-workspace/.dependencies -skipMacroValidation -skipPackagePluginValidation -derivedDataPath /Users/admin/builder/spi-builder-workspace/.derivedData build -scheme Drawer -destination platform=macOS,arch=arm64
Resolve Package Graph
Resolved source packages:
Drawer: /Users/admin/builder/spi-builder-workspace
ComputePackagePrebuildTargetDependencyGraph
Prepare packages
CreateBuildRequest
SendProjectDescription
CreateBuildOperation
ComputeTargetDependencyGraph
note: Building targets in dependency order
note: Target dependency graph (2 targets)
Target 'Drawer-product' in project 'Drawer'
➜ Explicit dependency on target 'Drawer' in project 'Drawer'
Target 'Drawer' in project 'Drawer' (no dependencies)
GatherProvisioningInputs
CreateBuildDescription
ExecuteExternalTool /Applications/Xcode-27.0.0-Release.Candidate.app/Contents/Developer/Toolchains/XcodeDefault.xctoolchain/usr/bin/clang -v -E -dM -isysroot /Applications/Xcode-27.0.0-Release.Candidate.app/Contents/Developer/Platforms/MacOSX.platform/Developer/SDKs/MacOSX27.0.sdk -x c -c /dev/null
ExecuteExternalTool /Applications/Xcode-27.0.0-Release.Candidate.app/Contents/Developer/Toolchains/XcodeDefault.xctoolchain/usr/bin/swiftc --version
ExecuteExternalTool /Applications/Xcode-27.0.0-Release.Candidate.app/Contents/Developer/Toolchains/XcodeDefault.xctoolchain/usr/bin/ld -version_details
Build description signature: 6b509d98be90635e2c792414f8ec6b5b
Build description path: /Users/admin/builder/spi-builder-workspace/.derivedData/Build/Intermediates.noindex/XCBuildData/6b509d98be90635e2c792414f8ec6b5b.xcbuilddata
CreateBuildDirectory /Users/admin/builder/spi-builder-workspace/.derivedData/SDKExplicitPrecompiledModules
cd /Users/admin/builder/spi-builder-workspace/.swiftpm/xcode
builtin-create-build-directory /Users/admin/builder/spi-builder-workspace/.derivedData/SDKExplicitPrecompiledModules
CreateBuildDirectory /Users/admin/builder/spi-builder-workspace/.derivedData/ModuleCache.noindex
cd /Users/admin/builder/spi-builder-workspace/.swiftpm/xcode
builtin-create-build-directory /Users/admin/builder/spi-builder-workspace/.derivedData/ModuleCache.noindex
CreateBuildDirectory /Users/admin/builder/spi-builder-workspace/.derivedData/Build/Intermediates.noindex
cd /Users/admin/builder/spi-builder-workspace/.swiftpm/xcode
builtin-create-build-directory /Users/admin/builder/spi-builder-workspace/.derivedData/Build/Intermediates.noindex
CreateBuildDirectory /Users/admin/builder/spi-builder-workspace/.derivedData/CompilationCache.noindex
cd /Users/admin/builder/spi-builder-workspace/.swiftpm/xcode
builtin-create-build-directory /Users/admin/builder/spi-builder-workspace/.derivedData/CompilationCache.noindex
CreateBuildDirectory /Users/admin/builder/spi-builder-workspace/.derivedData/Build/Products
cd /Users/admin/builder/spi-builder-workspace/.swiftpm/xcode
builtin-create-build-directory /Users/admin/builder/spi-builder-workspace/.derivedData/Build/Products
ClangStatCache /Applications/Xcode-27.0.0-Release.Candidate.app/Contents/Developer/Toolchains/XcodeDefault.xctoolchain/usr/bin/clang-stat-cache /Applications/Xcode-27.0.0-Release.Candidate.app/Contents/Developer/Platforms/MacOSX.platform/Developer/SDKs/MacOSX27.0.sdk /Users/admin/builder/spi-builder-workspace/.derivedData/SDKStatCaches.noindex/macosx27.0-26A425-e829b21a6f8c9b70876ba0858053c0446a22442a12e9d48fe1a705f55a1adfc4.sdkstatcache
cd /Users/admin/builder/spi-builder-workspace/.swiftpm/xcode
/Applications/Xcode-27.0.0-Release.Candidate.app/Contents/Developer/Toolchains/XcodeDefault.xctoolchain/usr/bin/clang-stat-cache /Applications/Xcode-27.0.0-Release.Candidate.app/Contents/Developer/Platforms/MacOSX.platform/Developer/SDKs/MacOSX27.0.sdk -o /Users/admin/builder/spi-builder-workspace/.derivedData/SDKStatCaches.noindex/macosx27.0-26A425-e829b21a6f8c9b70876ba0858053c0446a22442a12e9d48fe1a705f55a1adfc4.sdkstatcache
CreateBuildDirectory /Users/admin/builder/spi-builder-workspace/.derivedData/Build/Products/Debug
cd /Users/admin/builder/spi-builder-workspace/.swiftpm/xcode
builtin-create-build-directory /Users/admin/builder/spi-builder-workspace/.derivedData/Build/Products/Debug
CreateBuildDirectory /Users/admin/builder/spi-builder-workspace/.derivedData/Build/Intermediates.noindex/SwiftExplicitPrecompiledModules
cd /Users/admin/builder/spi-builder-workspace/.swiftpm/xcode
builtin-create-build-directory /Users/admin/builder/spi-builder-workspace/.derivedData/Build/Intermediates.noindex/SwiftExplicitPrecompiledModules
CreateBuildDirectory /Users/admin/builder/spi-builder-workspace/.derivedData/Build/Intermediates.noindex/PrecompiledHeaders
cd /Users/admin/builder/spi-builder-workspace/.swiftpm/xcode
builtin-create-build-directory /Users/admin/builder/spi-builder-workspace/.derivedData/Build/Intermediates.noindex/PrecompiledHeaders
CreateBuildDirectory /Users/admin/builder/spi-builder-workspace/.derivedData/Build/Intermediates.noindex/ExplicitPrecompiledModules
cd /Users/admin/builder/spi-builder-workspace/.swiftpm/xcode
builtin-create-build-directory /Users/admin/builder/spi-builder-workspace/.derivedData/Build/Intermediates.noindex/ExplicitPrecompiledModules
CreateBuildDirectory /Users/admin/builder/spi-builder-workspace/.derivedData/Build/Intermediates.noindex/EagerLinkingTBDs/Debug
cd /Users/admin/builder/spi-builder-workspace/.swiftpm/xcode
builtin-create-build-directory /Users/admin/builder/spi-builder-workspace/.derivedData/Build/Intermediates.noindex/EagerLinkingTBDs/Debug
CreateBuildDirectory /Users/admin/builder/spi-builder-workspace/.derivedData/Build/Products/Debug/PackageFrameworks
cd /Users/admin/builder/spi-builder-workspace/.swiftpm/xcode
builtin-create-build-directory /Users/admin/builder/spi-builder-workspace/.derivedData/Build/Products/Debug/PackageFrameworks
WriteAuxiliaryFile /Users/admin/builder/spi-builder-workspace/.derivedData/Build/Intermediates.noindex/Drawer.build/Debug/Drawer-t.build/Drawer.DependencyStaticMetadataFileList (in target 'Drawer' from project 'Drawer')
cd /Users/admin/builder/spi-builder-workspace
write-file /Users/admin/builder/spi-builder-workspace/.derivedData/Build/Intermediates.noindex/Drawer.build/Debug/Drawer-t.build/Drawer.DependencyStaticMetadataFileList
WriteAuxiliaryFile /Users/admin/builder/spi-builder-workspace/.derivedData/Build/Intermediates.noindex/Drawer.build/Debug/Drawer-t.build/Drawer.DependencyMetadataFileList (in target 'Drawer' from project 'Drawer')
cd /Users/admin/builder/spi-builder-workspace
write-file /Users/admin/builder/spi-builder-workspace/.derivedData/Build/Intermediates.noindex/Drawer.build/Debug/Drawer-t.build/Drawer.DependencyMetadataFileList
WriteAuxiliaryFile /Users/admin/builder/spi-builder-workspace/.derivedData/Build/Intermediates.noindex/Drawer.build/Debug/Drawer-t.build/Drawer.modulemap (in target 'Drawer' from project 'Drawer')
cd /Users/admin/builder/spi-builder-workspace
write-file /Users/admin/builder/spi-builder-workspace/.derivedData/Build/Intermediates.noindex/Drawer.build/Debug/Drawer-t.build/Drawer.modulemap
WriteAuxiliaryFile /Users/admin/builder/spi-builder-workspace/.derivedData/Build/Intermediates.noindex/Drawer.build/Debug/Drawer-t.build/Objects-normal/arm64/Drawer_const_extract_protocols.json (in target 'Drawer' from project 'Drawer')
cd /Users/admin/builder/spi-builder-workspace
write-file /Users/admin/builder/spi-builder-workspace/.derivedData/Build/Intermediates.noindex/Drawer.build/Debug/Drawer-t.build/Objects-normal/arm64/Drawer_const_extract_protocols.json
WriteAuxiliaryFile /Users/admin/builder/spi-builder-workspace/.derivedData/Build/Intermediates.noindex/Drawer.build/Debug/Drawer-t.build/Objects-normal/arm64/Drawer.SwiftFileList (in target 'Drawer' from project 'Drawer')
cd /Users/admin/builder/spi-builder-workspace
write-file /Users/admin/builder/spi-builder-workspace/.derivedData/Build/Intermediates.noindex/Drawer.build/Debug/Drawer-t.build/Objects-normal/arm64/Drawer.SwiftFileList
WriteAuxiliaryFile /Users/admin/builder/spi-builder-workspace/.derivedData/Build/Intermediates.noindex/Drawer.build/Debug/Drawer-t.build/Objects-normal/arm64/Drawer.LinkFileList (in target 'Drawer' from project 'Drawer')
cd /Users/admin/builder/spi-builder-workspace
write-file /Users/admin/builder/spi-builder-workspace/.derivedData/Build/Intermediates.noindex/Drawer.build/Debug/Drawer-t.build/Objects-normal/arm64/Drawer.LinkFileList
WriteAuxiliaryFile /Users/admin/builder/spi-builder-workspace/.derivedData/Build/Intermediates.noindex/Drawer.build/Debug/Drawer-t.build/Objects-normal/arm64/Drawer.SwiftConstValuesFileList (in target 'Drawer' from project 'Drawer')
cd /Users/admin/builder/spi-builder-workspace
write-file /Users/admin/builder/spi-builder-workspace/.derivedData/Build/Intermediates.noindex/Drawer.build/Debug/Drawer-t.build/Objects-normal/arm64/Drawer.SwiftConstValuesFileList
WriteAuxiliaryFile /Users/admin/builder/spi-builder-workspace/.derivedData/Build/Intermediates.noindex/Drawer.build/Debug/Drawer-t.build/Objects-normal/arm64/Drawer-OutputFileMap.json (in target 'Drawer' from project 'Drawer')
cd /Users/admin/builder/spi-builder-workspace
write-file /Users/admin/builder/spi-builder-workspace/.derivedData/Build/Intermediates.noindex/Drawer.build/Debug/Drawer-t.build/Objects-normal/arm64/Drawer-OutputFileMap.json
Copy /Users/admin/builder/spi-builder-workspace/.derivedData/Build/Intermediates.noindex/GeneratedModuleMaps/Drawer.modulemap /Users/admin/builder/spi-builder-workspace/.derivedData/Build/Intermediates.noindex/Drawer.build/Debug/Drawer-t.build/Drawer.modulemap (in target 'Drawer' from project 'Drawer')
cd /Users/admin/builder/spi-builder-workspace
builtin-copy -exclude .DS_Store -exclude CVS -exclude .svn -exclude .git -exclude .hg -resolve-src-symlinks /Users/admin/builder/spi-builder-workspace/.derivedData/Build/Intermediates.noindex/Drawer.build/Debug/Drawer-t.build/Drawer.modulemap /Users/admin/builder/spi-builder-workspace/.derivedData/Build/Intermediates.noindex/GeneratedModuleMaps
SwiftDriver Drawer normal arm64 com.apple.xcode.tools.swift.compiler (in target 'Drawer' from project 'Drawer')
cd /Users/admin/builder/spi-builder-workspace/.swiftpm/xcode
builtin-SwiftDriver -- /Applications/Xcode-27.0.0-Release.Candidate.app/Contents/Developer/Toolchains/XcodeDefault.xctoolchain/usr/bin/swiftc -parse-as-library -module-name Drawer -Onone @/Users/admin/builder/spi-builder-workspace/.derivedData/Build/Intermediates.noindex/Drawer.build/Debug/Drawer-t.build/Objects-normal/arm64/Drawer.SwiftFileList -DSWIFT_PACKAGE -DDEBUG -DSWIFT_MODULE_RESOURCE_BUNDLE_UNAVAILABLE -DXcode -plugin-path /Applications/Xcode-27.0.0-Release.Candidate.app/Contents/Developer/Toolchains/XcodeDefault.xctoolchain/usr/lib/swift/host/plugins/testing -enable-experimental-feature DebugDescriptionMacro -sdk /Applications/Xcode-27.0.0-Release.Candidate.app/Contents/Developer/Platforms/MacOSX.platform/Developer/SDKs/MacOSX27.0.sdk -target arm64-apple-macos12.0 -g -module-cache-path /Users/admin/builder/spi-builder-workspace/.derivedData/ModuleCache.noindex -Xfrontend -serialize-debugging-options -profile-coverage-mapping -profile-generate -enable-testing -index-store-path /Users/admin/builder/spi-builder-workspace/.derivedData/Index.noindex/DataStore -Xcc -D_LIBCPP_HARDENING_MODE\=_LIBCPP_HARDENING_MODE_DEBUG -swift-version 5 -I /Users/admin/builder/spi-builder-workspace/.derivedData/Build/Products/Debug -Isystem /Applications/Xcode-27.0.0-Release.Candidate.app/Contents/Developer/Platforms/MacOSX.platform/Developer/usr/lib -F /Users/admin/builder/spi-builder-workspace/.derivedData/Build/Products/Debug -F /Applications/Xcode-27.0.0-Release.Candidate.app/Contents/Developer/Platforms/MacOSX.platform/Developer/Library/Frameworks -c -j10 -enable-batch-mode -incremental -Xcc -ivfsstatcache -Xcc /Users/admin/builder/spi-builder-workspace/.derivedData/SDKStatCaches.noindex/macosx27.0-26A425-e829b21a6f8c9b70876ba0858053c0446a22442a12e9d48fe1a705f55a1adfc4.sdkstatcache -output-file-map /Users/admin/builder/spi-builder-workspace/.derivedData/Build/Intermediates.noindex/Drawer.build/Debug/Drawer-t.build/Objects-normal/arm64/Drawer-OutputFileMap.json -save-temps -no-color-diagnostics -explicit-module-build -module-cache-path /Users/admin/builder/spi-builder-workspace/.derivedData/Build/Intermediates.noindex/SwiftExplicitPrecompiledModules -clang-scanner-module-cache-path /Users/admin/builder/spi-builder-workspace/.derivedData/ModuleCache.noindex -sdk-module-cache-path /Users/admin/builder/spi-builder-workspace/.derivedData/SDKExplicitPrecompiledModules -emit-dependencies -emit-module -emit-module-path /Users/admin/builder/spi-builder-workspace/.derivedData/Build/Intermediates.noindex/Drawer.build/Debug/Drawer-t.build/Objects-normal/arm64/Drawer.swiftmodule -serialize-diagnostics -dependency-scan-serialize-diagnostics-path /Users/admin/builder/spi-builder-workspace/.derivedData/Build/Intermediates.noindex/Drawer.build/Debug/Drawer-t.build/Objects-normal/arm64/Drawer-dependency-scan.dia -validate-clang-modules-once -clang-build-session-file /Users/admin/builder/spi-builder-workspace/.derivedData/ModuleCache.noindex/Session.modulevalidation -Xcc -fmodules-prune-interval\=86400 -Xcc -fmodules-prune-after\=345600 -emit-const-values -const-gather-protocols-list /Users/admin/builder/spi-builder-workspace/.derivedData/Build/Intermediates.noindex/Drawer.build/Debug/Drawer-t.build/Objects-normal/arm64/Drawer_const_extract_protocols.json -Xcc -I/Users/admin/builder/spi-builder-workspace/.derivedData/Build/Products/Debug/include -Xcc -I/Users/admin/builder/spi-builder-workspace/.derivedData/Build/Intermediates.noindex/Drawer.build/Debug/Drawer-t.build/DerivedSources-normal/arm64 -Xcc -I/Users/admin/builder/spi-builder-workspace/.derivedData/Build/Intermediates.noindex/Drawer.build/Debug/Drawer-t.build/DerivedSources/arm64 -Xcc -I/Users/admin/builder/spi-builder-workspace/.derivedData/Build/Intermediates.noindex/Drawer.build/Debug/Drawer-t.build/DerivedSources -Xcc -DSWIFT_PACKAGE -Xcc -DDEBUG\=1 -emit-objc-header -emit-objc-header-path /Users/admin/builder/spi-builder-workspace/.derivedData/Build/Intermediates.noindex/Drawer.build/Debug/Drawer-t.build/Objects-normal/arm64/Drawer-Swift.h -working-directory /Users/admin/builder/spi-builder-workspace/.swiftpm/xcode -experimental-emit-module-separately -disable-cmo
SwiftExplicitDependencyGeneratePcm arm64 /Users/admin/builder/spi-builder-workspace/.derivedData/SDKExplicitPrecompiledModules/_Builtin_stdbool-KYV2HKP8IKLKMKQS9DGA2GUQ.pcm
SwiftExplicitDependencyGeneratePcm arm64 /Users/admin/builder/spi-builder-workspace/.derivedData/SDKExplicitPrecompiledModules/SwiftShims-C4V0DQ62WSTCYBYGILXXGQNO3.pcm
SwiftExplicitDependencyGeneratePcm arm64 /Users/admin/builder/spi-builder-workspace/.derivedData/SDKExplicitPrecompiledModules/_AvailabilityInternal-CJTV5E7EL3MWRA437DUFPBVN2.pcm
SwiftExplicitDependencyGeneratePcm arm64 /Users/admin/builder/spi-builder-workspace/.derivedData/SDKExplicitPrecompiledModules/_Builtin_float-105CRCDRP90FQCQO5ZX1LHV7H.pcm
SwiftExplicitDependencyGeneratePcm arm64 /Users/admin/builder/spi-builder-workspace/.derivedData/SDKExplicitPrecompiledModules/ptrauth-2W92ZJRLNJU99RJUQGGJG3OC3.pcm
SwiftExplicitDependencyGeneratePcm arm64 /Users/admin/builder/spi-builder-workspace/.derivedData/SDKExplicitPrecompiledModules/_Builtin_stddef-3GI9GOKXSW3QCTFOI1USFLDZO.pcm
SwiftExplicitDependencyGeneratePcm arm64 /Users/admin/builder/spi-builder-workspace/.derivedData/SDKExplicitPrecompiledModules/_SwiftConcurrencyShims-BLUUWKI6AGMD7TJ4RGYS7DP6T.pcm
SwiftExplicitDependencyGeneratePcm arm64 /Users/admin/builder/spi-builder-workspace/.derivedData/SDKExplicitPrecompiledModules/_Builtin_stdarg-7CFWA9OSW5N24E7PG4ZOCF1VH.pcm
SwiftExplicitDependencyGeneratePcm arm64 /Users/admin/builder/spi-builder-workspace/.derivedData/SDKExplicitPrecompiledModules/ptrcheck-DHLCBWKPNUZOYTPJ1J3QVTCXK.pcm
SwiftExplicitDependencyGeneratePcm arm64 /Users/admin/builder/spi-builder-workspace/.derivedData/SDKExplicitPrecompiledModules/DeveloperToolsSupport-13SNQ6N57G3DOS3KQA7V91OE7.pcm
SwiftExplicitDependencyGeneratePcm arm64 /Users/admin/builder/spi-builder-workspace/.derivedData/SDKExplicitPrecompiledModules/_DarwinFoundation1-7PRJIG163YE9KSKYA3BS35ZZP.pcm
SwiftExplicitDependencyGeneratePcm arm64 /Users/admin/builder/spi-builder-workspace/.derivedData/SDKExplicitPrecompiledModules/_DarwinFoundation2-94WUUGE4H5R03OWXE0QFZX1DN.pcm
SwiftExplicitDependencyGeneratePcm arm64 /Users/admin/builder/spi-builder-workspace/.derivedData/SDKExplicitPrecompiledModules/_Builtin_limits-AXGUGXBFPC0I7QDLJFB0K341Y.pcm
SwiftExplicitDependencyGeneratePcm arm64 /Users/admin/builder/spi-builder-workspace/.derivedData/SDKExplicitPrecompiledModules/_Builtin_stdint-22CBBOK8BNSF0UELDCAXSHGB.pcm
SwiftExplicitDependencyGeneratePcm arm64 /Users/admin/builder/spi-builder-workspace/.derivedData/SDKExplicitPrecompiledModules/_Builtin_tgmath-52XE6HC8DWOG6S7B5QAI046D1.pcm
SwiftExplicitDependencyGeneratePcm arm64 /Users/admin/builder/spi-builder-workspace/.derivedData/SDKExplicitPrecompiledModules/string_h-10WPXBF3YFYMX5HUAW06LSABR.pcm
SwiftExplicitDependencyGeneratePcm arm64 /Users/admin/builder/spi-builder-workspace/.derivedData/SDKExplicitPrecompiledModules/sys_types-F4RNCN6UR5R5OWTLTOUM7TN3E.pcm
SwiftExplicitDependencyGeneratePcm arm64 /Users/admin/builder/spi-builder-workspace/.derivedData/SDKExplicitPrecompiledModules/_DarwinFoundation3-32PO5Q4RCB6WXH5VFO3HA3AVS.pcm
SwiftExplicitDependencyGeneratePcm arm64 /Users/admin/builder/spi-builder-workspace/.derivedData/SDKExplicitPrecompiledModules/libDER-5RCYOD0PCUUY2UGMBNE9LI8N9.pcm
SwiftExplicitDependencyGeneratePcm arm64 /Users/admin/builder/spi-builder-workspace/.derivedData/SDKExplicitPrecompiledModules/_Builtin_stdatomic-8LN7S35C6I48KJOCW7VPXX04X.pcm
SwiftExplicitDependencyGeneratePcm arm64 /Users/admin/builder/spi-builder-workspace/.derivedData/SDKExplicitPrecompiledModules/_Builtin_intrinsics-4O6R03GTH5FLWSHEUBP0Z3GZ2.pcm
SwiftExplicitDependencyGeneratePcm arm64 /Users/admin/builder/spi-builder-workspace/.derivedData/SDKExplicitPrecompiledModules/_Builtin_inttypes-1U6AP9A8AJ4G9WD98E9RHLGTJ.pcm
SwiftExplicitDependencyGeneratePcm arm64 /Users/admin/builder/spi-builder-workspace/.derivedData/SDKExplicitPrecompiledModules/Darwin-1RAAWNGKQM8YGHV0YJNNN5YDY.pcm
SwiftExplicitDependencyGeneratePcm arm64 /Users/admin/builder/spi-builder-workspace/.derivedData/SDKExplicitPrecompiledModules/simd-A9TKR8OE9APRJ1RNS7F0OBY4Q.pcm
SwiftExplicitDependencyGeneratePcm arm64 /Users/admin/builder/spi-builder-workspace/.derivedData/SDKExplicitPrecompiledModules/MachO-AWTJ65TFR7TMST2NUE6ZCC1SL.pcm
SwiftExplicitDependencyGeneratePcm arm64 /Users/admin/builder/spi-builder-workspace/.derivedData/SDKExplicitPrecompiledModules/CUPS-45MNISAOHSEBD6VQA5G0MXN9H.pcm
SwiftExplicitDependencyGeneratePcm arm64 /Users/admin/builder/spi-builder-workspace/.derivedData/SDKExplicitPrecompiledModules/launch-2XAORMJNLLVS0OVKC1M0752GY.pcm
SwiftExplicitDependencyGeneratePcm arm64 /Users/admin/builder/spi-builder-workspace/.derivedData/SDKExplicitPrecompiledModules/libkern-22MDXN9G35RPO3OLKX9B2PN16.pcm
SwiftExplicitDependencyGeneratePcm arm64 /Users/admin/builder/spi-builder-workspace/.derivedData/SDKExplicitPrecompiledModules/ObjectiveC-B89IQP2TC4CFSWOUMTUZRI1VZ.pcm
SwiftExplicitDependencyGeneratePcm arm64 /Users/admin/builder/spi-builder-workspace/.derivedData/SDKExplicitPrecompiledModules/Spatial-2JNOU2HNJ0Q174XCFCD0GCOUQ.pcm
SwiftExplicitDependencyGeneratePcm arm64 /Users/admin/builder/spi-builder-workspace/.derivedData/SDKExplicitPrecompiledModules/os_object-3KLCCI03OX6OQTLJ92KQH2KIO.pcm
SwiftExplicitDependencyGeneratePcm arm64 /Users/admin/builder/spi-builder-workspace/.derivedData/SDKExplicitPrecompiledModules/os_workgroup-10SJ5M8R2OB4BG1TPFL9SZMKV.pcm
SwiftExplicitDependencyGeneratePcm arm64 /Users/admin/builder/spi-builder-workspace/.derivedData/SDKExplicitPrecompiledModules/Dispatch-NAMWF9KN29KC7Z5OS3TTTAE8.pcm
SwiftExplicitDependencyGeneratePcm arm64 /Users/admin/builder/spi-builder-workspace/.derivedData/SDKExplicitPrecompiledModules/CoreFoundation-4ZIITQ30SOGUQE8KJAB99ZV0Q.pcm
SwiftExplicitDependencyGeneratePcm arm64 /Users/admin/builder/spi-builder-workspace/.derivedData/SDKExplicitPrecompiledModules/XPC-E1MSAZG4ZNL24S2WK6K6Y7GWW.pcm
SwiftExplicitDependencyGeneratePcm arm64 /Users/admin/builder/spi-builder-workspace/.derivedData/SDKExplicitPrecompiledModules/os-BYOEVK2GEMB4Q8WWHGZGREA00.pcm
SwiftExplicitDependencyGeneratePcm arm64 /Users/admin/builder/spi-builder-workspace/.derivedData/SDKExplicitPrecompiledModules/CFNetwork-CVHS5CT20191MFYXQIEDWSRGJ.pcm
SwiftExplicitDependencyGeneratePcm arm64 /Users/admin/builder/spi-builder-workspace/.derivedData/SDKExplicitPrecompiledModules/IOKit-6H3X691EDBH124EYTC2PEOP5T.pcm
SwiftExplicitDependencyGeneratePcm arm64 /Users/admin/builder/spi-builder-workspace/.derivedData/SDKExplicitPrecompiledModules/ColorSync-BBCIZDDQ6O3QECFAWJQ6RU4ZJ.pcm
SwiftExplicitDependencyGeneratePcm arm64 /Users/admin/builder/spi-builder-workspace/.derivedData/SDKExplicitPrecompiledModules/CoreAudioTypes-EEH2XZ47XX4YM3FOOISUYVRQE.pcm
SwiftExplicitDependencyGeneratePcm arm64 /Users/admin/builder/spi-builder-workspace/.derivedData/SDKExplicitPrecompiledModules/Security-ESPJ7FP0YAY1EL3VXBGY9MCZ8.pcm
SwiftExplicitDependencyGeneratePcm arm64 /Users/admin/builder/spi-builder-workspace/.derivedData/SDKExplicitPrecompiledModules/CoreGraphics-5TRMNDB7ZP6FFMRNSZCWEOZMD.pcm
SwiftExplicitDependencyGeneratePcm arm64 /Users/admin/builder/spi-builder-workspace/.derivedData/SDKExplicitPrecompiledModules/DiskArbitration-ZNZZU7T0SYELB0DAR56WQF0R.pcm
SwiftExplicitDependencyGeneratePcm arm64 /Users/admin/builder/spi-builder-workspace/.derivedData/SDKExplicitPrecompiledModules/CoreServices-CGCGY0FOMEQGSNMO3HQSC09XU.pcm
SwiftExplicitDependencyGeneratePcm arm64 /Users/admin/builder/spi-builder-workspace/.derivedData/SDKExplicitPrecompiledModules/ImageIO-88YNP2EU498GB5YXIFJ9ANNYW.pcm
SwiftExplicitDependencyGeneratePcm arm64 /Users/admin/builder/spi-builder-workspace/.derivedData/SDKExplicitPrecompiledModules/CoreText-C1WSF2HWGIKVJ2XHWBKXQBSEY.pcm
SwiftExplicitDependencyGeneratePcm arm64 /Users/admin/builder/spi-builder-workspace/.derivedData/SDKExplicitPrecompiledModules/Foundation-44WR0NU86C67CV5BW8W1MGKNG.pcm
SwiftExplicitDependencyGeneratePcm arm64 /Users/admin/builder/spi-builder-workspace/.derivedData/SDKExplicitPrecompiledModules/UniformTypeIdentifiers-5LG8RE3Q01MBLZVRR3FFHHL5H.pcm
SwiftExplicitDependencyGeneratePcm arm64 /Users/admin/builder/spi-builder-workspace/.derivedData/SDKExplicitPrecompiledModules/CoreAudio-8XPVZMQXZVBU162UQPW77JTL1.pcm
SwiftExplicitDependencyGeneratePcm arm64 /Users/admin/builder/spi-builder-workspace/.derivedData/SDKExplicitPrecompiledModules/CoreTransferable-2HJ1Z8HJBPECRD89AVJ0X7S63.pcm
SwiftExplicitDependencyGeneratePcm arm64 /Users/admin/builder/spi-builder-workspace/.derivedData/SDKExplicitPrecompiledModules/OSLog-1GSRGGGEESVJH9OULZA91RAA3.pcm
SwiftExplicitDependencyGeneratePcm arm64 /Users/admin/builder/spi-builder-workspace/.derivedData/SDKExplicitPrecompiledModules/Symbols-2NFSQR6R0R96WH1KKGBXW1J.pcm
SwiftExplicitDependencyGeneratePcm arm64 /Users/admin/builder/spi-builder-workspace/.derivedData/SDKExplicitPrecompiledModules/ApplicationServices-ALXSS633FQY42UMJSLR6MNLSK.pcm
SwiftExplicitDependencyGeneratePcm arm64 /Users/admin/builder/spi-builder-workspace/.derivedData/SDKExplicitPrecompiledModules/IOSurface-1TUG4NQVIPJF59WSUNATZ447F.pcm
SwiftExplicitDependencyGeneratePcm arm64 /Users/admin/builder/spi-builder-workspace/.derivedData/SDKExplicitPrecompiledModules/CoreData-4EPJ39F9L3QQ9486B5AMG5G6J.pcm
SwiftExplicitDependencyGeneratePcm arm64 /Users/admin/builder/spi-builder-workspace/.derivedData/SDKExplicitPrecompiledModules/Accessibility-6F38G4T85MOHD9AA2EH4U2PJS.pcm
SwiftExplicitDependencyGeneratePcm arm64 /Users/admin/builder/spi-builder-workspace/.derivedData/SDKExplicitPrecompiledModules/DataDetection-5GDUUWT6YIA10PE5D9A8SXWZ9.pcm
SwiftExplicitDependencyGeneratePcm arm64 /Users/admin/builder/spi-builder-workspace/.derivedData/SDKExplicitPrecompiledModules/OpenGL-FXV81CD8YS42YTVJKJH1VLGA.pcm
SwiftExplicitDependencyGeneratePcm arm64 /Users/admin/builder/spi-builder-workspace/.derivedData/SDKExplicitPrecompiledModules/Metal-KM8CI04R5X5OUWMGRMNZE4KP.pcm
SwiftExplicitDependencyGeneratePcm arm64 /Users/admin/builder/spi-builder-workspace/.derivedData/SDKExplicitPrecompiledModules/CoreVideo-11TKSDKW0L2K02H4B9ZHWLM3B.pcm
SwiftExplicitDependencyGeneratePcm arm64 /Users/admin/builder/spi-builder-workspace/.derivedData/SDKExplicitPrecompiledModules/CoreImage-AKYY8VSFWQ6KIIXG3EQJ7PW5T.pcm
SwiftExplicitDependencyGeneratePcm arm64 /Users/admin/builder/spi-builder-workspace/.derivedData/SDKExplicitPrecompiledModules/QuartzCore-AP21NXF3BYPWOG416U3DI6QME.pcm
SwiftExplicitDependencyGeneratePcm arm64 /Users/admin/builder/spi-builder-workspace/.derivedData/SDKExplicitPrecompiledModules/CoreMedia-699WGYGEEF2LGFEEGSCM9Y1UF.pcm
SwiftExplicitDependencyGeneratePcm arm64 /Users/admin/builder/spi-builder-workspace/.derivedData/SDKExplicitPrecompiledModules/SwiftUICore-ESLJM4CVIQEQNCRTK6KPAF1I7.pcm
SwiftExplicitDependencyGeneratePcm arm64 /Users/admin/builder/spi-builder-workspace/.derivedData/SDKExplicitPrecompiledModules/AppKit-C2WRQ26QXORUMMNQB0M8H4QYD.pcm
SwiftExplicitDependencyGeneratePcm arm64 /Users/admin/builder/spi-builder-workspace/.derivedData/SDKExplicitPrecompiledModules/SwiftUI-5IEOINZEJ69OCDVRMHPS5W4XI.pcm
SwiftEmitModule normal arm64 Emitting\ module\ for\ Drawer (in target 'Drawer' from project 'Drawer')
SwiftCompile normal arm64 (in target 'Drawer' from project 'Drawer')
cd /Users/admin/builder/spi-builder-workspace/.swiftpm/xcode
/Users/admin/builder/spi-builder-workspace/Sources/Drawer/Drawer+Modifiers.swift:45:27: error: cannot find type 'UIImpactFeedbackGenerator' in scope
43 | /// - Parameter impact: `FeedbackStyle` for impact level
44 | /// - Returns: Drawer with specified impact level
45 | func impact(_ impact: UIImpactFeedbackGenerator.FeedbackStyle) -> Drawer {
| `- error: cannot find type 'UIImpactFeedbackGenerator' in scope
46 | let impactGenerator = UIImpactFeedbackGenerator(style: impact)
47 | return Drawer(
/Users/admin/builder/spi-builder-workspace/Sources/Drawer/Drawer.swift:62:35: error: cannot find type 'UIImpactFeedbackGenerator' in scope
60 | // MARK: Haptics
61 |
62 | internal var impactGenerator: UIImpactFeedbackGenerator?
| `- error: cannot find type 'UIImpactFeedbackGenerator' in scope
63 |
64 | // MARK: View
/Users/admin/builder/spi-builder-workspace/Sources/Drawer/Drawer.swift:100:26: error: cannot find type 'UIImpactFeedbackGenerator' in scope
98 | didRest: ((_ height: CGFloat) -> ())?,
99 | didLayoutForSizeClass: ((SizeClass) -> ())?,
100 | impactGenerator: UIImpactFeedbackGenerator?,
| `- error: cannot find type 'UIImpactFeedbackGenerator' in scope
101 | content: Content
102 | ) {
Failed frontend command:
/Applications/Xcode-27.0.0-Release.Candidate.app/Contents/Developer/Toolchains/XcodeDefault.xctoolchain/usr/bin/swift-frontend -frontend -emit-module -experimental-skip-non-inlinable-function-bodies-without-types /Users/admin/builder/spi-builder-workspace/Sources/Drawer/Drawer+Computed.swift /Users/admin/builder/spi-builder-workspace/Sources/Drawer/Drawer+Drag.swift /Users/admin/builder/spi-builder-workspace/Sources/Drawer/Drawer+Modifiers.swift /Users/admin/builder/spi-builder-workspace/Sources/Drawer/Drawer.swift /Users/admin/builder/spi-builder-workspace/Sources/Drawer/SwiftUIView.swift -target arm64-apple-macos12.0 -disable-cross-import-overlay-search -load-resolved-plugin /Applications/Xcode-27.0.0-Release.Candidate.app/Contents/Developer/Platforms/MacOSX.platform/Developer/usr/lib/swift/host/plugins/libFoundationMacros.dylib\#/Applications/Xcode-27.0.0-Release.Candidate.app/Contents/Developer/Platforms/MacOSX.platform/Developer/usr/bin/swift-plugin-server\#FoundationMacros -load-resolved-plugin /Applications/Xcode-27.0.0-Release.Candidate.app/Contents/Developer/Platforms/MacOSX.platform/Developer/usr/lib/swift/host/plugins/libObservationMacros.dylib\#/Applications/Xcode-27.0.0-Release.Candidate.app/Contents/Developer/Platforms/MacOSX.platform/Developer/usr/bin/swift-plugin-server\#ObservationMacros -load-resolved-plugin /Applications/Xcode-27.0.0-Release.Candidate.app/Contents/Developer/Platforms/MacOSX.platform/Developer/usr/lib/swift/host/plugins/libPreviewsMacros.dylib\#/Applications/Xcode-27.0.0-Release.Candidate.app/Contents/Developer/Platforms/MacOSX.platform/Developer/usr/bin/swift-plugin-server\#PreviewsMacros -load-resolved-plugin /Applications/Xcode-27.0.0-Release.Candidate.app/Contents/Developer/Platforms/MacOSX.platform/Developer/usr/lib/swift/host/plugins/libSwiftMacros.dylib\#/Applications/Xcode-27.0.0-Release.Candidate.app/Contents/Developer/Platforms/MacOSX.platform/Developer/usr/bin/swift-plugin-server\#SwiftMacros -load-resolved-plugin /Applications/Xcode-27.0.0-Release.Candidate.app/Contents/Developer/Platforms/MacOSX.platform/Developer/usr/lib/swift/host/plugins/libSwiftUIMacros.dylib\#/Applications/Xcode-27.0.0-Release.Candidate.app/Contents/Developer/Platforms/MacOSX.platform/Developer/usr/bin/swift-plugin-server\#SwiftUIMacros -disable-implicit-swift-modules -Xcc -fno-implicit-modules -Xcc -fno-implicit-module-maps -explicit-swift-module-map-file /Users/admin/builder/spi-builder-workspace/.derivedData/Build/Intermediates.noindex/Drawer.build/Debug/Drawer-t.build/Objects-normal/arm64/Drawer-dependencies-1.json -Xllvm -aarch64-use-tbi -enable-objc-interop -stack-check -sdk /Applications/Xcode-27.0.0-Release.Candidate.app/Contents/Developer/Platforms/MacOSX.platform/Developer/SDKs/MacOSX27.0.sdk -I /Users/admin/builder/spi-builder-workspace/.derivedData/Build/Products/Debug -Isystem /Applications/Xcode-27.0.0-Release.Candidate.app/Contents/Developer/Platforms/MacOSX.platform/Developer/usr/lib -F /Users/admin/builder/spi-builder-workspace/.derivedData/Build/Products/Debug -F /Applications/Xcode-27.0.0-Release.Candidate.app/Contents/Developer/Platforms/MacOSX.platform/Developer/Library/Frameworks -module-cache-path /Users/admin/builder/spi-builder-workspace/.derivedData/Build/Intermediates.noindex/SwiftExplicitPrecompiledModules -no-color-diagnostics -Xcc -fno-color-diagnostics -enable-testing -g -debug-info-format\=dwarf -dwarf-version\=4 -profile-generate -profile-coverage-mapping -swift-version 5 -Onone -D SWIFT_PACKAGE -D DEBUG -D SWIFT_MODULE_RESOURCE_BUNDLE_UNAVAILABLE -D Xcode -serialize-debugging-options -enable-experimental-feature DebugDescriptionMacro -empty-abi-descriptor -validate-clang-modules-once -clang-build-session-file /Users/admin/builder/spi-builder-workspace/.derivedData/ModuleCache.noindex/Session.modulevalidation -Xcc -working-directory -Xcc /Users/admin/builder/spi-builder-workspace/.swiftpm/xcode -enable-anonymous-context-mangled-names -file-compilation-dir /Users/admin/builder/spi-builder-workspace/.swiftpm/xcode -Xcc -D_LIBCPP_HARDENING_MODE\=_LIBCPP_HARDENING_MODE_DEBUG -Xcc -ivfsstatcache -Xcc /Users/admin/builder/spi-builder-workspace/.derivedData/SDKStatCaches.noindex/macosx27.0-26A425-e829b21a6f8c9b70876ba0858053c0446a22442a12e9d48fe1a705f55a1adfc4.sdkstatcache -Xcc -fmodules-prune-interval\=86400 -Xcc -fmodules-prune-after\=345600 -Xcc -I/Users/admin/builder/spi-builder-workspace/.derivedData/Build/Products/Debug/include -Xcc -I/Users/admin/builder/spi-builder-workspace/.derivedData/Build/Intermediates.noindex/Drawer.build/Debug/Drawer-t.build/DerivedSources-normal/arm64 -Xcc -I/Users/admin/builder/spi-builder-workspace/.derivedData/Build/Intermediates.noindex/Drawer.build/Debug/Drawer-t.build/DerivedSources/arm64 -Xcc -I/Users/admin/builder/spi-builder-workspace/.derivedData/Build/Intermediates.noindex/Drawer.build/Debug/Drawer-t.build/DerivedSources -Xcc -DSWIFT_PACKAGE -Xcc -DDEBUG\=1 -no-auto-bridging-header-chaining -module-name Drawer -const-gather-protocols-file /Users/admin/builder/spi-builder-workspace/.derivedData/Build/Intermediates.noindex/Drawer.build/Debug/Drawer-t.build/Objects-normal/arm64/Drawer_const_extract_protocols.json -disable-clang-spi -clang-target arm64-apple-macos27.0 -target-sdk-version 27.0 -target-sdk-name macosx27.0 -in-process-plugin-server-path /Applications/Xcode-27.0.0-Release.Candidate.app/Contents/Developer/Toolchains/XcodeDefault.xctoolchain/usr/lib/swift/host/libSwiftInProcPluginServer.dylib -emit-module-doc-path /Users/admin/builder/spi-builder-workspace/.derivedData/Build/Intermediates.noindex/Drawer.build/Debug/Drawer-t.build/Objects-normal/arm64/Drawer.swiftdoc -emit-module-source-info-path /Users/admin/builder/spi-builder-workspace/.derivedData/Build/Intermediates.noindex/Drawer.build/Debug/Drawer-t.build/Objects-normal/arm64/Drawer.swiftsourceinfo -emit-objc-header-path /Users/admin/builder/spi-builder-workspace/.derivedData/Build/Intermediates.noindex/Drawer.build/Debug/Drawer-t.build/Objects-normal/arm64/Drawer-Swift.h -serialize-diagnostics-path /Users/admin/builder/spi-builder-workspace/.derivedData/Build/Intermediates.noindex/Drawer.build/Debug/Drawer-t.build/Objects-normal/arm64/Drawer-primary-emit-module.dia -emit-dependencies-path /Users/admin/builder/spi-builder-workspace/.derivedData/Build/Intermediates.noindex/Drawer.build/Debug/Drawer-t.build/Objects-normal/arm64/Drawer-primary-emit-module.d -parse-as-library -o /Users/admin/builder/spi-builder-workspace/.derivedData/Build/Intermediates.noindex/Drawer.build/Debug/Drawer-t.build/Objects-normal/arm64/Drawer.swiftmodule -emit-abi-descriptor-path /Users/admin/builder/spi-builder-workspace/.derivedData/Build/Intermediates.noindex/Drawer.build/Debug/Drawer-t.build/Objects-normal/arm64/Drawer.abi.json
SwiftCompile normal arm64 Compiling\ Drawer+Modifiers.swift /Users/admin/builder/spi-builder-workspace/Sources/Drawer/Drawer+Modifiers.swift (in target 'Drawer' from project 'Drawer')
SwiftCompile normal arm64 /Users/admin/builder/spi-builder-workspace/Sources/Drawer/Drawer+Modifiers.swift (in target 'Drawer' from project 'Drawer')
cd /Users/admin/builder/spi-builder-workspace/.swiftpm/xcode
builtin-SwiftPerFileCompile Drawer+Modifiers.swift
/Users/admin/builder/spi-builder-workspace/Sources/Drawer/Drawer+Modifiers.swift:45:27: error: cannot find type 'UIImpactFeedbackGenerator' in scope
43 | /// - Parameter impact: `FeedbackStyle` for impact level
44 | /// - Returns: Drawer with specified impact level
45 | func impact(_ impact: UIImpactFeedbackGenerator.FeedbackStyle) -> Drawer {
| `- error: cannot find type 'UIImpactFeedbackGenerator' in scope
46 | let impactGenerator = UIImpactFeedbackGenerator(style: impact)
47 | return Drawer(
/Users/admin/builder/spi-builder-workspace/Sources/Drawer/Drawer.swift:62:35: error: cannot find type 'UIImpactFeedbackGenerator' in scope
60 | // MARK: Haptics
61 |
62 | internal var impactGenerator: UIImpactFeedbackGenerator?
| `- error: cannot find type 'UIImpactFeedbackGenerator' in scope
63 |
64 | // MARK: View
/Users/admin/builder/spi-builder-workspace/Sources/Drawer/Drawer.swift:100:26: error: cannot find type 'UIImpactFeedbackGenerator' in scope
98 | didRest: ((_ height: CGFloat) -> ())?,
99 | didLayoutForSizeClass: ((SizeClass) -> ())?,
100 | impactGenerator: UIImpactFeedbackGenerator?,
| `- error: cannot find type 'UIImpactFeedbackGenerator' in scope
101 | content: Content
102 | ) {
/Users/admin/builder/spi-builder-workspace/Sources/Drawer/Drawer+Modifiers.swift:16:22: error: extra arguments at positions #4, #5, #6, #7, #8 in call
14 | /// - Returns: Drawer
15 | func rest(at heights: Binding<[CGFloat]>) -> Drawer {
16 | return Drawer(
| `- error: extra arguments at positions #4, #5, #6, #7, #8 in call
17 | heights: heights,
18 | height: height,
/Users/admin/builder/spi-builder-workspace/Sources/Drawer/Drawer.swift:78:5: note: 'init(heights:startingHeight:_:)' declared here
76 | /// - startingHeight: The starting height of the drawer. Defaults to the first height marker if not specified
77 | /// - content: The view that defines the drawer
78 | init(
| `- note: 'init(heights:startingHeight:_:)' declared here
79 | heights: Binding<[CGFloat]> = .constant([0]),
80 | startingHeight: CGFloat? = nil,
/Users/admin/builder/spi-builder-workspace/Sources/Drawer/Drawer+Modifiers.swift:18:21: error: cannot convert value of type 'CGFloat' to expected argument type '() -> Content'
16 | return Drawer(
17 | heights: heights,
18 | height: height,
| `- error: cannot convert value of type 'CGFloat' to expected argument type '() -> Content'
19 | restingHeight: restingHeight,
20 | springHeight: springHeight,
/Users/admin/builder/spi-builder-workspace/Sources/Drawer/Drawer+Modifiers.swift:31:22: error: extra arguments at positions #4, #5, #6, #7, #8 in call
29 | /// - Returns: Drawer with specified spring level
30 | func spring(_ spring: CGFloat) -> Drawer {
31 | return Drawer(
| `- error: extra arguments at positions #4, #5, #6, #7, #8 in call
32 | heights: $heights,
33 | height: self.height,
/Users/admin/builder/spi-builder-workspace/Sources/Drawer/Drawer.swift:78:5: note: 'init(heights:startingHeight:_:)' declared here
76 | /// - startingHeight: The starting height of the drawer. Defaults to the first height marker if not specified
77 | /// - content: The view that defines the drawer
78 | init(
| `- note: 'init(heights:startingHeight:_:)' declared here
79 | heights: Binding<[CGFloat]> = .constant([0]),
80 | startingHeight: CGFloat? = nil,
/Users/admin/builder/spi-builder-workspace/Sources/Drawer/Drawer+Modifiers.swift:33:26: error: cannot convert value of type 'CGFloat' to expected argument type '() -> Content'
31 | return Drawer(
32 | heights: $heights,
33 | height: self.height,
| `- error: cannot convert value of type 'CGFloat' to expected argument type '() -> Content'
34 | restingHeight: restingHeight,
35 | springHeight: max(spring, 0),
/Users/admin/builder/spi-builder-workspace/Sources/Drawer/Drawer+Modifiers.swift:46:31: error: cannot find 'UIImpactFeedbackGenerator' in scope
44 | /// - Returns: Drawer with specified impact level
45 | func impact(_ impact: UIImpactFeedbackGenerator.FeedbackStyle) -> Drawer {
46 | let impactGenerator = UIImpactFeedbackGenerator(style: impact)
| `- error: cannot find 'UIImpactFeedbackGenerator' in scope
47 | return Drawer(
48 | heights: $heights,
/Users/admin/builder/spi-builder-workspace/Sources/Drawer/Drawer+Modifiers.swift:47:22: error: extra arguments at positions #4, #5, #6, #7, #8 in call
45 | func impact(_ impact: UIImpactFeedbackGenerator.FeedbackStyle) -> Drawer {
46 | let impactGenerator = UIImpactFeedbackGenerator(style: impact)
47 | return Drawer(
| `- error: extra arguments at positions #4, #5, #6, #7, #8 in call
48 | heights: $heights,
49 | height: height,
/Users/admin/builder/spi-builder-workspace/Sources/Drawer/Drawer.swift:78:5: note: 'init(heights:startingHeight:_:)' declared here
76 | /// - startingHeight: The starting height of the drawer. Defaults to the first height marker if not specified
77 | /// - content: The view that defines the drawer
78 | init(
| `- note: 'init(heights:startingHeight:_:)' declared here
79 | heights: Binding<[CGFloat]> = .constant([0]),
80 | startingHeight: CGFloat? = nil,
/Users/admin/builder/spi-builder-workspace/Sources/Drawer/Drawer+Modifiers.swift:49:21: error: cannot convert value of type 'CGFloat' to expected argument type '() -> Content'
47 | return Drawer(
48 | heights: $heights,
49 | height: height,
| `- error: cannot convert value of type 'CGFloat' to expected argument type '() -> Content'
50 | restingHeight: restingHeight,
51 | springHeight: springHeight,
/Users/admin/builder/spi-builder-workspace/Sources/Drawer/Drawer+Modifiers.swift:62:22: error: extra arguments at positions #4, #5, #6, #7, #8 in call
60 | /// - Returns: Drawer
61 | func onRest(_ didRest: @escaping (_ height: CGFloat) -> ()) -> Drawer {
62 | return Drawer(
| `- error: extra arguments at positions #4, #5, #6, #7, #8 in call
63 | heights: $heights,
64 | height: height,
/Users/admin/builder/spi-builder-workspace/Sources/Drawer/Drawer.swift:78:5: note: 'init(heights:startingHeight:_:)' declared here
76 | /// - startingHeight: The starting height of the drawer. Defaults to the first height marker if not specified
77 | /// - content: The view that defines the drawer
78 | init(
| `- note: 'init(heights:startingHeight:_:)' declared here
79 | heights: Binding<[CGFloat]> = .constant([0]),
80 | startingHeight: CGFloat? = nil,
/Users/admin/builder/spi-builder-workspace/Sources/Drawer/Drawer+Modifiers.swift:64:21: error: cannot convert value of type 'CGFloat' to expected argument type '() -> Content'
62 | return Drawer(
63 | heights: $heights,
64 | height: height,
| `- error: cannot convert value of type 'CGFloat' to expected argument type '() -> Content'
65 | restingHeight: restingHeight,
66 | springHeight: springHeight,
/Users/admin/builder/spi-builder-workspace/Sources/Drawer/Drawer+Modifiers.swift:78:22: error: extra arguments at positions #4, #5, #6, #7, #8 in call
76 | /// - Returns: Drawer
77 | func onLayoutForSizeClass(_ didLayoutForSizeClass: @escaping (SizeClass) -> ()) -> Drawer {
78 | return Drawer(
| `- error: extra arguments at positions #4, #5, #6, #7, #8 in call
79 | heights: $heights,
80 | height: height,
/Users/admin/builder/spi-builder-workspace/Sources/Drawer/Drawer.swift:78:5: note: 'init(heights:startingHeight:_:)' declared here
76 | /// - startingHeight: The starting height of the drawer. Defaults to the first height marker if not specified
77 | /// - content: The view that defines the drawer
78 | init(
| `- note: 'init(heights:startingHeight:_:)' declared here
79 | heights: Binding<[CGFloat]> = .constant([0]),
80 | startingHeight: CGFloat? = nil,
SwiftCompile normal arm64 Compiling\ Drawer+Computed.swift /Users/admin/builder/spi-builder-workspace/Sources/Drawer/Drawer+Computed.swift (in target 'Drawer' from project 'Drawer')
/Users/admin/builder/spi-builder-workspace/Sources/Drawer/Drawer+Computed.swift:57:22: warning: 'animation' was deprecated in macOS 12.0: Use withAnimation or animation(_:value:) instead. [#DeprecatedDeclaration]
55 | .frame(height: self.fullHeight)
56 | .offset(y: self.offset)
57 | .animation(self.animation)
| `- warning: 'animation' was deprecated in macOS 12.0: Use withAnimation or animation(_:value:) instead. [#DeprecatedDeclaration]
58 | .gesture(self.dragGesture)
59 | }
SwiftCompile normal arm64 /Users/admin/builder/spi-builder-workspace/Sources/Drawer/Drawer+Computed.swift (in target 'Drawer' from project 'Drawer')
cd /Users/admin/builder/spi-builder-workspace/.swiftpm/xcode
builtin-SwiftPerFileCompile Drawer+Computed.swift
SwiftCompile normal arm64 Compiling\ Drawer+Drag.swift /Users/admin/builder/spi-builder-workspace/Sources/Drawer/Drawer+Drag.swift (in target 'Drawer' from project 'Drawer')
SwiftCompile normal arm64 /Users/admin/builder/spi-builder-workspace/Sources/Drawer/Drawer+Drag.swift (in target 'Drawer' from project 'Drawer')
cd /Users/admin/builder/spi-builder-workspace/.swiftpm/xcode
builtin-SwiftPerFileCompile Drawer+Drag.swift
SwiftCompile normal arm64 Compiling\ Drawer.swift /Users/admin/builder/spi-builder-workspace/Sources/Drawer/Drawer.swift (in target 'Drawer' from project 'Drawer')
/Users/admin/builder/spi-builder-workspace/Sources/Drawer/Drawer.swift:62:35: error: cannot find type 'UIImpactFeedbackGenerator' in scope
60 | // MARK: Haptics
61 |
62 | internal var impactGenerator: UIImpactFeedbackGenerator?
| `- error: cannot find type 'UIImpactFeedbackGenerator' in scope
63 |
64 | // MARK: View
SwiftCompile normal arm64 /Users/admin/builder/spi-builder-workspace/Sources/Drawer/Drawer.swift (in target 'Drawer' from project 'Drawer')
cd /Users/admin/builder/spi-builder-workspace/.swiftpm/xcode
builtin-SwiftPerFileCompile Drawer.swift
SwiftCompile normal arm64 Compiling\ SwiftUIView.swift /Users/admin/builder/spi-builder-workspace/Sources/Drawer/SwiftUIView.swift (in target 'Drawer' from project 'Drawer')
/Users/admin/builder/spi-builder-workspace/Sources/Drawer/Drawer.swift:62:35: error: cannot find type 'UIImpactFeedbackGenerator' in scope
60 | // MARK: Haptics
61 |
62 | internal var impactGenerator: UIImpactFeedbackGenerator?
| `- error: cannot find type 'UIImpactFeedbackGenerator' in scope
63 |
64 | // MARK: View
SwiftCompile normal arm64 /Users/admin/builder/spi-builder-workspace/Sources/Drawer/SwiftUIView.swift (in target 'Drawer' from project 'Drawer')
cd /Users/admin/builder/spi-builder-workspace/.swiftpm/xcode
builtin-SwiftPerFileCompile SwiftUIView.swift
PruneExplicitPrecompiledModules /Users/admin/builder/spi-builder-workspace/.derivedData/Build/Intermediates.noindex/SwiftExplicitPrecompiledModules
PruneExplicitPrecompiledModules /Users/admin/builder/spi-builder-workspace/.derivedData/SDKExplicitPrecompiledModules
PruneExplicitPrecompiledModules /Users/admin/builder/spi-builder-workspace/.derivedData/Build/Intermediates.noindex/ExplicitPrecompiledModules
2026-09-17 02:17:02.731 xcodebuild[646:4150] [MT] IDERunDestination: Supported platforms for the buildables in the current scheme is empty.
--- xcodebuild: WARNING: Using the first of multiple matching destinations:
{ platform:macOS, arch:arm64, id:6f25db5aed9bf93c1f8e92b119090e86da8f87aa, name:My Mac }
{ platform:macOS, arch:arm64, variant:Mac Catalyst, id:6f25db5aed9bf93c1f8e92b119090e86da8f87aa, name:My Mac }
{ platform:macOS, arch:arm64, variant:DriverKit, id:6f25db5aed9bf93c1f8e92b119090e86da8f87aa, name:My Mac }
{ platform:macOS, arch:arm64, variant:Designed for [iPad,iPhone], id:6f25db5aed9bf93c1f8e92b119090e86da8f87aa, name:My Mac }
** BUILD FAILED **
The following build commands failed:
SwiftCompile normal arm64 (in target 'Drawer' from project 'Drawer')
SwiftEmitModule normal arm64 Emitting\ module\ for\ Drawer (in target 'Drawer' from project 'Drawer')
Building workspace Drawer with scheme Drawer
(3 failures)
Command line invocation:
/Applications/Xcode-27.0.0-Release.Candidate.app/Contents/Developer/usr/bin/xcodebuild -IDEClonedSourcePackagesDirPathOverride=/Users/admin/builder/spi-builder-workspace/.dependencies -resolvePackageDependencies
Resolve Package Graph
Resolved source packages:
Drawer: /Users/admin/builder/spi-builder-workspace
resolved source packages: Drawer
2026-09-17 02:17:11.134 xcodebuild[739:4533] [MT] IDERunDestination: Supported platforms for the buildables in the current scheme is empty.
{
"dependencies" : [
],
"manifest_display_name" : "Drawer",
"name" : "Drawer",
"path" : "/Users/admin/builder/spi-builder-workspace",
"platforms" : [
{
"name" : "ios",
"version" : "13.0"
}
],
"products" : [
{
"name" : "Drawer",
"targets" : [
"Drawer"
],
"type" : {
"library" : [
"automatic"
]
}
}
],
"targets" : [
{
"c99name" : "DrawerTests",
"module_type" : "SwiftTarget",
"name" : "DrawerTests",
"path" : "Tests/DrawerTests",
"sources" : [
"DrawerTests.swift",
"XCTestManifests.swift"
],
"target_dependencies" : [
"Drawer"
],
"type" : "test"
},
{
"c99name" : "Drawer",
"module_type" : "SwiftTarget",
"name" : "Drawer",
"path" : "Sources/Drawer",
"product_memberships" : [
"Drawer"
],
"sources" : [
"Drawer+Computed.swift",
"Drawer+Drag.swift",
"Drawer+Modifiers.swift",
"Drawer.swift",
"SwiftUIView.swift"
],
"type" : "library"
}
],
"tools_version" : "5.2"
}
{
"workspace" : {
"name" : "Drawer",
"schemes" : [
"Drawer"
]
}
}
2026-09-17 02:17:12.277 xcodebuild[747:4608] [MT] IDERunDestination: Supported platforms for the buildables in the current scheme is empty.
Running build ...
env DEVELOPER_DIR=/Applications/Xcode-27.0.0-Release.Candidate.app xcrun xcodebuild -IDEClonedSourcePackagesDirPathOverride=$PWD/.dependencies -skipMacroValidation -skipPackagePluginValidation -derivedDataPath $PWD/.derivedData build -scheme Drawer -destination platform=macOS,arch=arm64
Command line invocation:
/Applications/Xcode-27.0.0-Release.Candidate.app/Contents/Developer/usr/bin/xcodebuild -IDEClonedSourcePackagesDirPathOverride=/Users/admin/builder/spi-builder-workspace/.dependencies -skipMacroValidation -skipPackagePluginValidation -derivedDataPath /Users/admin/builder/spi-builder-workspace/.derivedData build -scheme Drawer -destination platform=macOS,arch=arm64
Resolve Package Graph
Resolved source packages:
Drawer: /Users/admin/builder/spi-builder-workspace
ComputePackagePrebuildTargetDependencyGraph
Prepare packages
CreateBuildRequest
SendProjectDescription
CreateBuildOperation
ComputeTargetDependencyGraph
note: Building targets in dependency order
note: Target dependency graph (2 targets)
Target 'Drawer-product' in project 'Drawer'
➜ Explicit dependency on target 'Drawer' in project 'Drawer'
Target 'Drawer' in project 'Drawer' (no dependencies)
GatherProvisioningInputs
CreateBuildDescription
ClangStatCache /Applications/Xcode-27.0.0-Release.Candidate.app/Contents/Developer/Toolchains/XcodeDefault.xctoolchain/usr/bin/clang-stat-cache /Applications/Xcode-27.0.0-Release.Candidate.app/Contents/Developer/Platforms/MacOSX.platform/Developer/SDKs/MacOSX27.0.sdk /Users/admin/builder/spi-builder-workspace/.derivedData/SDKStatCaches.noindex/macosx27.0-26A425-e829b21a6f8c9b70876ba0858053c0446a22442a12e9d48fe1a705f55a1adfc4.sdkstatcache
cd /Users/admin/builder/spi-builder-workspace/.swiftpm/xcode
/Applications/Xcode-27.0.0-Release.Candidate.app/Contents/Developer/Toolchains/XcodeDefault.xctoolchain/usr/bin/clang-stat-cache /Applications/Xcode-27.0.0-Release.Candidate.app/Contents/Developer/Platforms/MacOSX.platform/Developer/SDKs/MacOSX27.0.sdk -o /Users/admin/builder/spi-builder-workspace/.derivedData/SDKStatCaches.noindex/macosx27.0-26A425-e829b21a6f8c9b70876ba0858053c0446a22442a12e9d48fe1a705f55a1adfc4.sdkstatcache
SwiftDriver Drawer normal arm64 com.apple.xcode.tools.swift.compiler (in target 'Drawer' from project 'Drawer')
cd /Users/admin/builder/spi-builder-workspace/.swiftpm/xcode
builtin-SwiftDriver -- /Applications/Xcode-27.0.0-Release.Candidate.app/Contents/Developer/Toolchains/XcodeDefault.xctoolchain/usr/bin/swiftc -parse-as-library -module-name Drawer -Onone @/Users/admin/builder/spi-builder-workspace/.derivedData/Build/Intermediates.noindex/Drawer.build/Debug/Drawer-t.build/Objects-normal/arm64/Drawer.SwiftFileList -DSWIFT_PACKAGE -DDEBUG -DSWIFT_MODULE_RESOURCE_BUNDLE_UNAVAILABLE -DXcode -plugin-path /Applications/Xcode-27.0.0-Release.Candidate.app/Contents/Developer/Toolchains/XcodeDefault.xctoolchain/usr/lib/swift/host/plugins/testing -enable-experimental-feature DebugDescriptionMacro -sdk /Applications/Xcode-27.0.0-Release.Candidate.app/Contents/Developer/Platforms/MacOSX.platform/Developer/SDKs/MacOSX27.0.sdk -target arm64-apple-macos12.0 -g -module-cache-path /Users/admin/builder/spi-builder-workspace/.derivedData/ModuleCache.noindex -Xfrontend -serialize-debugging-options -profile-coverage-mapping -profile-generate -enable-testing -index-store-path /Users/admin/builder/spi-builder-workspace/.derivedData/Index.noindex/DataStore -Xcc -D_LIBCPP_HARDENING_MODE\=_LIBCPP_HARDENING_MODE_DEBUG -swift-version 5 -I /Users/admin/builder/spi-builder-workspace/.derivedData/Build/Products/Debug -Isystem /Applications/Xcode-27.0.0-Release.Candidate.app/Contents/Developer/Platforms/MacOSX.platform/Developer/usr/lib -F /Users/admin/builder/spi-builder-workspace/.derivedData/Build/Products/Debug -F /Applications/Xcode-27.0.0-Release.Candidate.app/Contents/Developer/Platforms/MacOSX.platform/Developer/Library/Frameworks -c -j10 -enable-batch-mode -incremental -Xcc -ivfsstatcache -Xcc /Users/admin/builder/spi-builder-workspace/.derivedData/SDKStatCaches.noindex/macosx27.0-26A425-e829b21a6f8c9b70876ba0858053c0446a22442a12e9d48fe1a705f55a1adfc4.sdkstatcache -output-file-map /Users/admin/builder/spi-builder-workspace/.derivedData/Build/Intermediates.noindex/Drawer.build/Debug/Drawer-t.build/Objects-normal/arm64/Drawer-OutputFileMap.json -save-temps -no-color-diagnostics -explicit-module-build -module-cache-path /Users/admin/builder/spi-builder-workspace/.derivedData/Build/Intermediates.noindex/SwiftExplicitPrecompiledModules -clang-scanner-module-cache-path /Users/admin/builder/spi-builder-workspace/.derivedData/ModuleCache.noindex -sdk-module-cache-path /Users/admin/builder/spi-builder-workspace/.derivedData/SDKExplicitPrecompiledModules -emit-dependencies -emit-module -emit-module-path /Users/admin/builder/spi-builder-workspace/.derivedData/Build/Intermediates.noindex/Drawer.build/Debug/Drawer-t.build/Objects-normal/arm64/Drawer.swiftmodule -serialize-diagnostics -dependency-scan-serialize-diagnostics-path /Users/admin/builder/spi-builder-workspace/.derivedData/Build/Intermediates.noindex/Drawer.build/Debug/Drawer-t.build/Objects-normal/arm64/Drawer-dependency-scan.dia -validate-clang-modules-once -clang-build-session-file /Users/admin/builder/spi-builder-workspace/.derivedData/ModuleCache.noindex/Session.modulevalidation -Xcc -fmodules-prune-interval\=86400 -Xcc -fmodules-prune-after\=345600 -emit-const-values -const-gather-protocols-list /Users/admin/builder/spi-builder-workspace/.derivedData/Build/Intermediates.noindex/Drawer.build/Debug/Drawer-t.build/Objects-normal/arm64/Drawer_const_extract_protocols.json -Xcc -I/Users/admin/builder/spi-builder-workspace/.derivedData/Build/Products/Debug/include -Xcc -I/Users/admin/builder/spi-builder-workspace/.derivedData/Build/Intermediates.noindex/Drawer.build/Debug/Drawer-t.build/DerivedSources-normal/arm64 -Xcc -I/Users/admin/builder/spi-builder-workspace/.derivedData/Build/Intermediates.noindex/Drawer.build/Debug/Drawer-t.build/DerivedSources/arm64 -Xcc -I/Users/admin/builder/spi-builder-workspace/.derivedData/Build/Intermediates.noindex/Drawer.build/Debug/Drawer-t.build/DerivedSources -Xcc -DSWIFT_PACKAGE -Xcc -DDEBUG\=1 -emit-objc-header -emit-objc-header-path /Users/admin/builder/spi-builder-workspace/.derivedData/Build/Intermediates.noindex/Drawer.build/Debug/Drawer-t.build/Objects-normal/arm64/Drawer-Swift.h -working-directory /Users/admin/builder/spi-builder-workspace/.swiftpm/xcode -experimental-emit-module-separately -disable-cmo
SwiftCompile normal arm64 Compiling\ Drawer+Drag.swift /Users/admin/builder/spi-builder-workspace/Sources/Drawer/Drawer+Drag.swift (in target 'Drawer' from project 'Drawer')
SwiftCompile normal arm64 /Users/admin/builder/spi-builder-workspace/Sources/Drawer/Drawer+Drag.swift (in target 'Drawer' from project 'Drawer')
cd /Users/admin/builder/spi-builder-workspace/.swiftpm/xcode
builtin-SwiftPerFileCompile Drawer+Drag.swift
SwiftCompile normal arm64 Compiling\ Drawer+Modifiers.swift /Users/admin/builder/spi-builder-workspace/Sources/Drawer/Drawer+Modifiers.swift (in target 'Drawer' from project 'Drawer')
/Users/admin/builder/spi-builder-workspace/Sources/Drawer/Drawer+Modifiers.swift:45:27: error: cannot find type 'UIImpactFeedbackGenerator' in scope
43 | /// - Parameter impact: `FeedbackStyle` for impact level
44 | /// - Returns: Drawer with specified impact level
45 | func impact(_ impact: UIImpactFeedbackGenerator.FeedbackStyle) -> Drawer {
| `- error: cannot find type 'UIImpactFeedbackGenerator' in scope
46 | let impactGenerator = UIImpactFeedbackGenerator(style: impact)
47 | return Drawer(
/Users/admin/builder/spi-builder-workspace/Sources/Drawer/Drawer.swift:62:35: error: cannot find type 'UIImpactFeedbackGenerator' in scope
60 | // MARK: Haptics
61 |
62 | internal var impactGenerator: UIImpactFeedbackGenerator?
| `- error: cannot find type 'UIImpactFeedbackGenerator' in scope
63 |
64 | // MARK: View
/Users/admin/builder/spi-builder-workspace/Sources/Drawer/Drawer.swift:100:26: error: cannot find type 'UIImpactFeedbackGenerator' in scope
98 | didRest: ((_ height: CGFloat) -> ())?,
99 | didLayoutForSizeClass: ((SizeClass) -> ())?,
100 | impactGenerator: UIImpactFeedbackGenerator?,
| `- error: cannot find type 'UIImpactFeedbackGenerator' in scope
101 | content: Content
102 | ) {
/Users/admin/builder/spi-builder-workspace/Sources/Drawer/Drawer+Modifiers.swift:16:22: error: extra arguments at positions #4, #5, #6, #7, #8 in call
14 | /// - Returns: Drawer
15 | func rest(at heights: Binding<[CGFloat]>) -> Drawer {
16 | return Drawer(
| `- error: extra arguments at positions #4, #5, #6, #7, #8 in call
17 | heights: heights,
18 | height: height,
/Users/admin/builder/spi-builder-workspace/Sources/Drawer/Drawer.swift:78:5: note: 'init(heights:startingHeight:_:)' declared here
76 | /// - startingHeight: The starting height of the drawer. Defaults to the first height marker if not specified
77 | /// - content: The view that defines the drawer
78 | init(
| `- note: 'init(heights:startingHeight:_:)' declared here
79 | heights: Binding<[CGFloat]> = .constant([0]),
80 | startingHeight: CGFloat? = nil,
/Users/admin/builder/spi-builder-workspace/Sources/Drawer/Drawer+Modifiers.swift:18:21: error: cannot convert value of type 'CGFloat' to expected argument type '() -> Content'
16 | return Drawer(
17 | heights: heights,
18 | height: height,
| `- error: cannot convert value of type 'CGFloat' to expected argument type '() -> Content'
19 | restingHeight: restingHeight,
20 | springHeight: springHeight,
/Users/admin/builder/spi-builder-workspace/Sources/Drawer/Drawer+Modifiers.swift:31:22: error: extra arguments at positions #4, #5, #6, #7, #8 in call
29 | /// - Returns: Drawer with specified spring level
30 | func spring(_ spring: CGFloat) -> Drawer {
31 | return Drawer(
| `- error: extra arguments at positions #4, #5, #6, #7, #8 in call
32 | heights: $heights,
33 | height: self.height,
/Users/admin/builder/spi-builder-workspace/Sources/Drawer/Drawer.swift:78:5: note: 'init(heights:startingHeight:_:)' declared here
76 | /// - startingHeight: The starting height of the drawer. Defaults to the first height marker if not specified
77 | /// - content: The view that defines the drawer
78 | init(
| `- note: 'init(heights:startingHeight:_:)' declared here
79 | heights: Binding<[CGFloat]> = .constant([0]),
80 | startingHeight: CGFloat? = nil,
/Users/admin/builder/spi-builder-workspace/Sources/Drawer/Drawer+Modifiers.swift:33:26: error: cannot convert value of type 'CGFloat' to expected argument type '() -> Content'
31 | return Drawer(
32 | heights: $heights,
33 | height: self.height,
| `- error: cannot convert value of type 'CGFloat' to expected argument type '() -> Content'
34 | restingHeight: restingHeight,
35 | springHeight: max(spring, 0),
/Users/admin/builder/spi-builder-workspace/Sources/Drawer/Drawer+Modifiers.swift:46:31: error: cannot find 'UIImpactFeedbackGenerator' in scope
44 | /// - Returns: Drawer with specified impact level
45 | func impact(_ impact: UIImpactFeedbackGenerator.FeedbackStyle) -> Drawer {
46 | let impactGenerator = UIImpactFeedbackGenerator(style: impact)
| `- error: cannot find 'UIImpactFeedbackGenerator' in scope
47 | return Drawer(
48 | heights: $heights,
/Users/admin/builder/spi-builder-workspace/Sources/Drawer/Drawer+Modifiers.swift:47:22: error: extra arguments at positions #4, #5, #6, #7, #8 in call
45 | func impact(_ impact: UIImpactFeedbackGenerator.FeedbackStyle) -> Drawer {
46 | let impactGenerator = UIImpactFeedbackGenerator(style: impact)
47 | return Drawer(
| `- error: extra arguments at positions #4, #5, #6, #7, #8 in call
48 | heights: $heights,
49 | height: height,
/Users/admin/builder/spi-builder-workspace/Sources/Drawer/Drawer.swift:78:5: note: 'init(heights:startingHeight:_:)' declared here
76 | /// - startingHeight: The starting height of the drawer. Defaults to the first height marker if not specified
77 | /// - content: The view that defines the drawer
78 | init(
| `- note: 'init(heights:startingHeight:_:)' declared here
79 | heights: Binding<[CGFloat]> = .constant([0]),
80 | startingHeight: CGFloat? = nil,
/Users/admin/builder/spi-builder-workspace/Sources/Drawer/Drawer+Modifiers.swift:49:21: error: cannot convert value of type 'CGFloat' to expected argument type '() -> Content'
47 | return Drawer(
48 | heights: $heights,
49 | height: height,
| `- error: cannot convert value of type 'CGFloat' to expected argument type '() -> Content'
50 | restingHeight: restingHeight,
51 | springHeight: springHeight,
/Users/admin/builder/spi-builder-workspace/Sources/Drawer/Drawer+Modifiers.swift:62:22: error: extra arguments at positions #4, #5, #6, #7, #8 in call
60 | /// - Returns: Drawer
61 | func onRest(_ didRest: @escaping (_ height: CGFloat) -> ()) -> Drawer {
62 | return Drawer(
| `- error: extra arguments at positions #4, #5, #6, #7, #8 in call
63 | heights: $heights,
64 | height: height,
/Users/admin/builder/spi-builder-workspace/Sources/Drawer/Drawer.swift:78:5: note: 'init(heights:startingHeight:_:)' declared here
76 | /// - startingHeight: The starting height of the drawer. Defaults to the first height marker if not specified
77 | /// - content: The view that defines the drawer
78 | init(
| `- note: 'init(heights:startingHeight:_:)' declared here
79 | heights: Binding<[CGFloat]> = .constant([0]),
80 | startingHeight: CGFloat? = nil,
/Users/admin/builder/spi-builder-workspace/Sources/Drawer/Drawer+Modifiers.swift:64:21: error: cannot convert value of type 'CGFloat' to expected argument type '() -> Content'
62 | return Drawer(
63 | heights: $heights,
64 | height: height,
| `- error: cannot convert value of type 'CGFloat' to expected argument type '() -> Content'
65 | restingHeight: restingHeight,
66 | springHeight: springHeight,
/Users/admin/builder/spi-builder-workspace/Sources/Drawer/Drawer+Modifiers.swift:78:22: error: extra arguments at positions #4, #5, #6, #7, #8 in call
76 | /// - Returns: Drawer
77 | func onLayoutForSizeClass(_ didLayoutForSizeClass: @escaping (SizeClass) -> ()) -> Drawer {
78 | return Drawer(
| `- error: extra arguments at positions #4, #5, #6, #7, #8 in call
79 | heights: $heights,
80 | height: height,
/Users/admin/builder/spi-builder-workspace/Sources/Drawer/Drawer.swift:78:5: note: 'init(heights:startingHeight:_:)' declared here
76 | /// - startingHeight: The starting height of the drawer. Defaults to the first height marker if not specified
77 | /// - content: The view that defines the drawer
78 | init(
| `- note: 'init(heights:startingHeight:_:)' declared here
79 | heights: Binding<[CGFloat]> = .constant([0]),
80 | startingHeight: CGFloat? = nil,
SwiftCompile normal arm64 /Users/admin/builder/spi-builder-workspace/Sources/Drawer/Drawer+Modifiers.swift (in target 'Drawer' from project 'Drawer')
cd /Users/admin/builder/spi-builder-workspace/.swiftpm/xcode
builtin-SwiftPerFileCompile Drawer+Modifiers.swift
SwiftCompile normal arm64 Compiling\ Drawer+Computed.swift /Users/admin/builder/spi-builder-workspace/Sources/Drawer/Drawer+Computed.swift (in target 'Drawer' from project 'Drawer')
/Users/admin/builder/spi-builder-workspace/Sources/Drawer/Drawer+Computed.swift:57:22: warning: 'animation' was deprecated in macOS 12.0: Use withAnimation or animation(_:value:) instead. [#DeprecatedDeclaration]
55 | .frame(height: self.fullHeight)
56 | .offset(y: self.offset)
57 | .animation(self.animation)
| `- warning: 'animation' was deprecated in macOS 12.0: Use withAnimation or animation(_:value:) instead. [#DeprecatedDeclaration]
58 | .gesture(self.dragGesture)
59 | }
SwiftCompile normal arm64 /Users/admin/builder/spi-builder-workspace/Sources/Drawer/Drawer+Computed.swift (in target 'Drawer' from project 'Drawer')
cd /Users/admin/builder/spi-builder-workspace/.swiftpm/xcode
builtin-SwiftPerFileCompile Drawer+Computed.swift
SwiftEmitModule normal arm64 Emitting\ module\ for\ Drawer (in target 'Drawer' from project 'Drawer')
/Users/admin/builder/spi-builder-workspace/Sources/Drawer/Drawer+Modifiers.swift:45:27: error: cannot find type 'UIImpactFeedbackGenerator' in scope
43 | /// - Parameter impact: `FeedbackStyle` for impact level
44 | /// - Returns: Drawer with specified impact level
45 | func impact(_ impact: UIImpactFeedbackGenerator.FeedbackStyle) -> Drawer {
| `- error: cannot find type 'UIImpactFeedbackGenerator' in scope
46 | let impactGenerator = UIImpactFeedbackGenerator(style: impact)
47 | return Drawer(
/Users/admin/builder/spi-builder-workspace/Sources/Drawer/Drawer.swift:62:35: error: cannot find type 'UIImpactFeedbackGenerator' in scope
60 | // MARK: Haptics
61 |
62 | internal var impactGenerator: UIImpactFeedbackGenerator?
| `- error: cannot find type 'UIImpactFeedbackGenerator' in scope
63 |
64 | // MARK: View
/Users/admin/builder/spi-builder-workspace/Sources/Drawer/Drawer.swift:100:26: error: cannot find type 'UIImpactFeedbackGenerator' in scope
98 | didRest: ((_ height: CGFloat) -> ())?,
99 | didLayoutForSizeClass: ((SizeClass) -> ())?,
100 | impactGenerator: UIImpactFeedbackGenerator?,
| `- error: cannot find type 'UIImpactFeedbackGenerator' in scope
101 | content: Content
102 | ) {
Failed frontend command:
/Applications/Xcode-27.0.0-Release.Candidate.app/Contents/Developer/Toolchains/XcodeDefault.xctoolchain/usr/bin/swift-frontend -frontend -emit-module -experimental-skip-non-inlinable-function-bodies-without-types /Users/admin/builder/spi-builder-workspace/Sources/Drawer/Drawer+Computed.swift /Users/admin/builder/spi-builder-workspace/Sources/Drawer/Drawer+Drag.swift /Users/admin/builder/spi-builder-workspace/Sources/Drawer/Drawer+Modifiers.swift /Users/admin/builder/spi-builder-workspace/Sources/Drawer/Drawer.swift /Users/admin/builder/spi-builder-workspace/Sources/Drawer/SwiftUIView.swift -target arm64-apple-macos12.0 -disable-cross-import-overlay-search -load-resolved-plugin /Applications/Xcode-27.0.0-Release.Candidate.app/Contents/Developer/Platforms/MacOSX.platform/Developer/usr/lib/swift/host/plugins/libFoundationMacros.dylib\#/Applications/Xcode-27.0.0-Release.Candidate.app/Contents/Developer/Platforms/MacOSX.platform/Developer/usr/bin/swift-plugin-server\#FoundationMacros -load-resolved-plugin /Applications/Xcode-27.0.0-Release.Candidate.app/Contents/Developer/Platforms/MacOSX.platform/Developer/usr/lib/swift/host/plugins/libObservationMacros.dylib\#/Applications/Xcode-27.0.0-Release.Candidate.app/Contents/Developer/Platforms/MacOSX.platform/Developer/usr/bin/swift-plugin-server\#ObservationMacros -load-resolved-plugin /Applications/Xcode-27.0.0-Release.Candidate.app/Contents/Developer/Platforms/MacOSX.platform/Developer/usr/lib/swift/host/plugins/libPreviewsMacros.dylib\#/Applications/Xcode-27.0.0-Release.Candidate.app/Contents/Developer/Platforms/MacOSX.platform/Developer/usr/bin/swift-plugin-server\#PreviewsMacros -load-resolved-plugin /Applications/Xcode-27.0.0-Release.Candidate.app/Contents/Developer/Platforms/MacOSX.platform/Developer/usr/lib/swift/host/plugins/libSwiftMacros.dylib\#/Applications/Xcode-27.0.0-Release.Candidate.app/Contents/Developer/Platforms/MacOSX.platform/Developer/usr/bin/swift-plugin-server\#SwiftMacros -load-resolved-plugin /Applications/Xcode-27.0.0-Release.Candidate.app/Contents/Developer/Platforms/MacOSX.platform/Developer/usr/lib/swift/host/plugins/libSwiftUIMacros.dylib\#/Applications/Xcode-27.0.0-Release.Candidate.app/Contents/Developer/Platforms/MacOSX.platform/Developer/usr/bin/swift-plugin-server\#SwiftUIMacros -disable-implicit-swift-modules -Xcc -fno-implicit-modules -Xcc -fno-implicit-module-maps -explicit-swift-module-map-file /Users/admin/builder/spi-builder-workspace/.derivedData/Build/Intermediates.noindex/Drawer.build/Debug/Drawer-t.build/Objects-normal/arm64/Drawer-dependencies-1.json -Xllvm -aarch64-use-tbi -enable-objc-interop -stack-check -sdk /Applications/Xcode-27.0.0-Release.Candidate.app/Contents/Developer/Platforms/MacOSX.platform/Developer/SDKs/MacOSX27.0.sdk -I /Users/admin/builder/spi-builder-workspace/.derivedData/Build/Products/Debug -Isystem /Applications/Xcode-27.0.0-Release.Candidate.app/Contents/Developer/Platforms/MacOSX.platform/Developer/usr/lib -F /Users/admin/builder/spi-builder-workspace/.derivedData/Build/Products/Debug -F /Applications/Xcode-27.0.0-Release.Candidate.app/Contents/Developer/Platforms/MacOSX.platform/Developer/Library/Frameworks -module-cache-path /Users/admin/builder/spi-builder-workspace/.derivedData/Build/Intermediates.noindex/SwiftExplicitPrecompiledModules -no-color-diagnostics -Xcc -fno-color-diagnostics -enable-testing -g -debug-info-format\=dwarf -dwarf-version\=4 -profile-generate -profile-coverage-mapping -swift-version 5 -Onone -D SWIFT_PACKAGE -D DEBUG -D SWIFT_MODULE_RESOURCE_BUNDLE_UNAVAILABLE -D Xcode -serialize-debugging-options -enable-experimental-feature DebugDescriptionMacro -empty-abi-descriptor -validate-clang-modules-once -clang-build-session-file /Users/admin/builder/spi-builder-workspace/.derivedData/ModuleCache.noindex/Session.modulevalidation -Xcc -working-directory -Xcc /Users/admin/builder/spi-builder-workspace/.swiftpm/xcode -enable-anonymous-context-mangled-names -file-compilation-dir /Users/admin/builder/spi-builder-workspace/.swiftpm/xcode -Xcc -D_LIBCPP_HARDENING_MODE\=_LIBCPP_HARDENING_MODE_DEBUG -Xcc -ivfsstatcache -Xcc /Users/admin/builder/spi-builder-workspace/.derivedData/SDKStatCaches.noindex/macosx27.0-26A425-e829b21a6f8c9b70876ba0858053c0446a22442a12e9d48fe1a705f55a1adfc4.sdkstatcache -Xcc -fmodules-prune-interval\=86400 -Xcc -fmodules-prune-after\=345600 -Xcc -I/Users/admin/builder/spi-builder-workspace/.derivedData/Build/Products/Debug/include -Xcc -I/Users/admin/builder/spi-builder-workspace/.derivedData/Build/Intermediates.noindex/Drawer.build/Debug/Drawer-t.build/DerivedSources-normal/arm64 -Xcc -I/Users/admin/builder/spi-builder-workspace/.derivedData/Build/Intermediates.noindex/Drawer.build/Debug/Drawer-t.build/DerivedSources/arm64 -Xcc -I/Users/admin/builder/spi-builder-workspace/.derivedData/Build/Intermediates.noindex/Drawer.build/Debug/Drawer-t.build/DerivedSources -Xcc -DSWIFT_PACKAGE -Xcc -DDEBUG\=1 -no-auto-bridging-header-chaining -module-name Drawer -const-gather-protocols-file /Users/admin/builder/spi-builder-workspace/.derivedData/Build/Intermediates.noindex/Drawer.build/Debug/Drawer-t.build/Objects-normal/arm64/Drawer_const_extract_protocols.json -disable-clang-spi -clang-target arm64-apple-macos27.0 -target-sdk-version 27.0 -target-sdk-name macosx27.0 -in-process-plugin-server-path /Applications/Xcode-27.0.0-Release.Candidate.app/Contents/Developer/Toolchains/XcodeDefault.xctoolchain/usr/lib/swift/host/libSwiftInProcPluginServer.dylib -emit-module-doc-path /Users/admin/builder/spi-builder-workspace/.derivedData/Build/Intermediates.noindex/Drawer.build/Debug/Drawer-t.build/Objects-normal/arm64/Drawer.swiftdoc -emit-module-source-info-path /Users/admin/builder/spi-builder-workspace/.derivedData/Build/Intermediates.noindex/Drawer.build/Debug/Drawer-t.build/Objects-normal/arm64/Drawer.swiftsourceinfo -emit-objc-header-path /Users/admin/builder/spi-builder-workspace/.derivedData/Build/Intermediates.noindex/Drawer.build/Debug/Drawer-t.build/Objects-normal/arm64/Drawer-Swift.h -serialize-diagnostics-path /Users/admin/builder/spi-builder-workspace/.derivedData/Build/Intermediates.noindex/Drawer.build/Debug/Drawer-t.build/Objects-normal/arm64/Drawer-primary-emit-module.dia -emit-dependencies-path /Users/admin/builder/spi-builder-workspace/.derivedData/Build/Intermediates.noindex/Drawer.build/Debug/Drawer-t.build/Objects-normal/arm64/Drawer-primary-emit-module.d -parse-as-library -o /Users/admin/builder/spi-builder-workspace/.derivedData/Build/Intermediates.noindex/Drawer.build/Debug/Drawer-t.build/Objects-normal/arm64/Drawer.swiftmodule -emit-abi-descriptor-path /Users/admin/builder/spi-builder-workspace/.derivedData/Build/Intermediates.noindex/Drawer.build/Debug/Drawer-t.build/Objects-normal/arm64/Drawer.abi.json
SwiftCompile normal arm64 (in target 'Drawer' from project 'Drawer')
cd /Users/admin/builder/spi-builder-workspace/.swiftpm/xcode
SwiftCompile normal arm64 Compiling\ SwiftUIView.swift /Users/admin/builder/spi-builder-workspace/Sources/Drawer/SwiftUIView.swift (in target 'Drawer' from project 'Drawer')
/Users/admin/builder/spi-builder-workspace/Sources/Drawer/Drawer.swift:62:35: error: cannot find type 'UIImpactFeedbackGenerator' in scope
60 | // MARK: Haptics
61 |
62 | internal var impactGenerator: UIImpactFeedbackGenerator?
| `- error: cannot find type 'UIImpactFeedbackGenerator' in scope
63 |
64 | // MARK: View
SwiftCompile normal arm64 /Users/admin/builder/spi-builder-workspace/Sources/Drawer/SwiftUIView.swift (in target 'Drawer' from project 'Drawer')
cd /Users/admin/builder/spi-builder-workspace/.swiftpm/xcode
builtin-SwiftPerFileCompile SwiftUIView.swift
SwiftCompile normal arm64 Compiling\ Drawer.swift /Users/admin/builder/spi-builder-workspace/Sources/Drawer/Drawer.swift (in target 'Drawer' from project 'Drawer')
/Users/admin/builder/spi-builder-workspace/Sources/Drawer/Drawer.swift:62:35: error: cannot find type 'UIImpactFeedbackGenerator' in scope
60 | // MARK: Haptics
61 |
62 | internal var impactGenerator: UIImpactFeedbackGenerator?
| `- error: cannot find type 'UIImpactFeedbackGenerator' in scope
63 |
64 | // MARK: View
SwiftCompile normal arm64 /Users/admin/builder/spi-builder-workspace/Sources/Drawer/Drawer.swift (in target 'Drawer' from project 'Drawer')
cd /Users/admin/builder/spi-builder-workspace/.swiftpm/xcode
builtin-SwiftPerFileCompile Drawer.swift
PruneExplicitPrecompiledModules /Users/admin/builder/spi-builder-workspace/.derivedData/Build/Intermediates.noindex/SwiftExplicitPrecompiledModules
PruneExplicitPrecompiledModules /Users/admin/builder/spi-builder-workspace/.derivedData/Build/Intermediates.noindex/ExplicitPrecompiledModules
PruneExplicitPrecompiledModules /Users/admin/builder/spi-builder-workspace/.derivedData/SDKExplicitPrecompiledModules
2026-09-17 02:17:13.200 xcodebuild[748:4635] [MT] IDERunDestination: Supported platforms for the buildables in the current scheme is empty.
--- xcodebuild: WARNING: Using the first of multiple matching destinations:
{ platform:macOS, arch:arm64, id:6f25db5aed9bf93c1f8e92b119090e86da8f87aa, name:My Mac }
{ platform:macOS, arch:arm64, variant:Mac Catalyst, id:6f25db5aed9bf93c1f8e92b119090e86da8f87aa, name:My Mac }
{ platform:macOS, arch:arm64, variant:DriverKit, id:6f25db5aed9bf93c1f8e92b119090e86da8f87aa, name:My Mac }
{ platform:macOS, arch:arm64, variant:Designed for [iPad,iPhone], id:6f25db5aed9bf93c1f8e92b119090e86da8f87aa, name:My Mac }
** BUILD FAILED **
The following build commands failed:
SwiftEmitModule normal arm64 Emitting\ module\ for\ Drawer (in target 'Drawer' from project 'Drawer')
SwiftCompile normal arm64 (in target 'Drawer' from project 'Drawer')
Building workspace Drawer with scheme Drawer
(3 failures)
BUILD FAILURE 6.4 macosXcodebuild