The Swift Package Index logo.Swift Package Index

Build Information

Failed to build swift-rtc, reference master (09388d), with Swift 6.4 for Wasm on 20 Sep 2026 20:59:30 UTC.

Build Command

bash -c docker run --pull=always --rm -v "checkouts-54344843-0":/host -w "$PWD" -e JAVA_HOME="/root/.sdkman/candidates/java/current" -e SPI_BUILD="1" -e SPI_PROCESSING="1" registry.gitlab.com/saguaro1/spi-images:wasm-6.4-latest swift build --swift-sdk swift-6.4.x-DEVELOPMENT-SNAPSHOT-2026-09-04-a_wasm 2>&1

Build Log

========================================
RunAll
========================================
Builder version: 5.1.0
Interrupt handler set up.
========================================
Checkout
========================================
Clone URL: https://github.com/ngr-tc/swift-rtc.git
Reference: master
Initialized empty Git repository in /host/spi-builder-workspace/.git/
hint: Using 'master' as the name for the initial branch. This default branch name
hint: is subject to change. To configure the initial branch name to use in all
hint: of your new repositories, which will suppress this warning, call:
hint:
hint: 	git config --global init.defaultBranch <name>
hint:
hint: Names commonly chosen instead of 'master' are 'main', 'trunk' and
hint: 'development'. The just-created branch can be renamed via this command:
hint:
hint: 	git branch -m <name>
From https://github.com/ngr-tc/swift-rtc
 * branch            master     -> FETCH_HEAD
 * [new branch]      master     -> origin/master
HEAD is now at 09388d5 add Alert
Cloned https://github.com/ngr-tc/swift-rtc.git
Revision (git rev-parse @):
09388d5a8a967e0fe717fcd4d465a92192456b3b
SPI manifest file found: $PWD/.spi.yml
SUCCESS checkout https://github.com/ngr-tc/swift-rtc.git at master
========================================
Build
========================================
Selected platform:         wasm
Swift version:             6.4
Building package at path:  $PWD
https://github.com/ngr-tc/swift-rtc.git
Running build ...
bash -c docker run --pull=always --rm -v "checkouts-54344843-0":/host -w "$PWD" -e JAVA_HOME="/root/.sdkman/candidates/java/current" -e SPI_BUILD="1" -e SPI_PROCESSING="1" registry.gitlab.com/saguaro1/spi-images:wasm-6.4-latest swift build --swift-sdk swift-6.4.x-DEVELOPMENT-SNAPSHOT-2026-09-04-a_wasm 2>&1
wasm-6.4-latest: Pulling from saguaro1/spi-images
Digest: sha256:4328fdb43c680d205c1d6761b1e3267aa38277eefdda9ddfb17b6a0f1a77857a
Status: Image is up to date for registry.gitlab.com/saguaro1/spi-images:wasm-6.4-latest
Fetching https://github.com/apple/swift-nio.git
Fetching https://github.com/apple/swift-docc-plugin
Fetching https://github.com/apple/swift-crypto.git
[1/2345] Fetching swift-docc-plugin
[236/20894] Fetching swift-docc-plugin, swift-crypto
[3274/106959] Fetching swift-docc-plugin, swift-crypto, swift-nio
Fetched https://github.com/apple/swift-docc-plugin (1.67s)
[86541/104614] Fetching swift-crypto, swift-nio
Fetched https://github.com/apple/swift-crypto.git (1.69s)
[68852/86065] Fetching swift-nio
Fetched https://github.com/apple/swift-nio.git (2.76s)
Computing version for https://github.com/apple/swift-docc-plugin
Computed https://github.com/apple/swift-docc-plugin at 1.5.0 (3.83s)
Fetching https://github.com/swiftlang/swift-docc-symbolkit
[1/3824] Fetching swift-docc-symbolkit
Fetched https://github.com/swiftlang/swift-docc-symbolkit (0.58s)
Computing version for https://github.com/swiftlang/swift-docc-symbolkit
Computed https://github.com/swiftlang/swift-docc-symbolkit at 1.0.0 (0.81s)
Computing version for https://github.com/apple/swift-crypto.git
Computed https://github.com/apple/swift-crypto.git at 3.15.1 (0.26s)
Fetching https://github.com/apple/swift-asn1.git
[1/1983] Fetching swift-asn1
Fetched https://github.com/apple/swift-asn1.git (0.46s)
Computing version for https://github.com/apple/swift-asn1.git
Computed https://github.com/apple/swift-asn1.git at 1.7.3 (1.55s)
Computing version for https://github.com/apple/swift-nio.git
Computed https://github.com/apple/swift-nio.git at 2.103.0 (0.33s)
Fetching https://github.com/apple/swift-collections.git
Fetching https://github.com/apple/swift-atomics.git
Fetching https://github.com/apple/swift-system.git
[1/1875] Fetching swift-atomics
[339/8773] Fetching swift-atomics, swift-system
[8774/36125] Fetching swift-atomics, swift-system, swift-collections
Fetched https://github.com/apple/swift-atomics.git (1.23s)
Fetched https://github.com/apple/swift-system.git (1.23s)
Fetched https://github.com/apple/swift-collections.git (1.24s)
Computing version for https://github.com/apple/swift-atomics.git
Computed https://github.com/apple/swift-atomics.git at 1.3.1 (1.41s)
Computing version for https://github.com/apple/swift-collections.git
Computed https://github.com/apple/swift-collections.git at 1.6.0 (0.28s)
Computing version for https://github.com/apple/swift-system.git
Computed https://github.com/apple/swift-system.git at 1.8.1 (0.20s)
Creating working copy for https://github.com/apple/swift-crypto.git
Working copy of https://github.com/apple/swift-crypto.git resolved at 3.15.1
Creating working copy for https://github.com/apple/swift-system.git
Working copy of https://github.com/apple/swift-system.git resolved at 1.8.1
Creating working copy for https://github.com/swiftlang/swift-docc-symbolkit
Working copy of https://github.com/swiftlang/swift-docc-symbolkit resolved at 1.0.0
Creating working copy for https://github.com/apple/swift-atomics.git
Working copy of https://github.com/apple/swift-atomics.git resolved at 1.3.1
Creating working copy for https://github.com/apple/swift-docc-plugin
Working copy of https://github.com/apple/swift-docc-plugin resolved at 1.5.0
Creating working copy for https://github.com/apple/swift-collections.git
Working copy of https://github.com/apple/swift-collections.git resolved at 1.6.0
Creating working copy for https://github.com/apple/swift-nio.git
Working copy of https://github.com/apple/swift-nio.git resolved at 2.103.0
Creating working copy for https://github.com/apple/swift-asn1.git
Working copy of https://github.com/apple/swift-asn1.git resolved at 1.7.3
Building for debugging...
[Computing dependencies]
[Provisioning 4 / 55]
[Pre-planning 1 / 1389]
[Planning deferred tasks]
[Starting]
[45 / 759] SwiftASN1
[195 / 802] InternalCollectionsUtilities
[196 / 802] SCTP
[210 / 810] DataChannel
[225 / 810] InternalCollectionsUtilities
[227 / 810] InternalCollectionsUtilities
[238 / 810] SwiftASN1
[245 / 810] _NIOBase64
[250 / 811] _NIOBase64
[253 / 812] SCTP
[258 / 813] SCTP
[263 / 813] _NIODataStructures
[267 / 813] InternalCollectionsUtilities
[270 / 814] SwiftASN1
[278 / 816] SwiftASN1
[285 / 816] CryptoBoringWrapper
[287 / 816] CryptoBoringWrapper
[293 / 816] CNIOWindows
[306 / 826] CryptoBoringWrapper
[309 / 827] InternalCollectionsUtilities
[312 / 827] CryptoBoringWrapper
[318 / 827] Atomics
[323 / 828] Atomics
[324 / 828] CNIOAtomics
[328 / 828] CCryptoBoringSSL
[329 / 828] CCryptoBoringSSL
[332 / 828] CCryptoBoringSSL
[334 / 828] CCryptoBoringSSL
[335 / 828] CCryptoBoringSSL
[343 / 828] CCryptoBoringSSL
[349 / 828] CCryptoBoringSSL
[351 / 828] CCryptoBoringSSL
[354 / 829] CCryptoBoringSSL
[357 / 829] CCryptoBoringSSL
[359 / 829] CCryptoBoringSSL
[362 / 829] CCryptoBoringSSL
[365 / 829] CCryptoBoringSSL
[370 / 829] CCryptoBoringSSL
[373 / 829] CCryptoBoringSSL
[379 / 829] CCryptoBoringSSL
[383 / 829] CCryptoBoringSSL
[386 / 829] CCryptoBoringSSL
[387 / 829] CCryptoBoringSSL
[392 / 829] CCryptoBoringSSL
[395 / 829] CCryptoBoringSSL
[399 / 829] CCryptoBoringSSL
[403 / 829] CCryptoBoringSSL
[407 / 829] CCryptoBoringSSL
[409 / 829] CCryptoBoringSSL
[415 / 829] CCryptoBoringSSL
[417 / 829] CCryptoBoringSSL
[420 / 829] CCryptoBoringSSL
[423 / 829] CCryptoBoringSSL
[427 / 829] CCryptoBoringSSL
[437 / 829] CCryptoBoringSSL
[450 / 829] CCryptoBoringSSL
[460 / 829] CCryptoBoringSSL
[462 / 829] CCryptoBoringSSL
[467 / 829] CCryptoBoringSSL
[468 / 829] CCryptoBoringSSL
[470 / 829] CCryptoBoringSSL
[476 / 829] CCryptoBoringSSL
[479 / 829] CCryptoBoringSSL
[482 / 829] CCryptoBoringSSL
[485 / 829] CCryptoBoringSSL
[487 / 829] CCryptoBoringSSL
[488 / 829] CCryptoBoringSSL
[490 / 829] CCryptoBoringSSL
[492 / 829] CCryptoBoringSSL
[496 / 829] CCryptoBoringSSL
[497 / 829] CCryptoBoringSSL
[500 / 829] CCryptoBoringSSL
[503 / 829] CCryptoBoringSSL
[505 / 829] CCryptoBoringSSL
[509 / 829] CCryptoBoringSSL
[519 / 829] CCryptoBoringSSL
[522 / 829] CCryptoBoringSSL
[525 / 829] CCryptoBoringSSL
[530 / 829] CCryptoBoringSSL
[534 / 829] CCryptoBoringSSL
[535 / 829] CCryptoBoringSSL
[540 / 829] CCryptoBoringSSL
[551 / 829] CCryptoBoringSSL
[559 / 829] CCryptoBoringSSL
[561 / 829] CCryptoBoringSSL
[564 / 829] CCryptoBoringSSL
[569 / 829] CCryptoBoringSSL
[571 / 829] CCryptoBoringSSL
[574 / 829] CCryptoBoringSSL
[576 / 829] CCryptoBoringSSL
[578 / 829] CCryptoBoringSSL
[581 / 829] CCryptoBoringSSL
[583 / 829] CCryptoBoringSSL
[587 / 829] CCryptoBoringSSL
[591 / 829] CCryptoBoringSSL
[592 / 829] CCryptoBoringSSL
[594 / 829] CCryptoBoringSSL
[597 / 829] CCryptoBoringSSL
[598 / 829] CCryptoBoringSSL
[600 / 829] CCryptoBoringSSL
[605 / 829] CCryptoBoringSSL
[608 / 829] CCryptoBoringSSL
[613 / 829] CCryptoBoringSSL
[620 / 829] CCryptoBoringSSL
[626 / 829] CCryptoBoringSSL
[632 / 829] CCryptoBoringSSL
[633 / 829] CCryptoBoringSSL
[637 / 829] CCryptoBoringSSL
[641 / 829] CCryptoBoringSSL
[645 / 829] CCryptoBoringSSL
[647 / 829] CCryptoBoringSSL
[649 / 829] CCryptoBoringSSL
[652 / 829] CCryptoBoringSSL
[661 / 829] CCryptoBoringSSL
[670 / 829] CCryptoBoringSSL
[678 / 829] CCryptoBoringSSL
[680 / 829] CCryptoBoringSSL
[681 / 829] CCryptoBoringSSL
[683 / 829] CCryptoBoringSSL
[687 / 829] CCryptoBoringSSL
[688 / 829] CCryptoBoringSSL
[690 / 829] CCryptoBoringSSL
[693 / 829] CNIOWindows
[698 / 831] CNIOPosix
[701 / 849] InternalCollectionsUtilities
[704 / 849] ContainersPreview
[711 / 849] CCryptoBoringSSL
[712 / 849] CCryptoBoringSSL
[715 / 849] Crypto
[716 / 849] Crypto
[722 / 849] Crypto
[723 / 849] _CryptoExtras
[727 / 849] DequeModule
[737 / 852] DequeModule
[743 / 870] _CryptoExtras
error: SwiftCompile normal wasm32 /host/spi-builder-workspace/.build/checkouts/swift-crypto/Sources/_CryptoExtras/Util/ThreadSpecific/ThreadSpecific.swift failed with a nonzero exit code. Command line:     cd /host
    builtin-SwiftPerFileCompile ThreadSpecific.swift
/host/spi-builder-workspace/.build/checkouts/swift-crypto/Sources/_CryptoExtras/Util/ThreadSpecific/ThreadSpecific.swift:33:36: error: cannot find type 'ThreadOpsSystem' in scope
 31 |
 32 |     private class Key {
 33 |         private var underlyingKey: ThreadOpsSystem.ThreadSpecificKey
    |                                    `- error: cannot find type 'ThreadOpsSystem' in scope
 34 |
 35 |         internal init(destructor: @escaping ThreadOpsSystem.ThreadSpecificKeyDestructor) {
/host/spi-builder-workspace/.build/checkouts/swift-crypto/Sources/_CryptoExtras/Util/ThreadSpecific/ThreadSpecific.swift:35:45: error: cannot find type 'ThreadOpsSystem' in scope
 33 |         private var underlyingKey: ThreadOpsSystem.ThreadSpecificKey
 34 |
 35 |         internal init(destructor: @escaping ThreadOpsSystem.ThreadSpecificKeyDestructor) {
    |                                             `- error: cannot find type 'ThreadOpsSystem' in scope
 36 |             self.underlyingKey = ThreadOpsSystem.allocateThreadSpecificValue(destructor: destructor)
 37 |         }
/host/spi-builder-workspace/.build/checkouts/swift-crypto/Sources/_CryptoExtras/Util/ThreadSpecific/ThreadSpecific.swift:35:35: error: '@escaping' only applies to function types
 33 |         private var underlyingKey: ThreadOpsSystem.ThreadSpecificKey
 34 |
 35 |         internal init(destructor: @escaping ThreadOpsSystem.ThreadSpecificKeyDestructor) {
    |                                   `- error: '@escaping' only applies to function types
 36 |             self.underlyingKey = ThreadOpsSystem.allocateThreadSpecificValue(destructor: destructor)
 37 |         }
/host/spi-builder-workspace/.build/checkouts/swift-crypto/Sources/_CryptoExtras/Util/ThreadSpecific/ThreadSpecific.swift:36:34: error: cannot find 'ThreadOpsSystem' in scope
 34 |
 35 |         internal init(destructor: @escaping ThreadOpsSystem.ThreadSpecificKeyDestructor) {
 36 |             self.underlyingKey = ThreadOpsSystem.allocateThreadSpecificValue(destructor: destructor)
    |                                  `- error: cannot find 'ThreadOpsSystem' in scope
 37 |         }
 38 |
/host/spi-builder-workspace/.build/checkouts/swift-crypto/Sources/_CryptoExtras/Util/ThreadSpecific/ThreadSpecific.swift:40:13: error: cannot find 'ThreadOpsSystem' in scope
 38 |
 39 |         deinit {
 40 |             ThreadOpsSystem.deallocateThreadSpecificValue(self.underlyingKey)
    |             `- error: cannot find 'ThreadOpsSystem' in scope
 41 |         }
 42 |
/host/spi-builder-workspace/.build/checkouts/swift-crypto/Sources/_CryptoExtras/Util/ThreadSpecific/ThreadSpecific.swift:44:13: error: cannot find 'ThreadOpsSystem' in scope
 42 |
 43 |         func get() -> UnsafeMutableRawPointer? {
 44 |             ThreadOpsSystem.getThreadSpecificValue(self.underlyingKey)
    |             `- error: cannot find 'ThreadOpsSystem' in scope
 45 |         }
 46 |
/host/spi-builder-workspace/.build/checkouts/swift-crypto/Sources/_CryptoExtras/Util/ThreadSpecific/ThreadSpecific.swift:48:13: error: cannot find 'ThreadOpsSystem' in scope
 46 |
 47 |         func set(value: UnsafeMutableRawPointer?) {
 48 |             ThreadOpsSystem.setThreadSpecificValue(key: self.underlyingKey, value: value)
    |             `- error: cannot find 'ThreadOpsSystem' in scope
 49 |         }
 50 |     }
Failed frontend command:
/usr/bin/swift-frontend -frontend -c /host/spi-builder-workspace/.build/checkouts/swift-crypto/Sources/_CryptoExtras/AES/AES_CBC.swift /host/spi-builder-workspace/.build/checkouts/swift-crypto/Sources/_CryptoExtras/AES/AES_CFB.swift /host/spi-builder-workspace/.build/checkouts/swift-crypto/Sources/_CryptoExtras/AES/AES_CTR.swift /host/spi-builder-workspace/.build/checkouts/swift-crypto/Sources/_CryptoExtras/AES/AES_GCM_SIV.swift /host/spi-builder-workspace/.build/checkouts/swift-crypto/Sources/_CryptoExtras/AES/Block\ Function.swift /host/spi-builder-workspace/.build/checkouts/swift-crypto/Sources/_CryptoExtras/AES/BoringSSL/AES_CFB_boring.swift /host/spi-builder-workspace/.build/checkouts/swift-crypto/Sources/_CryptoExtras/AES/BoringSSL/AES_CTR_boring.swift /host/spi-builder-workspace/.build/checkouts/swift-crypto/Sources/_CryptoExtras/AES/BoringSSL/AES_GCM_SIV_boring.swift /host/spi-builder-workspace/.build/checkouts/swift-crypto/Sources/_CryptoExtras/AES/CMAC.swift /host/spi-builder-workspace/.build/checkouts/swift-crypto/Sources/_CryptoExtras/ARC/ARC+API.swift /host/spi-builder-workspace/.build/checkouts/swift-crypto/Sources/_CryptoExtras/ARC/ARC.swift /host/spi-builder-workspace/.build/checkouts/swift-crypto/Sources/_CryptoExtras/ARC/ARCCredential.swift /host/spi-builder-workspace/.build/checkouts/swift-crypto/Sources/_CryptoExtras/ARC/ARCEncoding.swift /host/spi-builder-workspace/.build/checkouts/swift-crypto/Sources/_CryptoExtras/ARC/ARCPrecredential.swift /host/spi-builder-workspace/.build/checkouts/swift-crypto/Sources/_CryptoExtras/ARC/ARCPresentation.swift /host/spi-builder-workspace/.build/checkouts/swift-crypto/Sources/_CryptoExtras/ARC/ARCRequest.swift /host/spi-builder-workspace/.build/checkouts/swift-crypto/Sources/_CryptoExtras/ARC/ARCResponse.swift /host/spi-builder-workspace/.build/checkouts/swift-crypto/Sources/_CryptoExtras/ARC/ARCServer.swift /host/spi-builder-workspace/.build/checkouts/swift-crypto/Sources/_CryptoExtras/ChaCha20CTR/BoringSSL/ChaCha20CTR_boring.swift /host/spi-builder-workspace/.build/checkouts/swift-crypto/Sources/_CryptoExtras/ChaCha20CTR/ChaCha20CTR.swift /host/spi-builder-workspace/.build/checkouts/swift-crypto/Sources/_CryptoExtras/EC/ObjectIdentifier.swift /host/spi-builder-workspace/.build/checkouts/swift-crypto/Sources/_CryptoExtras/EC/PKCS8DERRepresentation.swift /host/spi-builder-workspace/.build/checkouts/swift-crypto/Sources/_CryptoExtras/EC/PKCS8PrivateKey.swift /host/spi-builder-workspace/.build/checkouts/swift-crypto/Sources/_CryptoExtras/EC/RFC8410AlgorithmIdentifier.swift /host/spi-builder-workspace/.build/checkouts/swift-crypto/Sources/_CryptoExtras/ECToolbox/BoringSSL/ECToolbox_boring.swift /host/spi-builder-workspace/.build/checkouts/swift-crypto/Sources/_CryptoExtras/ECToolbox/ECToolbox.swift /host/spi-builder-workspace/.build/checkouts/swift-crypto/Sources/_CryptoExtras/H2G/HashToField.swift /host/spi-builder-workspace/.build/checkouts/swift-crypto/Sources/_CryptoExtras/Key\ Derivation/KDF.swift /host/spi-builder-workspace/.build/checkouts/swift-crypto/Sources/_CryptoExtras/Key\ Derivation/PBKDF2/BoringSSL/PBKDF2_boring.swift /host/spi-builder-workspace/.build/checkouts/swift-crypto/Sources/_CryptoExtras/Key\ Derivation/PBKDF2/BoringSSL/PBKDF2_commoncrypto.swift /host/spi-builder-workspace/.build/checkouts/swift-crypto/Sources/_CryptoExtras/Key\ Derivation/PBKDF2/PBKDF2.swift /host/spi-builder-workspace/.build/checkouts/swift-crypto/Sources/_CryptoExtras/Key\ Derivation/Scrypt/BoringSSL/Scrypt_boring.swift /host/spi-builder-workspace/.build/checkouts/swift-crypto/Sources/_CryptoExtras/Key\ Derivation/Scrypt/Scrypt.swift /host/spi-builder-workspace/.build/checkouts/swift-crypto/Sources/_CryptoExtras/OPRFs/OPRF.swift /host/spi-builder-workspace/.build/checkouts/swift-crypto/Sources/_CryptoExtras/OPRFs/OPRFClient.swift /host/spi-builder-workspace/.build/checkouts/swift-crypto/Sources/_CryptoExtras/OPRFs/OPRFServer.swift /host/spi-builder-workspace/.build/checkouts/swift-crypto/Sources/_CryptoExtras/OPRFs/VOPRF+API.swift /host/spi-builder-workspace/.build/checkouts/swift-crypto/Sources/_CryptoExtras/OPRFs/VOPRFClient.swift /host/spi-builder-workspace/.build/checkouts/swift-crypto/Sources/_CryptoExtras/OPRFs/VOPRFServer.swift /host/spi-builder-workspace/.build/checkouts/swift-crypto/Sources/_CryptoExtras/RSA/RSA+BlindSigning.swift /host/spi-builder-workspace/.build/checkouts/swift-crypto/Sources/_CryptoExtras/RSA/RSA.swift /host/spi-builder-workspace/.build/checkouts/swift-crypto/Sources/_CryptoExtras/RSA/RSA_boring.swift /host/spi-builder-workspace/.build/checkouts/swift-crypto/Sources/_CryptoExtras/Util/BoringSSLHelpers.swift /host/spi-builder-workspace/.build/checkouts/swift-crypto/Sources/_CryptoExtras/Util/CryptoKitErrors_boring.swift /host/spi-builder-workspace/.build/checkouts/swift-crypto/Sources/_CryptoExtras/Util/Data+Extensions.swift /host/spi-builder-workspace/.build/checkouts/swift-crypto/Sources/_CryptoExtras/Util/DigestType.swift /host/spi-builder-workspace/.build/checkouts/swift-crypto/Sources/_CryptoExtras/Util/Error.swift /host/spi-builder-workspace/.build/checkouts/swift-crypto/Sources/_CryptoExtras/Util/I2OSP.swift /host/spi-builder-workspace/.build/checkouts/swift-crypto/Sources/_CryptoExtras/Util/IntegerEncoding.swift /host/spi-builder-workspace/.build/checkouts/swift-crypto/Sources/_CryptoExtras/Util/PEMDocument.swift /host/spi-builder-workspace/.build/checkouts/swift-crypto/Sources/_CryptoExtras/Util/PrettyBytes.swift /host/spi-builder-workspace/.build/checkouts/swift-crypto/Sources/_CryptoExtras/Util/SubjectPublicKeyInfo.swift /host/spi-builder-workspace/.build/checkouts/swift-crypto/Sources/_CryptoExtras/Util/ThreadSpecific/ThreadOps.swift -primary-file /host/spi-builder-workspace/.build/checkouts/swift-crypto/Sources/_CryptoExtras/Util/ThreadSpecific/ThreadPosix.swift -primary-file /host/spi-builder-workspace/.build/checkouts/swift-crypto/Sources/_CryptoExtras/Util/ThreadSpecific/ThreadSpecific.swift -primary-file /host/spi-builder-workspace/.build/checkouts/swift-crypto/Sources/_CryptoExtras/Util/ThreadSpecific/ThreadWindows.swift -primary-file /host/spi-builder-workspace/.build/checkouts/swift-crypto/Sources/_CryptoExtras/ZKPs/DLEQ.swift -primary-file /host/spi-builder-workspace/.build/checkouts/swift-crypto/Sources/_CryptoExtras/ZKPs/Prover.swift -primary-file /host/spi-builder-workspace/.build/checkouts/swift-crypto/Sources/_CryptoExtras/ZKPs/Verifier.swift -primary-file /host/spi-builder-workspace/.build/checkouts/swift-crypto/Sources/_CryptoExtras/ZKPs/ZKPToolbox.swift -supplementary-output-file-map /host/spi-builder-workspace/.build/out/Intermediates.noindex/swift-crypto.build/Debug-webassembly-wasm32/_CryptoExtras-t.build/Objects-normal/wasm32/supplementaryOutputs-40 -target wasm32-unknown-wasip1 -disable-objc-interop -sdk /root/.swiftpm/swift-sdks/swift-6.4.x-DEVELOPMENT-SNAPSHOT-2026-09-04-a_wasm.artifactbundle/swift-6.4.x-DEVELOPMENT-SNAPSHOT-2026-09-04-a_wasm/wasm32-unknown-wasip1/WASI.sdk -sysroot /root/.swiftpm/swift-sdks/swift-6.4.x-DEVELOPMENT-SNAPSHOT-2026-09-04-a_wasm.artifactbundle/swift-6.4.x-DEVELOPMENT-SNAPSHOT-2026-09-04-a_wasm/wasm32-unknown-wasip1/WASI.sdk -I /host/spi-builder-workspace/.build/out/Products/Debug-webassembly-wasm32 -module-cache-path /host/spi-builder-workspace/.build/out/ModuleCache.noindex -color-diagnostics -Xcc -fcolor-diagnostics -enable-testing -g -debug-info-format\=dwarf -dwarf-version\=4 -suppress-warnings -swift-version 5 -Onone -D SWIFT_PACKAGE -D DEBUG -D SWIFT_MODULE_RESOURCE_BUNDLE_UNAVAILABLE -D CRYPTO_IN_SWIFTPM -D CRYPTO_IN_SWIFTPM_FORCE_BUILD_API -D Xcode -serialize-debugging-options -enable-upcoming-feature MemberImportVisibility -enable-experimental-feature DebugDescriptionMacro -empty-abi-descriptor -external-plugin-path /usr/lib/swift/host/plugins/testing\#/usr/bin/swift-plugin-server -validate-clang-modules-once -clang-build-session-file /host/spi-builder-workspace/.build/out/ModuleCache.noindex/Session.modulevalidation -Xcc -working-directory -Xcc /host -resource-dir /root/.swiftpm/swift-sdks/swift-6.4.x-DEVELOPMENT-SNAPSHOT-2026-09-04-a_wasm.artifactbundle/swift-6.4.x-DEVELOPMENT-SNAPSHOT-2026-09-04-a_wasm/wasm32-unknown-wasip1/swift.xctoolchain/usr/lib/swift_static -use-static-resource-dir -enable-anonymous-context-mangled-names -file-compilation-dir /host -Xcc -resource-dir -Xcc /root/.swiftpm/swift-sdks/swift-6.4.x-DEVELOPMENT-SNAPSHOT-2026-09-04-a_wasm.artifactbundle/swift-6.4.x-DEVELOPMENT-SNAPSHOT-2026-09-04-a_wasm/wasm32-unknown-wasip1/swift.xctoolchain/usr/lib/swift_static/clang -Xcc -fmodule-map-file\=/host/spi-builder-workspace/.build/checkouts/swift-crypto/Sources/CCryptoBoringSSLShims/include/module.modulemap -Xcc -fmodule-map-file\=/host/spi-builder-workspace/.build/checkouts/swift-crypto/Sources/CCryptoBoringSSL/include/module.modulemap -Xcc -D_LIBCPP_HARDENING_MODE\=_LIBCPP_HARDENING_MODE_DEBUG -Xcc -fmodules-prune-interval\=86400 -Xcc -fmodules-prune-after\=345600 -Xcc -I/host/spi-builder-workspace/.build/checkouts/swift-crypto/Sources/CCryptoBoringSSLShims/include -Xcc -I/host/spi-builder-workspace/.build/checkouts/swift-crypto/Sources/CCryptoBoringSSL/include -Xcc -I/host/spi-builder-workspace/.build/out/Products/Debug-webassembly-wasm32/include -Xcc -I/host/spi-builder-workspace/.build/out/Intermediates.noindex/swift-crypto.build/Debug-webassembly-wasm32/_CryptoExtras-t.build/DerivedSources-normal/wasm32 -Xcc -I/host/spi-builder-workspace/.build/out/Intermediates.noindex/swift-crypto.build/Debug-webassembly-wasm32/_CryptoExtras-t.build/DerivedSources/wasm32 -Xcc -I/host/spi-builder-workspace/.build/out/Intermediates.noindex/swift-crypto.build/Debug-webassembly-wasm32/_CryptoExtras-t.build/DerivedSources -Xcc -DSWIFT_PACKAGE -Xcc -DDEBUG\=1 -no-auto-bridging-header-chaining -module-name _CryptoExtras -package-name swift_crypto -const-gather-protocols-file /host/spi-builder-workspace/.build/out/Intermediates.noindex/swift-crypto.build/Debug-webassembly-wasm32/_CryptoExtras-t.build/Objects-normal/wasm32/_CryptoExtras_const_extract_protocols.json -in-process-plugin-server-path /usr/lib/swift/host/libSwiftInProcPluginServer.so -plugin-path /usr/lib/swift/host/plugins -plugin-path /usr/local/lib/swift/host/plugins -parse-as-library -o /host/spi-builder-workspace/.build/out/Intermediates.noindex/swift-crypto.build/Debug-webassembly-wasm32/_CryptoExtras-t.build/Objects-normal/wasm32/ThreadPosix.o -o /host/spi-builder-workspace/.build/out/Intermediates.noindex/swift-crypto.build/Debug-webassembly-wasm32/_CryptoExtras-t.build/Objects-normal/wasm32/ThreadSpecific.o -o /host/spi-builder-workspace/.build/out/Intermediates.noindex/swift-crypto.build/Debug-webassembly-wasm32/_CryptoExtras-t.build/Objects-normal/wasm32/ThreadWindows.o -o /host/spi-builder-workspace/.build/out/Intermediates.noindex/swift-crypto.build/Debug-webassembly-wasm32/_CryptoExtras-t.build/Objects-normal/wasm32/DLEQ.o -o /host/spi-builder-workspace/.build/out/Intermediates.noindex/swift-crypto.build/Debug-webassembly-wasm32/_CryptoExtras-t.build/Objects-normal/wasm32/Prover.o -o /host/spi-builder-workspace/.build/out/Intermediates.noindex/swift-crypto.build/Debug-webassembly-wasm32/_CryptoExtras-t.build/Objects-normal/wasm32/Verifier.o -o /host/spi-builder-workspace/.build/out/Intermediates.noindex/swift-crypto.build/Debug-webassembly-wasm32/_CryptoExtras-t.build/Objects-normal/wasm32/ZKPToolbox.o -index-unit-output-path /swift-crypto.build/Debug-webassembly-wasm32/_CryptoExtras-t.build/Objects-normal/wasm32/ThreadPosix.o -index-unit-output-path /swift-crypto.build/Debug-webassembly-wasm32/_CryptoExtras-t.build/Objects-normal/wasm32/ThreadSpecific.o -index-unit-output-path /swift-crypto.build/Debug-webassembly-wasm32/_CryptoExtras-t.build/Objects-normal/wasm32/ThreadWindows.o -index-unit-output-path /swift-crypto.build/Debug-webassembly-wasm32/_CryptoExtras-t.build/Objects-normal/wasm32/DLEQ.o -index-unit-output-path /swift-crypto.build/Debug-webassembly-wasm32/_CryptoExtras-t.build/Objects-normal/wasm32/Prover.o -index-unit-output-path /swift-crypto.build/Debug-webassembly-wasm32/_CryptoExtras-t.build/Objects-normal/wasm32/Verifier.o -index-unit-output-path /swift-crypto.build/Debug-webassembly-wasm32/_CryptoExtras-t.build/Objects-normal/wasm32/ZKPToolbox.o -index-store-path /host/spi-builder-workspace/.build/out -index-system-modules
error: Build failed
BUILD FAILURE 6.4 wasm