The Swift Package Index logo.Swift Package Index

Build Information

Failed to build TidyHTMLPublishStep, reference master (35621b), with Swift 6.4 for iOS using Xcode 27.0 on 16 Sep 2026 17:31:44 UTC.

Build Command

env DEVELOPER_DIR=/Applications/Xcode-27.0.0-Release.Candidate.app xcrun xcodebuild -IDEClonedSourcePackagesDirPathOverride=$PWD/.dependencies -skipMacroValidation -skipPackagePluginValidation -derivedDataPath $PWD/.derivedData build -scheme TidyHTMLPublishStep -destination generic/platform=iOS

Build Log

========================================
RunAll
========================================
Builder version: 5.1.0
Interrupt handler set up.
========================================
Checkout
========================================
Clone URL: https://github.com/john-mueller/TidyHTMLPublishStep.git
Reference: master
Initialized empty Git repository in /Users/admin/builder/spi-builder-workspace/.git/
From https://github.com/john-mueller/TidyHTMLPublishStep
 * branch            master     -> FETCH_HEAD
 * [new branch]      master     -> origin/master
HEAD is now at 35621b3 Merge pull request #2 from john-mueller/documentation
Cloned https://github.com/john-mueller/TidyHTMLPublishStep.git
Revision (git rev-parse @):
35621b3f047200abf9789f21174626c15ea9c66a
SUCCESS checkout https://github.com/john-mueller/TidyHTMLPublishStep.git at master
========================================
Build
========================================
Selected platform:         iOS
Swift version:             6.4
Building package at path:  $PWD
https://github.com/john-mueller/TidyHTMLPublishStep.git
Command line invocation:
    /Applications/Xcode-27.0.0-Release.Candidate.app/Contents/Developer/usr/bin/xcodebuild -IDEClonedSourcePackagesDirPathOverride=/Users/admin/builder/spi-builder-workspace/.dependencies -resolvePackageDependencies
Resolve Package Graph
Fetching from https://github.com/JohnSundell/Publish.git
Fetching from https://github.com/scinfu/SwiftSoup.git
Fetching from https://github.com/johnsundell/shellout.git
Fetching from https://github.com/johnsundell/collectionConcurrencyKit.git
Fetching from https://github.com/johnsundell/codextended.git
Fetching from https://github.com/johnsundell/ink.git
Fetching from https://github.com/johnsundell/files.git
Fetching from https://github.com/johnsundell/sweep.git
Fetching from https://github.com/johnsundell/plot.git
Creating working copy of package ‘plot’
Checking out 0.14.0 of package ‘plot’
Creating working copy of package ‘codextended’
Checking out 0.3.0 of package ‘codextended’
Creating working copy of package ‘sweep’
Checking out 0.4.0 of package ‘sweep’
Creating working copy of package ‘Publish’
Checking out 0.9.0 of package ‘Publish’
Creating working copy of package ‘files’
Checking out 4.3.0 of package ‘files’
Creating working copy of package ‘collectionConcurrencyKit’
Checking out 0.2.0 of package ‘collectionConcurrencyKit’
Creating working copy of package ‘ink’
Checking out 0.6.0 of package ‘ink’
Creating working copy of package ‘shellout’
Checking out 2.3.0 of package ‘shellout’
Creating working copy of package ‘SwiftSoup’
Checking out 2.13.9 of package ‘SwiftSoup’
Resolve Package Graph
Resolved source packages:
  SwiftSoup: https://github.com/scinfu/SwiftSoup.git @ 2.13.9
  Sweep: https://github.com/johnsundell/sweep.git @ 0.4.0
  Plot: https://github.com/johnsundell/plot.git @ 0.14.0
  Ink: https://github.com/johnsundell/ink.git @ 0.6.0
  CollectionConcurrencyKit: https://github.com/johnsundell/collectionConcurrencyKit.git @ 0.2.0
  Publish: https://github.com/JohnSundell/Publish.git @ 0.9.0
  ShellOut: https://github.com/johnsundell/shellout.git @ 2.3.0
  Codextended: https://github.com/johnsundell/codextended.git @ 0.3.0
  TidyHTMLPublishStep: /Users/admin/builder/spi-builder-workspace
  Files: https://github.com/johnsundell/files.git @ 4.3.0
resolved source packages: SwiftSoup, Sweep, Plot, Ink, CollectionConcurrencyKit, Publish, ShellOut, Codextended, TidyHTMLPublishStep, Files
2026-09-16 13:30:55.357 xcodebuild[525:3000] [MT] IDERunDestination: Supported platforms for the buildables in the current scheme is empty.
{
  "dependencies" : [
    {
      "identity" : "publish",
      "requirement" : {
        "range" : [
          {
            "lower_bound" : "0.1.0",
            "upper_bound" : "1.0.0"
          }
        ]
      },
      "type" : "sourceControl",
      "url" : "https://github.com/JohnSundell/Publish.git"
    },
    {
      "identity" : "swiftsoup",
      "requirement" : {
        "range" : [
          {
            "lower_bound" : "2.0.0",
            "upper_bound" : "3.0.0"
          }
        ]
      },
      "type" : "sourceControl",
      "url" : "https://github.com/scinfu/SwiftSoup.git"
    }
  ],
  "manifest_display_name" : "TidyHTMLPublishStep",
  "name" : "TidyHTMLPublishStep",
  "path" : "/Users/admin/builder/spi-builder-workspace",
  "platforms" : [
  ],
  "products" : [
    {
      "name" : "TidyHTMLPublishStep",
      "targets" : [
        "TidyHTMLPublishStep"
      ],
      "type" : {
        "library" : [
          "automatic"
        ]
      }
    }
  ],
  "targets" : [
    {
      "c99name" : "TidyHTMLPublishStepTests",
      "module_type" : "SwiftTarget",
      "name" : "TidyHTMLPublishStepTests",
      "path" : "Tests/TidyHTMLPublishStepTests",
      "sources" : [
        "Helpers/HTMLFactoryMock.swift",
        "Helpers/TidyHTMLTestCase.swift",
        "Helpers/TidyHTMLWebsite.swift",
        "TidyHTMLPublishStepTests.swift"
      ],
      "target_dependencies" : [
        "TidyHTMLPublishStep"
      ],
      "type" : "test"
    },
    {
      "c99name" : "TidyHTMLPublishStep",
      "module_type" : "SwiftTarget",
      "name" : "TidyHTMLPublishStep",
      "path" : "Sources/TidyHTMLPublishStep",
      "product_dependencies" : [
        "Publish",
        "SwiftSoup"
      ],
      "product_memberships" : [
        "TidyHTMLPublishStep"
      ],
      "sources" : [
        "TidyHTMLPublishStep.swift",
        "Website+PostGenerationSteps.swift"
      ],
      "type" : "library"
    }
  ],
  "tools_version" : "5.1"
}
{
  "workspace" : {
    "name" : "TidyHTMLPublishStep",
    "schemes" : [
      "TidyHTMLPublishStep"
    ]
  }
}
2026-09-16 13:31:31.903 xcodebuild[976:5555] [MT] IDERunDestination: Supported platforms for the buildables in the current scheme is empty.
Running build ...
env DEVELOPER_DIR=/Applications/Xcode-27.0.0-Release.Candidate.app xcrun xcodebuild -IDEClonedSourcePackagesDirPathOverride=$PWD/.dependencies -skipMacroValidation -skipPackagePluginValidation -derivedDataPath $PWD/.derivedData build -scheme TidyHTMLPublishStep -destination generic/platform=iOS
Command line invocation:
    /Applications/Xcode-27.0.0-Release.Candidate.app/Contents/Developer/usr/bin/xcodebuild -IDEClonedSourcePackagesDirPathOverride=/Users/admin/builder/spi-builder-workspace/.dependencies -skipMacroValidation -skipPackagePluginValidation -derivedDataPath /Users/admin/builder/spi-builder-workspace/.derivedData build -scheme TidyHTMLPublishStep -destination generic/platform=iOS
Resolve Package Graph
Resolve Package Graph
Resolved source packages:
  Plot: https://github.com/johnsundell/plot.git @ 0.14.0
  Files: https://github.com/johnsundell/files.git @ 4.3.0
  TidyHTMLPublishStep: /Users/admin/builder/spi-builder-workspace
  CollectionConcurrencyKit: https://github.com/johnsundell/collectionConcurrencyKit.git @ 0.2.0
  SwiftSoup: https://github.com/scinfu/SwiftSoup.git @ 2.13.9
  Sweep: https://github.com/johnsundell/sweep.git @ 0.4.0
  Codextended: https://github.com/johnsundell/codextended.git @ 0.3.0
  Ink: https://github.com/johnsundell/ink.git @ 0.6.0
  ShellOut: https://github.com/johnsundell/shellout.git @ 2.3.0
  Publish: https://github.com/JohnSundell/Publish.git @ 0.9.0
ComputePackagePrebuildTargetDependencyGraph
Prepare packages
CreateBuildRequest
SendProjectDescription
CreateBuildOperation
ComputeTargetDependencyGraph
note: Building targets in dependency order
note: Target dependency graph (20 targets)
    Target 'TidyHTMLPublishStep-product' in project 'TidyHTMLPublishStep'
        ➜ Explicit dependency on target 'TidyHTMLPublishStep' in project 'TidyHTMLPublishStep'
        ➜ Explicit dependency on target 'Publish-product' in project 'Publish'
        ➜ Explicit dependency on target 'SwiftSoup-product' in project 'SwiftSoup'
    Target 'TidyHTMLPublishStep' in project 'TidyHTMLPublishStep'
        ➜ Explicit dependency on target 'Publish-product' in project 'Publish'
        ➜ Explicit dependency on target 'SwiftSoup-product' in project 'SwiftSoup'
    Target 'SwiftSoup-product' in project 'SwiftSoup'
        ➜ Explicit dependency on target 'SwiftSoup' in project 'SwiftSoup'
    Target 'SwiftSoup' in project 'SwiftSoup' (no dependencies)
    Target 'Publish-product' in project 'Publish'
        ➜ Explicit dependency on target 'Publish' in project 'Publish'
        ➜ Explicit dependency on target 'Ink-product' in project 'Ink'
        ➜ Explicit dependency on target 'Plot-product' in project 'Plot'
        ➜ Explicit dependency on target 'Files-product' in project 'Files'
        ➜ Explicit dependency on target 'Codextended-product' in project 'Codextended'
        ➜ Explicit dependency on target 'ShellOut-product' in project 'ShellOut'
        ➜ Explicit dependency on target 'Sweep-product' in project 'Sweep'
        ➜ Explicit dependency on target 'CollectionConcurrencyKit-product' in project 'CollectionConcurrencyKit'
    Target 'Publish' in project 'Publish'
        ➜ Explicit dependency on target 'Ink-product' in project 'Ink'
        ➜ Explicit dependency on target 'Plot-product' in project 'Plot'
        ➜ Explicit dependency on target 'Files-product' in project 'Files'
        ➜ Explicit dependency on target 'Codextended-product' in project 'Codextended'
        ➜ Explicit dependency on target 'ShellOut-product' in project 'ShellOut'
        ➜ Explicit dependency on target 'Sweep-product' in project 'Sweep'
        ➜ Explicit dependency on target 'CollectionConcurrencyKit-product' in project 'CollectionConcurrencyKit'
    Target 'CollectionConcurrencyKit-product' in project 'CollectionConcurrencyKit'
        ➜ Explicit dependency on target 'CollectionConcurrencyKit' in project 'CollectionConcurrencyKit'
    Target 'CollectionConcurrencyKit' in project 'CollectionConcurrencyKit' (no dependencies)
    Target 'Sweep-product' in project 'Sweep'
        ➜ Explicit dependency on target 'Sweep' in project 'Sweep'
    Target 'Sweep' in project 'Sweep' (no dependencies)
    Target 'ShellOut-product' in project 'ShellOut'
        ➜ Explicit dependency on target 'ShellOut' in project 'ShellOut'
    Target 'ShellOut' in project 'ShellOut' (no dependencies)
    Target 'Codextended-product' in project 'Codextended'
        ➜ Explicit dependency on target 'Codextended' in project 'Codextended'
    Target 'Codextended' in project 'Codextended' (no dependencies)
    Target 'Files-product' in project 'Files'
        ➜ Explicit dependency on target 'Files' in project 'Files'
    Target 'Files' in project 'Files' (no dependencies)
    Target 'Plot-product' in project 'Plot'
        ➜ Explicit dependency on target 'Plot' in project 'Plot'
    Target 'Plot' in project 'Plot' (no dependencies)
    Target 'Ink-product' in project 'Ink'
        ➜ Explicit dependency on target 'Ink' in project 'Ink'
    Target 'Ink' in project 'Ink' (no dependencies)
GatherProvisioningInputs
CreateBuildDescription
ExecuteExternalTool /Applications/Xcode-27.0.0-Release.Candidate.app/Contents/Developer/Toolchains/XcodeDefault.xctoolchain/usr/bin/swiftc --version
ExecuteExternalTool /Applications/Xcode-27.0.0-Release.Candidate.app/Contents/Developer/Toolchains/XcodeDefault.xctoolchain/usr/bin/clang -v -E -dM -isysroot /Applications/Xcode-27.0.0-Release.Candidate.app/Contents/Developer/Platforms/iPhoneOS.platform/Developer/SDKs/iPhoneOS27.0.sdk -x c -c /dev/null
ExecuteExternalTool /Applications/Xcode-27.0.0-Release.Candidate.app/Contents/Developer/Toolchains/XcodeDefault.xctoolchain/usr/bin/ld -version_details
Build description signature: 31ce89ea0c4fcd678a13c9733b2bd862
Build description path: /Users/admin/builder/spi-builder-workspace/.derivedData/Build/Intermediates.noindex/XCBuildData/31ce89ea0c4fcd678a13c9733b2bd862.xcbuilddata
CreateBuildDirectory /Users/admin/builder/spi-builder-workspace/.derivedData/SDKExplicitPrecompiledModules
    cd /Users/admin/builder/spi-builder-workspace/.swiftpm/xcode
    builtin-create-build-directory /Users/admin/builder/spi-builder-workspace/.derivedData/SDKExplicitPrecompiledModules
CreateBuildDirectory /Users/admin/builder/spi-builder-workspace/.derivedData/ModuleCache.noindex
    cd /Users/admin/builder/spi-builder-workspace/.swiftpm/xcode
    builtin-create-build-directory /Users/admin/builder/spi-builder-workspace/.derivedData/ModuleCache.noindex
CreateBuildDirectory /Users/admin/builder/spi-builder-workspace/.derivedData/CompilationCache.noindex
    cd /Users/admin/builder/spi-builder-workspace/.swiftpm/xcode
    builtin-create-build-directory /Users/admin/builder/spi-builder-workspace/.derivedData/CompilationCache.noindex
ClangStatCache /Applications/Xcode-27.0.0-Release.Candidate.app/Contents/Developer/Toolchains/XcodeDefault.xctoolchain/usr/bin/clang-stat-cache /Applications/Xcode-27.0.0-Release.Candidate.app/Contents/Developer/Platforms/iPhoneOS.platform/Developer/SDKs/iPhoneOS27.0.sdk /Users/admin/builder/spi-builder-workspace/.derivedData/SDKStatCaches.noindex/iphoneos27.0-24A430-e829b21a6f8c9b70876ba0858053c04440ceaa042ed91876912b2eeea4e3aa14.sdkstatcache
    cd /Users/admin/builder/spi-builder-workspace/.swiftpm/xcode
    /Applications/Xcode-27.0.0-Release.Candidate.app/Contents/Developer/Toolchains/XcodeDefault.xctoolchain/usr/bin/clang-stat-cache /Applications/Xcode-27.0.0-Release.Candidate.app/Contents/Developer/Platforms/iPhoneOS.platform/Developer/SDKs/iPhoneOS27.0.sdk -o /Users/admin/builder/spi-builder-workspace/.derivedData/SDKStatCaches.noindex/iphoneos27.0-24A430-e829b21a6f8c9b70876ba0858053c04440ceaa042ed91876912b2eeea4e3aa14.sdkstatcache
CreateBuildDirectory /Users/admin/builder/spi-builder-workspace/.derivedData/Build/Intermediates.noindex
    cd /Users/admin/builder/spi-builder-workspace/.swiftpm/xcode
    builtin-create-build-directory /Users/admin/builder/spi-builder-workspace/.derivedData/Build/Intermediates.noindex
CreateBuildDirectory /Users/admin/builder/spi-builder-workspace/.derivedData/Build/Products
    cd /Users/admin/builder/spi-builder-workspace/.swiftpm/xcode
    builtin-create-build-directory /Users/admin/builder/spi-builder-workspace/.derivedData/Build/Products
CreateBuildDirectory /Users/admin/builder/spi-builder-workspace/.derivedData/Build/Intermediates.noindex/SwiftExplicitPrecompiledModules
    cd /Users/admin/builder/spi-builder-workspace/.swiftpm/xcode
    builtin-create-build-directory /Users/admin/builder/spi-builder-workspace/.derivedData/Build/Intermediates.noindex/SwiftExplicitPrecompiledModules
CreateBuildDirectory /Users/admin/builder/spi-builder-workspace/.derivedData/Build/Products/Debug-iphoneos
    cd /Users/admin/builder/spi-builder-workspace/.swiftpm/xcode
    builtin-create-build-directory /Users/admin/builder/spi-builder-workspace/.derivedData/Build/Products/Debug-iphoneos
CreateBuildDirectory /Users/admin/builder/spi-builder-workspace/.derivedData/Build/Intermediates.noindex/PrecompiledHeaders
    cd /Users/admin/builder/spi-builder-workspace/.swiftpm/xcode
    builtin-create-build-directory /Users/admin/builder/spi-builder-workspace/.derivedData/Build/Intermediates.noindex/PrecompiledHeaders
CreateBuildDirectory /Users/admin/builder/spi-builder-workspace/.derivedData/Build/Intermediates.noindex/ExplicitPrecompiledModules
    cd /Users/admin/builder/spi-builder-workspace/.swiftpm/xcode
    builtin-create-build-directory /Users/admin/builder/spi-builder-workspace/.derivedData/Build/Intermediates.noindex/ExplicitPrecompiledModules
CreateBuildDirectory /Users/admin/builder/spi-builder-workspace/.derivedData/Build/Intermediates.noindex/EagerLinkingTBDs/Debug-iphoneos
    cd /Users/admin/builder/spi-builder-workspace/.swiftpm/xcode
    builtin-create-build-directory /Users/admin/builder/spi-builder-workspace/.derivedData/Build/Intermediates.noindex/EagerLinkingTBDs/Debug-iphoneos
CreateBuildDirectory /Users/admin/builder/spi-builder-workspace/.derivedData/Build/Products/Debug-iphoneos/PackageFrameworks
    cd /Users/admin/builder/spi-builder-workspace/.swiftpm/xcode
    builtin-create-build-directory /Users/admin/builder/spi-builder-workspace/.derivedData/Build/Products/Debug-iphoneos/PackageFrameworks
WriteAuxiliaryFile /Users/admin/builder/spi-builder-workspace/.derivedData/Build/Intermediates.noindex/TidyHTMLPublishStep.build/Debug-iphoneos/TidyHTMLPublishStep-t.build/TidyHTMLPublishStep.DependencyMetadataFileList (in target 'TidyHTMLPublishStep' from project 'TidyHTMLPublishStep')
    cd /Users/admin/builder/spi-builder-workspace
    write-file /Users/admin/builder/spi-builder-workspace/.derivedData/Build/Intermediates.noindex/TidyHTMLPublishStep.build/Debug-iphoneos/TidyHTMLPublishStep-t.build/TidyHTMLPublishStep.DependencyMetadataFileList
WriteAuxiliaryFile /Users/admin/builder/spi-builder-workspace/.derivedData/Build/Intermediates.noindex/TidyHTMLPublishStep.build/Debug-iphoneos/TidyHTMLPublishStep-t.build/TidyHTMLPublishStep.modulemap (in target 'TidyHTMLPublishStep' from project 'TidyHTMLPublishStep')
    cd /Users/admin/builder/spi-builder-workspace
    write-file /Users/admin/builder/spi-builder-workspace/.derivedData/Build/Intermediates.noindex/TidyHTMLPublishStep.build/Debug-iphoneos/TidyHTMLPublishStep-t.build/TidyHTMLPublishStep.modulemap
WriteAuxiliaryFile /Users/admin/builder/spi-builder-workspace/.derivedData/Build/Intermediates.noindex/TidyHTMLPublishStep.build/Debug-iphoneos/TidyHTMLPublishStep-t.build/TidyHTMLPublishStep.DependencyStaticMetadataFileList (in target 'TidyHTMLPublishStep' from project 'TidyHTMLPublishStep')
    cd /Users/admin/builder/spi-builder-workspace
    write-file /Users/admin/builder/spi-builder-workspace/.derivedData/Build/Intermediates.noindex/TidyHTMLPublishStep.build/Debug-iphoneos/TidyHTMLPublishStep-t.build/TidyHTMLPublishStep.DependencyStaticMetadataFileList
WriteAuxiliaryFile /Users/admin/builder/spi-builder-workspace/.derivedData/Build/Intermediates.noindex/TidyHTMLPublishStep.build/Debug-iphoneos/TidyHTMLPublishStep-t.build/Objects-normal/arm64/TidyHTMLPublishStep-OutputFileMap.json (in target 'TidyHTMLPublishStep' from project 'TidyHTMLPublishStep')
    cd /Users/admin/builder/spi-builder-workspace
    write-file /Users/admin/builder/spi-builder-workspace/.derivedData/Build/Intermediates.noindex/TidyHTMLPublishStep.build/Debug-iphoneos/TidyHTMLPublishStep-t.build/Objects-normal/arm64/TidyHTMLPublishStep-OutputFileMap.json
WriteAuxiliaryFile /Users/admin/builder/spi-builder-workspace/.derivedData/Build/Intermediates.noindex/TidyHTMLPublishStep.build/Debug-iphoneos/TidyHTMLPublishStep-t.build/Objects-normal/arm64/TidyHTMLPublishStep.SwiftConstValuesFileList (in target 'TidyHTMLPublishStep' from project 'TidyHTMLPublishStep')
    cd /Users/admin/builder/spi-builder-workspace
    write-file /Users/admin/builder/spi-builder-workspace/.derivedData/Build/Intermediates.noindex/TidyHTMLPublishStep.build/Debug-iphoneos/TidyHTMLPublishStep-t.build/Objects-normal/arm64/TidyHTMLPublishStep.SwiftConstValuesFileList
WriteAuxiliaryFile /Users/admin/builder/spi-builder-workspace/.derivedData/Build/Intermediates.noindex/TidyHTMLPublishStep.build/Debug-iphoneos/TidyHTMLPublishStep-t.build/Objects-normal/arm64/TidyHTMLPublishStep_const_extract_protocols.json (in target 'TidyHTMLPublishStep' from project 'TidyHTMLPublishStep')
    cd /Users/admin/builder/spi-builder-workspace
    write-file /Users/admin/builder/spi-builder-workspace/.derivedData/Build/Intermediates.noindex/TidyHTMLPublishStep.build/Debug-iphoneos/TidyHTMLPublishStep-t.build/Objects-normal/arm64/TidyHTMLPublishStep_const_extract_protocols.json
WriteAuxiliaryFile /Users/admin/builder/spi-builder-workspace/.derivedData/Build/Intermediates.noindex/TidyHTMLPublishStep.build/Debug-iphoneos/TidyHTMLPublishStep-t.build/Objects-normal/arm64/TidyHTMLPublishStep.LinkFileList (in target 'TidyHTMLPublishStep' from project 'TidyHTMLPublishStep')
    cd /Users/admin/builder/spi-builder-workspace
    write-file /Users/admin/builder/spi-builder-workspace/.derivedData/Build/Intermediates.noindex/TidyHTMLPublishStep.build/Debug-iphoneos/TidyHTMLPublishStep-t.build/Objects-normal/arm64/TidyHTMLPublishStep.LinkFileList
WriteAuxiliaryFile /Users/admin/builder/spi-builder-workspace/.derivedData/Build/Intermediates.noindex/TidyHTMLPublishStep.build/Debug-iphoneos/TidyHTMLPublishStep-t.build/Objects-normal/arm64/TidyHTMLPublishStep.SwiftFileList (in target 'TidyHTMLPublishStep' from project 'TidyHTMLPublishStep')
    cd /Users/admin/builder/spi-builder-workspace
    write-file /Users/admin/builder/spi-builder-workspace/.derivedData/Build/Intermediates.noindex/TidyHTMLPublishStep.build/Debug-iphoneos/TidyHTMLPublishStep-t.build/Objects-normal/arm64/TidyHTMLPublishStep.SwiftFileList
WriteAuxiliaryFile /Users/admin/builder/spi-builder-workspace/.derivedData/Build/Intermediates.noindex/SwiftSoup.build/Debug-iphoneos/SwiftSoup-t.build/SwiftSoup.modulemap (in target 'SwiftSoup' from project 'SwiftSoup')
    cd /Users/admin/builder/spi-builder-workspace/.dependencies/checkouts/SwiftSoup
    write-file /Users/admin/builder/spi-builder-workspace/.derivedData/Build/Intermediates.noindex/SwiftSoup.build/Debug-iphoneos/SwiftSoup-t.build/SwiftSoup.modulemap
WriteAuxiliaryFile /Users/admin/builder/spi-builder-workspace/.derivedData/Build/Intermediates.noindex/SwiftSoup.build/Debug-iphoneos/SwiftSoup-t.build/SwiftSoup.DependencyStaticMetadataFileList (in target 'SwiftSoup' from project 'SwiftSoup')
    cd /Users/admin/builder/spi-builder-workspace/.dependencies/checkouts/SwiftSoup
    write-file /Users/admin/builder/spi-builder-workspace/.derivedData/Build/Intermediates.noindex/SwiftSoup.build/Debug-iphoneos/SwiftSoup-t.build/SwiftSoup.DependencyStaticMetadataFileList
WriteAuxiliaryFile /Users/admin/builder/spi-builder-workspace/.derivedData/Build/Intermediates.noindex/SwiftSoup.build/Debug-iphoneos/SwiftSoup-t.build/SwiftSoup.DependencyMetadataFileList (in target 'SwiftSoup' from project 'SwiftSoup')
    cd /Users/admin/builder/spi-builder-workspace/.dependencies/checkouts/SwiftSoup
    write-file /Users/admin/builder/spi-builder-workspace/.derivedData/Build/Intermediates.noindex/SwiftSoup.build/Debug-iphoneos/SwiftSoup-t.build/SwiftSoup.DependencyMetadataFileList
WriteAuxiliaryFile /Users/admin/builder/spi-builder-workspace/.derivedData/Build/Intermediates.noindex/SwiftSoup.build/Debug-iphoneos/SwiftSoup-t.build/Objects-normal/arm64/SwiftSoup_const_extract_protocols.json (in target 'SwiftSoup' from project 'SwiftSoup')
    cd /Users/admin/builder/spi-builder-workspace/.dependencies/checkouts/SwiftSoup
    write-file /Users/admin/builder/spi-builder-workspace/.derivedData/Build/Intermediates.noindex/SwiftSoup.build/Debug-iphoneos/SwiftSoup-t.build/Objects-normal/arm64/SwiftSoup_const_extract_protocols.json
WriteAuxiliaryFile /Users/admin/builder/spi-builder-workspace/.derivedData/Build/Intermediates.noindex/SwiftSoup.build/Debug-iphoneos/SwiftSoup-t.build/Objects-normal/arm64/SwiftSoup.SwiftConstValuesFileList (in target 'SwiftSoup' from project 'SwiftSoup')
    cd /Users/admin/builder/spi-builder-workspace/.dependencies/checkouts/SwiftSoup
    write-file /Users/admin/builder/spi-builder-workspace/.derivedData/Build/Intermediates.noindex/SwiftSoup.build/Debug-iphoneos/SwiftSoup-t.build/Objects-normal/arm64/SwiftSoup.SwiftConstValuesFileList
WriteAuxiliaryFile /Users/admin/builder/spi-builder-workspace/.derivedData/Build/Intermediates.noindex/SwiftSoup.build/Debug-iphoneos/SwiftSoup-t.build/Objects-normal/arm64/SwiftSoup.SwiftFileList (in target 'SwiftSoup' from project 'SwiftSoup')
    cd /Users/admin/builder/spi-builder-workspace/.dependencies/checkouts/SwiftSoup
    write-file /Users/admin/builder/spi-builder-workspace/.derivedData/Build/Intermediates.noindex/SwiftSoup.build/Debug-iphoneos/SwiftSoup-t.build/Objects-normal/arm64/SwiftSoup.SwiftFileList
WriteAuxiliaryFile /Users/admin/builder/spi-builder-workspace/.derivedData/Build/Intermediates.noindex/SwiftSoup.build/Debug-iphoneos/SwiftSoup-t.build/Objects-normal/arm64/SwiftSoup.LinkFileList (in target 'SwiftSoup' from project 'SwiftSoup')
    cd /Users/admin/builder/spi-builder-workspace/.dependencies/checkouts/SwiftSoup
    write-file /Users/admin/builder/spi-builder-workspace/.derivedData/Build/Intermediates.noindex/SwiftSoup.build/Debug-iphoneos/SwiftSoup-t.build/Objects-normal/arm64/SwiftSoup.LinkFileList
WriteAuxiliaryFile /Users/admin/builder/spi-builder-workspace/.derivedData/Build/Intermediates.noindex/SwiftSoup.build/Debug-iphoneos/SwiftSoup-t.build/Objects-normal/arm64/SwiftSoup-OutputFileMap.json (in target 'SwiftSoup' from project 'SwiftSoup')
    cd /Users/admin/builder/spi-builder-workspace/.dependencies/checkouts/SwiftSoup
    write-file /Users/admin/builder/spi-builder-workspace/.derivedData/Build/Intermediates.noindex/SwiftSoup.build/Debug-iphoneos/SwiftSoup-t.build/Objects-normal/arm64/SwiftSoup-OutputFileMap.json
WriteAuxiliaryFile /Users/admin/builder/spi-builder-workspace/.derivedData/Build/Intermediates.noindex/Sweep.build/Debug-iphoneos/Sweep-t.build/Sweep.modulemap (in target 'Sweep' from project 'Sweep')
    cd /Users/admin/builder/spi-builder-workspace/.dependencies/checkouts/sweep
    write-file /Users/admin/builder/spi-builder-workspace/.derivedData/Build/Intermediates.noindex/Sweep.build/Debug-iphoneos/Sweep-t.build/Sweep.modulemap
Copy /Users/admin/builder/spi-builder-workspace/.derivedData/Build/Intermediates.noindex/GeneratedModuleMaps-iphoneos/TidyHTMLPublishStep.modulemap /Users/admin/builder/spi-builder-workspace/.derivedData/Build/Intermediates.noindex/TidyHTMLPublishStep.build/Debug-iphoneos/TidyHTMLPublishStep-t.build/TidyHTMLPublishStep.modulemap (in target 'TidyHTMLPublishStep' from project 'TidyHTMLPublishStep')
    cd /Users/admin/builder/spi-builder-workspace
    builtin-copy -exclude .DS_Store -exclude CVS -exclude .svn -exclude .git -exclude .hg -resolve-src-symlinks /Users/admin/builder/spi-builder-workspace/.derivedData/Build/Intermediates.noindex/TidyHTMLPublishStep.build/Debug-iphoneos/TidyHTMLPublishStep-t.build/TidyHTMLPublishStep.modulemap /Users/admin/builder/spi-builder-workspace/.derivedData/Build/Intermediates.noindex/GeneratedModuleMaps-iphoneos
Copy /Users/admin/builder/spi-builder-workspace/.derivedData/Build/Intermediates.noindex/GeneratedModuleMaps-iphoneos/SwiftSoup.modulemap /Users/admin/builder/spi-builder-workspace/.derivedData/Build/Intermediates.noindex/SwiftSoup.build/Debug-iphoneos/SwiftSoup-t.build/SwiftSoup.modulemap (in target 'SwiftSoup' from project 'SwiftSoup')
    cd /Users/admin/builder/spi-builder-workspace/.dependencies/checkouts/SwiftSoup
    builtin-copy -exclude .DS_Store -exclude CVS -exclude .svn -exclude .git -exclude .hg -resolve-src-symlinks /Users/admin/builder/spi-builder-workspace/.derivedData/Build/Intermediates.noindex/SwiftSoup.build/Debug-iphoneos/SwiftSoup-t.build/SwiftSoup.modulemap /Users/admin/builder/spi-builder-workspace/.derivedData/Build/Intermediates.noindex/GeneratedModuleMaps-iphoneos
WriteAuxiliaryFile /Users/admin/builder/spi-builder-workspace/.derivedData/Build/Intermediates.noindex/Sweep.build/Debug-iphoneos/Sweep-t.build/Sweep.DependencyMetadataFileList (in target 'Sweep' from project 'Sweep')
    cd /Users/admin/builder/spi-builder-workspace/.dependencies/checkouts/sweep
    write-file /Users/admin/builder/spi-builder-workspace/.derivedData/Build/Intermediates.noindex/Sweep.build/Debug-iphoneos/Sweep-t.build/Sweep.DependencyMetadataFileList
WriteAuxiliaryFile /Users/admin/builder/spi-builder-workspace/.derivedData/Build/Intermediates.noindex/Sweep.build/Debug-iphoneos/Sweep-t.build/Sweep.DependencyStaticMetadataFileList (in target 'Sweep' from project 'Sweep')
    cd /Users/admin/builder/spi-builder-workspace/.dependencies/checkouts/sweep
    write-file /Users/admin/builder/spi-builder-workspace/.derivedData/Build/Intermediates.noindex/Sweep.build/Debug-iphoneos/Sweep-t.build/Sweep.DependencyStaticMetadataFileList
WriteAuxiliaryFile /Users/admin/builder/spi-builder-workspace/.derivedData/Build/Intermediates.noindex/Sweep.build/Debug-iphoneos/Sweep-t.build/Objects-normal/arm64/Sweep_const_extract_protocols.json (in target 'Sweep' from project 'Sweep')
    cd /Users/admin/builder/spi-builder-workspace/.dependencies/checkouts/sweep
    write-file /Users/admin/builder/spi-builder-workspace/.derivedData/Build/Intermediates.noindex/Sweep.build/Debug-iphoneos/Sweep-t.build/Objects-normal/arm64/Sweep_const_extract_protocols.json
WriteAuxiliaryFile /Users/admin/builder/spi-builder-workspace/.derivedData/Build/Intermediates.noindex/Sweep.build/Debug-iphoneos/Sweep-t.build/Objects-normal/arm64/Sweep.SwiftFileList (in target 'Sweep' from project 'Sweep')
    cd /Users/admin/builder/spi-builder-workspace/.dependencies/checkouts/sweep
    write-file /Users/admin/builder/spi-builder-workspace/.derivedData/Build/Intermediates.noindex/Sweep.build/Debug-iphoneos/Sweep-t.build/Objects-normal/arm64/Sweep.SwiftFileList
WriteAuxiliaryFile /Users/admin/builder/spi-builder-workspace/.derivedData/Build/Intermediates.noindex/Sweep.build/Debug-iphoneos/Sweep-t.build/Objects-normal/arm64/Sweep.SwiftConstValuesFileList (in target 'Sweep' from project 'Sweep')
    cd /Users/admin/builder/spi-builder-workspace/.dependencies/checkouts/sweep
    write-file /Users/admin/builder/spi-builder-workspace/.derivedData/Build/Intermediates.noindex/Sweep.build/Debug-iphoneos/Sweep-t.build/Objects-normal/arm64/Sweep.SwiftConstValuesFileList
WriteAuxiliaryFile /Users/admin/builder/spi-builder-workspace/.derivedData/Build/Intermediates.noindex/Sweep.build/Debug-iphoneos/Sweep-t.build/Objects-normal/arm64/Sweep.LinkFileList (in target 'Sweep' from project 'Sweep')
    cd /Users/admin/builder/spi-builder-workspace/.dependencies/checkouts/sweep
    write-file /Users/admin/builder/spi-builder-workspace/.derivedData/Build/Intermediates.noindex/Sweep.build/Debug-iphoneos/Sweep-t.build/Objects-normal/arm64/Sweep.LinkFileList
WriteAuxiliaryFile /Users/admin/builder/spi-builder-workspace/.derivedData/Build/Intermediates.noindex/Sweep.build/Debug-iphoneos/Sweep-t.build/Objects-normal/arm64/Sweep-OutputFileMap.json (in target 'Sweep' from project 'Sweep')
    cd /Users/admin/builder/spi-builder-workspace/.dependencies/checkouts/sweep
    write-file /Users/admin/builder/spi-builder-workspace/.derivedData/Build/Intermediates.noindex/Sweep.build/Debug-iphoneos/Sweep-t.build/Objects-normal/arm64/Sweep-OutputFileMap.json
Copy /Users/admin/builder/spi-builder-workspace/.derivedData/Build/Intermediates.noindex/GeneratedModuleMaps-iphoneos/Sweep.modulemap /Users/admin/builder/spi-builder-workspace/.derivedData/Build/Intermediates.noindex/Sweep.build/Debug-iphoneos/Sweep-t.build/Sweep.modulemap (in target 'Sweep' from project 'Sweep')
    cd /Users/admin/builder/spi-builder-workspace/.dependencies/checkouts/sweep
    builtin-copy -exclude .DS_Store -exclude CVS -exclude .svn -exclude .git -exclude .hg -resolve-src-symlinks /Users/admin/builder/spi-builder-workspace/.derivedData/Build/Intermediates.noindex/Sweep.build/Debug-iphoneos/Sweep-t.build/Sweep.modulemap /Users/admin/builder/spi-builder-workspace/.derivedData/Build/Intermediates.noindex/GeneratedModuleMaps-iphoneos
WriteAuxiliaryFile /Users/admin/builder/spi-builder-workspace/.derivedData/Build/Intermediates.noindex/ShellOut.build/Debug-iphoneos/ShellOut-t.build/ShellOut.modulemap (in target 'ShellOut' from project 'ShellOut')
    cd /Users/admin/builder/spi-builder-workspace/.dependencies/checkouts/shellout
    write-file /Users/admin/builder/spi-builder-workspace/.derivedData/Build/Intermediates.noindex/ShellOut.build/Debug-iphoneos/ShellOut-t.build/ShellOut.modulemap
WriteAuxiliaryFile /Users/admin/builder/spi-builder-workspace/.derivedData/Build/Intermediates.noindex/ShellOut.build/Debug-iphoneos/ShellOut-t.build/ShellOut.DependencyStaticMetadataFileList (in target 'ShellOut' from project 'ShellOut')
    cd /Users/admin/builder/spi-builder-workspace/.dependencies/checkouts/shellout
    write-file /Users/admin/builder/spi-builder-workspace/.derivedData/Build/Intermediates.noindex/ShellOut.build/Debug-iphoneos/ShellOut-t.build/ShellOut.DependencyStaticMetadataFileList
WriteAuxiliaryFile /Users/admin/builder/spi-builder-workspace/.derivedData/Build/Intermediates.noindex/ShellOut.build/Debug-iphoneos/ShellOut-t.build/ShellOut.DependencyMetadataFileList (in target 'ShellOut' from project 'ShellOut')
    cd /Users/admin/builder/spi-builder-workspace/.dependencies/checkouts/shellout
    write-file /Users/admin/builder/spi-builder-workspace/.derivedData/Build/Intermediates.noindex/ShellOut.build/Debug-iphoneos/ShellOut-t.build/ShellOut.DependencyMetadataFileList
WriteAuxiliaryFile /Users/admin/builder/spi-builder-workspace/.derivedData/Build/Intermediates.noindex/ShellOut.build/Debug-iphoneos/ShellOut-t.build/Objects-normal/arm64/ShellOut_const_extract_protocols.json (in target 'ShellOut' from project 'ShellOut')
    cd /Users/admin/builder/spi-builder-workspace/.dependencies/checkouts/shellout
    write-file /Users/admin/builder/spi-builder-workspace/.derivedData/Build/Intermediates.noindex/ShellOut.build/Debug-iphoneos/ShellOut-t.build/Objects-normal/arm64/ShellOut_const_extract_protocols.json
WriteAuxiliaryFile /Users/admin/builder/spi-builder-workspace/.derivedData/Build/Intermediates.noindex/ShellOut.build/Debug-iphoneos/ShellOut-t.build/Objects-normal/arm64/ShellOut.SwiftFileList (in target 'ShellOut' from project 'ShellOut')
    cd /Users/admin/builder/spi-builder-workspace/.dependencies/checkouts/shellout
    write-file /Users/admin/builder/spi-builder-workspace/.derivedData/Build/Intermediates.noindex/ShellOut.build/Debug-iphoneos/ShellOut-t.build/Objects-normal/arm64/ShellOut.SwiftFileList
WriteAuxiliaryFile /Users/admin/builder/spi-builder-workspace/.derivedData/Build/Intermediates.noindex/ShellOut.build/Debug-iphoneos/ShellOut-t.build/Objects-normal/arm64/ShellOut.SwiftConstValuesFileList (in target 'ShellOut' from project 'ShellOut')
    cd /Users/admin/builder/spi-builder-workspace/.dependencies/checkouts/shellout
    write-file /Users/admin/builder/spi-builder-workspace/.derivedData/Build/Intermediates.noindex/ShellOut.build/Debug-iphoneos/ShellOut-t.build/Objects-normal/arm64/ShellOut.SwiftConstValuesFileList
WriteAuxiliaryFile /Users/admin/builder/spi-builder-workspace/.derivedData/Build/Intermediates.noindex/ShellOut.build/Debug-iphoneos/ShellOut-t.build/Objects-normal/arm64/ShellOut.LinkFileList (in target 'ShellOut' from project 'ShellOut')
    cd /Users/admin/builder/spi-builder-workspace/.dependencies/checkouts/shellout
    write-file /Users/admin/builder/spi-builder-workspace/.derivedData/Build/Intermediates.noindex/ShellOut.build/Debug-iphoneos/ShellOut-t.build/Objects-normal/arm64/ShellOut.LinkFileList
WriteAuxiliaryFile /Users/admin/builder/spi-builder-workspace/.derivedData/Build/Intermediates.noindex/ShellOut.build/Debug-iphoneos/ShellOut-t.build/Objects-normal/arm64/ShellOut-OutputFileMap.json (in target 'ShellOut' from project 'ShellOut')
    cd /Users/admin/builder/spi-builder-workspace/.dependencies/checkouts/shellout
    write-file /Users/admin/builder/spi-builder-workspace/.derivedData/Build/Intermediates.noindex/ShellOut.build/Debug-iphoneos/ShellOut-t.build/Objects-normal/arm64/ShellOut-OutputFileMap.json
WriteAuxiliaryFile /Users/admin/builder/spi-builder-workspace/.derivedData/Build/Intermediates.noindex/Publish.build/Debug-iphoneos/Publish-t.build/Publish.modulemap (in target 'Publish' from project 'Publish')
    cd /Users/admin/builder/spi-builder-workspace/.dependencies/checkouts/Publish
    write-file /Users/admin/builder/spi-builder-workspace/.derivedData/Build/Intermediates.noindex/Publish.build/Debug-iphoneos/Publish-t.build/Publish.modulemap
Copy /Users/admin/builder/spi-builder-workspace/.derivedData/Build/Intermediates.noindex/GeneratedModuleMaps-iphoneos/ShellOut.modulemap /Users/admin/builder/spi-builder-workspace/.derivedData/Build/Intermediates.noindex/ShellOut.build/Debug-iphoneos/ShellOut-t.build/ShellOut.modulemap (in target 'ShellOut' from project 'ShellOut')
    cd /Users/admin/builder/spi-builder-workspace/.dependencies/checkouts/shellout
    builtin-copy -exclude .DS_Store -exclude CVS -exclude .svn -exclude .git -exclude .hg -resolve-src-symlinks /Users/admin/builder/spi-builder-workspace/.derivedData/Build/Intermediates.noindex/ShellOut.build/Debug-iphoneos/ShellOut-t.build/ShellOut.modulemap /Users/admin/builder/spi-builder-workspace/.derivedData/Build/Intermediates.noindex/GeneratedModuleMaps-iphoneos
WriteAuxiliaryFile /Users/admin/builder/spi-builder-workspace/.derivedData/Build/Intermediates.noindex/Publish.build/Debug-iphoneos/Publish-t.build/Publish.DependencyStaticMetadataFileList (in target 'Publish' from project 'Publish')
    cd /Users/admin/builder/spi-builder-workspace/.dependencies/checkouts/Publish
    write-file /Users/admin/builder/spi-builder-workspace/.derivedData/Build/Intermediates.noindex/Publish.build/Debug-iphoneos/Publish-t.build/Publish.DependencyStaticMetadataFileList
WriteAuxiliaryFile /Users/admin/builder/spi-builder-workspace/.derivedData/Build/Intermediates.noindex/Publish.build/Debug-iphoneos/Publish-t.build/Publish.DependencyMetadataFileList (in target 'Publish' from project 'Publish')
    cd /Users/admin/builder/spi-builder-workspace/.dependencies/checkouts/Publish
    write-file /Users/admin/builder/spi-builder-workspace/.derivedData/Build/Intermediates.noindex/Publish.build/Debug-iphoneos/Publish-t.build/Publish.DependencyMetadataFileList
WriteAuxiliaryFile /Users/admin/builder/spi-builder-workspace/.derivedData/Build/Intermediates.noindex/Publish.build/Debug-iphoneos/Publish-t.build/Objects-normal/arm64/Publish_const_extract_protocols.json (in target 'Publish' from project 'Publish')
    cd /Users/admin/builder/spi-builder-workspace/.dependencies/checkouts/Publish
    write-file /Users/admin/builder/spi-builder-workspace/.derivedData/Build/Intermediates.noindex/Publish.build/Debug-iphoneos/Publish-t.build/Objects-normal/arm64/Publish_const_extract_protocols.json
WriteAuxiliaryFile /Users/admin/builder/spi-builder-workspace/.derivedData/Build/Intermediates.noindex/Publish.build/Debug-iphoneos/Publish-t.build/Objects-normal/arm64/Publish.SwiftFileList (in target 'Publish' from project 'Publish')
    cd /Users/admin/builder/spi-builder-workspace/.dependencies/checkouts/Publish
    write-file /Users/admin/builder/spi-builder-workspace/.derivedData/Build/Intermediates.noindex/Publish.build/Debug-iphoneos/Publish-t.build/Objects-normal/arm64/Publish.SwiftFileList
WriteAuxiliaryFile /Users/admin/builder/spi-builder-workspace/.derivedData/Build/Intermediates.noindex/Publish.build/Debug-iphoneos/Publish-t.build/Objects-normal/arm64/Publish.SwiftConstValuesFileList (in target 'Publish' from project 'Publish')
    cd /Users/admin/builder/spi-builder-workspace/.dependencies/checkouts/Publish
    write-file /Users/admin/builder/spi-builder-workspace/.derivedData/Build/Intermediates.noindex/Publish.build/Debug-iphoneos/Publish-t.build/Objects-normal/arm64/Publish.SwiftConstValuesFileList
WriteAuxiliaryFile /Users/admin/builder/spi-builder-workspace/.derivedData/Build/Intermediates.noindex/Publish.build/Debug-iphoneos/Publish-t.build/Objects-normal/arm64/Publish.LinkFileList (in target 'Publish' from project 'Publish')
    cd /Users/admin/builder/spi-builder-workspace/.dependencies/checkouts/Publish
    write-file /Users/admin/builder/spi-builder-workspace/.derivedData/Build/Intermediates.noindex/Publish.build/Debug-iphoneos/Publish-t.build/Objects-normal/arm64/Publish.LinkFileList
WriteAuxiliaryFile /Users/admin/builder/spi-builder-workspace/.derivedData/Build/Intermediates.noindex/Publish.build/Debug-iphoneos/Publish-t.build/Objects-normal/arm64/Publish-OutputFileMap.json (in target 'Publish' from project 'Publish')
    cd /Users/admin/builder/spi-builder-workspace/.dependencies/checkouts/Publish
    write-file /Users/admin/builder/spi-builder-workspace/.derivedData/Build/Intermediates.noindex/Publish.build/Debug-iphoneos/Publish-t.build/Objects-normal/arm64/Publish-OutputFileMap.json
Copy /Users/admin/builder/spi-builder-workspace/.derivedData/Build/Intermediates.noindex/GeneratedModuleMaps-iphoneos/Publish.modulemap /Users/admin/builder/spi-builder-workspace/.derivedData/Build/Intermediates.noindex/Publish.build/Debug-iphoneos/Publish-t.build/Publish.modulemap (in target 'Publish' from project 'Publish')
    cd /Users/admin/builder/spi-builder-workspace/.dependencies/checkouts/Publish
    builtin-copy -exclude .DS_Store -exclude CVS -exclude .svn -exclude .git -exclude .hg -resolve-src-symlinks /Users/admin/builder/spi-builder-workspace/.derivedData/Build/Intermediates.noindex/Publish.build/Debug-iphoneos/Publish-t.build/Publish.modulemap /Users/admin/builder/spi-builder-workspace/.derivedData/Build/Intermediates.noindex/GeneratedModuleMaps-iphoneos
WriteAuxiliaryFile /Users/admin/builder/spi-builder-workspace/.derivedData/Build/Intermediates.noindex/Plot.build/Debug-iphoneos/Plot-t.build/Plot.DependencyMetadataFileList (in target 'Plot' from project 'Plot')
    cd /Users/admin/builder/spi-builder-workspace/.dependencies/checkouts/plot
    write-file /Users/admin/builder/spi-builder-workspace/.derivedData/Build/Intermediates.noindex/Plot.build/Debug-iphoneos/Plot-t.build/Plot.DependencyMetadataFileList
WriteAuxiliaryFile /Users/admin/builder/spi-builder-workspace/.derivedData/Build/Intermediates.noindex/Plot.build/Debug-iphoneos/Plot-t.build/Plot.modulemap (in target 'Plot' from project 'Plot')
    cd /Users/admin/builder/spi-builder-workspace/.dependencies/checkouts/plot
    write-file /Users/admin/builder/spi-builder-workspace/.derivedData/Build/Intermediates.noindex/Plot.build/Debug-iphoneos/Plot-t.build/Plot.modulemap
WriteAuxiliaryFile /Users/admin/builder/spi-builder-workspace/.derivedData/Build/Intermediates.noindex/Plot.build/Debug-iphoneos/Plot-t.build/Plot.DependencyStaticMetadataFileList (in target 'Plot' from project 'Plot')
    cd /Users/admin/builder/spi-builder-workspace/.dependencies/checkouts/plot
    write-file /Users/admin/builder/spi-builder-workspace/.derivedData/Build/Intermediates.noindex/Plot.build/Debug-iphoneos/Plot-t.build/Plot.DependencyStaticMetadataFileList
WriteAuxiliaryFile /Users/admin/builder/spi-builder-workspace/.derivedData/Build/Intermediates.noindex/Plot.build/Debug-iphoneos/Plot-t.build/Objects-normal/arm64/Plot_const_extract_protocols.json (in target 'Plot' from project 'Plot')
    cd /Users/admin/builder/spi-builder-workspace/.dependencies/checkouts/plot
    write-file /Users/admin/builder/spi-builder-workspace/.derivedData/Build/Intermediates.noindex/Plot.build/Debug-iphoneos/Plot-t.build/Objects-normal/arm64/Plot_const_extract_protocols.json
WriteAuxiliaryFile /Users/admin/builder/spi-builder-workspace/.derivedData/Build/Intermediates.noindex/Plot.build/Debug-iphoneos/Plot-t.build/Objects-normal/arm64/Plot.SwiftFileList (in target 'Plot' from project 'Plot')
    cd /Users/admin/builder/spi-builder-workspace/.dependencies/checkouts/plot
    write-file /Users/admin/builder/spi-builder-workspace/.derivedData/Build/Intermediates.noindex/Plot.build/Debug-iphoneos/Plot-t.build/Objects-normal/arm64/Plot.SwiftFileList
WriteAuxiliaryFile /Users/admin/builder/spi-builder-workspace/.derivedData/Build/Intermediates.noindex/Plot.build/Debug-iphoneos/Plot-t.build/Objects-normal/arm64/Plot.SwiftConstValuesFileList (in target 'Plot' from project 'Plot')
    cd /Users/admin/builder/spi-builder-workspace/.dependencies/checkouts/plot
    write-file /Users/admin/builder/spi-builder-workspace/.derivedData/Build/Intermediates.noindex/Plot.build/Debug-iphoneos/Plot-t.build/Objects-normal/arm64/Plot.SwiftConstValuesFileList
WriteAuxiliaryFile /Users/admin/builder/spi-builder-workspace/.derivedData/Build/Intermediates.noindex/Plot.build/Debug-iphoneos/Plot-t.build/Objects-normal/arm64/Plot.LinkFileList (in target 'Plot' from project 'Plot')
    cd /Users/admin/builder/spi-builder-workspace/.dependencies/checkouts/plot
    write-file /Users/admin/builder/spi-builder-workspace/.derivedData/Build/Intermediates.noindex/Plot.build/Debug-iphoneos/Plot-t.build/Objects-normal/arm64/Plot.LinkFileList
WriteAuxiliaryFile /Users/admin/builder/spi-builder-workspace/.derivedData/Build/Intermediates.noindex/Plot.build/Debug-iphoneos/Plot-t.build/Objects-normal/arm64/Plot-OutputFileMap.json (in target 'Plot' from project 'Plot')
    cd /Users/admin/builder/spi-builder-workspace/.dependencies/checkouts/plot
    write-file /Users/admin/builder/spi-builder-workspace/.derivedData/Build/Intermediates.noindex/Plot.build/Debug-iphoneos/Plot-t.build/Objects-normal/arm64/Plot-OutputFileMap.json
WriteAuxiliaryFile /Users/admin/builder/spi-builder-workspace/.derivedData/Build/Intermediates.noindex/Ink.build/Debug-iphoneos/Ink-t.build/Objects-normal/arm64/Ink_const_extract_protocols.json (in target 'Ink' from project 'Ink')
    cd /Users/admin/builder/spi-builder-workspace/.dependencies/checkouts/ink
    write-file /Users/admin/builder/spi-builder-workspace/.derivedData/Build/Intermediates.noindex/Ink.build/Debug-iphoneos/Ink-t.build/Objects-normal/arm64/Ink_const_extract_protocols.json
WriteAuxiliaryFile /Users/admin/builder/spi-builder-workspace/.derivedData/Build/Intermediates.noindex/Ink.build/Debug-iphoneos/Ink-t.build/Objects-normal/arm64/Ink.SwiftConstValuesFileList (in target 'Ink' from project 'Ink')
    cd /Users/admin/builder/spi-builder-workspace/.dependencies/checkouts/ink
    write-file /Users/admin/builder/spi-builder-workspace/.derivedData/Build/Intermediates.noindex/Ink.build/Debug-iphoneos/Ink-t.build/Objects-normal/arm64/Ink.SwiftConstValuesFileList
WriteAuxiliaryFile /Users/admin/builder/spi-builder-workspace/.derivedData/Build/Intermediates.noindex/Ink.build/Debug-iphoneos/Ink-t.build/Objects-normal/arm64/Ink.SwiftFileList (in target 'Ink' from project 'Ink')
    cd /Users/admin/builder/spi-builder-workspace/.dependencies/checkouts/ink
    write-file /Users/admin/builder/spi-builder-workspace/.derivedData/Build/Intermediates.noindex/Ink.build/Debug-iphoneos/Ink-t.build/Objects-normal/arm64/Ink.SwiftFileList
WriteAuxiliaryFile /Users/admin/builder/spi-builder-workspace/.derivedData/Build/Intermediates.noindex/Ink.build/Debug-iphoneos/Ink-t.build/Objects-normal/arm64/Ink.LinkFileList (in target 'Ink' from project 'Ink')
    cd /Users/admin/builder/spi-builder-workspace/.dependencies/checkouts/ink
    write-file /Users/admin/builder/spi-builder-workspace/.derivedData/Build/Intermediates.noindex/Ink.build/Debug-iphoneos/Ink-t.build/Objects-normal/arm64/Ink.LinkFileList
WriteAuxiliaryFile /Users/admin/builder/spi-builder-workspace/.derivedData/Build/Intermediates.noindex/Ink.build/Debug-iphoneos/Ink-t.build/Objects-normal/arm64/Ink-OutputFileMap.json (in target 'Ink' from project 'Ink')
    cd /Users/admin/builder/spi-builder-workspace/.dependencies/checkouts/ink
    write-file /Users/admin/builder/spi-builder-workspace/.derivedData/Build/Intermediates.noindex/Ink.build/Debug-iphoneos/Ink-t.build/Objects-normal/arm64/Ink-OutputFileMap.json
WriteAuxiliaryFile /Users/admin/builder/spi-builder-workspace/.derivedData/Build/Intermediates.noindex/Ink.build/Debug-iphoneos/Ink-t.build/Ink.modulemap (in target 'Ink' from project 'Ink')
    cd /Users/admin/builder/spi-builder-workspace/.dependencies/checkouts/ink
    write-file /Users/admin/builder/spi-builder-workspace/.derivedData/Build/Intermediates.noindex/Ink.build/Debug-iphoneos/Ink-t.build/Ink.modulemap
WriteAuxiliaryFile /Users/admin/builder/spi-builder-workspace/.derivedData/Build/Intermediates.noindex/Ink.build/Debug-iphoneos/Ink-t.build/Ink.DependencyStaticMetadataFileList (in target 'Ink' from project 'Ink')
    cd /Users/admin/builder/spi-builder-workspace/.dependencies/checkouts/ink
    write-file /Users/admin/builder/spi-builder-workspace/.derivedData/Build/Intermediates.noindex/Ink.build/Debug-iphoneos/Ink-t.build/Ink.DependencyStaticMetadataFileList
WriteAuxiliaryFile /Users/admin/builder/spi-builder-workspace/.derivedData/Build/Intermediates.noindex/Ink.build/Debug-iphoneos/Ink-t.build/Ink.DependencyMetadataFileList (in target 'Ink' from project 'Ink')
    cd /Users/admin/builder/spi-builder-workspace/.dependencies/checkouts/ink
    write-file /Users/admin/builder/spi-builder-workspace/.derivedData/Build/Intermediates.noindex/Ink.build/Debug-iphoneos/Ink-t.build/Ink.DependencyMetadataFileList
Copy /Users/admin/builder/spi-builder-workspace/.derivedData/Build/Intermediates.noindex/GeneratedModuleMaps-iphoneos/Plot.modulemap /Users/admin/builder/spi-builder-workspace/.derivedData/Build/Intermediates.noindex/Plot.build/Debug-iphoneos/Plot-t.build/Plot.modulemap (in target 'Plot' from project 'Plot')
    cd /Users/admin/builder/spi-builder-workspace/.dependencies/checkouts/plot
    builtin-copy -exclude .DS_Store -exclude CVS -exclude .svn -exclude .git -exclude .hg -resolve-src-symlinks /Users/admin/builder/spi-builder-workspace/.derivedData/Build/Intermediates.noindex/Plot.build/Debug-iphoneos/Plot-t.build/Plot.modulemap /Users/admin/builder/spi-builder-workspace/.derivedData/Build/Intermediates.noindex/GeneratedModuleMaps-iphoneos
WriteAuxiliaryFile /Users/admin/builder/spi-builder-workspace/.derivedData/Build/Intermediates.noindex/Files.build/Debug-iphoneos/Files-t.build/Objects-normal/arm64/Files.SwiftFileList (in target 'Files' from project 'Files')
    cd /Users/admin/builder/spi-builder-workspace/.dependencies/checkouts/files
    write-file /Users/admin/builder/spi-builder-workspace/.derivedData/Build/Intermediates.noindex/Files.build/Debug-iphoneos/Files-t.build/Objects-normal/arm64/Files.SwiftFileList
WriteAuxiliaryFile /Users/admin/builder/spi-builder-workspace/.derivedData/Build/Intermediates.noindex/Files.build/Debug-iphoneos/Files-t.build/Objects-normal/arm64/Files.SwiftConstValuesFileList (in target 'Files' from project 'Files')
    cd /Users/admin/builder/spi-builder-workspace/.dependencies/checkouts/files
    write-file /Users/admin/builder/spi-builder-workspace/.derivedData/Build/Intermediates.noindex/Files.build/Debug-iphoneos/Files-t.build/Objects-normal/arm64/Files.SwiftConstValuesFileList
WriteAuxiliaryFile /Users/admin/builder/spi-builder-workspace/.derivedData/Build/Intermediates.noindex/Files.build/Debug-iphoneos/Files-t.build/Objects-normal/arm64/Files.LinkFileList (in target 'Files' from project 'Files')
    cd /Users/admin/builder/spi-builder-workspace/.dependencies/checkouts/files
    write-file /Users/admin/builder/spi-builder-workspace/.derivedData/Build/Intermediates.noindex/Files.build/Debug-iphoneos/Files-t.build/Objects-normal/arm64/Files.LinkFileList
WriteAuxiliaryFile /Users/admin/builder/spi-builder-workspace/.derivedData/Build/Intermediates.noindex/Files.build/Debug-iphoneos/Files-t.build/Objects-normal/arm64/Files_const_extract_protocols.json (in target 'Files' from project 'Files')
    cd /Users/admin/builder/spi-builder-workspace/.dependencies/checkouts/files
    write-file /Users/admin/builder/spi-builder-workspace/.derivedData/Build/Intermediates.noindex/Files.build/Debug-iphoneos/Files-t.build/Objects-normal/arm64/Files_const_extract_protocols.json
WriteAuxiliaryFile /Users/admin/builder/spi-builder-workspace/.derivedData/Build/Intermediates.noindex/Files.build/Debug-iphoneos/Files-t.build/Objects-normal/arm64/Files-OutputFileMap.json (in target 'Files' from project 'Files')
    cd /Users/admin/builder/spi-builder-workspace/.dependencies/checkouts/files
    write-file /Users/admin/builder/spi-builder-workspace/.derivedData/Build/Intermediates.noindex/Files.build/Debug-iphoneos/Files-t.build/Objects-normal/arm64/Files-OutputFileMap.json
WriteAuxiliaryFile /Users/admin/builder/spi-builder-workspace/.derivedData/Build/Intermediates.noindex/Files.build/Debug-iphoneos/Files-t.build/Files.modulemap (in target 'Files' from project 'Files')
    cd /Users/admin/builder/spi-builder-workspace/.dependencies/checkouts/files
    write-file /Users/admin/builder/spi-builder-workspace/.derivedData/Build/Intermediates.noindex/Files.build/Debug-iphoneos/Files-t.build/Files.modulemap
WriteAuxiliaryFile /Users/admin/builder/spi-builder-workspace/.derivedData/Build/Intermediates.noindex/Files.build/Debug-iphoneos/Files-t.build/Files.DependencyStaticMetadataFileList (in target 'Files' from project 'Files')
    cd /Users/admin/builder/spi-builder-workspace/.dependencies/checkouts/files
    write-file /Users/admin/builder/spi-builder-workspace/.derivedData/Build/Intermediates.noindex/Files.build/Debug-iphoneos/Files-t.build/Files.DependencyStaticMetadataFileList
WriteAuxiliaryFile /Users/admin/builder/spi-builder-workspace/.derivedData/Build/Intermediates.noindex/Files.build/Debug-iphoneos/Files-t.build/Files.DependencyMetadataFileList (in target 'Files' from project 'Files')
    cd /Users/admin/builder/spi-builder-workspace/.dependencies/checkouts/files
    write-file /Users/admin/builder/spi-builder-workspace/.derivedData/Build/Intermediates.noindex/Files.build/Debug-iphoneos/Files-t.build/Files.DependencyMetadataFileList
Copy /Users/admin/builder/spi-builder-workspace/.derivedData/Build/Intermediates.noindex/GeneratedModuleMaps-iphoneos/Ink.modulemap /Users/admin/builder/spi-builder-workspace/.derivedData/Build/Intermediates.noindex/Ink.build/Debug-iphoneos/Ink-t.build/Ink.modulemap (in target 'Ink' from project 'Ink')
    cd /Users/admin/builder/spi-builder-workspace/.dependencies/checkouts/ink
    builtin-copy -exclude .DS_Store -exclude CVS -exclude .svn -exclude .git -exclude .hg -resolve-src-symlinks /Users/admin/builder/spi-builder-workspace/.derivedData/Build/Intermediates.noindex/Ink.build/Debug-iphoneos/Ink-t.build/Ink.modulemap /Users/admin/builder/spi-builder-workspace/.derivedData/Build/Intermediates.noindex/GeneratedModuleMaps-iphoneos
WriteAuxiliaryFile /Users/admin/builder/spi-builder-workspace/.derivedData/Build/Intermediates.noindex/CollectionConcurrencyKit.build/Debug-iphoneos/CollectionConcurrencyKit-t.build/CollectionConcurrencyKit.modulemap (in target 'CollectionConcurrencyKit' from project 'CollectionConcurrencyKit')
    cd /Users/admin/builder/spi-builder-workspace/.dependencies/checkouts/collectionConcurrencyKit
    write-file /Users/admin/builder/spi-builder-workspace/.derivedData/Build/Intermediates.noindex/CollectionConcurrencyKit.build/Debug-iphoneos/CollectionConcurrencyKit-t.build/CollectionConcurrencyKit.modulemap
WriteAuxiliaryFile /Users/admin/builder/spi-builder-workspace/.derivedData/Build/Intermediates.noindex/CollectionConcurrencyKit.build/Debug-iphoneos/CollectionConcurrencyKit-t.build/CollectionConcurrencyKit.DependencyStaticMetadataFileList (in target 'CollectionConcurrencyKit' from project 'CollectionConcurrencyKit')
    cd /Users/admin/builder/spi-builder-workspace/.dependencies/checkouts/collectionConcurrencyKit
    write-file /Users/admin/builder/spi-builder-workspace/.derivedData/Build/Intermediates.noindex/CollectionConcurrencyKit.build/Debug-iphoneos/CollectionConcurrencyKit-t.build/CollectionConcurrencyKit.DependencyStaticMetadataFileList
WriteAuxiliaryFile /Users/admin/builder/spi-builder-workspace/.derivedData/Build/Intermediates.noindex/CollectionConcurrencyKit.build/Debug-iphoneos/CollectionConcurrencyKit-t.build/CollectionConcurrencyKit.DependencyMetadataFileList (in target 'CollectionConcurrencyKit' from project 'CollectionConcurrencyKit')
    cd /Users/admin/builder/spi-builder-workspace/.dependencies/checkouts/collectionConcurrencyKit
    write-file /Users/admin/builder/spi-builder-workspace/.derivedData/Build/Intermediates.noindex/CollectionConcurrencyKit.build/Debug-iphoneos/CollectionConcurrencyKit-t.build/CollectionConcurrencyKit.DependencyMetadataFileList
WriteAuxiliaryFile /Users/admin/builder/spi-builder-workspace/.derivedData/Build/Intermediates.noindex/CollectionConcurrencyKit.build/Debug-iphoneos/CollectionConcurrencyKit-t.build/Objects-normal/arm64/CollectionConcurrencyKit_const_extract_protocols.json (in target 'CollectionConcurrencyKit' from project 'CollectionConcurrencyKit')
    cd /Users/admin/builder/spi-builder-workspace/.dependencies/checkouts/collectionConcurrencyKit
    write-file /Users/admin/builder/spi-builder-workspace/.derivedData/Build/Intermediates.noindex/CollectionConcurrencyKit.build/Debug-iphoneos/CollectionConcurrencyKit-t.build/Objects-normal/arm64/CollectionConcurrencyKit_const_extract_protocols.json
WriteAuxiliaryFile /Users/admin/builder/spi-builder-workspace/.derivedData/Build/Intermediates.noindex/CollectionConcurrencyKit.build/Debug-iphoneos/CollectionConcurrencyKit-t.build/Objects-normal/arm64/CollectionConcurrencyKit.SwiftConstValuesFileList (in target 'CollectionConcurrencyKit' from project 'CollectionConcurrencyKit')
    cd /Users/admin/builder/spi-builder-workspace/.dependencies/checkouts/collectionConcurrencyKit
    write-file /Users/admin/builder/spi-builder-workspace/.derivedData/Build/Intermediates.noindex/CollectionConcurrencyKit.build/Debug-iphoneos/CollectionConcurrencyKit-t.build/Objects-normal/arm64/CollectionConcurrencyKit.SwiftConstValuesFileList
WriteAuxiliaryFile /Users/admin/builder/spi-builder-workspace/.derivedData/Build/Intermediates.noindex/CollectionConcurrencyKit.build/Debug-iphoneos/CollectionConcurrencyKit-t.build/Objects-normal/arm64/CollectionConcurrencyKit-OutputFileMap.json (in target 'CollectionConcurrencyKit' from project 'CollectionConcurrencyKit')
    cd /Users/admin/builder/spi-builder-workspace/.dependencies/checkouts/collectionConcurrencyKit
    write-file /Users/admin/builder/spi-builder-workspace/.derivedData/Build/Intermediates.noindex/CollectionConcurrencyKit.build/Debug-iphoneos/CollectionConcurrencyKit-t.build/Objects-normal/arm64/CollectionConcurrencyKit-OutputFileMap.json
WriteAuxiliaryFile /Users/admin/builder/spi-builder-workspace/.derivedData/Build/Intermediates.noindex/CollectionConcurrencyKit.build/Debug-iphoneos/CollectionConcurrencyKit-t.build/Objects-normal/arm64/CollectionConcurrencyKit.SwiftFileList (in target 'CollectionConcurrencyKit' from project 'CollectionConcurrencyKit')
    cd /Users/admin/builder/spi-builder-workspace/.dependencies/checkouts/collectionConcurrencyKit
    write-file /Users/admin/builder/spi-builder-workspace/.derivedData/Build/Intermediates.noindex/CollectionConcurrencyKit.build/Debug-iphoneos/CollectionConcurrencyKit-t.build/Objects-normal/arm64/CollectionConcurrencyKit.SwiftFileList
WriteAuxiliaryFile /Users/admin/builder/spi-builder-workspace/.derivedData/Build/Intermediates.noindex/CollectionConcurrencyKit.build/Debug-iphoneos/CollectionConcurrencyKit-t.build/Objects-normal/arm64/CollectionConcurrencyKit.LinkFileList (in target 'CollectionConcurrencyKit' from project 'CollectionConcurrencyKit')
    cd /Users/admin/builder/spi-builder-workspace/.dependencies/checkouts/collectionConcurrencyKit
    write-file /Users/admin/builder/spi-builder-workspace/.derivedData/Build/Intermediates.noindex/CollectionConcurrencyKit.build/Debug-iphoneos/CollectionConcurrencyKit-t.build/Objects-normal/arm64/CollectionConcurrencyKit.LinkFileList
Copy /Users/admin/builder/spi-builder-workspace/.derivedData/Build/Intermediates.noindex/GeneratedModuleMaps-iphoneos/Files.modulemap /Users/admin/builder/spi-builder-workspace/.derivedData/Build/Intermediates.noindex/Files.build/Debug-iphoneos/Files-t.build/Files.modulemap (in target 'Files' from project 'Files')
    cd /Users/admin/builder/spi-builder-workspace/.dependencies/checkouts/files
    builtin-copy -exclude .DS_Store -exclude CVS -exclude .svn -exclude .git -exclude .hg -resolve-src-symlinks /Users/admin/builder/spi-builder-workspace/.derivedData/Build/Intermediates.noindex/Files.build/Debug-iphoneos/Files-t.build/Files.modulemap /Users/admin/builder/spi-builder-workspace/.derivedData/Build/Intermediates.noindex/GeneratedModuleMaps-iphoneos
Copy /Users/admin/builder/spi-builder-workspace/.derivedData/Build/Intermediates.noindex/GeneratedModuleMaps-iphoneos/CollectionConcurrencyKit.modulemap /Users/admin/builder/spi-builder-workspace/.derivedData/Build/Intermediates.noindex/CollectionConcurrencyKit.build/Debug-iphoneos/CollectionConcurrencyKit-t.build/CollectionConcurrencyKit.modulemap (in target 'CollectionConcurrencyKit' from project 'CollectionConcurrencyKit')
    cd /Users/admin/builder/spi-builder-workspace/.dependencies/checkouts/collectionConcurrencyKit
    builtin-copy -exclude .DS_Store -exclude CVS -exclude .svn -exclude .git -exclude .hg -resolve-src-symlinks /Users/admin/builder/spi-builder-workspace/.derivedData/Build/Intermediates.noindex/CollectionConcurrencyKit.build/Debug-iphoneos/CollectionConcurrencyKit-t.build/CollectionConcurrencyKit.modulemap /Users/admin/builder/spi-builder-workspace/.derivedData/Build/Intermediates.noindex/GeneratedModuleMaps-iphoneos
WriteAuxiliaryFile /Users/admin/builder/spi-builder-workspace/.derivedData/Build/Intermediates.noindex/Codextended.build/Debug-iphoneos/Codextended-t.build/Codextended.DependencyMetadataFileList (in target 'Codextended' from project 'Codextended')
    cd /Users/admin/builder/spi-builder-workspace/.dependencies/checkouts/codextended
    write-file /Users/admin/builder/spi-builder-workspace/.derivedData/Build/Intermediates.noindex/Codextended.build/Debug-iphoneos/Codextended-t.build/Codextended.DependencyMetadataFileList
WriteAuxiliaryFile /Users/admin/builder/spi-builder-workspace/.derivedData/Build/Intermediates.noindex/Codextended.build/Debug-iphoneos/Codextended-t.build/Codextended.modulemap (in target 'Codextended' from project 'Codextended')
    cd /Users/admin/builder/spi-builder-workspace/.dependencies/checkouts/codextended
    write-file /Users/admin/builder/spi-builder-workspace/.derivedData/Build/Intermediates.noindex/Codextended.build/Debug-iphoneos/Codextended-t.build/Codextended.modulemap
WriteAuxiliaryFile /Users/admin/builder/spi-builder-workspace/.derivedData/Build/Intermediates.noindex/Codextended.build/Debug-iphoneos/Codextended-t.build/Codextended.DependencyStaticMetadataFileList (in target 'Codextended' from project 'Codextended')
    cd /Users/admin/builder/spi-builder-workspace/.dependencies/checkouts/codextended
    write-file /Users/admin/builder/spi-builder-workspace/.derivedData/Build/Intermediates.noindex/Codextended.build/Debug-iphoneos/Codextended-t.build/Codextended.DependencyStaticMetadataFileList
WriteAuxiliaryFile /Users/admin/builder/spi-builder-workspace/.derivedData/Build/Intermediates.noindex/Codextended.build/Debug-iphoneos/Codextended-t.build/Objects-normal/arm64/Codextended-OutputFileMap.json (in target 'Codextended' from project 'Codextended')
    cd /Users/admin/builder/spi-builder-workspace/.dependencies/checkouts/codextended
    write-file /Users/admin/builder/spi-builder-workspace/.derivedData/Build/Intermediates.noindex/Codextended.build/Debug-iphoneos/Codextended-t.build/Objects-normal/arm64/Codextended-OutputFileMap.json
WriteAuxiliaryFile /Users/admin/builder/spi-builder-workspace/.derivedData/Build/Intermediates.noindex/Codextended.build/Debug-iphoneos/Codextended-t.build/Objects-normal/arm64/Codextended_const_extract_protocols.json (in target 'Codextended' from project 'Codextended')
    cd /Users/admin/builder/spi-builder-workspace/.dependencies/checkouts/codextended
    write-file /Users/admin/builder/spi-builder-workspace/.derivedData/Build/Intermediates.noindex/Codextended.build/Debug-iphoneos/Codextended-t.build/Objects-normal/arm64/Codextended_const_extract_protocols.json
WriteAuxiliaryFile /Users/admin/builder/spi-builder-workspace/.derivedData/Build/Intermediates.noindex/Codextended.build/Debug-iphoneos/Codextended-t.build/Objects-normal/arm64/Codextended.SwiftConstValuesFileList (in target 'Codextended' from project 'Codextended')
    cd /Users/admin/builder/spi-builder-workspace/.dependencies/checkouts/codextended
    write-file /Users/admin/builder/spi-builder-workspace/.derivedData/Build/Intermediates.noindex/Codextended.build/Debug-iphoneos/Codextended-t.build/Objects-normal/arm64/Codextended.SwiftConstValuesFileList
WriteAuxiliaryFile /Users/admin/builder/spi-builder-workspace/.derivedData/Build/Intermediates.noindex/Codextended.build/Debug-iphoneos/Codextended-t.build/Objects-normal/arm64/Codextended.LinkFileList (in target 'Codextended' from project 'Codextended')
    cd /Users/admin/builder/spi-builder-workspace/.dependencies/checkouts/codextended
    write-file /Users/admin/builder/spi-builder-workspace/.derivedData/Build/Intermediates.noindex/Codextended.build/Debug-iphoneos/Codextended-t.build/Objects-normal/arm64/Codextended.LinkFileList
WriteAuxiliaryFile /Users/admin/builder/spi-builder-workspace/.derivedData/Build/Intermediates.noindex/Codextended.build/Debug-iphoneos/Codextended-t.build/Objects-normal/arm64/Codextended.SwiftFileList (in target 'Codextended' from project 'Codextended')
    cd /Users/admin/builder/spi-builder-workspace/.dependencies/checkouts/codextended
    write-file /Users/admin/builder/spi-builder-workspace/.derivedData/Build/Intermediates.noindex/Codextended.build/Debug-iphoneos/Codextended-t.build/Objects-normal/arm64/Codextended.SwiftFileList
Copy /Users/admin/builder/spi-builder-workspace/.derivedData/Build/Intermediates.noindex/GeneratedModuleMaps-iphoneos/Codextended.modulemap /Users/admin/builder/spi-builder-workspace/.derivedData/Build/Intermediates.noindex/Codextended.build/Debug-iphoneos/Codextended-t.build/Codextended.modulemap (in target 'Codextended' from project 'Codextended')
    cd /Users/admin/builder/spi-builder-workspace/.dependencies/checkouts/codextended
    builtin-copy -exclude .DS_Store -exclude CVS -exclude .svn -exclude .git -exclude .hg -resolve-src-symlinks /Users/admin/builder/spi-builder-workspace/.derivedData/Build/Intermediates.noindex/Codextended.build/Debug-iphoneos/Codextended-t.build/Codextended.modulemap /Users/admin/builder/spi-builder-workspace/.derivedData/Build/Intermediates.noindex/GeneratedModuleMaps-iphoneos
SwiftDriver SwiftSoup normal arm64 com.apple.xcode.tools.swift.compiler (in target 'SwiftSoup' from project 'SwiftSoup')
    cd /Users/admin/builder/spi-builder-workspace/.swiftpm/xcode
    builtin-SwiftDriver -- /Applications/Xcode-27.0.0-Release.Candidate.app/Contents/Developer/Toolchains/XcodeDefault.xctoolchain/usr/bin/swiftc -parse-as-library -module-name SwiftSoup -Onone @/Users/admin/builder/spi-builder-workspace/.derivedData/Build/Intermediates.noindex/SwiftSoup.build/Debug-iphoneos/SwiftSoup-t.build/Objects-normal/arm64/SwiftSoup.SwiftFileList -DSWIFT_PACKAGE -DDEBUG -DSWIFT_MODULE_RESOURCE_BUNDLE_UNAVAILABLE -DXcode -plugin-path /Applications/Xcode-27.0.0-Release.Candidate.app/Contents/Developer/Toolchains/XcodeDefault.xctoolchain/usr/lib/swift/host/plugins/testing -enable-experimental-feature DebugDescriptionMacro -sdk /Applications/Xcode-27.0.0-Release.Candidate.app/Contents/Developer/Platforms/iPhoneOS.platform/Developer/SDKs/iPhoneOS27.0.sdk -target arm64-apple-ios15.0 -g -module-cache-path /Users/admin/builder/spi-builder-workspace/.derivedData/ModuleCache.noindex -Xfrontend -serialize-debugging-options -profile-coverage-mapping -profile-generate -enable-testing -suppress-warnings -index-store-path /Users/admin/builder/spi-builder-workspace/.derivedData/Index.noindex/DataStore -Xcc -D_LIBCPP_HARDENING_MODE\=_LIBCPP_HARDENING_MODE_DEBUG -swift-version 6 -I /Users/admin/builder/spi-builder-workspace/.derivedData/Build/Products/Debug-iphoneos -Isystem /Applications/Xcode-27.0.0-Release.Candidate.app/Contents/Developer/Platforms/iPhoneOS.platform/Developer/usr/lib -F /Users/admin/builder/spi-builder-workspace/.derivedData/Build/Products/Debug-iphoneos -F /Applications/Xcode-27.0.0-Release.Candidate.app/Contents/Developer/Platforms/iPhoneOS.platform/Developer/Library/Frameworks -F /Applications/Xcode-27.0.0-Release.Candidate.app/Contents/Developer/Platforms/iPhoneOS.platform/Developer/SDKs/iPhoneOS27.0.sdk/Developer/Library/Frameworks -c -j10 -enable-batch-mode -incremental -Xcc -ivfsstatcache -Xcc /Users/admin/builder/spi-builder-workspace/.derivedData/SDKStatCaches.noindex/iphoneos27.0-24A430-e829b21a6f8c9b70876ba0858053c04440ceaa042ed91876912b2eeea4e3aa14.sdkstatcache -output-file-map /Users/admin/builder/spi-builder-workspace/.derivedData/Build/Intermediates.noindex/SwiftSoup.build/Debug-iphoneos/SwiftSoup-t.build/Objects-normal/arm64/SwiftSoup-OutputFileMap.json -save-temps -no-color-diagnostics -explicit-module-build -module-cache-path /Users/admin/builder/spi-builder-workspace/.derivedData/Build/Intermediates.noindex/SwiftExplicitPrecompiledModules -clang-scanner-module-cache-path /Users/admin/builder/spi-builder-workspace/.derivedData/ModuleCache.noindex -sdk-module-cache-path /Users/admin/builder/spi-builder-workspace/.derivedData/SDKExplicitPrecompiledModules -emit-dependencies -emit-module -emit-module-path /Users/admin/builder/spi-builder-workspace/.derivedData/Build/Intermediates.noindex/SwiftSoup.build/Debug-iphoneos/SwiftSoup-t.build/Objects-normal/arm64/SwiftSoup.swiftmodule -serialize-diagnostics -dependency-scan-serialize-diagnostics-path /Users/admin/builder/spi-builder-workspace/.derivedData/Build/Intermediates.noindex/SwiftSoup.build/Debug-iphoneos/SwiftSoup-t.build/Objects-normal/arm64/SwiftSoup-dependency-scan.dia -user-module-version 2.13.9 -validate-clang-modules-once -clang-build-session-file /Users/admin/builder/spi-builder-workspace/.derivedData/ModuleCache.noindex/Session.modulevalidation -Xcc -fmodules-prune-interval\=86400 -Xcc -fmodules-prune-after\=345600 -package-name swiftsoup -emit-const-values -const-gather-protocols-list /Users/admin/builder/spi-builder-workspace/.derivedData/Build/Intermediates.noindex/SwiftSoup.build/Debug-iphoneos/SwiftSoup-t.build/Objects-normal/arm64/SwiftSoup_const_extract_protocols.json -Xcc -I/Users/admin/builder/spi-builder-workspace/.derivedData/Build/Products/Debug-iphoneos/include -Xcc -I/Users/admin/builder/spi-builder-workspace/.derivedData/Build/Intermediates.noindex/SwiftSoup.build/Debug-iphoneos/SwiftSoup-t.build/DerivedSources-normal/arm64 -Xcc -I/Users/admin/builder/spi-builder-workspace/.derivedData/Build/Intermediates.noindex/SwiftSoup.build/Debug-iphoneos/SwiftSoup-t.build/DerivedSources/arm64 -Xcc -I/Users/admin/builder/spi-builder-workspace/.derivedData/Build/Intermediates.noindex/SwiftSoup.build/Debug-iphoneos/SwiftSoup-t.build/DerivedSources -Xcc -DSWIFT_PACKAGE -Xcc -DDEBUG\=1 -emit-objc-header -emit-objc-header-path /Users/admin/builder/spi-builder-workspace/.derivedData/Build/Intermediates.noindex/SwiftSoup.build/Debug-iphoneos/SwiftSoup-t.build/Objects-normal/arm64/SwiftSoup-Swift.h -working-directory /Users/admin/builder/spi-builder-workspace/.swiftpm/xcode -experimental-emit-module-separately -disable-cmo
SwiftDriver Plot normal arm64 com.apple.xcode.tools.swift.compiler (in target 'Plot' from project 'Plot')
    cd /Users/admin/builder/spi-builder-workspace/.swiftpm/xcode
    builtin-SwiftDriver -- /Applications/Xcode-27.0.0-Release.Candidate.app/Contents/Developer/Toolchains/XcodeDefault.xctoolchain/usr/bin/swiftc -parse-as-library -module-name Plot -Onone @/Users/admin/builder/spi-builder-workspace/.derivedData/Build/Intermediates.noindex/Plot.build/Debug-iphoneos/Plot-t.build/Objects-normal/arm64/Plot.SwiftFileList -DSWIFT_PACKAGE -DDEBUG -DSWIFT_MODULE_RESOURCE_BUNDLE_UNAVAILABLE -DXcode -plugin-path /Applications/Xcode-27.0.0-Release.Candidate.app/Contents/Developer/Toolchains/XcodeDefault.xctoolchain/usr/lib/swift/host/plugins/testing -enable-experimental-feature DebugDescriptionMacro -sdk /Applications/Xcode-27.0.0-Release.Candidate.app/Contents/Developer/Platforms/iPhoneOS.platform/Developer/SDKs/iPhoneOS27.0.sdk -target arm64-apple-ios15.0 -g -module-cache-path /Users/admin/builder/spi-builder-workspace/.derivedData/ModuleCache.noindex -Xfrontend -serialize-debugging-options -profile-coverage-mapping -profile-generate -enable-testing -suppress-warnings -index-store-path /Users/admin/builder/spi-builder-workspace/.derivedData/Index.noindex/DataStore -Xcc -D_LIBCPP_HARDENING_MODE\=_LIBCPP_HARDENING_MODE_DEBUG -swift-version 5 -I /Users/admin/builder/spi-builder-workspace/.derivedData/Build/Products/Debug-iphoneos -Isystem /Applications/Xcode-27.0.0-Release.Candidate.app/Contents/Developer/Platforms/iPhoneOS.platform/Developer/usr/lib -F /Users/admin/builder/spi-builder-workspace/.derivedData/Build/Products/Debug-iphoneos -F /Applications/Xcode-27.0.0-Release.Candidate.app/Contents/Developer/Platforms/iPhoneOS.platform/Developer/Library/Frameworks -F /Applications/Xcode-27.0.0-Release.Candidate.app/Contents/Developer/Platforms/iPhoneOS.platform/Developer/SDKs/iPhoneOS27.0.sdk/Developer/Library/Frameworks -c -j10 -enable-batch-mode -incremental -Xcc -ivfsstatcache -Xcc /Users/admin/builder/spi-builder-workspace/.derivedData/SDKStatCaches.noindex/iphoneos27.0-24A430-e829b21a6f8c9b70876ba0858053c04440ceaa042ed91876912b2eeea4e3aa14.sdkstatcache -output-file-map /Users/admin/builder/spi-builder-workspace/.derivedData/Build/Intermediates.noindex/Plot.build/Debug-iphoneos/Plot-t.build/Objects-normal/arm64/Plot-OutputFileMap.json -save-temps -no-color-diagnostics -explicit-module-build -module-cache-path /Users/admin/builder/spi-builder-workspace/.derivedData/Build/Intermediates.noindex/SwiftExplicitPrecompiledModules -clang-scanner-module-cache-path /Users/admin/builder/spi-builder-workspace/.derivedData/ModuleCache.noindex -sdk-module-cache-path /Users/admin/builder/spi-builder-workspace/.derivedData/SDKExplicitPrecompiledModules -emit-dependencies -emit-module -emit-module-path /Users/admin/builder/spi-builder-workspace/.derivedData/Build/Intermediates.noindex/Plot.build/Debug-iphoneos/Plot-t.build/Objects-normal/arm64/Plot.swiftmodule -serialize-diagnostics -dependency-scan-serialize-diagnostics-path /Users/admin/builder/spi-builder-workspace/.derivedData/Build/Intermediates.noindex/Plot.build/Debug-iphoneos/Plot-t.build/Objects-normal/arm64/Plot-dependency-scan.dia -validate-clang-modules-once -clang-build-session-file /Users/admin/builder/spi-builder-workspace/.derivedData/ModuleCache.noindex/Session.modulevalidation -Xcc -fmodules-prune-interval\=86400 -Xcc -fmodules-prune-after\=345600 -emit-const-values -const-gather-protocols-list /Users/admin/builder/spi-builder-workspace/.derivedData/Build/Intermediates.noindex/Plot.build/Debug-iphoneos/Plot-t.build/Objects-normal/arm64/Plot_const_extract_protocols.json -Xcc -I/Users/admin/builder/spi-builder-workspace/.derivedData/Build/Products/Debug-iphoneos/include -Xcc -I/Users/admin/builder/spi-builder-workspace/.derivedData/Build/Intermediates.noindex/Plot.build/Debug-iphoneos/Plot-t.build/DerivedSources-normal/arm64 -Xcc -I/Users/admin/builder/spi-builder-workspace/.derivedData/Build/Intermediates.noindex/Plot.build/Debug-iphoneos/Plot-t.build/DerivedSources/arm64 -Xcc -I/Users/admin/builder/spi-builder-workspace/.derivedData/Build/Intermediates.noindex/Plot.build/Debug-iphoneos/Plot-t.build/DerivedSources -Xcc -DSWIFT_PACKAGE -Xcc -DDEBUG\=1 -emit-objc-header -emit-objc-header-path /Users/admin/builder/spi-builder-workspace/.derivedData/Build/Intermediates.noindex/Plot.build/Debug-iphoneos/Plot-t.build/Objects-normal/arm64/Plot-Swift.h -working-directory /Users/admin/builder/spi-builder-workspace/.swiftpm/xcode -experimental-emit-module-separately -disable-cmo
SwiftDriver ShellOut normal arm64 com.apple.xcode.tools.swift.compiler (in target 'ShellOut' from project 'ShellOut')
    cd /Users/admin/builder/spi-builder-workspace/.swiftpm/xcode
    builtin-SwiftDriver -- /Applications/Xcode-27.0.0-Release.Candidate.app/Contents/Developer/Toolchains/XcodeDefault.xctoolchain/usr/bin/swiftc -parse-as-library -module-name ShellOut -Onone @/Users/admin/builder/spi-builder-workspace/.derivedData/Build/Intermediates.noindex/ShellOut.build/Debug-iphoneos/ShellOut-t.build/Objects-normal/arm64/ShellOut.SwiftFileList -DSWIFT_PACKAGE -DDEBUG -DSWIFT_MODULE_RESOURCE_BUNDLE_UNAVAILABLE -DXcode -plugin-path /Applications/Xcode-27.0.0-Release.Candidate.app/Contents/Developer/Toolchains/XcodeDefault.xctoolchain/usr/lib/swift/host/plugins/testing -enable-experimental-feature DebugDescriptionMacro -sdk /Applications/Xcode-27.0.0-Release.Candidate.app/Contents/Developer/Platforms/iPhoneOS.platform/Developer/SDKs/iPhoneOS27.0.sdk -target arm64-apple-ios15.0 -g -module-cache-path /Users/admin/builder/spi-builder-workspace/.derivedData/ModuleCache.noindex -Xfrontend -serialize-debugging-options -profile-coverage-mapping -profile-generate -enable-testing -suppress-warnings -index-store-path /Users/admin/builder/spi-builder-workspace/.derivedData/Index.noindex/DataStore -Xcc -D_LIBCPP_HARDENING_MODE\=_LIBCPP_HARDENING_MODE_DEBUG -swift-version 4.2 -I /Users/admin/builder/spi-builder-workspace/.derivedData/Build/Products/Debug-iphoneos -Isystem /Applications/Xcode-27.0.0-Release.Candidate.app/Contents/Developer/Platforms/iPhoneOS.platform/Developer/usr/lib -F /Users/admin/builder/spi-builder-workspace/.derivedData/Build/Products/Debug-iphoneos -F /Applications/Xcode-27.0.0-Release.Candidate.app/Contents/Developer/Platforms/iPhoneOS.platform/Developer/Library/Frameworks -F /Applications/Xcode-27.0.0-Release.Candidate.app/Contents/Developer/Platforms/iPhoneOS.platform/Developer/SDKs/iPhoneOS27.0.sdk/Developer/Library/Frameworks -c -j10 -enable-batch-mode -incremental -Xcc -ivfsstatcache -Xcc /Users/admin/builder/spi-builder-workspace/.derivedData/SDKStatCaches.noindex/iphoneos27.0-24A430-e829b21a6f8c9b70876ba0858053c04440ceaa042ed91876912b2eeea4e3aa14.sdkstatcache -output-file-map /Users/admin/builder/spi-builder-workspace/.derivedData/Build/Intermediates.noindex/ShellOut.build/Debug-iphoneos/ShellOut-t.build/Objects-normal/arm64/ShellOut-OutputFileMap.json -save-temps -no-color-diagnostics -emit-dependencies -emit-module -emit-module-path /Users/admin/builder/spi-builder-workspace/.derivedData/Build/Intermediates.noindex/ShellOut.build/Debug-iphoneos/ShellOut-t.build/Objects-normal/arm64/ShellOut.swiftmodule -serialize-diagnostics -validate-clang-modules-once -clang-build-session-file /Users/admin/builder/spi-builder-workspace/.derivedData/ModuleCache.noindex/Session.modulevalidation -Xcc -fmodules-prune-interval\=86400 -Xcc -fmodules-prune-after\=345600 -emit-const-values -const-gather-protocols-list /Users/admin/builder/spi-builder-workspace/.derivedData/Build/Intermediates.noindex/ShellOut.build/Debug-iphoneos/ShellOut-t.build/Objects-normal/arm64/ShellOut_const_extract_protocols.json -Xcc -I/Users/admin/builder/spi-builder-workspace/.derivedData/Build/Products/Debug-iphoneos/include -Xcc -I/Users/admin/builder/spi-builder-workspace/.derivedData/Build/Intermediates.noindex/ShellOut.build/Debug-iphoneos/ShellOut-t.build/DerivedSources-normal/arm64 -Xcc -I/Users/admin/builder/spi-builder-workspace/.derivedData/Build/Intermediates.noindex/ShellOut.build/Debug-iphoneos/ShellOut-t.build/DerivedSources/arm64 -Xcc -I/Users/admin/builder/spi-builder-workspace/.derivedData/Build/Intermediates.noindex/ShellOut.build/Debug-iphoneos/ShellOut-t.build/DerivedSources -Xcc -DSWIFT_PACKAGE -Xcc -DDEBUG\=1 -emit-objc-header -emit-objc-header-path /Users/admin/builder/spi-builder-workspace/.derivedData/Build/Intermediates.noindex/ShellOut.build/Debug-iphoneos/ShellOut-t.build/Objects-normal/arm64/ShellOut-Swift.h -working-directory /Users/admin/builder/spi-builder-workspace/.swiftpm/xcode -experimental-emit-module-separately -disable-cmo
SwiftDriver Sweep normal arm64 com.apple.xcode.tools.swift.compiler (in target 'Sweep' from project 'Sweep')
    cd /Users/admin/builder/spi-builder-workspace/.swiftpm/xcode
    builtin-SwiftDriver -- /Applications/Xcode-27.0.0-Release.Candidate.app/Contents/Developer/Toolchains/XcodeDefault.xctoolchain/usr/bin/swiftc -parse-as-library -module-name Sweep -Onone @/Users/admin/builder/spi-builder-workspace/.derivedData/Build/Intermediates.noindex/Sweep.build/Debug-iphoneos/Sweep-t.build/Objects-normal/arm64/Sweep.SwiftFileList -DSWIFT_PACKAGE -DDEBUG -DSWIFT_MODULE_RESOURCE_BUNDLE_UNAVAILABLE -DXcode -plugin-path /Applications/Xcode-27.0.0-Release.Candidate.app/Contents/Developer/Toolchains/XcodeDefault.xctoolchain/usr/lib/swift/host/plugins/testing -enable-experimental-feature DebugDescriptionMacro -sdk /Applications/Xcode-27.0.0-Release.Candidate.app/Contents/Developer/Platforms/iPhoneOS.platform/Developer/SDKs/iPhoneOS27.0.sdk -target arm64-apple-ios15.0 -g -module-cache-path /Users/admin/builder/spi-builder-workspace/.derivedData/ModuleCache.noindex -Xfrontend -serialize-debugging-options -profile-coverage-mapping -profile-generate -enable-testing -suppress-warnings -index-store-path /Users/admin/builder/spi-builder-workspace/.derivedData/Index.noindex/DataStore -Xcc -D_LIBCPP_HARDENING_MODE\=_LIBCPP_HARDENING_MODE_DEBUG -swift-version 5 -I /Users/admin/builder/spi-builder-workspace/.derivedData/Build/Products/Debug-iphoneos -Isystem /Applications/Xcode-27.0.0-Release.Candidate.app/Contents/Developer/Platforms/iPhoneOS.platform/Developer/usr/lib -F /Users/admin/builder/spi-builder-workspace/.derivedData/Build/Products/Debug-iphoneos -F /Applications/Xcode-27.0.0-Release.Candidate.app/Contents/Developer/Platforms/iPhoneOS.platform/Developer/Library/Frameworks -F /Applications/Xcode-27.0.0-Release.Candidate.app/Contents/Developer/Platforms/iPhoneOS.platform/Developer/SDKs/iPhoneOS27.0.sdk/Developer/Library/Frameworks -c -j10 -enable-batch-mode -incremental -Xcc -ivfsstatcache -Xcc /Users/admin/builder/spi-builder-workspace/.derivedData/SDKStatCaches.noindex/iphoneos27.0-24A430-e829b21a6f8c9b70876ba0858053c04440ceaa042ed91876912b2eeea4e3aa14.sdkstatcache -output-file-map /Users/admin/builder/spi-builder-workspace/.derivedData/Build/Intermediates.noindex/Sweep.build/Debug-iphoneos/Sweep-t.build/Objects-normal/arm64/Sweep-OutputFileMap.json -save-temps -no-color-diagnostics -explicit-module-build -module-cache-path /Users/admin/builder/spi-builder-workspace/.derivedData/Build/Intermediates.noindex/SwiftExplicitPrecompiledModules -clang-scanner-module-cache-path /Users/admin/builder/spi-builder-workspace/.derivedData/ModuleCache.noindex -sdk-module-cache-path /Users/admin/builder/spi-builder-workspace/.derivedData/SDKExplicitPrecompiledModules -emit-dependencies -emit-module -emit-module-path /Users/admin/builder/spi-builder-workspace/.derivedData/Build/Intermediates.noindex/Sweep.build/Debug-iphoneos/Sweep-t.build/Objects-normal/arm64/Sweep.swiftmodule -serialize-diagnostics -dependency-scan-serialize-diagnostics-path /Users/admin/builder/spi-builder-workspace/.derivedData/Build/Intermediates.noindex/Sweep.build/Debug-iphoneos/Sweep-t.build/Objects-normal/arm64/Sweep-dependency-scan.dia -validate-clang-modules-once -clang-build-session-file /Users/admin/builder/spi-builder-workspace/.derivedData/ModuleCache.noindex/Session.modulevalidation -Xcc -fmodules-prune-interval\=86400 -Xcc -fmodules-prune-after\=345600 -emit-const-values -const-gather-protocols-list /Users/admin/builder/spi-builder-workspace/.derivedData/Build/Intermediates.noindex/Sweep.build/Debug-iphoneos/Sweep-t.build/Objects-normal/arm64/Sweep_const_extract_protocols.json -Xcc -I/Users/admin/builder/spi-builder-workspace/.derivedData/Build/Products/Debug-iphoneos/include -Xcc -I/Users/admin/builder/spi-builder-workspace/.derivedData/Build/Intermediates.noindex/Sweep.build/Debug-iphoneos/Sweep-t.build/DerivedSources-normal/arm64 -Xcc -I/Users/admin/builder/spi-builder-workspace/.derivedData/Build/Intermediates.noindex/Sweep.build/Debug-iphoneos/Sweep-t.build/DerivedSources/arm64 -Xcc -I/Users/admin/builder/spi-builder-workspace/.derivedData/Build/Intermediates.noindex/Sweep.build/Debug-iphoneos/Sweep-t.build/DerivedSources -Xcc -DSWIFT_PACKAGE -Xcc -DDEBUG\=1 -emit-objc-header -emit-objc-header-path /Users/admin/builder/spi-builder-workspace/.derivedData/Build/Intermediates.noindex/Sweep.build/Debug-iphoneos/Sweep-t.build/Objects-normal/arm64/Sweep-Swift.h -working-directory /Users/admin/builder/spi-builder-workspace/.swiftpm/xcode -experimental-emit-module-separately -disable-cmo
SwiftDriver Files normal arm64 com.apple.xcode.tools.swift.compiler (in target 'Files' from project 'Files')
    cd /Users/admin/builder/spi-builder-workspace/.swiftpm/xcode
    builtin-SwiftDriver -- /Applications/Xcode-27.0.0-Release.Candidate.app/Contents/Developer/Toolchains/XcodeDefault.xctoolchain/usr/bin/swiftc -parse-as-library -module-name Files -Onone @/Users/admin/builder/spi-builder-workspace/.derivedData/Build/Intermediates.noindex/Files.build/Debug-iphoneos/Files-t.build/Objects-normal/arm64/Files.SwiftFileList -DSWIFT_PACKAGE -DDEBUG -DSWIFT_MODULE_RESOURCE_BUNDLE_UNAVAILABLE -DXcode -plugin-path /Applications/Xcode-27.0.0-Release.Candidate.app/Contents/Developer/Toolchains/XcodeDefault.xctoolchain/usr/lib/swift/host/plugins/testing -enable-experimental-feature DebugDescriptionMacro -sdk /Applications/Xcode-27.0.0-Release.Candidate.app/Contents/Developer/Platforms/iPhoneOS.platform/Developer/SDKs/iPhoneOS27.0.sdk -target arm64-apple-ios15.0 -g -module-cache-path /Users/admin/builder/spi-builder-workspace/.derivedData/ModuleCache.noindex -Xfrontend -serialize-debugging-options -profile-coverage-mapping -profile-generate -enable-testing -suppress-warnings -index-store-path /Users/admin/builder/spi-builder-workspace/.derivedData/Index.noindex/DataStore -Xcc -D_LIBCPP_HARDENING_MODE\=_LIBCPP_HARDENING_MODE_DEBUG -swift-version 5 -I /Users/admin/builder/spi-builder-workspace/.derivedData/Build/Products/Debug-iphoneos -Isystem /Applications/Xcode-27.0.0-Release.Candidate.app/Contents/Developer/Platforms/iPhoneOS.platform/Developer/usr/lib -F /Users/admin/builder/spi-builder-workspace/.derivedData/Build/Products/Debug-iphoneos -F /Applications/Xcode-27.0.0-Release.Candidate.app/Contents/Developer/Platforms/iPhoneOS.platform/Developer/Library/Frameworks -F /Applications/Xcode-27.0.0-Release.Candidate.app/Contents/Developer/Platforms/iPhoneOS.platform/Developer/SDKs/iPhoneOS27.0.sdk/Developer/Library/Frameworks -c -j10 -enable-batch-mode -incremental -Xcc -ivfsstatcache -Xcc /Users/admin/builder/spi-builder-workspace/.derivedData/SDKStatCaches.noindex/iphoneos27.0-24A430-e829b21a6f8c9b70876ba0858053c04440ceaa042ed91876912b2eeea4e3aa14.sdkstatcache -output-file-map /Users/admin/builder/spi-builder-workspace/.derivedData/Build/Intermediates.noindex/Files.build/Debug-iphoneos/Files-t.build/Objects-normal/arm64/Files-OutputFileMap.json -save-temps -no-color-diagnostics -explicit-module-build -module-cache-path /Users/admin/builder/spi-builder-workspace/.derivedData/Build/Intermediates.noindex/SwiftExplicitPrecompiledModules -clang-scanner-module-cache-path /Users/admin/builder/spi-builder-workspace/.derivedData/ModuleCache.noindex -sdk-module-cache-path /Users/admin/builder/spi-builder-workspace/.derivedData/SDKExplicitPrecompiledModules -emit-dependencies -emit-module -emit-module-path /Users/admin/builder/spi-builder-workspace/.derivedData/Build/Intermediates.noindex/Files.build/Debug-iphoneos/Files-t.build/Objects-normal/arm64/Files.swiftmodule -serialize-diagnostics -dependency-scan-serialize-diagnostics-path /Users/admin/builder/spi-builder-workspace/.derivedData/Build/Intermediates.noindex/Files.build/Debug-iphoneos/Files-t.build/Objects-normal/arm64/Files-dependency-scan.dia -validate-clang-modules-once -clang-build-session-file /Users/admin/builder/spi-builder-workspace/.derivedData/ModuleCache.noindex/Session.modulevalidation -Xcc -fmodules-prune-interval\=86400 -Xcc -fmodules-prune-after\=345600 -emit-const-values -const-gather-protocols-list /Users/admin/builder/spi-builder-workspace/.derivedData/Build/Intermediates.noindex/Files.build/Debug-iphoneos/Files-t.build/Objects-normal/arm64/Files_const_extract_protocols.json -Xcc -I/Users/admin/builder/spi-builder-workspace/.derivedData/Build/Products/Debug-iphoneos/include -Xcc -I/Users/admin/builder/spi-builder-workspace/.derivedData/Build/Intermediates.noindex/Files.build/Debug-iphoneos/Files-t.build/DerivedSources-normal/arm64 -Xcc -I/Users/admin/builder/spi-builder-workspace/.derivedData/Build/Intermediates.noindex/Files.build/Debug-iphoneos/Files-t.build/DerivedSources/arm64 -Xcc -I/Users/admin/builder/spi-builder-workspace/.derivedData/Build/Intermediates.noindex/Files.build/Debug-iphoneos/Files-t.build/DerivedSources -Xcc -DSWIFT_PACKAGE -Xcc -DDEBUG\=1 -emit-objc-header -emit-objc-header-path /Users/admin/builder/spi-builder-workspace/.derivedData/Build/Intermediates.noindex/Files.build/Debug-iphoneos/Files-t.build/Objects-normal/arm64/Files-Swift.h -working-directory /Users/admin/builder/spi-builder-workspace/.swiftpm/xcode -experimental-emit-module-separately -disable-cmo
SwiftDriver Codextended normal arm64 com.apple.xcode.tools.swift.compiler (in target 'Codextended' from project 'Codextended')
    cd /Users/admin/builder/spi-builder-workspace/.swiftpm/xcode
    builtin-SwiftDriver -- /Applications/Xcode-27.0.0-Release.Candidate.app/Contents/Developer/Toolchains/XcodeDefault.xctoolchain/usr/bin/swiftc -parse-as-library -module-name Codextended -Onone @/Users/admin/builder/spi-builder-workspace/.derivedData/Build/Intermediates.noindex/Codextended.build/Debug-iphoneos/Codextended-t.build/Objects-normal/arm64/Codextended.SwiftFileList -DSWIFT_PACKAGE -DDEBUG -DSWIFT_MODULE_RESOURCE_BUNDLE_UNAVAILABLE -DXcode -plugin-path /Applications/Xcode-27.0.0-Release.Candidate.app/Contents/Developer/Toolchains/XcodeDefault.xctoolchain/usr/lib/swift/host/plugins/testing -enable-experimental-feature DebugDescriptionMacro -sdk /Applications/Xcode-27.0.0-Release.Candidate.app/Contents/Developer/Platforms/iPhoneOS.platform/Developer/SDKs/iPhoneOS27.0.sdk -target arm64-apple-ios15.0 -g -module-cache-path /Users/admin/builder/spi-builder-workspace/.derivedData/ModuleCache.noindex -Xfrontend -serialize-debugging-options -profile-coverage-mapping -profile-generate -enable-testing -suppress-warnings -index-store-path /Users/admin/builder/spi-builder-workspace/.derivedData/Index.noindex/DataStore -Xcc -D_LIBCPP_HARDENING_MODE\=_LIBCPP_HARDENING_MODE_DEBUG -swift-version 5 -I /Users/admin/builder/spi-builder-workspace/.derivedData/Build/Products/Debug-iphoneos -Isystem /Applications/Xcode-27.0.0-Release.Candidate.app/Contents/Developer/Platforms/iPhoneOS.platform/Developer/usr/lib -F /Users/admin/builder/spi-builder-workspace/.derivedData/Build/Products/Debug-iphoneos -F /Applications/Xcode-27.0.0-Release.Candidate.app/Contents/Developer/Platforms/iPhoneOS.platform/Developer/Library/Frameworks -F /Applications/Xcode-27.0.0-Release.Candidate.app/Contents/Developer/Platforms/iPhoneOS.platform/Developer/SDKs/iPhoneOS27.0.sdk/Developer/Library/Frameworks -c -j10 -enable-batch-mode -incremental -Xcc -ivfsstatcache -Xcc /Users/admin/builder/spi-builder-workspace/.derivedData/SDKStatCaches.noindex/iphoneos27.0-24A430-e829b21a6f8c9b70876ba0858053c04440ceaa042ed91876912b2eeea4e3aa14.sdkstatcache -output-file-map /Users/admin/builder/spi-builder-workspace/.derivedData/Build/Intermediates.noindex/Codextended.build/Debug-iphoneos/Codextended-t.build/Objects-normal/arm64/Codextended-OutputFileMap.json -save-temps -no-color-diagnostics -explicit-module-build -module-cache-path /Users/admin/builder/spi-builder-workspace/.derivedData/Build/Intermediates.noindex/SwiftExplicitPrecompiledModules -clang-scanner-module-cache-path /Users/admin/builder/spi-builder-workspace/.derivedData/ModuleCache.noindex -sdk-module-cache-path /Users/admin/builder/spi-builder-workspace/.derivedData/SDKExplicitPrecompiledModules -emit-dependencies -emit-module -emit-module-path /Users/admin/builder/spi-builder-workspace/.derivedData/Build/Intermediates.noindex/Codextended.build/Debug-iphoneos/Codextended-t.build/Objects-normal/arm64/Codextended.swiftmodule -serialize-diagnostics -dependency-scan-serialize-diagnostics-path /Users/admin/builder/spi-builder-workspace/.derivedData/Build/Intermediates.noindex/Codextended.build/Debug-iphoneos/Codextended-t.build/Objects-normal/arm64/Codextended-dependency-scan.dia -validate-clang-modules-once -clang-build-session-file /Users/admin/builder/spi-builder-workspace/.derivedData/ModuleCache.noindex/Session.modulevalidation -Xcc -fmodules-prune-interval\=86400 -Xcc -fmodules-prune-after\=345600 -emit-const-values -const-gather-protocols-list /Users/admin/builder/spi-builder-workspace/.derivedData/Build/Intermediates.noindex/Codextended.build/Debug-iphoneos/Codextended-t.build/Objects-normal/arm64/Codextended_const_extract_protocols.json -Xcc -I/Users/admin/builder/spi-builder-workspace/.derivedData/Build/Products/Debug-iphoneos/include -Xcc -I/Users/admin/builder/spi-builder-workspace/.derivedData/Build/Intermediates.noindex/Codextended.build/Debug-iphoneos/Codextended-t.build/DerivedSources-normal/arm64 -Xcc -I/Users/admin/builder/spi-builder-workspace/.derivedData/Build/Intermediates.noindex/Codextended.build/Debug-iphoneos/Codextended-t.build/DerivedSources/arm64 -Xcc -I/Users/admin/builder/spi-builder-workspace/.derivedData/Build/Intermediates.noindex/Codextended.build/Debug-iphoneos/Codextended-t.build/DerivedSources -Xcc -DSWIFT_PACKAGE -Xcc -DDEBUG\=1 -emit-objc-header -emit-objc-header-path /Users/admin/builder/spi-builder-workspace/.derivedData/Build/Intermediates.noindex/Codextended.build/Debug-iphoneos/Codextended-t.build/Objects-normal/arm64/Codextended-Swift.h -working-directory /Users/admin/builder/spi-builder-workspace/.swiftpm/xcode -experimental-emit-module-separately -disable-cmo
SwiftDriver CollectionConcurrencyKit normal arm64 com.apple.xcode.tools.swift.compiler (in target 'CollectionConcurrencyKit' from project 'CollectionConcurrencyKit')
    cd /Users/admin/builder/spi-builder-workspace/.swiftpm/xcode
    builtin-SwiftDriver -- /Applications/Xcode-27.0.0-Release.Candidate.app/Contents/Developer/Toolchains/XcodeDefault.xctoolchain/usr/bin/swiftc -parse-as-library -module-name CollectionConcurrencyKit -Onone @/Users/admin/builder/spi-builder-workspace/.derivedData/Build/Intermediates.noindex/CollectionConcurrencyKit.build/Debug-iphoneos/CollectionConcurrencyKit-t.build/Objects-normal/arm64/CollectionConcurrencyKit.SwiftFileList -DSWIFT_PACKAGE -DDEBUG -DSWIFT_MODULE_RESOURCE_BUNDLE_UNAVAILABLE -DXcode -plugin-path /Applications/Xcode-27.0.0-Release.Candidate.app/Contents/Developer/Toolchains/XcodeDefault.xctoolchain/usr/lib/swift/host/plugins/testing -enable-experimental-feature DebugDescriptionMacro -sdk /Applications/Xcode-27.0.0-Release.Candidate.app/Contents/Developer/Platforms/iPhoneOS.platform/Developer/SDKs/iPhoneOS27.0.sdk -target arm64-apple-ios15.0 -g -module-cache-path /Users/admin/builder/spi-builder-workspace/.derivedData/ModuleCache.noindex -Xfrontend -serialize-debugging-options -profile-coverage-mapping -profile-generate -enable-testing -suppress-warnings -index-store-path /Users/admin/builder/spi-builder-workspace/.derivedData/Index.noindex/DataStore -Xcc -D_LIBCPP_HARDENING_MODE\=_LIBCPP_HARDENING_MODE_DEBUG -swift-version 5 -I /Users/admin/builder/spi-builder-workspace/.derivedData/Build/Products/Debug-iphoneos -Isystem /Applications/Xcode-27.0.0-Release.Candidate.app/Contents/Developer/Platforms/iPhoneOS.platform/Developer/usr/lib -F /Users/admin/builder/spi-builder-workspace/.derivedData/Build/Products/Debug-iphoneos -F /Applications/Xcode-27.0.0-Release.Candidate.app/Contents/Developer/Platforms/iPhoneOS.platform/Developer/Library/Frameworks -F /Applications/Xcode-27.0.0-Release.Candidate.app/Contents/Developer/Platforms/iPhoneOS.platform/Developer/SDKs/iPhoneOS27.0.sdk/Developer/Library/Frameworks -c -j10 -enable-batch-mode -incremental -Xcc -ivfsstatcache -Xcc /Users/admin/builder/spi-builder-workspace/.derivedData/SDKStatCaches.noindex/iphoneos27.0-24A430-e829b21a6f8c9b70876ba0858053c04440ceaa042ed91876912b2eeea4e3aa14.sdkstatcache -output-file-map /Users/admin/builder/spi-builder-workspace/.derivedData/Build/Intermediates.noindex/CollectionConcurrencyKit.build/Debug-iphoneos/CollectionConcurrencyKit-t.build/Objects-normal/arm64/CollectionConcurrencyKit-OutputFileMap.json -save-temps -no-color-diagnostics -explicit-module-build -module-cache-path /Users/admin/builder/spi-builder-workspace/.derivedData/Build/Intermediates.noindex/SwiftExplicitPrecompiledModules -clang-scanner-module-cache-path /Users/admin/builder/spi-builder-workspace/.derivedData/ModuleCache.noindex -sdk-module-cache-path /Users/admin/builder/spi-builder-workspace/.derivedData/SDKExplicitPrecompiledModules -emit-dependencies -emit-module -emit-module-path /Users/admin/builder/spi-builder-workspace/.derivedData/Build/Intermediates.noindex/CollectionConcurrencyKit.build/Debug-iphoneos/CollectionConcurrencyKit-t.build/Objects-normal/arm64/CollectionConcurrencyKit.swiftmodule -serialize-diagnostics -dependency-scan-serialize-diagnostics-path /Users/admin/builder/spi-builder-workspace/.derivedData/Build/Intermediates.noindex/CollectionConcurrencyKit.build/Debug-iphoneos/CollectionConcurrencyKit-t.build/Objects-normal/arm64/CollectionConcurrencyKit-dependency-scan.dia -validate-clang-modules-once -clang-build-session-file /Users/admin/builder/spi-builder-workspace/.derivedData/ModuleCache.noindex/Session.modulevalidation -Xcc -fmodules-prune-interval\=86400 -Xcc -fmodules-prune-after\=345600 -emit-const-values -const-gather-protocols-list /Users/admin/builder/spi-builder-workspace/.derivedData/Build/Intermediates.noindex/CollectionConcurrencyKit.build/Debug-iphoneos/CollectionConcurrencyKit-t.build/Objects-normal/arm64/CollectionConcurrencyKit_const_extract_protocols.json -Xcc -I/Users/admin/builder/spi-builder-workspace/.derivedData/Build/Products/Debug-iphoneos/include -Xcc -I/Users/admin/builder/spi-builder-workspace/.derivedData/Build/Intermediates.noindex/CollectionConcurrencyKit.build/Debug-iphoneos/CollectionConcurrencyKit-t.build/DerivedSources-normal/arm64 -Xcc -I/Users/admin/builder/spi-builder-workspace/.derivedData/Build/Intermediates.noindex/CollectionConcurrencyKit.build/Debug-iphoneos/CollectionConcurrencyKit-t.build/DerivedSources/arm64 -Xcc -I/Users/admin/builder/spi-builder-workspace/.derivedData/Build/Intermediates.noindex/CollectionConcurrencyKit.build/Debug-iphoneos/CollectionConcurrencyKit-t.build/DerivedSources -Xcc -DSWIFT_PACKAGE -Xcc -DDEBUG\=1 -emit-objc-header -emit-objc-header-path /Users/admin/builder/spi-builder-workspace/.derivedData/Build/Intermediates.noindex/CollectionConcurrencyKit.build/Debug-iphoneos/CollectionConcurrencyKit-t.build/Objects-normal/arm64/CollectionConcurrencyKit-Swift.h -working-directory /Users/admin/builder/spi-builder-workspace/.swiftpm/xcode -experimental-emit-module-separately -disable-cmo
SwiftDriver Ink normal arm64 com.apple.xcode.tools.swift.compiler (in target 'Ink' from project 'Ink')
    cd /Users/admin/builder/spi-builder-workspace/.swiftpm/xcode
    builtin-SwiftDriver -- /Applications/Xcode-27.0.0-Release.Candidate.app/Contents/Developer/Toolchains/XcodeDefault.xctoolchain/usr/bin/swiftc -parse-as-library -module-name Ink -Onone @/Users/admin/builder/spi-builder-workspace/.derivedData/Build/Intermediates.noindex/Ink.build/Debug-iphoneos/Ink-t.build/Objects-normal/arm64/Ink.SwiftFileList -DSWIFT_PACKAGE -DDEBUG -DSWIFT_MODULE_RESOURCE_BUNDLE_UNAVAILABLE -DXcode -plugin-path /Applications/Xcode-27.0.0-Release.Candidate.app/Contents/Developer/Toolchains/XcodeDefault.xctoolchain/usr/lib/swift/host/plugins/testing -enable-experimental-feature DebugDescriptionMacro -sdk /Applications/Xcode-27.0.0-Release.Candidate.app/Contents/Developer/Platforms/iPhoneOS.platform/Developer/SDKs/iPhoneOS27.0.sdk -target arm64-apple-ios15.0 -g -module-cache-path /Users/admin/builder/spi-builder-workspace/.derivedData/ModuleCache.noindex -Xfrontend -serialize-debugging-options -profile-coverage-mapping -profile-generate -enable-testing -suppress-warnings -index-store-path /Users/admin/builder/spi-builder-workspace/.derivedData/Index.noindex/DataStore -Xcc -D_LIBCPP_HARDENING_MODE\=_LIBCPP_HARDENING_MODE_DEBUG -swift-version 5 -I /Users/admin/builder/spi-builder-workspace/.derivedData/Build/Products/Debug-iphoneos -Isystem /Applications/Xcode-27.0.0-Release.Candidate.app/Contents/Developer/Platforms/iPhoneOS.platform/Developer/usr/lib -F /Users/admin/builder/spi-builder-workspace/.derivedData/Build/Products/Debug-iphoneos -F /Applications/Xcode-27.0.0-Release.Candidate.app/Contents/Developer/Platforms/iPhoneOS.platform/Developer/Library/Frameworks -F /Applications/Xcode-27.0.0-Release.Candidate.app/Contents/Developer/Platforms/iPhoneOS.platform/Developer/SDKs/iPhoneOS27.0.sdk/Developer/Library/Frameworks -c -j10 -enable-batch-mode -incremental -Xcc -ivfsstatcache -Xcc /Users/admin/builder/spi-builder-workspace/.derivedData/SDKStatCaches.noindex/iphoneos27.0-24A430-e829b21a6f8c9b70876ba0858053c04440ceaa042ed91876912b2eeea4e3aa14.sdkstatcache -output-file-map /Users/admin/builder/spi-builder-workspace/.derivedData/Build/Intermediates.noindex/Ink.build/Debug-iphoneos/Ink-t.build/Objects-normal/arm64/Ink-OutputFileMap.json -save-temps -no-color-diagnostics -explicit-module-build -module-cache-path /Users/admin/builder/spi-builder-workspace/.derivedData/Build/Intermediates.noindex/SwiftExplicitPrecompiledModules -clang-scanner-module-cache-path /Users/admin/builder/spi-builder-workspace/.derivedData/ModuleCache.noindex -sdk-module-cache-path /Users/admin/builder/spi-builder-workspace/.derivedData/SDKExplicitPrecompiledModules -emit-dependencies -emit-module -emit-module-path /Users/admin/builder/spi-builder-workspace/.derivedData/Build/Intermediates.noindex/Ink.build/Debug-iphoneos/Ink-t.build/Objects-normal/arm64/Ink.swiftmodule -serialize-diagnostics -dependency-scan-serialize-diagnostics-path /Users/admin/builder/spi-builder-workspace/.derivedData/Build/Intermediates.noindex/Ink.build/Debug-iphoneos/Ink-t.build/Objects-normal/arm64/Ink-dependency-scan.dia -validate-clang-modules-once -clang-build-session-file /Users/admin/builder/spi-builder-workspace/.derivedData/ModuleCache.noindex/Session.modulevalidation -Xcc -fmodules-prune-interval\=86400 -Xcc -fmodules-prune-after\=345600 -emit-const-values -const-gather-protocols-list /Users/admin/builder/spi-builder-workspace/.derivedData/Build/Intermediates.noindex/Ink.build/Debug-iphoneos/Ink-t.build/Objects-normal/arm64/Ink_const_extract_protocols.json -Xcc -I/Users/admin/builder/spi-builder-workspace/.derivedData/Build/Products/Debug-iphoneos/include -Xcc -I/Users/admin/builder/spi-builder-workspace/.derivedData/Build/Intermediates.noindex/Ink.build/Debug-iphoneos/Ink-t.build/DerivedSources-normal/arm64 -Xcc -I/Users/admin/builder/spi-builder-workspace/.derivedData/Build/Intermediates.noindex/Ink.build/Debug-iphoneos/Ink-t.build/DerivedSources/arm64 -Xcc -I/Users/admin/builder/spi-builder-workspace/.derivedData/Build/Intermediates.noindex/Ink.build/Debug-iphoneos/Ink-t.build/DerivedSources -Xcc -DSWIFT_PACKAGE -Xcc -DDEBUG\=1 -emit-objc-header -emit-objc-header-path /Users/admin/builder/spi-builder-workspace/.derivedData/Build/Intermediates.noindex/Ink.build/Debug-iphoneos/Ink-t.build/Objects-normal/arm64/Ink-Swift.h -working-directory /Users/admin/builder/spi-builder-workspace/.swiftpm/xcode -experimental-emit-module-separately -disable-cmo
SwiftEmitModule normal arm64 Emitting\ module\ for\ ShellOut (in target 'ShellOut' from project 'ShellOut')
SwiftCompile normal arm64 (in target 'ShellOut' from project 'ShellOut')
    cd /Users/admin/builder/spi-builder-workspace/.swiftpm/xcode

/Users/admin/builder/spi-builder-workspace/.dependencies/checkouts/shellout/Sources/ShellOut.swift:34:14: error: cannot find type 'Process' in scope
 32 |     arguments: [String] = [],
 33 |     at path: String = ".",
 34 |     process: Process = .init(),
    |              `- error: cannot find type 'Process' in scope
 35 |     outputHandle: FileHandle? = nil,
 36 |     errorHandle: FileHandle? = nil
/Users/admin/builder/spi-builder-workspace/.dependencies/checkouts/shellout/Sources/ShellOut.swift:67:14: error: cannot find type 'Process' in scope
 65 |     to commands: [String],
 66 |     at path: String = ".",
 67 |     process: Process = .init(),
    |              `- error: cannot find type 'Process' in scope
 68 |     outputHandle: FileHandle? = nil,
 69 |     errorHandle: FileHandle? = nil
/Users/admin/builder/spi-builder-workspace/.dependencies/checkouts/shellout/Sources/ShellOut.swift:102:14: error: cannot find type 'Process' in scope
100 |     to command: ShellOutCommand,
101 |     at path: String = ".",
102 |     process: Process = .init(),
    |              `- error: cannot find type 'Process' in scope
103 |     outputHandle: FileHandle? = nil,
104 |     errorHandle: FileHandle? = nil
/Users/admin/builder/spi-builder-workspace/.dependencies/checkouts/shellout/Sources/ShellOut.swift:377:19: error: cannot find type 'Process' in scope
375 | // MARK: - Private
376 |
377 | private extension Process {
    |                   `- error: cannot find type 'Process' in scope
378 |     @discardableResult func launchBash(with command: String, outputHandle: FileHandle? = nil, errorHandle: FileHandle? = nil) throws -> String {
379 |         launchPath = "/bin/bash"
Failed frontend command:
/Applications/Xcode-27.0.0-Release.Candidate.app/Contents/Developer/Toolchains/XcodeDefault.xctoolchain/usr/bin/swift-frontend -frontend -emit-module -experimental-skip-non-inlinable-function-bodies-without-types /Users/admin/builder/spi-builder-workspace/.dependencies/checkouts/shellout/Sources/ShellOut.swift -target arm64-apple-ios15.0 -Xllvm -aarch64-use-tbi -enable-objc-interop -stack-check -sdk /Applications/Xcode-27.0.0-Release.Candidate.app/Contents/Developer/Platforms/iPhoneOS.platform/Developer/SDKs/iPhoneOS27.0.sdk -I /Users/admin/builder/spi-builder-workspace/.derivedData/Build/Products/Debug-iphoneos -Isystem /Applications/Xcode-27.0.0-Release.Candidate.app/Contents/Developer/Platforms/iPhoneOS.platform/Developer/usr/lib -F /Users/admin/builder/spi-builder-workspace/.derivedData/Build/Products/Debug-iphoneos -F /Applications/Xcode-27.0.0-Release.Candidate.app/Contents/Developer/Platforms/iPhoneOS.platform/Developer/Library/Frameworks -F /Applications/Xcode-27.0.0-Release.Candidate.app/Contents/Developer/Platforms/iPhoneOS.platform/Developer/SDKs/iPhoneOS27.0.sdk/Developer/Library/Frameworks -module-cache-path /Users/admin/builder/spi-builder-workspace/.derivedData/ModuleCache.noindex -no-color-diagnostics -Xcc -fno-color-diagnostics -enable-testing -g -debug-info-format\=dwarf -dwarf-version\=4 -suppress-warnings -profile-generate -profile-coverage-mapping -swift-version 4.2 -Onone -D SWIFT_PACKAGE -D DEBUG -D SWIFT_MODULE_RESOURCE_BUNDLE_UNAVAILABLE -D Xcode -serialize-debugging-options -enable-experimental-feature DebugDescriptionMacro -empty-abi-descriptor -plugin-path /Applications/Xcode-27.0.0-Release.Candidate.app/Contents/Developer/Toolchains/XcodeDefault.xctoolchain/usr/lib/swift/host/plugins/testing -validate-clang-modules-once -clang-build-session-file /Users/admin/builder/spi-builder-workspace/.derivedData/ModuleCache.noindex/Session.modulevalidation -Xcc -working-directory -Xcc /Users/admin/builder/spi-builder-workspace/.swiftpm/xcode -enable-anonymous-context-mangled-names -file-compilation-dir /Users/admin/builder/spi-builder-workspace/.swiftpm/xcode -Xcc -D_LIBCPP_HARDENING_MODE\=_LIBCPP_HARDENING_MODE_DEBUG -Xcc -ivfsstatcache -Xcc /Users/admin/builder/spi-builder-workspace/.derivedData/SDKStatCaches.noindex/iphoneos27.0-24A430-e829b21a6f8c9b70876ba0858053c04440ceaa042ed91876912b2eeea4e3aa14.sdkstatcache -Xcc -fmodules-prune-interval\=86400 -Xcc -fmodules-prune-after\=345600 -Xcc -I/Users/admin/builder/spi-builder-workspace/.derivedData/Build/Products/Debug-iphoneos/include -Xcc -I/Users/admin/builder/spi-builder-workspace/.derivedData/Build/Intermediates.noindex/ShellOut.build/Debug-iphoneos/ShellOut-t.build/DerivedSources-normal/arm64 -Xcc -I/Users/admin/builder/spi-builder-workspace/.derivedData/Build/Intermediates.noindex/ShellOut.build/Debug-iphoneos/ShellOut-t.build/DerivedSources/arm64 -Xcc -I/Users/admin/builder/spi-builder-workspace/.derivedData/Build/Intermediates.noindex/ShellOut.build/Debug-iphoneos/ShellOut-t.build/DerivedSources -Xcc -DSWIFT_PACKAGE -Xcc -DDEBUG\=1 -no-auto-bridging-header-chaining -module-name ShellOut -const-gather-protocols-file /Users/admin/builder/spi-builder-workspace/.derivedData/Build/Intermediates.noindex/ShellOut.build/Debug-iphoneos/ShellOut-t.build/Objects-normal/arm64/ShellOut_const_extract_protocols.json -disable-clang-spi -target-sdk-version 27.0 -target-sdk-name iphoneos27.0 -external-plugin-path /Applications/Xcode-27.0.0-Release.Candidate.app/Contents/Developer/Platforms/iPhoneOS.platform/Developer/usr/lib/swift/host/plugins\#/Applications/Xcode-27.0.0-Release.Candidate.app/Contents/Developer/Platforms/iPhoneOS.platform/Developer/usr/bin/swift-plugin-server -external-plugin-path /Applications/Xcode-27.0.0-Release.Candidate.app/Contents/Developer/Platforms/iPhoneOS.platform/Developer/usr/local/lib/swift/host/plugins\#/Applications/Xcode-27.0.0-Release.Candidate.app/Contents/Developer/Platforms/iPhoneOS.platform/Developer/usr/bin/swift-plugin-server -in-process-plugin-server-path /Applications/Xcode-27.0.0-Release.Candidate.app/Contents/Developer/Toolchains/XcodeDefault.xctoolchain/usr/lib/swift/host/libSwiftInProcPluginServer.dylib -plugin-path /Applications/Xcode-27.0.0-Release.Candidate.app/Contents/Developer/Toolchains/XcodeDefault.xctoolchain/usr/lib/swift/host/plugins -plugin-path /Applications/Xcode-27.0.0-Release.Candidate.app/Contents/Developer/Toolchains/XcodeDefault.xctoolchain/usr/local/lib/swift/host/plugins -emit-module-doc-path /Users/admin/builder/spi-builder-workspace/.derivedData/Build/Intermediates.noindex/ShellOut.build/Debug-iphoneos/ShellOut-t.build/Objects-normal/arm64/ShellOut.swiftdoc -emit-module-source-info-path /Users/admin/builder/spi-builder-workspace/.derivedData/Build/Intermediates.noindex/ShellOut.build/Debug-iphoneos/ShellOut-t.build/Objects-normal/arm64/ShellOut.swiftsourceinfo -emit-objc-header-path /Users/admin/builder/spi-builder-workspace/.derivedData/Build/Intermediates.noindex/ShellOut.build/Debug-iphoneos/ShellOut-t.build/Objects-normal/arm64/ShellOut-Swift.h -serialize-diagnostics-path /Users/admin/builder/spi-builder-workspace/.derivedData/Build/Intermediates.noindex/ShellOut.build/Debug-iphoneos/ShellOut-t.build/Objects-normal/arm64/ShellOut-primary-emit-module.dia -emit-dependencies-path /Users/admin/builder/spi-builder-workspace/.derivedData/Build/Intermediates.noindex/ShellOut.build/Debug-iphoneos/ShellOut-t.build/Objects-normal/arm64/ShellOut-primary-emit-module.d -parse-as-library -o /Users/admin/builder/spi-builder-workspace/.derivedData/Build/Intermediates.noindex/ShellOut.build/Debug-iphoneos/ShellOut-t.build/Objects-normal/arm64/ShellOut.swiftmodule -emit-abi-descriptor-path /Users/admin/builder/spi-builder-workspace/.derivedData/Build/Intermediates.noindex/ShellOut.build/Debug-iphoneos/ShellOut-t.build/Objects-normal/arm64/ShellOut.abi.json
SwiftCompile normal arm64 Compiling\ ShellOut.swift /Users/admin/builder/spi-builder-workspace/.dependencies/checkouts/shellout/Sources/ShellOut.swift (in target 'ShellOut' from project 'ShellOut')
SwiftCompile normal arm64 /Users/admin/builder/spi-builder-workspace/.dependencies/checkouts/shellout/Sources/ShellOut.swift (in target 'ShellOut' from project 'ShellOut')
    cd /Users/admin/builder/spi-builder-workspace/.swiftpm/xcode
    builtin-SwiftPerFileCompile ShellOut.swift
/Users/admin/builder/spi-builder-workspace/.dependencies/checkouts/shellout/Sources/ShellOut.swift:34:14: error: cannot find type 'Process' in scope
 32 |     arguments: [String] = [],
 33 |     at path: String = ".",
 34 |     process: Process = .init(),
    |              `- error: cannot find type 'Process' in scope
 35 |     outputHandle: FileHandle? = nil,
 36 |     errorHandle: FileHandle? = nil
/Users/admin/builder/spi-builder-workspace/.dependencies/checkouts/shellout/Sources/ShellOut.swift:67:14: error: cannot find type 'Process' in scope
 65 |     to commands: [String],
 66 |     at path: String = ".",
 67 |     process: Process = .init(),
    |              `- error: cannot find type 'Process' in scope
 68 |     outputHandle: FileHandle? = nil,
 69 |     errorHandle: FileHandle? = nil
/Users/admin/builder/spi-builder-workspace/.dependencies/checkouts/shellout/Sources/ShellOut.swift:102:14: error: cannot find type 'Process' in scope
100 |     to command: ShellOutCommand,
101 |     at path: String = ".",
102 |     process: Process = .init(),
    |              `- error: cannot find type 'Process' in scope
103 |     outputHandle: FileHandle? = nil,
104 |     errorHandle: FileHandle? = nil
SwiftExplicitDependencyGeneratePcm arm64 /Users/admin/builder/spi-builder-workspace/.derivedData/SDKExplicitPrecompiledModules/_SwiftConcurrencyShims-46VMPHZN3071T5WUKTVKV81O6.pcm
SwiftExplicitDependencyGeneratePcm arm64 /Users/admin/builder/spi-builder-workspace/.derivedData/SDKExplicitPrecompiledModules/SwiftShims-9ZM475TB9FF7V697OJNYX6RO9.pcm
SwiftEmitModule normal arm64 Emitting\ module\ for\ CollectionConcurrencyKit (in target 'CollectionConcurrencyKit' from project 'CollectionConcurrencyKit')
SwiftCompile normal arm64 (in target 'CollectionConcurrencyKit' from project 'CollectionConcurrencyKit')
    cd /Users/admin/builder/spi-builder-workspace/.swiftpm/xcode

SwiftCompile normal arm64 Compiling\ CollectionConcurrencyKit.swift /Users/admin/builder/spi-builder-workspace/.dependencies/checkouts/collectionConcurrencyKit/Sources/CollectionConcurrencyKit.swift (in target 'CollectionConcurrencyKit' from project 'CollectionConcurrencyKit')
SwiftCompile normal arm64 /Users/admin/builder/spi-builder-workspace/.dependencies/checkouts/collectionConcurrencyKit/Sources/CollectionConcurrencyKit.swift (in target 'CollectionConcurrencyKit' from project 'CollectionConcurrencyKit')
    cd /Users/admin/builder/spi-builder-workspace/.swiftpm/xcode
    builtin-SwiftPerFileCompile CollectionConcurrencyKit.swift
SwiftDriverJobDiscovery normal arm64 Emitting module for CollectionConcurrencyKit (in target 'CollectionConcurrencyKit' from project 'CollectionConcurrencyKit')
SwiftDriver\ Compilation\ Requirements CollectionConcurrencyKit normal arm64 com.apple.xcode.tools.swift.compiler (in target 'CollectionConcurrencyKit' from project 'CollectionConcurrencyKit')
    cd /Users/admin/builder/spi-builder-workspace/.swiftpm/xcode
    builtin-Swift-Compilation-Requirements -- /Applications/Xcode-27.0.0-Release.Candidate.app/Contents/Developer/Toolchains/XcodeDefault.xctoolchain/usr/bin/swiftc -parse-as-library -module-name CollectionConcurrencyKit -Onone @/Users/admin/builder/spi-builder-workspace/.derivedData/Build/Intermediates.noindex/CollectionConcurrencyKit.build/Debug-iphoneos/CollectionConcurrencyKit-t.build/Objects-normal/arm64/CollectionConcurrencyKit.SwiftFileList -DSWIFT_PACKAGE -DDEBUG -DSWIFT_MODULE_RESOURCE_BUNDLE_UNAVAILABLE -DXcode -plugin-path /Applications/Xcode-27.0.0-Release.Candidate.app/Contents/Developer/Toolchains/XcodeDefault.xctoolchain/usr/lib/swift/host/plugins/testing -enable-experimental-feature DebugDescriptionMacro -sdk /Applications/Xcode-27.0.0-Release.Candidate.app/Contents/Developer/Platforms/iPhoneOS.platform/Developer/SDKs/iPhoneOS27.0.sdk -target arm64-apple-ios15.0 -g -module-cache-path /Users/admin/builder/spi-builder-workspace/.derivedData/ModuleCache.noindex -Xfrontend -serialize-debugging-options -profile-coverage-mapping -profile-generate -enable-testing -suppress-warnings -index-store-path /Users/admin/builder/spi-builder-workspace/.derivedData/Index.noindex/DataStore -Xcc -D_LIBCPP_HARDENING_MODE\=_LIBCPP_HARDENING_MODE_DEBUG -swift-version 5 -I /Users/admin/builder/spi-builder-workspace/.derivedData/Build/Products/Debug-iphoneos -Isystem /Applications/Xcode-27.0.0-Release.Candidate.app/Contents/Developer/Platforms/iPhoneOS.platform/Developer/usr/lib -F /Users/admin/builder/spi-builder-workspace/.derivedData/Build/Products/Debug-iphoneos -F /Applications/Xcode-27.0.0-Release.Candidate.app/Contents/Developer/Platforms/iPhoneOS.platform/Developer/Library/Frameworks -F /Applications/Xcode-27.0.0-Release.Candidate.app/Contents/Developer/Platforms/iPhoneOS.platform/Developer/SDKs/iPhoneOS27.0.sdk/Developer/Library/Frameworks -c -j10 -enable-batch-mode -incremental -Xcc -ivfsstatcache -Xcc /Users/admin/builder/spi-builder-workspace/.derivedData/SDKStatCaches.noindex/iphoneos27.0-24A430-e829b21a6f8c9b70876ba0858053c04440ceaa042ed91876912b2eeea4e3aa14.sdkstatcache -output-file-map /Users/admin/builder/spi-builder-workspace/.derivedData/Build/Intermediates.noindex/CollectionConcurrencyKit.build/Debug-iphoneos/CollectionConcurrencyKit-t.build/Objects-normal/arm64/CollectionConcurrencyKit-OutputFileMap.json -save-temps -no-color-diagnostics -explicit-module-build -module-cache-path /Users/admin/builder/spi-builder-workspace/.derivedData/Build/Intermediates.noindex/SwiftExplicitPrecompiledModules -clang-scanner-module-cache-path /Users/admin/builder/spi-builder-workspace/.derivedData/ModuleCache.noindex -sdk-module-cache-path /Users/admin/builder/spi-builder-workspace/.derivedData/SDKExplicitPrecompiledModules -emit-dependencies -emit-module -emit-module-path /Users/admin/builder/spi-builder-workspace/.derivedData/Build/Intermediates.noindex/CollectionConcurrencyKit.build/Debug-iphoneos/CollectionConcurrencyKit-t.build/Objects-normal/arm64/CollectionConcurrencyKit.swiftmodule -serialize-diagnostics -dependency-scan-serialize-diagnostics-path /Users/admin/builder/spi-builder-workspace/.derivedData/Build/Intermediates.noindex/CollectionConcurrencyKit.build/Debug-iphoneos/CollectionConcurrencyKit-t.build/Objects-normal/arm64/CollectionConcurrencyKit-dependency-scan.dia -validate-clang-modules-once -clang-build-session-file /Users/admin/builder/spi-builder-workspace/.derivedData/ModuleCache.noindex/Session.modulevalidation -Xcc -fmodules-prune-interval\=86400 -Xcc -fmodules-prune-after\=345600 -emit-const-values -const-gather-protocols-list /Users/admin/builder/spi-builder-workspace/.derivedData/Build/Intermediates.noindex/CollectionConcurrencyKit.build/Debug-iphoneos/CollectionConcurrencyKit-t.build/Objects-normal/arm64/CollectionConcurrencyKit_const_extract_protocols.json -Xcc -I/Users/admin/builder/spi-builder-workspace/.derivedData/Build/Products/Debug-iphoneos/include -Xcc -I/Users/admin/builder/spi-builder-workspace/.derivedData/Build/Intermediates.noindex/CollectionConcurrencyKit.build/Debug-iphoneos/CollectionConcurrencyKit-t.build/DerivedSources-normal/arm64 -Xcc -I/Users/admin/builder/spi-builder-workspace/.derivedData/Build/Intermediates.noindex/CollectionConcurrencyKit.build/Debug-iphoneos/CollectionConcurrencyKit-t.build/DerivedSources/arm64 -Xcc -I/Users/admin/builder/spi-builder-workspace/.derivedData/Build/Intermediates.noindex/CollectionConcurrencyKit.build/Debug-iphoneos/CollectionConcurrencyKit-t.build/DerivedSources -Xcc -DSWIFT_PACKAGE -Xcc -DDEBUG\=1 -emit-objc-header -emit-objc-header-path /Users/admin/builder/spi-builder-workspace/.derivedData/Build/Intermediates.noindex/CollectionConcurrencyKit.build/Debug-iphoneos/CollectionConcurrencyKit-t.build/Objects-normal/arm64/CollectionConcurrencyKit-Swift.h -working-directory /Users/admin/builder/spi-builder-workspace/.swiftpm/xcode -experimental-emit-module-separately -disable-cmo
SwiftMergeGeneratedHeaders /Users/admin/builder/spi-builder-workspace/.derivedData/Build/Intermediates.noindex/GeneratedModuleMaps-iphoneos/CollectionConcurrencyKit-Swift.h /Users/admin/builder/spi-builder-workspace/.derivedData/Build/Intermediates.noindex/CollectionConcurrencyKit.build/Debug-iphoneos/CollectionConcurrencyKit-t.build/Objects-normal/arm64/CollectionConcurrencyKit-Swift.h (in target 'CollectionConcurrencyKit' from project 'CollectionConcurrencyKit')
    cd /Users/admin/builder/spi-builder-workspace/.dependencies/checkouts/collectionConcurrencyKit
    builtin-swiftHeaderTool -arch arm64 /Users/admin/builder/spi-builder-workspace/.derivedData/Build/Intermediates.noindex/CollectionConcurrencyKit.build/Debug-iphoneos/CollectionConcurrencyKit-t.build/Objects-normal/arm64/CollectionConcurrencyKit-Swift.h -o /Users/admin/builder/spi-builder-workspace/.derivedData/Build/Intermediates.noindex/GeneratedModuleMaps-iphoneos/CollectionConcurrencyKit-Swift.h
Copy /Users/admin/builder/spi-builder-workspace/.derivedData/Build/Products/Debug-iphoneos/CollectionConcurrencyKit.swiftmodule/arm64-apple-ios.swiftmodule /Users/admin/builder/spi-builder-workspace/.derivedData/Build/Intermediates.noindex/CollectionConcurrencyKit.build/Debug-iphoneos/CollectionConcurrencyKit-t.build/Objects-normal/arm64/CollectionConcurrencyKit.swiftmodule (in target 'CollectionConcurrencyKit' from project 'CollectionConcurrencyKit')
    cd /Users/admin/builder/spi-builder-workspace/.dependencies/checkouts/collectionConcurrencyKit
    builtin-copy -exclude .DS_Store -exclude CVS -exclude .svn -exclude .git -exclude .hg -resolve-src-symlinks -rename /Users/admin/builder/spi-builder-workspace/.derivedData/Build/Intermediates.noindex/CollectionConcurrencyKit.build/Debug-iphoneos/CollectionConcurrencyKit-t.build/Objects-normal/arm64/CollectionConcurrencyKit.swiftmodule /Users/admin/builder/spi-builder-workspace/.derivedData/Build/Products/Debug-iphoneos/CollectionConcurrencyKit.swiftmodule/arm64-apple-ios.swiftmodule
Copy /Users/admin/builder/spi-builder-workspace/.derivedData/Build/Products/Debug-iphoneos/CollectionConcurrencyKit.swiftmodule/arm64-apple-ios.swiftdoc /Users/admin/builder/spi-builder-workspace/.derivedData/Build/Intermediates.noindex/CollectionConcurrencyKit.build/Debug-iphoneos/CollectionConcurrencyKit-t.build/Objects-normal/arm64/CollectionConcurrencyKit.swiftdoc (in target 'CollectionConcurrencyKit' from project 'CollectionConcurrencyKit')
    cd /Users/admin/builder/spi-builder-workspace/.dependencies/checkouts/collectionConcurrencyKit
    builtin-copy -exclude .DS_Store -exclude CVS -exclude .svn -exclude .git -exclude .hg -resolve-src-symlinks -rename /Users/admin/builder/spi-builder-workspace/.derivedData/Build/Intermediates.noindex/CollectionConcurrencyKit.build/Debug-iphoneos/CollectionConcurrencyKit-t.build/Objects-normal/arm64/CollectionConcurrencyKit.swiftdoc /Users/admin/builder/spi-builder-workspace/.derivedData/Build/Products/Debug-iphoneos/CollectionConcurrencyKit.swiftmodule/arm64-apple-ios.swiftdoc
Copy /Users/admin/builder/spi-builder-workspace/.derivedData/Build/Products/Debug-iphoneos/CollectionConcurrencyKit.swiftmodule/arm64-apple-ios.abi.json /Users/admin/builder/spi-builder-workspace/.derivedData/Build/Intermediates.noindex/CollectionConcurrencyKit.build/Debug-iphoneos/CollectionConcurrencyKit-t.build/Objects-normal/arm64/CollectionConcurrencyKit.abi.json (in target 'CollectionConcurrencyKit' from project 'CollectionConcurrencyKit')
    cd /Users/admin/builder/spi-builder-workspace/.dependencies/checkouts/collectionConcurrencyKit
    builtin-copy -exclude .DS_Store -exclude CVS -exclude .svn -exclude .git -exclude .hg -resolve-src-symlinks -rename /Users/admin/builder/spi-builder-workspace/.derivedData/Build/Intermediates.noindex/CollectionConcurrencyKit.build/Debug-iphoneos/CollectionConcurrencyKit-t.build/Objects-normal/arm64/CollectionConcurrencyKit.abi.json /Users/admin/builder/spi-builder-workspace/.derivedData/Build/Products/Debug-iphoneos/CollectionConcurrencyKit.swiftmodule/arm64-apple-ios.abi.json
Copy /Users/admin/builder/spi-builder-workspace/.derivedData/Build/Products/Debug-iphoneos/CollectionConcurrencyKit.swiftmodule/Project/arm64-apple-ios.swiftsourceinfo /Users/admin/builder/spi-builder-workspace/.derivedData/Build/Intermediates.noindex/CollectionConcurrencyKit.build/Debug-iphoneos/CollectionConcurrencyKit-t.build/Objects-normal/arm64/CollectionConcurrencyKit.swiftsourceinfo (in target 'CollectionConcurrencyKit' from project 'CollectionConcurrencyKit')
    cd /Users/admin/builder/spi-builder-workspace/.dependencies/checkouts/collectionConcurrencyKit
    builtin-copy -exclude .DS_Store -exclude CVS -exclude .svn -exclude .git -exclude .hg -resolve-src-symlinks -rename /Users/admin/builder/spi-builder-workspace/.derivedData/Build/Intermediates.noindex/CollectionConcurrencyKit.build/Debug-iphoneos/CollectionConcurrencyKit-t.build/Objects-normal/arm64/CollectionConcurrencyKit.swiftsourceinfo /Users/admin/builder/spi-builder-workspace/.derivedData/Build/Products/Debug-iphoneos/CollectionConcurrencyKit.swiftmodule/Project/arm64-apple-ios.swiftsourceinfo
SwiftExplicitDependencyGeneratePcm arm64 /Users/admin/builder/spi-builder-workspace/.derivedData/SDKExplicitPrecompiledModules/_Builtin_stdbool-DS3M26O02MEUZY8PORVO63UN8.pcm
SwiftExplicitDependencyGeneratePcm arm64 /Users/admin/builder/spi-builder-workspace/.derivedData/SDKExplicitPrecompiledModules/_AvailabilityInternal-A68EWFTK1KMCWXEVQVUVX32IF.pcm
SwiftExplicitDependencyGeneratePcm arm64 /Users/admin/builder/spi-builder-workspace/.derivedData/SDKExplicitPrecompiledModules/_Builtin_float-A3OTZIBNLUK4KRPK79SR9VALR.pcm
SwiftExplicitDependencyGeneratePcm arm64 /Users/admin/builder/spi-builder-workspace/.derivedData/SDKExplicitPrecompiledModules/_Builtin_stdarg-353X4HCQ4QM1XN1RGUYE5DJXQ.pcm
SwiftExplicitDependencyGeneratePcm arm64 /Users/admin/builder/spi-builder-workspace/.derivedData/SDKExplicitPrecompiledModules/ptrauth-ELWSSDP0MKO9UN7OCGHYENU4N.pcm
SwiftExplicitDependencyGeneratePcm arm64 /Users/admin/builder/spi-builder-workspace/.derivedData/SDKExplicitPrecompiledModules/_Builtin_stddef-9M60LQ19IG7KF2I6MAZT1EE2L.pcm
SwiftExplicitDependencyGeneratePcm arm64 /Users/admin/builder/spi-builder-workspace/.derivedData/SDKExplicitPrecompiledModules/ptrcheck-BEJ25RSXHVJMS8GY54A7TIDQC.pcm
SwiftExplicitDependencyGeneratePcm arm64 /Users/admin/builder/spi-builder-workspace/.derivedData/SDKExplicitPrecompiledModules/_Builtin_stdarg-68742DYUXT1W2MV2M7VLNH88N.pcm
SwiftExplicitDependencyGeneratePcm arm64 /Users/admin/builder/spi-builder-workspace/.derivedData/SDKExplicitPrecompiledModules/ptrcheck-7IAJ7MPM56KRQ7DVR098RZHZ.pcm
SwiftExplicitDependencyGeneratePcm arm64 /Users/admin/builder/spi-builder-workspace/.derivedData/SDKExplicitPrecompiledModules/_Builtin_stddef-497PWUKWYPOGQHRSPKM0T1465.pcm
SwiftExplicitDependencyGeneratePcm arm64 /Users/admin/builder/spi-builder-workspace/.derivedData/SDKExplicitPrecompiledModules/_SwiftConcurrencyShims-1YQ444MGGYMS6A2AOV77GJGQW.pcm
SwiftExplicitDependencyGeneratePcm arm64 /Users/admin/builder/spi-builder-workspace/.derivedData/SDKExplicitPrecompiledModules/ptrauth-AW885YIGD3C9FM93EVUVX6RSX.pcm
SwiftExplicitDependencyGeneratePcm arm64 /Users/admin/builder/spi-builder-workspace/.derivedData/SDKExplicitPrecompiledModules/_Builtin_float-C9YPEHM4CFZRZANG7FZUAXNEM.pcm
SwiftExplicitDependencyGeneratePcm arm64 /Users/admin/builder/spi-builder-workspace/.derivedData/SDKExplicitPrecompiledModules/_AvailabilityInternal-3RI5Y5TKNUVCSZS0AWA4QTVBL.pcm
SwiftExplicitDependencyGeneratePcm arm64 /Users/admin/builder/spi-builder-workspace/.derivedData/SDKExplicitPrecompiledModules/SwiftShims-2T1JKJY1CNAX17AUPWM2I7WV9.pcm
SwiftExplicitDependencyGeneratePcm arm64 /Users/admin/builder/spi-builder-workspace/.derivedData/SDKExplicitPrecompiledModules/_Builtin_stdbool-8O3N4J6YVKHLL0V45IVQS8NH2.pcm
SwiftExplicitDependencyGeneratePcm arm64 /Users/admin/builder/spi-builder-workspace/.derivedData/SDKExplicitPrecompiledModules/_DarwinFoundation1-6AS4X33TU1806YATN4YELVHNM.pcm
SwiftExplicitDependencyGeneratePcm arm64 /Users/admin/builder/spi-builder-workspace/.derivedData/SDKExplicitPrecompiledModules/_DarwinFoundation1-CM7XFNS1BWR7TJ77APPPZNEYV.pcm
SwiftExplicitDependencyGeneratePcm arm64 /Users/admin/builder/spi-builder-workspace/.derivedData/SDKExplicitPrecompiledModules/_Builtin_limits-BR17857KX1560DFAJ8X0RLP2X.pcm
SwiftExplicitDependencyGeneratePcm arm64 /Users/admin/builder/spi-builder-workspace/.derivedData/SDKExplicitPrecompiledModules/_DarwinFoundation2-DBOBRBKI8YXN3X7HCIRAXFELN.pcm
SwiftDriverJobDiscovery normal arm64 Compiling CollectionConcurrencyKit.swift (in target 'CollectionConcurrencyKit' from project 'CollectionConcurrencyKit')
SwiftDriver\ Compilation CollectionConcurrencyKit normal arm64 com.apple.xcode.tools.swift.compiler (in target 'CollectionConcurrencyKit' from project 'CollectionConcurrencyKit')
    cd /Users/admin/builder/spi-builder-workspace/.swiftpm/xcode
    builtin-Swift-Compilation -- /Applications/Xcode-27.0.0-Release.Candidate.app/Contents/Developer/Toolchains/XcodeDefault.xctoolchain/usr/bin/swiftc -parse-as-library -module-name CollectionConcurrencyKit -Onone @/Users/admin/builder/spi-builder-workspace/.derivedData/Build/Intermediates.noindex/CollectionConcurrencyKit.build/Debug-iphoneos/CollectionConcurrencyKit-t.build/Objects-normal/arm64/CollectionConcurrencyKit.SwiftFileList -DSWIFT_PACKAGE -DDEBUG -DSWIFT_MODULE_RESOURCE_BUNDLE_UNAVAILABLE -DXcode -plugin-path /Applications/Xcode-27.0.0-Release.Candidate.app/Contents/Developer/Toolchains/XcodeDefault.xctoolchain/usr/lib/swift/host/plugins/testing -enable-experimental-feature DebugDescriptionMacro -sdk /Applications/Xcode-27.0.0-Release.Candidate.app/Contents/Developer/Platforms/iPhoneOS.platform/Developer/SDKs/iPhoneOS27.0.sdk -target arm64-apple-ios15.0 -g -module-cache-path /Users/admin/builder/spi-builder-workspace/.derivedData/ModuleCache.noindex -Xfrontend -serialize-debugging-options -profile-coverage-mapping -profile-generate -enable-testing -suppress-warnings -index-store-path /Users/admin/builder/spi-builder-workspace/.derivedData/Index.noindex/DataStore -Xcc -D_LIBCPP_HARDENING_MODE\=_LIBCPP_HARDENING_MODE_DEBUG -swift-version 5 -I /Users/admin/builder/spi-builder-workspace/.derivedData/Build/Products/Debug-iphoneos -Isystem /Applications/Xcode-27.0.0-Release.Candidate.app/Contents/Developer/Platforms/iPhoneOS.platform/Developer/usr/lib -F /Users/admin/builder/spi-builder-workspace/.derivedData/Build/Products/Debug-iphoneos -F /Applications/Xcode-27.0.0-Release.Candidate.app/Contents/Developer/Platforms/iPhoneOS.platform/Developer/Library/Frameworks -F /Applications/Xcode-27.0.0-Release.Candidate.app/Contents/Developer/Platforms/iPhoneOS.platform/Developer/SDKs/iPhoneOS27.0.sdk/Developer/Library/Frameworks -c -j10 -enable-batch-mode -incremental -Xcc -ivfsstatcache -Xcc /Users/admin/builder/spi-builder-workspace/.derivedData/SDKStatCaches.noindex/iphoneos27.0-24A430-e829b21a6f8c9b70876ba0858053c04440ceaa042ed91876912b2eeea4e3aa14.sdkstatcache -output-file-map /Users/admin/builder/spi-builder-workspace/.derivedData/Build/Intermediates.noindex/CollectionConcurrencyKit.build/Debug-iphoneos/CollectionConcurrencyKit-t.build/Objects-normal/arm64/CollectionConcurrencyKit-OutputFileMap.json -save-temps -no-color-diagnostics -explicit-module-build -module-cache-path /Users/admin/builder/spi-builder-workspace/.derivedData/Build/Intermediates.noindex/SwiftExplicitPrecompiledModules -clang-scanner-module-cache-path /Users/admin/builder/spi-builder-workspace/.derivedData/ModuleCache.noindex -sdk-module-cache-path /Users/admin/builder/spi-builder-workspace/.derivedData/SDKExplicitPrecompiledModules -emit-dependencies -emit-module -emit-module-path /Users/admin/builder/spi-builder-workspace/.derivedData/Build/Intermediates.noindex/CollectionConcurrencyKit.build/Debug-iphoneos/CollectionConcurrencyKit-t.build/Objects-normal/arm64/CollectionConcurrencyKit.swiftmodule -serialize-diagnostics -dependency-scan-serialize-diagnostics-path /Users/admin/builder/spi-builder-workspace/.derivedData/Build/Intermediates.noindex/CollectionConcurrencyKit.build/Debug-iphoneos/CollectionConcurrencyKit-t.build/Objects-normal/arm64/CollectionConcurrencyKit-dependency-scan.dia -validate-clang-modules-once -clang-build-session-file /Users/admin/builder/spi-builder-workspace/.derivedData/ModuleCache.noindex/Session.modulevalidation -Xcc -fmodules-prune-interval\=86400 -Xcc -fmodules-prune-after\=345600 -emit-const-values -const-gather-protocols-list /Users/admin/builder/spi-builder-workspace/.derivedData/Build/Intermediates.noindex/CollectionConcurrencyKit.build/Debug-iphoneos/CollectionConcurrencyKit-t.build/Objects-normal/arm64/CollectionConcurrencyKit_const_extract_protocols.json -Xcc -I/Users/admin/builder/spi-builder-workspace/.derivedData/Build/Products/Debug-iphoneos/include -Xcc -I/Users/admin/builder/spi-builder-workspace/.derivedData/Build/Intermediates.noindex/CollectionConcurrencyKit.build/Debug-iphoneos/CollectionConcurrencyKit-t.build/DerivedSources-normal/arm64 -Xcc -I/Users/admin/builder/spi-builder-workspace/.derivedData/Build/Intermediates.noindex/CollectionConcurrencyKit.build/Debug-iphoneos/CollectionConcurrencyKit-t.build/DerivedSources/arm64 -Xcc -I/Users/admin/builder/spi-builder-workspace/.derivedData/Build/Intermediates.noindex/CollectionConcurrencyKit.build/Debug-iphoneos/CollectionConcurrencyKit-t.build/DerivedSources -Xcc -DSWIFT_PACKAGE -Xcc -DDEBUG\=1 -emit-objc-header -emit-objc-header-path /Users/admin/builder/spi-builder-workspace/.derivedData/Build/Intermediates.noindex/CollectionConcurrencyKit.build/Debug-iphoneos/CollectionConcurrencyKit-t.build/Objects-normal/arm64/CollectionConcurrencyKit-Swift.h -working-directory /Users/admin/builder/spi-builder-workspace/.swiftpm/xcode -experimental-emit-module-separately -disable-cmo
Ld /Users/admin/builder/spi-builder-workspace/.derivedData/Build/Products/Debug-iphoneos/CollectionConcurrencyKit.o normal (in target 'CollectionConcurrencyKit' from project 'CollectionConcurrencyKit')
    cd /Users/admin/builder/spi-builder-workspace/.dependencies/checkouts/collectionConcurrencyKit
    /Applications/Xcode-27.0.0-Release.Candidate.app/Contents/Developer/Toolchains/XcodeDefault.xctoolchain/usr/bin/clang -Xlinker -reproducible -target arm64-apple-ios15.0 -r -isysroot /Applications/Xcode-27.0.0-Release.Candidate.app/Contents/Developer/Platforms/iPhoneOS.platform/Developer/SDKs/iPhoneOS27.0.sdk -O0 -w -Xlinker -no_warn_duplicate_libraries -F/Users/admin/builder/spi-builder-workspace/.derivedData/Build/Intermediates.noindex/EagerLinkingTBDs/Debug-iphoneos -F/Users/admin/builder/spi-builder-workspace/.derivedData/Build/Products/Debug-iphoneos -iframework /Applications/Xcode-27.0.0-Release.Candidate.app/Contents/Developer/Platforms/iPhoneOS.platform/Developer/Library/Frameworks -iframework /Applications/Xcode-27.0.0-Release.Candidate.app/Contents/Developer/Platforms/iPhoneOS.platform/Developer/SDKs/iPhoneOS27.0.sdk/Developer/Library/Frameworks -filelist /Users/admin/builder/spi-builder-workspace/.derivedData/Build/Intermediates.noindex/CollectionConcurrencyKit.build/Debug-iphoneos/CollectionConcurrencyKit-t.build/Objects-normal/arm64/CollectionConcurrencyKit.LinkFileList -nostdlib -Xlinker -object_path_lto -Xlinker /Users/admin/builder/spi-builder-workspace/.derivedData/Build/Intermediates.noindex/CollectionConcurrencyKit.build/Debug-iphoneos/CollectionConcurrencyKit-t.build/Objects-normal/arm64/CollectionConcurrencyKit_lto.o -Xlinker -no_deduplicate -Xlinker -debug_variant -Xlinker -dependency_info -Xlinker /Users/admin/builder/spi-builder-workspace/.derivedData/Build/Intermediates.noindex/CollectionConcurrencyKit.build/Debug-iphoneos/CollectionConcurrencyKit-t.build/Objects-normal/arm64/CollectionConcurrencyKit_dependency_info.dat -fobjc-link-runtime -L/Applications/Xcode-27.0.0-Release.Candidate.app/Contents/Developer/Toolchains/XcodeDefault.xctoolchain/usr/lib/swift/iphoneos -L/usr/lib/swift -Xlinker -add_ast_path -Xlinker /Users/admin/builder/spi-builder-workspace/.derivedData/Build/Intermediates.noindex/CollectionConcurrencyKit.build/Debug-iphoneos/CollectionConcurrencyKit-t.build/Objects-normal/arm64/CollectionConcurrencyKit.swiftmodule -o /Users/admin/builder/spi-builder-workspace/.derivedData/Build/Products/Debug-iphoneos/CollectionConcurrencyKit.o
ExtractAppIntentsMetadata (in target 'CollectionConcurrencyKit' from project 'CollectionConcurrencyKit')
    cd /Users/admin/builder/spi-builder-workspace/.dependencies/checkouts/collectionConcurrencyKit
    /Applications/Xcode-27.0.0-Release.Candidate.app/Contents/Developer/Toolchains/XcodeDefault.xctoolchain/usr/bin/appintentsmetadataprocessor --toolchain-dir /var/run/com.apple.security.cryptexd/mnt/com.apple.MobileAsset.MetalToolchain-v27.1.266.1.12WV3C/Metal.xctoolchain --module-name CollectionConcurrencyKit --sdk-root /Applications/Xcode-27.0.0-Release.Candidate.app/Contents/Developer/Platforms/iPhoneOS.platform/Developer/SDKs/iPhoneOS27.0.sdk --xcode-version 27A266a --platform-family iOS --deployment-target 15.0 --bundle-identifier collectionconcurrencykit.CollectionConcurrencyKit --output /Users/admin/builder/spi-builder-workspace/.derivedData/Build/Products/Debug-iphoneos/CollectionConcurrencyKit.appintents --target-triple arm64-apple-ios15.0 --binary-file /Users/admin/builder/spi-builder-workspace/.derivedData/Build/Products/Debug-iphoneos/CollectionConcurrencyKit.o --dependency-file /Users/admin/builder/spi-builder-workspace/.derivedData/Build/Intermediates.noindex/CollectionConcurrencyKit.build/Debug-iphoneos/CollectionConcurrencyKit-t.build/Objects-normal/arm64/CollectionConcurrencyKit_dependency_info.dat --stringsdata-file /Users/admin/builder/spi-builder-workspace/.derivedData/Build/Intermediates.noindex/CollectionConcurrencyKit.build/Debug-iphoneos/CollectionConcurrencyKit-t.build/Objects-normal/arm64/ExtractedAppShortcutsMetadata.stringsdata --source-file-list /Users/admin/builder/spi-builder-workspace/.derivedData/Build/Intermediates.noindex/CollectionConcurrencyKit.build/Debug-iphoneos/CollectionConcurrencyKit-t.build/Objects-normal/arm64/CollectionConcurrencyKit.SwiftFileList --metadata-file-list /Users/admin/builder/spi-builder-workspace/.derivedData/Build/Intermediates.noindex/CollectionConcurrencyKit.build/Debug-iphoneos/CollectionConcurrencyKit-t.build/CollectionConcurrencyKit.DependencyMetadataFileList --static-metadata-file-list /Users/admin/builder/spi-builder-workspace/.derivedData/Build/Intermediates.noindex/CollectionConcurrencyKit.build/Debug-iphoneos/CollectionConcurrencyKit-t.build/CollectionConcurrencyKit.DependencyStaticMetadataFileList --swift-const-vals-list /Users/admin/builder/spi-builder-workspace/.derivedData/Build/Intermediates.noindex/CollectionConcurrencyKit.build/Debug-iphoneos/CollectionConcurrencyKit-t.build/Objects-normal/arm64/CollectionConcurrencyKit.SwiftConstValuesFileList --force --compile-time-extraction --deployment-aware-processing --no-app-shortcuts-localization
2026-09-16 13:31:38.884 appintentsmetadataprocessor[1092:6398] Starting appintentsmetadataprocessor export
2026-09-16 13:31:38.978 appintentsmetadataprocessor[1092:6398] Extracted no relevant App Intents symbols, skipping writing output
SwiftExplicitDependencyGeneratePcm arm64 /Users/admin/builder/spi-builder-workspace/.derivedData/SDKExplicitPrecompiledModules/_DarwinFoundation2-B59V6W3XU16CLURAS03HJS6YW.pcm
SwiftExplicitDependencyGeneratePcm arm64 /Users/admin/builder/spi-builder-workspace/.derivedData/SDKExplicitPrecompiledModules/_Builtin_limits-DZCNUPSJE8VFID4WNCB288197.pcm
SwiftExplicitDependencyGeneratePcm arm64 /Users/admin/builder/spi-builder-workspace/.derivedData/SDKExplicitPrecompiledModules/_Builtin_stdint-3VRVITBSRYCNS1X3HOZPXQS3E.pcm
SwiftExplicitDependencyGeneratePcm arm64 /Users/admin/builder/spi-builder-workspace/.derivedData/SDKExplicitPrecompiledModules/sys_types-4H7GQGME5X7WUG5O55QKSXPG0.pcm
SwiftExplicitDependencyGeneratePcm arm64 /Users/admin/builder/spi-builder-workspace/.derivedData/SDKExplicitPrecompiledModules/string_h-4SPNE64SFJA0QV142KR6FB8H.pcm
SwiftExplicitDependencyGeneratePcm arm64 /Users/admin/builder/spi-builder-workspace/.derivedData/SDKExplicitPrecompiledModules/string_h-1Q2U6QG8BMVR0IC2U25873FPM.pcm
SwiftExplicitDependencyGeneratePcm arm64 /Users/admin/builder/spi-builder-workspace/.derivedData/SDKExplicitPrecompiledModules/sys_types-362M33UJYX5FN4RCNSGM7NM1D.pcm
SwiftExplicitDependencyGeneratePcm arm64 /Users/admin/builder/spi-builder-workspace/.derivedData/SDKExplicitPrecompiledModules/_Builtin_stdint-6SFA8FHKKN84TABC4YGTRQP9K.pcm
SwiftExplicitDependencyGeneratePcm arm64 /Users/admin/builder/spi-builder-workspace/.derivedData/SDKExplicitPrecompiledModules/_DarwinFoundation3-BWQ9HHUEF00PLTWBF6Y3RFT1Q.pcm
SwiftExplicitDependencyGeneratePcm arm64 /Users/admin/builder/spi-builder-workspace/.derivedData/SDKExplicitPrecompiledModules/_DarwinFoundation3-DYY938WDNPDWGPOGH1M1QUITA.pcm
SwiftExplicitDependencyGeneratePcm arm64 /Users/admin/builder/spi-builder-workspace/.derivedData/SDKExplicitPrecompiledModules/_Builtin_inttypes-F02YQXAV70SBQYNR1TCILSZQC.pcm
SwiftExplicitDependencyGeneratePcm arm64 /Users/admin/builder/spi-builder-workspace/.derivedData/SDKExplicitPrecompiledModules/_Builtin_inttypes-65FJ2B2J1AEG8S0QD4ORVM8AF.pcm
SwiftExplicitDependencyGeneratePcm arm64 /Users/admin/builder/spi-builder-workspace/.derivedData/SDKExplicitPrecompiledModules/Darwin-BI81F3DSM7GNALREB2L4UAO3K.pcm
SwiftExplicitDependencyGeneratePcm arm64 /Users/admin/builder/spi-builder-workspace/.derivedData/SDKExplicitPrecompiledModules/Darwin-7BRJ35O6AB5WG6M0QJKB4XRFG.pcm
PruneExplicitPrecompiledModules /Users/admin/builder/spi-builder-workspace/.derivedData/SDKExplicitPrecompiledModules
PruneExplicitPrecompiledModules /Users/admin/builder/spi-builder-workspace/.derivedData/Build/Intermediates.noindex/ExplicitPrecompiledModules
PruneExplicitPrecompiledModules /Users/admin/builder/spi-builder-workspace/.derivedData/Build/Intermediates.noindex/SwiftExplicitPrecompiledModules
2026-09-16 13:31:35.703 xcodebuild[977:5603] [MT] IDERunDestination: Supported platforms for the buildables in the current scheme is empty.
** BUILD FAILED **
The following build commands failed:
	SwiftCompile normal arm64 (in target 'ShellOut' from project 'ShellOut')
	SwiftEmitModule normal arm64 Emitting\ module\ for\ ShellOut (in target 'ShellOut' from project 'ShellOut')
	Building workspace TidyHTMLPublishStep with scheme TidyHTMLPublishStep
(3 failures)
Command line invocation:
    /Applications/Xcode-27.0.0-Release.Candidate.app/Contents/Developer/usr/bin/xcodebuild -IDEClonedSourcePackagesDirPathOverride=/Users/admin/builder/spi-builder-workspace/.dependencies -resolvePackageDependencies
Resolve Package Graph
Resolved source packages:
  Ink: https://github.com/johnsundell/ink.git @ 0.6.0
  Plot: https://github.com/johnsundell/plot.git @ 0.14.0
  Sweep: https://github.com/johnsundell/sweep.git @ 0.4.0
  Files: https://github.com/johnsundell/files.git @ 4.3.0
  CollectionConcurrencyKit: https://github.com/johnsundell/collectionConcurrencyKit.git @ 0.2.0
  TidyHTMLPublishStep: /Users/admin/builder/spi-builder-workspace
  Codextended: https://github.com/johnsundell/codextended.git @ 0.3.0
  SwiftSoup: https://github.com/scinfu/SwiftSoup.git @ 2.13.9
  Publish: https://github.com/JohnSundell/Publish.git @ 0.9.0
  ShellOut: https://github.com/johnsundell/shellout.git @ 2.3.0
resolved source packages: Ink, Plot, Sweep, Files, CollectionConcurrencyKit, TidyHTMLPublishStep, Codextended, SwiftSoup, Publish, ShellOut
2026-09-16 13:31:40.396 xcodebuild[1107:6449] [MT] IDERunDestination: Supported platforms for the buildables in the current scheme is empty.
{
  "dependencies" : [
    {
      "identity" : "publish",
      "requirement" : {
        "range" : [
          {
            "lower_bound" : "0.1.0",
            "upper_bound" : "1.0.0"
          }
        ]
      },
      "type" : "sourceControl",
      "url" : "https://github.com/JohnSundell/Publish.git"
    },
    {
      "identity" : "swiftsoup",
      "requirement" : {
        "range" : [
          {
            "lower_bound" : "2.0.0",
            "upper_bound" : "3.0.0"
          }
        ]
      },
      "type" : "sourceControl",
      "url" : "https://github.com/scinfu/SwiftSoup.git"
    }
  ],
  "manifest_display_name" : "TidyHTMLPublishStep",
  "name" : "TidyHTMLPublishStep",
  "path" : "/Users/admin/builder/spi-builder-workspace",
  "platforms" : [
  ],
  "products" : [
    {
      "name" : "TidyHTMLPublishStep",
      "targets" : [
        "TidyHTMLPublishStep"
      ],
      "type" : {
        "library" : [
          "automatic"
        ]
      }
    }
  ],
  "targets" : [
    {
      "c99name" : "TidyHTMLPublishStepTests",
      "module_type" : "SwiftTarget",
      "name" : "TidyHTMLPublishStepTests",
      "path" : "Tests/TidyHTMLPublishStepTests",
      "sources" : [
        "Helpers/HTMLFactoryMock.swift",
        "Helpers/TidyHTMLTestCase.swift",
        "Helpers/TidyHTMLWebsite.swift",
        "TidyHTMLPublishStepTests.swift"
      ],
      "target_dependencies" : [
        "TidyHTMLPublishStep"
      ],
      "type" : "test"
    },
    {
      "c99name" : "TidyHTMLPublishStep",
      "module_type" : "SwiftTarget",
      "name" : "TidyHTMLPublishStep",
      "path" : "Sources/TidyHTMLPublishStep",
      "product_dependencies" : [
        "Publish",
        "SwiftSoup"
      ],
      "product_memberships" : [
        "TidyHTMLPublishStep"
      ],
      "sources" : [
        "TidyHTMLPublishStep.swift",
        "Website+PostGenerationSteps.swift"
      ],
      "type" : "library"
    }
  ],
  "tools_version" : "5.1"
}
{
  "workspace" : {
    "name" : "TidyHTMLPublishStep",
    "schemes" : [
      "TidyHTMLPublishStep"
    ]
  }
}
2026-09-16 13:31:41.761 xcodebuild[1115:6514] [MT] IDERunDestination: Supported platforms for the buildables in the current scheme is empty.
Running build ...
env DEVELOPER_DIR=/Applications/Xcode-27.0.0-Release.Candidate.app xcrun xcodebuild -IDEClonedSourcePackagesDirPathOverride=$PWD/.dependencies -skipMacroValidation -skipPackagePluginValidation -derivedDataPath $PWD/.derivedData build -scheme TidyHTMLPublishStep -destination generic/platform=iOS
Command line invocation:
    /Applications/Xcode-27.0.0-Release.Candidate.app/Contents/Developer/usr/bin/xcodebuild -IDEClonedSourcePackagesDirPathOverride=/Users/admin/builder/spi-builder-workspace/.dependencies -skipMacroValidation -skipPackagePluginValidation -derivedDataPath /Users/admin/builder/spi-builder-workspace/.derivedData build -scheme TidyHTMLPublishStep -destination generic/platform=iOS
Resolve Package Graph
Resolved source packages:
  Publish: https://github.com/JohnSundell/Publish.git @ 0.9.0
  Sweep: https://github.com/johnsundell/sweep.git @ 0.4.0
  SwiftSoup: https://github.com/scinfu/SwiftSoup.git @ 2.13.9
  Codextended: https://github.com/johnsundell/codextended.git @ 0.3.0
  Ink: https://github.com/johnsundell/ink.git @ 0.6.0
  Files: https://github.com/johnsundell/files.git @ 4.3.0
  TidyHTMLPublishStep: /Users/admin/builder/spi-builder-workspace
  CollectionConcurrencyKit: https://github.com/johnsundell/collectionConcurrencyKit.git @ 0.2.0
  Plot: https://github.com/johnsundell/plot.git @ 0.14.0
  ShellOut: https://github.com/johnsundell/shellout.git @ 2.3.0
ComputePackagePrebuildTargetDependencyGraph
Prepare packages
CreateBuildRequest
SendProjectDescription
CreateBuildOperation
ComputeTargetDependencyGraph
note: Building targets in dependency order
note: Target dependency graph (20 targets)
    Target 'TidyHTMLPublishStep-product' in project 'TidyHTMLPublishStep'
        ➜ Explicit dependency on target 'TidyHTMLPublishStep' in project 'TidyHTMLPublishStep'
        ➜ Explicit dependency on target 'Publish-product' in project 'Publish'
        ➜ Explicit dependency on target 'SwiftSoup-product' in project 'SwiftSoup'
    Target 'TidyHTMLPublishStep' in project 'TidyHTMLPublishStep'
        ➜ Explicit dependency on target 'Publish-product' in project 'Publish'
        ➜ Explicit dependency on target 'SwiftSoup-product' in project 'SwiftSoup'
    Target 'SwiftSoup-product' in project 'SwiftSoup'
        ➜ Explicit dependency on target 'SwiftSoup' in project 'SwiftSoup'
    Target 'SwiftSoup' in project 'SwiftSoup' (no dependencies)
    Target 'Publish-product' in project 'Publish'
        ➜ Explicit dependency on target 'Publish' in project 'Publish'
        ➜ Explicit dependency on target 'Ink-product' in project 'Ink'
        ➜ Explicit dependency on target 'Plot-product' in project 'Plot'
        ➜ Explicit dependency on target 'Files-product' in project 'Files'
        ➜ Explicit dependency on target 'Codextended-product' in project 'Codextended'
        ➜ Explicit dependency on target 'ShellOut-product' in project 'ShellOut'
        ➜ Explicit dependency on target 'Sweep-product' in project 'Sweep'
        ➜ Explicit dependency on target 'CollectionConcurrencyKit-product' in project 'CollectionConcurrencyKit'
    Target 'Publish' in project 'Publish'
        ➜ Explicit dependency on target 'Ink-product' in project 'Ink'
        ➜ Explicit dependency on target 'Plot-product' in project 'Plot'
        ➜ Explicit dependency on target 'Files-product' in project 'Files'
        ➜ Explicit dependency on target 'Codextended-product' in project 'Codextended'
        ➜ Explicit dependency on target 'ShellOut-product' in project 'ShellOut'
        ➜ Explicit dependency on target 'Sweep-product' in project 'Sweep'
        ➜ Explicit dependency on target 'CollectionConcurrencyKit-product' in project 'CollectionConcurrencyKit'
    Target 'CollectionConcurrencyKit-product' in project 'CollectionConcurrencyKit'
        ➜ Explicit dependency on target 'CollectionConcurrencyKit' in project 'CollectionConcurrencyKit'
    Target 'CollectionConcurrencyKit' in project 'CollectionConcurrencyKit' (no dependencies)
    Target 'Sweep-product' in project 'Sweep'
        ➜ Explicit dependency on target 'Sweep' in project 'Sweep'
    Target 'Sweep' in project 'Sweep' (no dependencies)
    Target 'ShellOut-product' in project 'ShellOut'
        ➜ Explicit dependency on target 'ShellOut' in project 'ShellOut'
    Target 'ShellOut' in project 'ShellOut' (no dependencies)
    Target 'Codextended-product' in project 'Codextended'
        ➜ Explicit dependency on target 'Codextended' in project 'Codextended'
    Target 'Codextended' in project 'Codextended' (no dependencies)
    Target 'Files-product' in project 'Files'
        ➜ Explicit dependency on target 'Files' in project 'Files'
    Target 'Files' in project 'Files' (no dependencies)
    Target 'Plot-product' in project 'Plot'
        ➜ Explicit dependency on target 'Plot' in project 'Plot'
    Target 'Plot' in project 'Plot' (no dependencies)
    Target 'Ink-product' in project 'Ink'
        ➜ Explicit dependency on target 'Ink' in project 'Ink'
    Target 'Ink' in project 'Ink' (no dependencies)
GatherProvisioningInputs
CreateBuildDescription
ClangStatCache /Applications/Xcode-27.0.0-Release.Candidate.app/Contents/Developer/Toolchains/XcodeDefault.xctoolchain/usr/bin/clang-stat-cache /Applications/Xcode-27.0.0-Release.Candidate.app/Contents/Developer/Platforms/iPhoneOS.platform/Developer/SDKs/iPhoneOS27.0.sdk /Users/admin/builder/spi-builder-workspace/.derivedData/SDKStatCaches.noindex/iphoneos27.0-24A430-e829b21a6f8c9b70876ba0858053c04440ceaa042ed91876912b2eeea4e3aa14.sdkstatcache
    cd /Users/admin/builder/spi-builder-workspace/.swiftpm/xcode
    /Applications/Xcode-27.0.0-Release.Candidate.app/Contents/Developer/Toolchains/XcodeDefault.xctoolchain/usr/bin/clang-stat-cache /Applications/Xcode-27.0.0-Release.Candidate.app/Contents/Developer/Platforms/iPhoneOS.platform/Developer/SDKs/iPhoneOS27.0.sdk -o /Users/admin/builder/spi-builder-workspace/.derivedData/SDKStatCaches.noindex/iphoneos27.0-24A430-e829b21a6f8c9b70876ba0858053c04440ceaa042ed91876912b2eeea4e3aa14.sdkstatcache
SwiftDriver SwiftSoup normal arm64 com.apple.xcode.tools.swift.compiler (in target 'SwiftSoup' from project 'SwiftSoup')
    cd /Users/admin/builder/spi-builder-workspace/.swiftpm/xcode
    builtin-SwiftDriver -- /Applications/Xcode-27.0.0-Release.Candidate.app/Contents/Developer/Toolchains/XcodeDefault.xctoolchain/usr/bin/swiftc -parse-as-library -module-name SwiftSoup -Onone @/Users/admin/builder/spi-builder-workspace/.derivedData/Build/Intermediates.noindex/SwiftSoup.build/Debug-iphoneos/SwiftSoup-t.build/Objects-normal/arm64/SwiftSoup.SwiftFileList -DSWIFT_PACKAGE -DDEBUG -DSWIFT_MODULE_RESOURCE_BUNDLE_UNAVAILABLE -DXcode -plugin-path /Applications/Xcode-27.0.0-Release.Candidate.app/Contents/Developer/Toolchains/XcodeDefault.xctoolchain/usr/lib/swift/host/plugins/testing -enable-experimental-feature DebugDescriptionMacro -sdk /Applications/Xcode-27.0.0-Release.Candidate.app/Contents/Developer/Platforms/iPhoneOS.platform/Developer/SDKs/iPhoneOS27.0.sdk -target arm64-apple-ios15.0 -g -module-cache-path /Users/admin/builder/spi-builder-workspace/.derivedData/ModuleCache.noindex -Xfrontend -serialize-debugging-options -profile-coverage-mapping -profile-generate -enable-testing -suppress-warnings -index-store-path /Users/admin/builder/spi-builder-workspace/.derivedData/Index.noindex/DataStore -Xcc -D_LIBCPP_HARDENING_MODE\=_LIBCPP_HARDENING_MODE_DEBUG -swift-version 6 -I /Users/admin/builder/spi-builder-workspace/.derivedData/Build/Products/Debug-iphoneos -Isystem /Applications/Xcode-27.0.0-Release.Candidate.app/Contents/Developer/Platforms/iPhoneOS.platform/Developer/usr/lib -F /Users/admin/builder/spi-builder-workspace/.derivedData/Build/Products/Debug-iphoneos -F /Applications/Xcode-27.0.0-Release.Candidate.app/Contents/Developer/Platforms/iPhoneOS.platform/Developer/Library/Frameworks -F /Applications/Xcode-27.0.0-Release.Candidate.app/Contents/Developer/Platforms/iPhoneOS.platform/Developer/SDKs/iPhoneOS27.0.sdk/Developer/Library/Frameworks -c -j10 -enable-batch-mode -incremental -Xcc -ivfsstatcache -Xcc /Users/admin/builder/spi-builder-workspace/.derivedData/SDKStatCaches.noindex/iphoneos27.0-24A430-e829b21a6f8c9b70876ba0858053c04440ceaa042ed91876912b2eeea4e3aa14.sdkstatcache -output-file-map /Users/admin/builder/spi-builder-workspace/.derivedData/Build/Intermediates.noindex/SwiftSoup.build/Debug-iphoneos/SwiftSoup-t.build/Objects-normal/arm64/SwiftSoup-OutputFileMap.json -save-temps -no-color-diagnostics -explicit-module-build -module-cache-path /Users/admin/builder/spi-builder-workspace/.derivedData/Build/Intermediates.noindex/SwiftExplicitPrecompiledModules -clang-scanner-module-cache-path /Users/admin/builder/spi-builder-workspace/.derivedData/ModuleCache.noindex -sdk-module-cache-path /Users/admin/builder/spi-builder-workspace/.derivedData/SDKExplicitPrecompiledModules -emit-dependencies -emit-module -emit-module-path /Users/admin/builder/spi-builder-workspace/.derivedData/Build/Intermediates.noindex/SwiftSoup.build/Debug-iphoneos/SwiftSoup-t.build/Objects-normal/arm64/SwiftSoup.swiftmodule -serialize-diagnostics -dependency-scan-serialize-diagnostics-path /Users/admin/builder/spi-builder-workspace/.derivedData/Build/Intermediates.noindex/SwiftSoup.build/Debug-iphoneos/SwiftSoup-t.build/Objects-normal/arm64/SwiftSoup-dependency-scan.dia -user-module-version 2.13.9 -validate-clang-modules-once -clang-build-session-file /Users/admin/builder/spi-builder-workspace/.derivedData/ModuleCache.noindex/Session.modulevalidation -Xcc -fmodules-prune-interval\=86400 -Xcc -fmodules-prune-after\=345600 -package-name swiftsoup -emit-const-values -const-gather-protocols-list /Users/admin/builder/spi-builder-workspace/.derivedData/Build/Intermediates.noindex/SwiftSoup.build/Debug-iphoneos/SwiftSoup-t.build/Objects-normal/arm64/SwiftSoup_const_extract_protocols.json -Xcc -I/Users/admin/builder/spi-builder-workspace/.derivedData/Build/Products/Debug-iphoneos/include -Xcc -I/Users/admin/builder/spi-builder-workspace/.derivedData/Build/Intermediates.noindex/SwiftSoup.build/Debug-iphoneos/SwiftSoup-t.build/DerivedSources-normal/arm64 -Xcc -I/Users/admin/builder/spi-builder-workspace/.derivedData/Build/Intermediates.noindex/SwiftSoup.build/Debug-iphoneos/SwiftSoup-t.build/DerivedSources/arm64 -Xcc -I/Users/admin/builder/spi-builder-workspace/.derivedData/Build/Intermediates.noindex/SwiftSoup.build/Debug-iphoneos/SwiftSoup-t.build/DerivedSources -Xcc -DSWIFT_PACKAGE -Xcc -DDEBUG\=1 -emit-objc-header -emit-objc-header-path /Users/admin/builder/spi-builder-workspace/.derivedData/Build/Intermediates.noindex/SwiftSoup.build/Debug-iphoneos/SwiftSoup-t.build/Objects-normal/arm64/SwiftSoup-Swift.h -working-directory /Users/admin/builder/spi-builder-workspace/.swiftpm/xcode -experimental-emit-module-separately -disable-cmo
SwiftDriver Sweep normal arm64 com.apple.xcode.tools.swift.compiler (in target 'Sweep' from project 'Sweep')
    cd /Users/admin/builder/spi-builder-workspace/.swiftpm/xcode
    builtin-SwiftDriver -- /Applications/Xcode-27.0.0-Release.Candidate.app/Contents/Developer/Toolchains/XcodeDefault.xctoolchain/usr/bin/swiftc -parse-as-library -module-name Sweep -Onone @/Users/admin/builder/spi-builder-workspace/.derivedData/Build/Intermediates.noindex/Sweep.build/Debug-iphoneos/Sweep-t.build/Objects-normal/arm64/Sweep.SwiftFileList -DSWIFT_PACKAGE -DDEBUG -DSWIFT_MODULE_RESOURCE_BUNDLE_UNAVAILABLE -DXcode -plugin-path /Applications/Xcode-27.0.0-Release.Candidate.app/Contents/Developer/Toolchains/XcodeDefault.xctoolchain/usr/lib/swift/host/plugins/testing -enable-experimental-feature DebugDescriptionMacro -sdk /Applications/Xcode-27.0.0-Release.Candidate.app/Contents/Developer/Platforms/iPhoneOS.platform/Developer/SDKs/iPhoneOS27.0.sdk -target arm64-apple-ios15.0 -g -module-cache-path /Users/admin/builder/spi-builder-workspace/.derivedData/ModuleCache.noindex -Xfrontend -serialize-debugging-options -profile-coverage-mapping -profile-generate -enable-testing -suppress-warnings -index-store-path /Users/admin/builder/spi-builder-workspace/.derivedData/Index.noindex/DataStore -Xcc -D_LIBCPP_HARDENING_MODE\=_LIBCPP_HARDENING_MODE_DEBUG -swift-version 5 -I /Users/admin/builder/spi-builder-workspace/.derivedData/Build/Products/Debug-iphoneos -Isystem /Applications/Xcode-27.0.0-Release.Candidate.app/Contents/Developer/Platforms/iPhoneOS.platform/Developer/usr/lib -F /Users/admin/builder/spi-builder-workspace/.derivedData/Build/Products/Debug-iphoneos -F /Applications/Xcode-27.0.0-Release.Candidate.app/Contents/Developer/Platforms/iPhoneOS.platform/Developer/Library/Frameworks -F /Applications/Xcode-27.0.0-Release.Candidate.app/Contents/Developer/Platforms/iPhoneOS.platform/Developer/SDKs/iPhoneOS27.0.sdk/Developer/Library/Frameworks -c -j10 -enable-batch-mode -incremental -Xcc -ivfsstatcache -Xcc /Users/admin/builder/spi-builder-workspace/.derivedData/SDKStatCaches.noindex/iphoneos27.0-24A430-e829b21a6f8c9b70876ba0858053c04440ceaa042ed91876912b2eeea4e3aa14.sdkstatcache -output-file-map /Users/admin/builder/spi-builder-workspace/.derivedData/Build/Intermediates.noindex/Sweep.build/Debug-iphoneos/Sweep-t.build/Objects-normal/arm64/Sweep-OutputFileMap.json -save-temps -no-color-diagnostics -explicit-module-build -module-cache-path /Users/admin/builder/spi-builder-workspace/.derivedData/Build/Intermediates.noindex/SwiftExplicitPrecompiledModules -clang-scanner-module-cache-path /Users/admin/builder/spi-builder-workspace/.derivedData/ModuleCache.noindex -sdk-module-cache-path /Users/admin/builder/spi-builder-workspace/.derivedData/SDKExplicitPrecompiledModules -emit-dependencies -emit-module -emit-module-path /Users/admin/builder/spi-builder-workspace/.derivedData/Build/Intermediates.noindex/Sweep.build/Debug-iphoneos/Sweep-t.build/Objects-normal/arm64/Sweep.swiftmodule -serialize-diagnostics -dependency-scan-serialize-diagnostics-path /Users/admin/builder/spi-builder-workspace/.derivedData/Build/Intermediates.noindex/Sweep.build/Debug-iphoneos/Sweep-t.build/Objects-normal/arm64/Sweep-dependency-scan.dia -validate-clang-modules-once -clang-build-session-file /Users/admin/builder/spi-builder-workspace/.derivedData/ModuleCache.noindex/Session.modulevalidation -Xcc -fmodules-prune-interval\=86400 -Xcc -fmodules-prune-after\=345600 -emit-const-values -const-gather-protocols-list /Users/admin/builder/spi-builder-workspace/.derivedData/Build/Intermediates.noindex/Sweep.build/Debug-iphoneos/Sweep-t.build/Objects-normal/arm64/Sweep_const_extract_protocols.json -Xcc -I/Users/admin/builder/spi-builder-workspace/.derivedData/Build/Products/Debug-iphoneos/include -Xcc -I/Users/admin/builder/spi-builder-workspace/.derivedData/Build/Intermediates.noindex/Sweep.build/Debug-iphoneos/Sweep-t.build/DerivedSources-normal/arm64 -Xcc -I/Users/admin/builder/spi-builder-workspace/.derivedData/Build/Intermediates.noindex/Sweep.build/Debug-iphoneos/Sweep-t.build/DerivedSources/arm64 -Xcc -I/Users/admin/builder/spi-builder-workspace/.derivedData/Build/Intermediates.noindex/Sweep.build/Debug-iphoneos/Sweep-t.build/DerivedSources -Xcc -DSWIFT_PACKAGE -Xcc -DDEBUG\=1 -emit-objc-header -emit-objc-header-path /Users/admin/builder/spi-builder-workspace/.derivedData/Build/Intermediates.noindex/Sweep.build/Debug-iphoneos/Sweep-t.build/Objects-normal/arm64/Sweep-Swift.h -working-directory /Users/admin/builder/spi-builder-workspace/.swiftpm/xcode -experimental-emit-module-separately -disable-cmo
SwiftDriver ShellOut normal arm64 com.apple.xcode.tools.swift.compiler (in target 'ShellOut' from project 'ShellOut')
    cd /Users/admin/builder/spi-builder-workspace/.swiftpm/xcode
    builtin-SwiftDriver -- /Applications/Xcode-27.0.0-Release.Candidate.app/Contents/Developer/Toolchains/XcodeDefault.xctoolchain/usr/bin/swiftc -parse-as-library -module-name ShellOut -Onone @/Users/admin/builder/spi-builder-workspace/.derivedData/Build/Intermediates.noindex/ShellOut.build/Debug-iphoneos/ShellOut-t.build/Objects-normal/arm64/ShellOut.SwiftFileList -DSWIFT_PACKAGE -DDEBUG -DSWIFT_MODULE_RESOURCE_BUNDLE_UNAVAILABLE -DXcode -plugin-path /Applications/Xcode-27.0.0-Release.Candidate.app/Contents/Developer/Toolchains/XcodeDefault.xctoolchain/usr/lib/swift/host/plugins/testing -enable-experimental-feature DebugDescriptionMacro -sdk /Applications/Xcode-27.0.0-Release.Candidate.app/Contents/Developer/Platforms/iPhoneOS.platform/Developer/SDKs/iPhoneOS27.0.sdk -target arm64-apple-ios15.0 -g -module-cache-path /Users/admin/builder/spi-builder-workspace/.derivedData/ModuleCache.noindex -Xfrontend -serialize-debugging-options -profile-coverage-mapping -profile-generate -enable-testing -suppress-warnings -index-store-path /Users/admin/builder/spi-builder-workspace/.derivedData/Index.noindex/DataStore -Xcc -D_LIBCPP_HARDENING_MODE\=_LIBCPP_HARDENING_MODE_DEBUG -swift-version 4.2 -I /Users/admin/builder/spi-builder-workspace/.derivedData/Build/Products/Debug-iphoneos -Isystem /Applications/Xcode-27.0.0-Release.Candidate.app/Contents/Developer/Platforms/iPhoneOS.platform/Developer/usr/lib -F /Users/admin/builder/spi-builder-workspace/.derivedData/Build/Products/Debug-iphoneos -F /Applications/Xcode-27.0.0-Release.Candidate.app/Contents/Developer/Platforms/iPhoneOS.platform/Developer/Library/Frameworks -F /Applications/Xcode-27.0.0-Release.Candidate.app/Contents/Developer/Platforms/iPhoneOS.platform/Developer/SDKs/iPhoneOS27.0.sdk/Developer/Library/Frameworks -c -j10 -enable-batch-mode -incremental -Xcc -ivfsstatcache -Xcc /Users/admin/builder/spi-builder-workspace/.derivedData/SDKStatCaches.noindex/iphoneos27.0-24A430-e829b21a6f8c9b70876ba0858053c04440ceaa042ed91876912b2eeea4e3aa14.sdkstatcache -output-file-map /Users/admin/builder/spi-builder-workspace/.derivedData/Build/Intermediates.noindex/ShellOut.build/Debug-iphoneos/ShellOut-t.build/Objects-normal/arm64/ShellOut-OutputFileMap.json -save-temps -no-color-diagnostics -emit-dependencies -emit-module -emit-module-path /Users/admin/builder/spi-builder-workspace/.derivedData/Build/Intermediates.noindex/ShellOut.build/Debug-iphoneos/ShellOut-t.build/Objects-normal/arm64/ShellOut.swiftmodule -serialize-diagnostics -validate-clang-modules-once -clang-build-session-file /Users/admin/builder/spi-builder-workspace/.derivedData/ModuleCache.noindex/Session.modulevalidation -Xcc -fmodules-prune-interval\=86400 -Xcc -fmodules-prune-after\=345600 -emit-const-values -const-gather-protocols-list /Users/admin/builder/spi-builder-workspace/.derivedData/Build/Intermediates.noindex/ShellOut.build/Debug-iphoneos/ShellOut-t.build/Objects-normal/arm64/ShellOut_const_extract_protocols.json -Xcc -I/Users/admin/builder/spi-builder-workspace/.derivedData/Build/Products/Debug-iphoneos/include -Xcc -I/Users/admin/builder/spi-builder-workspace/.derivedData/Build/Intermediates.noindex/ShellOut.build/Debug-iphoneos/ShellOut-t.build/DerivedSources-normal/arm64 -Xcc -I/Users/admin/builder/spi-builder-workspace/.derivedData/Build/Intermediates.noindex/ShellOut.build/Debug-iphoneos/ShellOut-t.build/DerivedSources/arm64 -Xcc -I/Users/admin/builder/spi-builder-workspace/.derivedData/Build/Intermediates.noindex/ShellOut.build/Debug-iphoneos/ShellOut-t.build/DerivedSources -Xcc -DSWIFT_PACKAGE -Xcc -DDEBUG\=1 -emit-objc-header -emit-objc-header-path /Users/admin/builder/spi-builder-workspace/.derivedData/Build/Intermediates.noindex/ShellOut.build/Debug-iphoneos/ShellOut-t.build/Objects-normal/arm64/ShellOut-Swift.h -working-directory /Users/admin/builder/spi-builder-workspace/.swiftpm/xcode -experimental-emit-module-separately -disable-cmo
SwiftDriver Plot normal arm64 com.apple.xcode.tools.swift.compiler (in target 'Plot' from project 'Plot')
    cd /Users/admin/builder/spi-builder-workspace/.swiftpm/xcode
    builtin-SwiftDriver -- /Applications/Xcode-27.0.0-Release.Candidate.app/Contents/Developer/Toolchains/XcodeDefault.xctoolchain/usr/bin/swiftc -parse-as-library -module-name Plot -Onone @/Users/admin/builder/spi-builder-workspace/.derivedData/Build/Intermediates.noindex/Plot.build/Debug-iphoneos/Plot-t.build/Objects-normal/arm64/Plot.SwiftFileList -DSWIFT_PACKAGE -DDEBUG -DSWIFT_MODULE_RESOURCE_BUNDLE_UNAVAILABLE -DXcode -plugin-path /Applications/Xcode-27.0.0-Release.Candidate.app/Contents/Developer/Toolchains/XcodeDefault.xctoolchain/usr/lib/swift/host/plugins/testing -enable-experimental-feature DebugDescriptionMacro -sdk /Applications/Xcode-27.0.0-Release.Candidate.app/Contents/Developer/Platforms/iPhoneOS.platform/Developer/SDKs/iPhoneOS27.0.sdk -target arm64-apple-ios15.0 -g -module-cache-path /Users/admin/builder/spi-builder-workspace/.derivedData/ModuleCache.noindex -Xfrontend -serialize-debugging-options -profile-coverage-mapping -profile-generate -enable-testing -suppress-warnings -index-store-path /Users/admin/builder/spi-builder-workspace/.derivedData/Index.noindex/DataStore -Xcc -D_LIBCPP_HARDENING_MODE\=_LIBCPP_HARDENING_MODE_DEBUG -swift-version 5 -I /Users/admin/builder/spi-builder-workspace/.derivedData/Build/Products/Debug-iphoneos -Isystem /Applications/Xcode-27.0.0-Release.Candidate.app/Contents/Developer/Platforms/iPhoneOS.platform/Developer/usr/lib -F /Users/admin/builder/spi-builder-workspace/.derivedData/Build/Products/Debug-iphoneos -F /Applications/Xcode-27.0.0-Release.Candidate.app/Contents/Developer/Platforms/iPhoneOS.platform/Developer/Library/Frameworks -F /Applications/Xcode-27.0.0-Release.Candidate.app/Contents/Developer/Platforms/iPhoneOS.platform/Developer/SDKs/iPhoneOS27.0.sdk/Developer/Library/Frameworks -c -j10 -enable-batch-mode -incremental -Xcc -ivfsstatcache -Xcc /Users/admin/builder/spi-builder-workspace/.derivedData/SDKStatCaches.noindex/iphoneos27.0-24A430-e829b21a6f8c9b70876ba0858053c04440ceaa042ed91876912b2eeea4e3aa14.sdkstatcache -output-file-map /Users/admin/builder/spi-builder-workspace/.derivedData/Build/Intermediates.noindex/Plot.build/Debug-iphoneos/Plot-t.build/Objects-normal/arm64/Plot-OutputFileMap.json -save-temps -no-color-diagnostics -explicit-module-build -module-cache-path /Users/admin/builder/spi-builder-workspace/.derivedData/Build/Intermediates.noindex/SwiftExplicitPrecompiledModules -clang-scanner-module-cache-path /Users/admin/builder/spi-builder-workspace/.derivedData/ModuleCache.noindex -sdk-module-cache-path /Users/admin/builder/spi-builder-workspace/.derivedData/SDKExplicitPrecompiledModules -emit-dependencies -emit-module -emit-module-path /Users/admin/builder/spi-builder-workspace/.derivedData/Build/Intermediates.noindex/Plot.build/Debug-iphoneos/Plot-t.build/Objects-normal/arm64/Plot.swiftmodule -serialize-diagnostics -dependency-scan-serialize-diagnostics-path /Users/admin/builder/spi-builder-workspace/.derivedData/Build/Intermediates.noindex/Plot.build/Debug-iphoneos/Plot-t.build/Objects-normal/arm64/Plot-dependency-scan.dia -validate-clang-modules-once -clang-build-session-file /Users/admin/builder/spi-builder-workspace/.derivedData/ModuleCache.noindex/Session.modulevalidation -Xcc -fmodules-prune-interval\=86400 -Xcc -fmodules-prune-after\=345600 -emit-const-values -const-gather-protocols-list /Users/admin/builder/spi-builder-workspace/.derivedData/Build/Intermediates.noindex/Plot.build/Debug-iphoneos/Plot-t.build/Objects-normal/arm64/Plot_const_extract_protocols.json -Xcc -I/Users/admin/builder/spi-builder-workspace/.derivedData/Build/Products/Debug-iphoneos/include -Xcc -I/Users/admin/builder/spi-builder-workspace/.derivedData/Build/Intermediates.noindex/Plot.build/Debug-iphoneos/Plot-t.build/DerivedSources-normal/arm64 -Xcc -I/Users/admin/builder/spi-builder-workspace/.derivedData/Build/Intermediates.noindex/Plot.build/Debug-iphoneos/Plot-t.build/DerivedSources/arm64 -Xcc -I/Users/admin/builder/spi-builder-workspace/.derivedData/Build/Intermediates.noindex/Plot.build/Debug-iphoneos/Plot-t.build/DerivedSources -Xcc -DSWIFT_PACKAGE -Xcc -DDEBUG\=1 -emit-objc-header -emit-objc-header-path /Users/admin/builder/spi-builder-workspace/.derivedData/Build/Intermediates.noindex/Plot.build/Debug-iphoneos/Plot-t.build/Objects-normal/arm64/Plot-Swift.h -working-directory /Users/admin/builder/spi-builder-workspace/.swiftpm/xcode -experimental-emit-module-separately -disable-cmo
SwiftDriver Ink normal arm64 com.apple.xcode.tools.swift.compiler (in target 'Ink' from project 'Ink')
    cd /Users/admin/builder/spi-builder-workspace/.swiftpm/xcode
    builtin-SwiftDriver -- /Applications/Xcode-27.0.0-Release.Candidate.app/Contents/Developer/Toolchains/XcodeDefault.xctoolchain/usr/bin/swiftc -parse-as-library -module-name Ink -Onone @/Users/admin/builder/spi-builder-workspace/.derivedData/Build/Intermediates.noindex/Ink.build/Debug-iphoneos/Ink-t.build/Objects-normal/arm64/Ink.SwiftFileList -DSWIFT_PACKAGE -DDEBUG -DSWIFT_MODULE_RESOURCE_BUNDLE_UNAVAILABLE -DXcode -plugin-path /Applications/Xcode-27.0.0-Release.Candidate.app/Contents/Developer/Toolchains/XcodeDefault.xctoolchain/usr/lib/swift/host/plugins/testing -enable-experimental-feature DebugDescriptionMacro -sdk /Applications/Xcode-27.0.0-Release.Candidate.app/Contents/Developer/Platforms/iPhoneOS.platform/Developer/SDKs/iPhoneOS27.0.sdk -target arm64-apple-ios15.0 -g -module-cache-path /Users/admin/builder/spi-builder-workspace/.derivedData/ModuleCache.noindex -Xfrontend -serialize-debugging-options -profile-coverage-mapping -profile-generate -enable-testing -suppress-warnings -index-store-path /Users/admin/builder/spi-builder-workspace/.derivedData/Index.noindex/DataStore -Xcc -D_LIBCPP_HARDENING_MODE\=_LIBCPP_HARDENING_MODE_DEBUG -swift-version 5 -I /Users/admin/builder/spi-builder-workspace/.derivedData/Build/Products/Debug-iphoneos -Isystem /Applications/Xcode-27.0.0-Release.Candidate.app/Contents/Developer/Platforms/iPhoneOS.platform/Developer/usr/lib -F /Users/admin/builder/spi-builder-workspace/.derivedData/Build/Products/Debug-iphoneos -F /Applications/Xcode-27.0.0-Release.Candidate.app/Contents/Developer/Platforms/iPhoneOS.platform/Developer/Library/Frameworks -F /Applications/Xcode-27.0.0-Release.Candidate.app/Contents/Developer/Platforms/iPhoneOS.platform/Developer/SDKs/iPhoneOS27.0.sdk/Developer/Library/Frameworks -c -j10 -enable-batch-mode -incremental -Xcc -ivfsstatcache -Xcc /Users/admin/builder/spi-builder-workspace/.derivedData/SDKStatCaches.noindex/iphoneos27.0-24A430-e829b21a6f8c9b70876ba0858053c04440ceaa042ed91876912b2eeea4e3aa14.sdkstatcache -output-file-map /Users/admin/builder/spi-builder-workspace/.derivedData/Build/Intermediates.noindex/Ink.build/Debug-iphoneos/Ink-t.build/Objects-normal/arm64/Ink-OutputFileMap.json -save-temps -no-color-diagnostics -explicit-module-build -module-cache-path /Users/admin/builder/spi-builder-workspace/.derivedData/Build/Intermediates.noindex/SwiftExplicitPrecompiledModules -clang-scanner-module-cache-path /Users/admin/builder/spi-builder-workspace/.derivedData/ModuleCache.noindex -sdk-module-cache-path /Users/admin/builder/spi-builder-workspace/.derivedData/SDKExplicitPrecompiledModules -emit-dependencies -emit-module -emit-module-path /Users/admin/builder/spi-builder-workspace/.derivedData/Build/Intermediates.noindex/Ink.build/Debug-iphoneos/Ink-t.build/Objects-normal/arm64/Ink.swiftmodule -serialize-diagnostics -dependency-scan-serialize-diagnostics-path /Users/admin/builder/spi-builder-workspace/.derivedData/Build/Intermediates.noindex/Ink.build/Debug-iphoneos/Ink-t.build/Objects-normal/arm64/Ink-dependency-scan.dia -validate-clang-modules-once -clang-build-session-file /Users/admin/builder/spi-builder-workspace/.derivedData/ModuleCache.noindex/Session.modulevalidation -Xcc -fmodules-prune-interval\=86400 -Xcc -fmodules-prune-after\=345600 -emit-const-values -const-gather-protocols-list /Users/admin/builder/spi-builder-workspace/.derivedData/Build/Intermediates.noindex/Ink.build/Debug-iphoneos/Ink-t.build/Objects-normal/arm64/Ink_const_extract_protocols.json -Xcc -I/Users/admin/builder/spi-builder-workspace/.derivedData/Build/Products/Debug-iphoneos/include -Xcc -I/Users/admin/builder/spi-builder-workspace/.derivedData/Build/Intermediates.noindex/Ink.build/Debug-iphoneos/Ink-t.build/DerivedSources-normal/arm64 -Xcc -I/Users/admin/builder/spi-builder-workspace/.derivedData/Build/Intermediates.noindex/Ink.build/Debug-iphoneos/Ink-t.build/DerivedSources/arm64 -Xcc -I/Users/admin/builder/spi-builder-workspace/.derivedData/Build/Intermediates.noindex/Ink.build/Debug-iphoneos/Ink-t.build/DerivedSources -Xcc -DSWIFT_PACKAGE -Xcc -DDEBUG\=1 -emit-objc-header -emit-objc-header-path /Users/admin/builder/spi-builder-workspace/.derivedData/Build/Intermediates.noindex/Ink.build/Debug-iphoneos/Ink-t.build/Objects-normal/arm64/Ink-Swift.h -working-directory /Users/admin/builder/spi-builder-workspace/.swiftpm/xcode -experimental-emit-module-separately -disable-cmo
SwiftDriver Files normal arm64 com.apple.xcode.tools.swift.compiler (in target 'Files' from project 'Files')
    cd /Users/admin/builder/spi-builder-workspace/.swiftpm/xcode
    builtin-SwiftDriver -- /Applications/Xcode-27.0.0-Release.Candidate.app/Contents/Developer/Toolchains/XcodeDefault.xctoolchain/usr/bin/swiftc -parse-as-library -module-name Files -Onone @/Users/admin/builder/spi-builder-workspace/.derivedData/Build/Intermediates.noindex/Files.build/Debug-iphoneos/Files-t.build/Objects-normal/arm64/Files.SwiftFileList -DSWIFT_PACKAGE -DDEBUG -DSWIFT_MODULE_RESOURCE_BUNDLE_UNAVAILABLE -DXcode -plugin-path /Applications/Xcode-27.0.0-Release.Candidate.app/Contents/Developer/Toolchains/XcodeDefault.xctoolchain/usr/lib/swift/host/plugins/testing -enable-experimental-feature DebugDescriptionMacro -sdk /Applications/Xcode-27.0.0-Release.Candidate.app/Contents/Developer/Platforms/iPhoneOS.platform/Developer/SDKs/iPhoneOS27.0.sdk -target arm64-apple-ios15.0 -g -module-cache-path /Users/admin/builder/spi-builder-workspace/.derivedData/ModuleCache.noindex -Xfrontend -serialize-debugging-options -profile-coverage-mapping -profile-generate -enable-testing -suppress-warnings -index-store-path /Users/admin/builder/spi-builder-workspace/.derivedData/Index.noindex/DataStore -Xcc -D_LIBCPP_HARDENING_MODE\=_LIBCPP_HARDENING_MODE_DEBUG -swift-version 5 -I /Users/admin/builder/spi-builder-workspace/.derivedData/Build/Products/Debug-iphoneos -Isystem /Applications/Xcode-27.0.0-Release.Candidate.app/Contents/Developer/Platforms/iPhoneOS.platform/Developer/usr/lib -F /Users/admin/builder/spi-builder-workspace/.derivedData/Build/Products/Debug-iphoneos -F /Applications/Xcode-27.0.0-Release.Candidate.app/Contents/Developer/Platforms/iPhoneOS.platform/Developer/Library/Frameworks -F /Applications/Xcode-27.0.0-Release.Candidate.app/Contents/Developer/Platforms/iPhoneOS.platform/Developer/SDKs/iPhoneOS27.0.sdk/Developer/Library/Frameworks -c -j10 -enable-batch-mode -incremental -Xcc -ivfsstatcache -Xcc /Users/admin/builder/spi-builder-workspace/.derivedData/SDKStatCaches.noindex/iphoneos27.0-24A430-e829b21a6f8c9b70876ba0858053c04440ceaa042ed91876912b2eeea4e3aa14.sdkstatcache -output-file-map /Users/admin/builder/spi-builder-workspace/.derivedData/Build/Intermediates.noindex/Files.build/Debug-iphoneos/Files-t.build/Objects-normal/arm64/Files-OutputFileMap.json -save-temps -no-color-diagnostics -explicit-module-build -module-cache-path /Users/admin/builder/spi-builder-workspace/.derivedData/Build/Intermediates.noindex/SwiftExplicitPrecompiledModules -clang-scanner-module-cache-path /Users/admin/builder/spi-builder-workspace/.derivedData/ModuleCache.noindex -sdk-module-cache-path /Users/admin/builder/spi-builder-workspace/.derivedData/SDKExplicitPrecompiledModules -emit-dependencies -emit-module -emit-module-path /Users/admin/builder/spi-builder-workspace/.derivedData/Build/Intermediates.noindex/Files.build/Debug-iphoneos/Files-t.build/Objects-normal/arm64/Files.swiftmodule -serialize-diagnostics -dependency-scan-serialize-diagnostics-path /Users/admin/builder/spi-builder-workspace/.derivedData/Build/Intermediates.noindex/Files.build/Debug-iphoneos/Files-t.build/Objects-normal/arm64/Files-dependency-scan.dia -validate-clang-modules-once -clang-build-session-file /Users/admin/builder/spi-builder-workspace/.derivedData/ModuleCache.noindex/Session.modulevalidation -Xcc -fmodules-prune-interval\=86400 -Xcc -fmodules-prune-after\=345600 -emit-const-values -const-gather-protocols-list /Users/admin/builder/spi-builder-workspace/.derivedData/Build/Intermediates.noindex/Files.build/Debug-iphoneos/Files-t.build/Objects-normal/arm64/Files_const_extract_protocols.json -Xcc -I/Users/admin/builder/spi-builder-workspace/.derivedData/Build/Products/Debug-iphoneos/include -Xcc -I/Users/admin/builder/spi-builder-workspace/.derivedData/Build/Intermediates.noindex/Files.build/Debug-iphoneos/Files-t.build/DerivedSources-normal/arm64 -Xcc -I/Users/admin/builder/spi-builder-workspace/.derivedData/Build/Intermediates.noindex/Files.build/Debug-iphoneos/Files-t.build/DerivedSources/arm64 -Xcc -I/Users/admin/builder/spi-builder-workspace/.derivedData/Build/Intermediates.noindex/Files.build/Debug-iphoneos/Files-t.build/DerivedSources -Xcc -DSWIFT_PACKAGE -Xcc -DDEBUG\=1 -emit-objc-header -emit-objc-header-path /Users/admin/builder/spi-builder-workspace/.derivedData/Build/Intermediates.noindex/Files.build/Debug-iphoneos/Files-t.build/Objects-normal/arm64/Files-Swift.h -working-directory /Users/admin/builder/spi-builder-workspace/.swiftpm/xcode -experimental-emit-module-separately -disable-cmo
SwiftDriver Codextended normal arm64 com.apple.xcode.tools.swift.compiler (in target 'Codextended' from project 'Codextended')
    cd /Users/admin/builder/spi-builder-workspace/.swiftpm/xcode
    builtin-SwiftDriver -- /Applications/Xcode-27.0.0-Release.Candidate.app/Contents/Developer/Toolchains/XcodeDefault.xctoolchain/usr/bin/swiftc -parse-as-library -module-name Codextended -Onone @/Users/admin/builder/spi-builder-workspace/.derivedData/Build/Intermediates.noindex/Codextended.build/Debug-iphoneos/Codextended-t.build/Objects-normal/arm64/Codextended.SwiftFileList -DSWIFT_PACKAGE -DDEBUG -DSWIFT_MODULE_RESOURCE_BUNDLE_UNAVAILABLE -DXcode -plugin-path /Applications/Xcode-27.0.0-Release.Candidate.app/Contents/Developer/Toolchains/XcodeDefault.xctoolchain/usr/lib/swift/host/plugins/testing -enable-experimental-feature DebugDescriptionMacro -sdk /Applications/Xcode-27.0.0-Release.Candidate.app/Contents/Developer/Platforms/iPhoneOS.platform/Developer/SDKs/iPhoneOS27.0.sdk -target arm64-apple-ios15.0 -g -module-cache-path /Users/admin/builder/spi-builder-workspace/.derivedData/ModuleCache.noindex -Xfrontend -serialize-debugging-options -profile-coverage-mapping -profile-generate -enable-testing -suppress-warnings -index-store-path /Users/admin/builder/spi-builder-workspace/.derivedData/Index.noindex/DataStore -Xcc -D_LIBCPP_HARDENING_MODE\=_LIBCPP_HARDENING_MODE_DEBUG -swift-version 5 -I /Users/admin/builder/spi-builder-workspace/.derivedData/Build/Products/Debug-iphoneos -Isystem /Applications/Xcode-27.0.0-Release.Candidate.app/Contents/Developer/Platforms/iPhoneOS.platform/Developer/usr/lib -F /Users/admin/builder/spi-builder-workspace/.derivedData/Build/Products/Debug-iphoneos -F /Applications/Xcode-27.0.0-Release.Candidate.app/Contents/Developer/Platforms/iPhoneOS.platform/Developer/Library/Frameworks -F /Applications/Xcode-27.0.0-Release.Candidate.app/Contents/Developer/Platforms/iPhoneOS.platform/Developer/SDKs/iPhoneOS27.0.sdk/Developer/Library/Frameworks -c -j10 -enable-batch-mode -incremental -Xcc -ivfsstatcache -Xcc /Users/admin/builder/spi-builder-workspace/.derivedData/SDKStatCaches.noindex/iphoneos27.0-24A430-e829b21a6f8c9b70876ba0858053c04440ceaa042ed91876912b2eeea4e3aa14.sdkstatcache -output-file-map /Users/admin/builder/spi-builder-workspace/.derivedData/Build/Intermediates.noindex/Codextended.build/Debug-iphoneos/Codextended-t.build/Objects-normal/arm64/Codextended-OutputFileMap.json -save-temps -no-color-diagnostics -explicit-module-build -module-cache-path /Users/admin/builder/spi-builder-workspace/.derivedData/Build/Intermediates.noindex/SwiftExplicitPrecompiledModules -clang-scanner-module-cache-path /Users/admin/builder/spi-builder-workspace/.derivedData/ModuleCache.noindex -sdk-module-cache-path /Users/admin/builder/spi-builder-workspace/.derivedData/SDKExplicitPrecompiledModules -emit-dependencies -emit-module -emit-module-path /Users/admin/builder/spi-builder-workspace/.derivedData/Build/Intermediates.noindex/Codextended.build/Debug-iphoneos/Codextended-t.build/Objects-normal/arm64/Codextended.swiftmodule -serialize-diagnostics -dependency-scan-serialize-diagnostics-path /Users/admin/builder/spi-builder-workspace/.derivedData/Build/Intermediates.noindex/Codextended.build/Debug-iphoneos/Codextended-t.build/Objects-normal/arm64/Codextended-dependency-scan.dia -validate-clang-modules-once -clang-build-session-file /Users/admin/builder/spi-builder-workspace/.derivedData/ModuleCache.noindex/Session.modulevalidation -Xcc -fmodules-prune-interval\=86400 -Xcc -fmodules-prune-after\=345600 -emit-const-values -const-gather-protocols-list /Users/admin/builder/spi-builder-workspace/.derivedData/Build/Intermediates.noindex/Codextended.build/Debug-iphoneos/Codextended-t.build/Objects-normal/arm64/Codextended_const_extract_protocols.json -Xcc -I/Users/admin/builder/spi-builder-workspace/.derivedData/Build/Products/Debug-iphoneos/include -Xcc -I/Users/admin/builder/spi-builder-workspace/.derivedData/Build/Intermediates.noindex/Codextended.build/Debug-iphoneos/Codextended-t.build/DerivedSources-normal/arm64 -Xcc -I/Users/admin/builder/spi-builder-workspace/.derivedData/Build/Intermediates.noindex/Codextended.build/Debug-iphoneos/Codextended-t.build/DerivedSources/arm64 -Xcc -I/Users/admin/builder/spi-builder-workspace/.derivedData/Build/Intermediates.noindex/Codextended.build/Debug-iphoneos/Codextended-t.build/DerivedSources -Xcc -DSWIFT_PACKAGE -Xcc -DDEBUG\=1 -emit-objc-header -emit-objc-header-path /Users/admin/builder/spi-builder-workspace/.derivedData/Build/Intermediates.noindex/Codextended.build/Debug-iphoneos/Codextended-t.build/Objects-normal/arm64/Codextended-Swift.h -working-directory /Users/admin/builder/spi-builder-workspace/.swiftpm/xcode -experimental-emit-module-separately -disable-cmo
SwiftCompile normal arm64 Compiling\ ShellOut.swift /Users/admin/builder/spi-builder-workspace/.dependencies/checkouts/shellout/Sources/ShellOut.swift (in target 'ShellOut' from project 'ShellOut')
/Users/admin/builder/spi-builder-workspace/.dependencies/checkouts/shellout/Sources/ShellOut.swift:34:14: error: cannot find type 'Process' in scope
 32 |     arguments: [String] = [],
 33 |     at path: String = ".",
 34 |     process: Process = .init(),
    |              `- error: cannot find type 'Process' in scope
 35 |     outputHandle: FileHandle? = nil,
 36 |     errorHandle: FileHandle? = nil
/Users/admin/builder/spi-builder-workspace/.dependencies/checkouts/shellout/Sources/ShellOut.swift:67:14: error: cannot find type 'Process' in scope
 65 |     to commands: [String],
 66 |     at path: String = ".",
 67 |     process: Process = .init(),
    |              `- error: cannot find type 'Process' in scope
 68 |     outputHandle: FileHandle? = nil,
 69 |     errorHandle: FileHandle? = nil
/Users/admin/builder/spi-builder-workspace/.dependencies/checkouts/shellout/Sources/ShellOut.swift:102:14: error: cannot find type 'Process' in scope
100 |     to command: ShellOutCommand,
101 |     at path: String = ".",
102 |     process: Process = .init(),
    |              `- error: cannot find type 'Process' in scope
103 |     outputHandle: FileHandle? = nil,
104 |     errorHandle: FileHandle? = nil
SwiftCompile normal arm64 /Users/admin/builder/spi-builder-workspace/.dependencies/checkouts/shellout/Sources/ShellOut.swift (in target 'ShellOut' from project 'ShellOut')
    cd /Users/admin/builder/spi-builder-workspace/.swiftpm/xcode
    builtin-SwiftPerFileCompile ShellOut.swift
SwiftEmitModule normal arm64 Emitting\ module\ for\ ShellOut (in target 'ShellOut' from project 'ShellOut')
/Users/admin/builder/spi-builder-workspace/.dependencies/checkouts/shellout/Sources/ShellOut.swift:34:14: error: cannot find type 'Process' in scope
 32 |     arguments: [String] = [],
 33 |     at path: String = ".",
 34 |     process: Process = .init(),
    |              `- error: cannot find type 'Process' in scope
 35 |     outputHandle: FileHandle? = nil,
 36 |     errorHandle: FileHandle? = nil
/Users/admin/builder/spi-builder-workspace/.dependencies/checkouts/shellout/Sources/ShellOut.swift:67:14: error: cannot find type 'Process' in scope
 65 |     to commands: [String],
 66 |     at path: String = ".",
 67 |     process: Process = .init(),
    |              `- error: cannot find type 'Process' in scope
 68 |     outputHandle: FileHandle? = nil,
 69 |     errorHandle: FileHandle? = nil
/Users/admin/builder/spi-builder-workspace/.dependencies/checkouts/shellout/Sources/ShellOut.swift:102:14: error: cannot find type 'Process' in scope
100 |     to command: ShellOutCommand,
101 |     at path: String = ".",
102 |     process: Process = .init(),
    |              `- error: cannot find type 'Process' in scope
103 |     outputHandle: FileHandle? = nil,
104 |     errorHandle: FileHandle? = nil
/Users/admin/builder/spi-builder-workspace/.dependencies/checkouts/shellout/Sources/ShellOut.swift:377:19: error: cannot find type 'Process' in scope
375 | // MARK: - Private
376 |
377 | private extension Process {
    |                   `- error: cannot find type 'Process' in scope
378 |     @discardableResult func launchBash(with command: String, outputHandle: FileHandle? = nil, errorHandle: FileHandle? = nil) throws -> String {
379 |         launchPath = "/bin/bash"
Failed frontend command:
/Applications/Xcode-27.0.0-Release.Candidate.app/Contents/Developer/Toolchains/XcodeDefault.xctoolchain/usr/bin/swift-frontend -frontend -emit-module -experimental-skip-non-inlinable-function-bodies-without-types /Users/admin/builder/spi-builder-workspace/.dependencies/checkouts/shellout/Sources/ShellOut.swift -target arm64-apple-ios15.0 -Xllvm -aarch64-use-tbi -enable-objc-interop -stack-check -sdk /Applications/Xcode-27.0.0-Release.Candidate.app/Contents/Developer/Platforms/iPhoneOS.platform/Developer/SDKs/iPhoneOS27.0.sdk -I /Users/admin/builder/spi-builder-workspace/.derivedData/Build/Products/Debug-iphoneos -Isystem /Applications/Xcode-27.0.0-Release.Candidate.app/Contents/Developer/Platforms/iPhoneOS.platform/Developer/usr/lib -F /Users/admin/builder/spi-builder-workspace/.derivedData/Build/Products/Debug-iphoneos -F /Applications/Xcode-27.0.0-Release.Candidate.app/Contents/Developer/Platforms/iPhoneOS.platform/Developer/Library/Frameworks -F /Applications/Xcode-27.0.0-Release.Candidate.app/Contents/Developer/Platforms/iPhoneOS.platform/Developer/SDKs/iPhoneOS27.0.sdk/Developer/Library/Frameworks -module-cache-path /Users/admin/builder/spi-builder-workspace/.derivedData/ModuleCache.noindex -no-color-diagnostics -Xcc -fno-color-diagnostics -enable-testing -g -debug-info-format\=dwarf -dwarf-version\=4 -suppress-warnings -profile-generate -profile-coverage-mapping -swift-version 4.2 -Onone -D SWIFT_PACKAGE -D DEBUG -D SWIFT_MODULE_RESOURCE_BUNDLE_UNAVAILABLE -D Xcode -serialize-debugging-options -enable-experimental-feature DebugDescriptionMacro -empty-abi-descriptor -plugin-path /Applications/Xcode-27.0.0-Release.Candidate.app/Contents/Developer/Toolchains/XcodeDefault.xctoolchain/usr/lib/swift/host/plugins/testing -validate-clang-modules-once -clang-build-session-file /Users/admin/builder/spi-builder-workspace/.derivedData/ModuleCache.noindex/Session.modulevalidation -Xcc -working-directory -Xcc /Users/admin/builder/spi-builder-workspace/.swiftpm/xcode -enable-anonymous-context-mangled-names -file-compilation-dir /Users/admin/builder/spi-builder-workspace/.swiftpm/xcode -Xcc -D_LIBCPP_HARDENING_MODE\=_LIBCPP_HARDENING_MODE_DEBUG -Xcc -ivfsstatcache -Xcc /Users/admin/builder/spi-builder-workspace/.derivedData/SDKStatCaches.noindex/iphoneos27.0-24A430-e829b21a6f8c9b70876ba0858053c04440ceaa042ed91876912b2eeea4e3aa14.sdkstatcache -Xcc -fmodules-prune-interval\=86400 -Xcc -fmodules-prune-after\=345600 -Xcc -I/Users/admin/builder/spi-builder-workspace/.derivedData/Build/Products/Debug-iphoneos/include -Xcc -I/Users/admin/builder/spi-builder-workspace/.derivedData/Build/Intermediates.noindex/ShellOut.build/Debug-iphoneos/ShellOut-t.build/DerivedSources-normal/arm64 -Xcc -I/Users/admin/builder/spi-builder-workspace/.derivedData/Build/Intermediates.noindex/ShellOut.build/Debug-iphoneos/ShellOut-t.build/DerivedSources/arm64 -Xcc -I/Users/admin/builder/spi-builder-workspace/.derivedData/Build/Intermediates.noindex/ShellOut.build/Debug-iphoneos/ShellOut-t.build/DerivedSources -Xcc -DSWIFT_PACKAGE -Xcc -DDEBUG\=1 -no-auto-bridging-header-chaining -module-name ShellOut -const-gather-protocols-file /Users/admin/builder/spi-builder-workspace/.derivedData/Build/Intermediates.noindex/ShellOut.build/Debug-iphoneos/ShellOut-t.build/Objects-normal/arm64/ShellOut_const_extract_protocols.json -disable-clang-spi -target-sdk-version 27.0 -target-sdk-name iphoneos27.0 -external-plugin-path /Applications/Xcode-27.0.0-Release.Candidate.app/Contents/Developer/Platforms/iPhoneOS.platform/Developer/usr/lib/swift/host/plugins\#/Applications/Xcode-27.0.0-Release.Candidate.app/Contents/Developer/Platforms/iPhoneOS.platform/Developer/usr/bin/swift-plugin-server -external-plugin-path /Applications/Xcode-27.0.0-Release.Candidate.app/Contents/Developer/Platforms/iPhoneOS.platform/Developer/usr/local/lib/swift/host/plugins\#/Applications/Xcode-27.0.0-Release.Candidate.app/Contents/Developer/Platforms/iPhoneOS.platform/Developer/usr/bin/swift-plugin-server -in-process-plugin-server-path /Applications/Xcode-27.0.0-Release.Candidate.app/Contents/Developer/Toolchains/XcodeDefault.xctoolchain/usr/lib/swift/host/libSwiftInProcPluginServer.dylib -plugin-path /Applications/Xcode-27.0.0-Release.Candidate.app/Contents/Developer/Toolchains/XcodeDefault.xctoolchain/usr/lib/swift/host/plugins -plugin-path /Applications/Xcode-27.0.0-Release.Candidate.app/Contents/Developer/Toolchains/XcodeDefault.xctoolchain/usr/local/lib/swift/host/plugins -emit-module-doc-path /Users/admin/builder/spi-builder-workspace/.derivedData/Build/Intermediates.noindex/ShellOut.build/Debug-iphoneos/ShellOut-t.build/Objects-normal/arm64/ShellOut.swiftdoc -emit-module-source-info-path /Users/admin/builder/spi-builder-workspace/.derivedData/Build/Intermediates.noindex/ShellOut.build/Debug-iphoneos/ShellOut-t.build/Objects-normal/arm64/ShellOut.swiftsourceinfo -emit-objc-header-path /Users/admin/builder/spi-builder-workspace/.derivedData/Build/Intermediates.noindex/ShellOut.build/Debug-iphoneos/ShellOut-t.build/Objects-normal/arm64/ShellOut-Swift.h -serialize-diagnostics-path /Users/admin/builder/spi-builder-workspace/.derivedData/Build/Intermediates.noindex/ShellOut.build/Debug-iphoneos/ShellOut-t.build/Objects-normal/arm64/ShellOut-primary-emit-module.dia -emit-dependencies-path /Users/admin/builder/spi-builder-workspace/.derivedData/Build/Intermediates.noindex/ShellOut.build/Debug-iphoneos/ShellOut-t.build/Objects-normal/arm64/ShellOut-primary-emit-module.d -parse-as-library -o /Users/admin/builder/spi-builder-workspace/.derivedData/Build/Intermediates.noindex/ShellOut.build/Debug-iphoneos/ShellOut-t.build/Objects-normal/arm64/ShellOut.swiftmodule -emit-abi-descriptor-path /Users/admin/builder/spi-builder-workspace/.derivedData/Build/Intermediates.noindex/ShellOut.build/Debug-iphoneos/ShellOut-t.build/Objects-normal/arm64/ShellOut.abi.json
SwiftCompile normal arm64 (in target 'ShellOut' from project 'ShellOut')
    cd /Users/admin/builder/spi-builder-workspace/.swiftpm/xcode

PruneExplicitPrecompiledModules /Users/admin/builder/spi-builder-workspace/.derivedData/Build/Intermediates.noindex/SwiftExplicitPrecompiledModules
PruneExplicitPrecompiledModules /Users/admin/builder/spi-builder-workspace/.derivedData/SDKExplicitPrecompiledModules
PruneExplicitPrecompiledModules /Users/admin/builder/spi-builder-workspace/.derivedData/Build/Intermediates.noindex/ExplicitPrecompiledModules
2026-09-16 13:31:42.841 xcodebuild[1116:6542] [MT] IDERunDestination: Supported platforms for the buildables in the current scheme is empty.
** BUILD FAILED **
The following build commands failed:
	SwiftEmitModule normal arm64 Emitting\ module\ for\ ShellOut (in target 'ShellOut' from project 'ShellOut')
	SwiftCompile normal arm64 (in target 'ShellOut' from project 'ShellOut')
	Building workspace TidyHTMLPublishStep with scheme TidyHTMLPublishStep
(3 failures)
BUILD FAILURE 6.4 iOS