Build Information
Failed to build Saga, reference 3.6.0 (fdc702), with Swift 6.3 for Wasm on 8 Sep 2026 04:14:18 UTC.
Build Command
bash -c docker run --pull=always --rm -v "checkouts-53886770-1":/host -w "$PWD" -e JAVA_HOME="/root/.sdkman/candidates/java/current" -e SPI_BUILD="1" -e SPI_PROCESSING="1" registry.gitlab.com/saguaro1/spi-images:wasm-6.3-latest swift build --swift-sdk swift-6.3.2-RELEASE_wasm 2>&1Build Log
========================================
RunAll
========================================
Builder version: 5.0.2
Interrupt handler set up.
========================================
Checkout
========================================
Clone URL: https://github.com/loopwerk/Saga.git
Reference: 3.6.0
Initialized empty Git repository in /host/spi-builder-workspace/.git/
hint: Using 'master' as the name for the initial branch. This default branch name
hint: is subject to change. To configure the initial branch name to use in all
hint: of your new repositories, which will suppress this warning, call:
hint:
hint: git config --global init.defaultBranch <name>
hint:
hint: Names commonly chosen instead of 'master' are 'main', 'trunk' and
hint: 'development'. The just-created branch can be renamed via this command:
hint:
hint: git branch -m <name>
From https://github.com/loopwerk/Saga
* tag 3.6.0 -> FETCH_HEAD
HEAD is now at fdc7021 feat: Sitemap filter with access to Item (#54)
Cloned https://github.com/loopwerk/Saga.git
Revision (git rev-parse @):
fdc7021056436b97bc91c98cffdfb1902908343f
SPI manifest file found: $PWD/.spi.yml
SUCCESS checkout https://github.com/loopwerk/Saga.git at 3.6.0
========================================
Build
========================================
Selected platform: wasm
Swift version: 6.3
Building package at path: $PWD
https://github.com/loopwerk/Saga.git
Running build ...
bash -c docker run --pull=always --rm -v "checkouts-53886770-1":/host -w "$PWD" -e JAVA_HOME="/root/.sdkman/candidates/java/current" -e SPI_BUILD="1" -e SPI_PROCESSING="1" registry.gitlab.com/saguaro1/spi-images:wasm-6.3-latest swift build --swift-sdk swift-6.3.2-RELEASE_wasm 2>&1
wasm-6.3-latest: Pulling from saguaro1/spi-images
Digest: sha256:e92e38b97676c18adb57b57429ddfb766786102cb50cb918e0d9e8055d05b35d
Status: Image is up to date for registry.gitlab.com/saguaro1/spi-images:wasm-6.3-latest
Fetching https://github.com/loopwerk/SagaPathKit
Fetching https://github.com/apple/swift-crypto
[1/18478] Fetching swift-crypto
[379/19307] Fetching swift-crypto, sagapathkit
Fetched https://github.com/loopwerk/SagaPathKit from cache (1.73s)
Fetched https://github.com/apple/swift-crypto from cache (1.74s)
Computing version for https://github.com/loopwerk/SagaPathKit
Computed https://github.com/loopwerk/SagaPathKit at 1.6.1 (1.94s)
Computing version for https://github.com/apple/swift-crypto
Computed https://github.com/apple/swift-crypto at 3.15.1 (1.65s)
Fetching https://github.com/apple/swift-asn1.git
[1/1949] Fetching swift-asn1
Fetched https://github.com/apple/swift-asn1.git from cache (1.03s)
Computing version for https://github.com/apple/swift-asn1.git
Computed https://github.com/apple/swift-asn1.git at 1.7.2 (2.47s)
Creating working copy for https://github.com/apple/swift-asn1.git
Working copy of https://github.com/apple/swift-asn1.git resolved at 1.7.2
Creating working copy for https://github.com/apple/swift-crypto
Working copy of https://github.com/apple/swift-crypto resolved at 3.15.1
Creating working copy for https://github.com/loopwerk/SagaPathKit
Working copy of https://github.com/loopwerk/SagaPathKit resolved at 1.6.1
Building for debugging...
[0/3] Write sources
[2/3] Write swift-version-24593BA9C3E375BF.txt
[4/5] Compiling SagaPathKit SagaPathKit.swift
/host/spi-builder-workspace/.build/checkouts/SagaPathKit/Sources/SagaPathKit.swift:8:10: error: no such module 'Darwin'
6 | let system_glob = Glibc.glob
7 | #else
8 | import Darwin
| `- error: no such module 'Darwin'
9 |
10 | let system_glob = Darwin.glob
error: emit-module command failed with exit code 1 (use -v to see invocation)
[5/5] Emitting module SagaPathKit
/host/spi-builder-workspace/.build/checkouts/SagaPathKit/Sources/SagaPathKit.swift:8:10: error: no such module 'Darwin'
6 | let system_glob = Glibc.glob
7 | #else
8 | import Darwin
| `- error: no such module 'Darwin'
9 |
10 | let system_glob = Darwin.glob
BUILD FAILURE 6.3 wasm