Build Information
Failed to build CameraView, reference master (34288e), with Swift 6.4 for visionOS using Xcode 27.0 on 15 Sep 2026 18:29:35 UTC.
Build Command
env DEVELOPER_DIR=/Applications/Xcode-27.0.0-Release.Candidate.app xcrun xcodebuild -IDEClonedSourcePackagesDirPathOverride=$PWD/.dependencies -skipMacroValidation -skipPackagePluginValidation -derivedDataPath $PWD/.derivedData build -scheme CameraView -destination generic/platform=xrOSBuild Log
========================================
RunAll
========================================
Builder version: 5.1.0
Interrupt handler set up.
========================================
Checkout
========================================
Clone URL: https://github.com/brettfazio/CameraView.git
Reference: master
Initialized empty Git repository in /Users/admin/builder/spi-builder-workspace/.git/
From https://github.com/brettfazio/CameraView
* branch master -> FETCH_HEAD
* [new branch] master -> origin/master
HEAD is now at 34288e3 Merge pull request #3 from brod-ie/master
Cloned https://github.com/brettfazio/CameraView.git
Revision (git rev-parse @):
34288e32419cd1782a6c834dcb6819137ecf8085
SUCCESS checkout https://github.com/brettfazio/CameraView.git at master
========================================
Build
========================================
Selected platform: visionOS
Swift version: 6.4
Building package at path: $PWD
https://github.com/brettfazio/CameraView.git
Command line invocation:
/Applications/Xcode-27.0.0-Release.Candidate.app/Contents/Developer/usr/bin/xcodebuild -IDEClonedSourcePackagesDirPathOverride=/Users/admin/builder/spi-builder-workspace/.dependencies -resolvePackageDependencies
Resolve Package Graph
Resolve Package Graph
Resolved source packages:
CameraView: /Users/admin/builder/spi-builder-workspace
resolved source packages: CameraView
2026-09-15 14:28:41.922 xcodebuild[529:3020] [MT] IDERunDestination: Supported platforms for the buildables in the current scheme is empty.
{
"dependencies" : [
],
"manifest_display_name" : "CameraView",
"name" : "CameraView",
"path" : "/Users/admin/builder/spi-builder-workspace",
"platforms" : [
{
"name" : "ios",
"version" : "13.0"
}
],
"products" : [
{
"name" : "CameraView",
"targets" : [
"CameraView"
],
"type" : {
"library" : [
"automatic"
]
}
}
],
"targets" : [
{
"c99name" : "CameraViewTests",
"module_type" : "SwiftTarget",
"name" : "CameraViewTests",
"path" : "Tests/CameraViewTests",
"sources" : [
"CameraViewTests.swift",
"XCTestManifests.swift"
],
"target_dependencies" : [
"CameraView"
],
"type" : "test"
},
{
"c99name" : "CameraView",
"module_type" : "SwiftTarget",
"name" : "CameraView",
"path" : "Sources/CameraView",
"product_memberships" : [
"CameraView"
],
"sources" : [
"CameraState.swift",
"CameraView.swift",
"CameraViewDelegate.swift"
],
"type" : "library"
}
],
"tools_version" : "5.1"
}
{
"workspace" : {
"name" : "CameraView",
"schemes" : [
"CameraView"
]
}
}
2026-09-15 14:29:23.300 xcodebuild[647:4134] [MT] IDERunDestination: Supported platforms for the buildables in the current scheme is empty.
Running build ...
env DEVELOPER_DIR=/Applications/Xcode-27.0.0-Release.Candidate.app xcrun xcodebuild -IDEClonedSourcePackagesDirPathOverride=$PWD/.dependencies -skipMacroValidation -skipPackagePluginValidation -derivedDataPath $PWD/.derivedData build -scheme CameraView -destination generic/platform=xrOS
Command line invocation:
/Applications/Xcode-27.0.0-Release.Candidate.app/Contents/Developer/usr/bin/xcodebuild -IDEClonedSourcePackagesDirPathOverride=/Users/admin/builder/spi-builder-workspace/.dependencies -skipMacroValidation -skipPackagePluginValidation -derivedDataPath /Users/admin/builder/spi-builder-workspace/.derivedData build -scheme CameraView -destination generic/platform=xrOS
Resolve Package Graph
Resolved source packages:
CameraView: /Users/admin/builder/spi-builder-workspace
ComputePackagePrebuildTargetDependencyGraph
Prepare packages
CreateBuildRequest
SendProjectDescription
CreateBuildOperation
ComputeTargetDependencyGraph
note: Building targets in dependency order
note: Target dependency graph (2 targets)
Target 'CameraView-product' in project 'CameraView'
➜ Explicit dependency on target 'CameraView' in project 'CameraView'
Target 'CameraView' in project 'CameraView' (no dependencies)
GatherProvisioningInputs
CreateBuildDescription
ExecuteExternalTool /Applications/Xcode-27.0.0-Release.Candidate.app/Contents/Developer/Toolchains/XcodeDefault.xctoolchain/usr/bin/clang -v -E -dM -isysroot /Applications/Xcode-27.0.0-Release.Candidate.app/Contents/Developer/Platforms/XROS.platform/Developer/SDKs/XROS27.0.sdk -x c -c /dev/null
ExecuteExternalTool /Applications/Xcode-27.0.0-Release.Candidate.app/Contents/Developer/Toolchains/XcodeDefault.xctoolchain/usr/bin/swiftc --version
ExecuteExternalTool /Applications/Xcode-27.0.0-Release.Candidate.app/Contents/Developer/Toolchains/XcodeDefault.xctoolchain/usr/bin/ld -version_details
Build description signature: af088808a4755b59c29b12711e348cf3
Build description path: /Users/admin/builder/spi-builder-workspace/.derivedData/Build/Intermediates.noindex/XCBuildData/af088808a4755b59c29b12711e348cf3.xcbuilddata
CreateBuildDirectory /Users/admin/builder/spi-builder-workspace/.derivedData/SDKExplicitPrecompiledModules
cd /Users/admin/builder/spi-builder-workspace/.swiftpm/xcode
builtin-create-build-directory /Users/admin/builder/spi-builder-workspace/.derivedData/SDKExplicitPrecompiledModules
CreateBuildDirectory /Users/admin/builder/spi-builder-workspace/.derivedData/Build/Products
cd /Users/admin/builder/spi-builder-workspace/.swiftpm/xcode
builtin-create-build-directory /Users/admin/builder/spi-builder-workspace/.derivedData/Build/Products
CreateBuildDirectory /Users/admin/builder/spi-builder-workspace/.derivedData/CompilationCache.noindex
cd /Users/admin/builder/spi-builder-workspace/.swiftpm/xcode
builtin-create-build-directory /Users/admin/builder/spi-builder-workspace/.derivedData/CompilationCache.noindex
CreateBuildDirectory /Users/admin/builder/spi-builder-workspace/.derivedData/ModuleCache.noindex
cd /Users/admin/builder/spi-builder-workspace/.swiftpm/xcode
builtin-create-build-directory /Users/admin/builder/spi-builder-workspace/.derivedData/ModuleCache.noindex
CreateBuildDirectory /Users/admin/builder/spi-builder-workspace/.derivedData/Build/Intermediates.noindex
cd /Users/admin/builder/spi-builder-workspace/.swiftpm/xcode
builtin-create-build-directory /Users/admin/builder/spi-builder-workspace/.derivedData/Build/Intermediates.noindex
ClangStatCache /Applications/Xcode-27.0.0-Release.Candidate.app/Contents/Developer/Toolchains/XcodeDefault.xctoolchain/usr/bin/clang-stat-cache /Applications/Xcode-27.0.0-Release.Candidate.app/Contents/Developer/Platforms/XROS.platform/Developer/SDKs/XROS27.0.sdk /Users/admin/builder/spi-builder-workspace/.derivedData/SDKStatCaches.noindex/xros27.0-24M361-e829b21a6f8c9b70876ba0858053c044735bd543db762f57723cac368afd1ce4.sdkstatcache
cd /Users/admin/builder/spi-builder-workspace/.swiftpm/xcode
/Applications/Xcode-27.0.0-Release.Candidate.app/Contents/Developer/Toolchains/XcodeDefault.xctoolchain/usr/bin/clang-stat-cache /Applications/Xcode-27.0.0-Release.Candidate.app/Contents/Developer/Platforms/XROS.platform/Developer/SDKs/XROS27.0.sdk -o /Users/admin/builder/spi-builder-workspace/.derivedData/SDKStatCaches.noindex/xros27.0-24M361-e829b21a6f8c9b70876ba0858053c044735bd543db762f57723cac368afd1ce4.sdkstatcache
CreateBuildDirectory /Users/admin/builder/spi-builder-workspace/.derivedData/Build/Intermediates.noindex/SwiftExplicitPrecompiledModules
cd /Users/admin/builder/spi-builder-workspace/.swiftpm/xcode
builtin-create-build-directory /Users/admin/builder/spi-builder-workspace/.derivedData/Build/Intermediates.noindex/SwiftExplicitPrecompiledModules
CreateBuildDirectory /Users/admin/builder/spi-builder-workspace/.derivedData/Build/Intermediates.noindex/PrecompiledHeaders
cd /Users/admin/builder/spi-builder-workspace/.swiftpm/xcode
builtin-create-build-directory /Users/admin/builder/spi-builder-workspace/.derivedData/Build/Intermediates.noindex/PrecompiledHeaders
CreateBuildDirectory /Users/admin/builder/spi-builder-workspace/.derivedData/Build/Intermediates.noindex/ExplicitPrecompiledModules
cd /Users/admin/builder/spi-builder-workspace/.swiftpm/xcode
builtin-create-build-directory /Users/admin/builder/spi-builder-workspace/.derivedData/Build/Intermediates.noindex/ExplicitPrecompiledModules
CreateBuildDirectory /Users/admin/builder/spi-builder-workspace/.derivedData/Build/Products/Debug-xros
cd /Users/admin/builder/spi-builder-workspace/.swiftpm/xcode
builtin-create-build-directory /Users/admin/builder/spi-builder-workspace/.derivedData/Build/Products/Debug-xros
CreateBuildDirectory /Users/admin/builder/spi-builder-workspace/.derivedData/Build/Intermediates.noindex/EagerLinkingTBDs/Debug-xros
cd /Users/admin/builder/spi-builder-workspace/.swiftpm/xcode
builtin-create-build-directory /Users/admin/builder/spi-builder-workspace/.derivedData/Build/Intermediates.noindex/EagerLinkingTBDs/Debug-xros
CreateBuildDirectory /Users/admin/builder/spi-builder-workspace/.derivedData/Build/Products/Debug-xros/PackageFrameworks
cd /Users/admin/builder/spi-builder-workspace/.swiftpm/xcode
builtin-create-build-directory /Users/admin/builder/spi-builder-workspace/.derivedData/Build/Products/Debug-xros/PackageFrameworks
WriteAuxiliaryFile /Users/admin/builder/spi-builder-workspace/.derivedData/Build/Intermediates.noindex/CameraView.build/Debug-xros/CameraView-t.build/CameraView.DependencyMetadataFileList (in target 'CameraView' from project 'CameraView')
cd /Users/admin/builder/spi-builder-workspace
write-file /Users/admin/builder/spi-builder-workspace/.derivedData/Build/Intermediates.noindex/CameraView.build/Debug-xros/CameraView-t.build/CameraView.DependencyMetadataFileList
WriteAuxiliaryFile /Users/admin/builder/spi-builder-workspace/.derivedData/Build/Intermediates.noindex/CameraView.build/Debug-xros/CameraView-t.build/CameraView.DependencyStaticMetadataFileList (in target 'CameraView' from project 'CameraView')
cd /Users/admin/builder/spi-builder-workspace
write-file /Users/admin/builder/spi-builder-workspace/.derivedData/Build/Intermediates.noindex/CameraView.build/Debug-xros/CameraView-t.build/CameraView.DependencyStaticMetadataFileList
WriteAuxiliaryFile /Users/admin/builder/spi-builder-workspace/.derivedData/Build/Intermediates.noindex/CameraView.build/Debug-xros/CameraView-t.build/CameraView.modulemap (in target 'CameraView' from project 'CameraView')
cd /Users/admin/builder/spi-builder-workspace
write-file /Users/admin/builder/spi-builder-workspace/.derivedData/Build/Intermediates.noindex/CameraView.build/Debug-xros/CameraView-t.build/CameraView.modulemap
WriteAuxiliaryFile /Users/admin/builder/spi-builder-workspace/.derivedData/Build/Intermediates.noindex/CameraView.build/Debug-xros/CameraView-t.build/Objects-normal/arm64/CameraView-OutputFileMap.json (in target 'CameraView' from project 'CameraView')
cd /Users/admin/builder/spi-builder-workspace
write-file /Users/admin/builder/spi-builder-workspace/.derivedData/Build/Intermediates.noindex/CameraView.build/Debug-xros/CameraView-t.build/Objects-normal/arm64/CameraView-OutputFileMap.json
WriteAuxiliaryFile /Users/admin/builder/spi-builder-workspace/.derivedData/Build/Intermediates.noindex/CameraView.build/Debug-xros/CameraView-t.build/Objects-normal/arm64/CameraView.SwiftConstValuesFileList (in target 'CameraView' from project 'CameraView')
cd /Users/admin/builder/spi-builder-workspace
write-file /Users/admin/builder/spi-builder-workspace/.derivedData/Build/Intermediates.noindex/CameraView.build/Debug-xros/CameraView-t.build/Objects-normal/arm64/CameraView.SwiftConstValuesFileList
WriteAuxiliaryFile /Users/admin/builder/spi-builder-workspace/.derivedData/Build/Intermediates.noindex/CameraView.build/Debug-xros/CameraView-t.build/Objects-normal/arm64/CameraView.SwiftFileList (in target 'CameraView' from project 'CameraView')
cd /Users/admin/builder/spi-builder-workspace
write-file /Users/admin/builder/spi-builder-workspace/.derivedData/Build/Intermediates.noindex/CameraView.build/Debug-xros/CameraView-t.build/Objects-normal/arm64/CameraView.SwiftFileList
WriteAuxiliaryFile /Users/admin/builder/spi-builder-workspace/.derivedData/Build/Intermediates.noindex/CameraView.build/Debug-xros/CameraView-t.build/Objects-normal/arm64/CameraView_const_extract_protocols.json (in target 'CameraView' from project 'CameraView')
cd /Users/admin/builder/spi-builder-workspace
write-file /Users/admin/builder/spi-builder-workspace/.derivedData/Build/Intermediates.noindex/CameraView.build/Debug-xros/CameraView-t.build/Objects-normal/arm64/CameraView_const_extract_protocols.json
WriteAuxiliaryFile /Users/admin/builder/spi-builder-workspace/.derivedData/Build/Intermediates.noindex/CameraView.build/Debug-xros/CameraView-t.build/Objects-normal/arm64/CameraView.LinkFileList (in target 'CameraView' from project 'CameraView')
cd /Users/admin/builder/spi-builder-workspace
write-file /Users/admin/builder/spi-builder-workspace/.derivedData/Build/Intermediates.noindex/CameraView.build/Debug-xros/CameraView-t.build/Objects-normal/arm64/CameraView.LinkFileList
Copy /Users/admin/builder/spi-builder-workspace/.derivedData/Build/Intermediates.noindex/GeneratedModuleMaps-xros/CameraView.modulemap /Users/admin/builder/spi-builder-workspace/.derivedData/Build/Intermediates.noindex/CameraView.build/Debug-xros/CameraView-t.build/CameraView.modulemap (in target 'CameraView' from project 'CameraView')
cd /Users/admin/builder/spi-builder-workspace
builtin-copy -exclude .DS_Store -exclude CVS -exclude .svn -exclude .git -exclude .hg -resolve-src-symlinks /Users/admin/builder/spi-builder-workspace/.derivedData/Build/Intermediates.noindex/CameraView.build/Debug-xros/CameraView-t.build/CameraView.modulemap /Users/admin/builder/spi-builder-workspace/.derivedData/Build/Intermediates.noindex/GeneratedModuleMaps-xros
SwiftDriver CameraView normal arm64 com.apple.xcode.tools.swift.compiler (in target 'CameraView' from project 'CameraView')
cd /Users/admin/builder/spi-builder-workspace/.swiftpm/xcode
builtin-SwiftDriver -- /Applications/Xcode-27.0.0-Release.Candidate.app/Contents/Developer/Toolchains/XcodeDefault.xctoolchain/usr/bin/swiftc -parse-as-library -module-name CameraView -Onone @/Users/admin/builder/spi-builder-workspace/.derivedData/Build/Intermediates.noindex/CameraView.build/Debug-xros/CameraView-t.build/Objects-normal/arm64/CameraView.SwiftFileList -DSWIFT_PACKAGE -DDEBUG -DSWIFT_MODULE_RESOURCE_BUNDLE_UNAVAILABLE -DXcode -plugin-path /Applications/Xcode-27.0.0-Release.Candidate.app/Contents/Developer/Toolchains/XcodeDefault.xctoolchain/usr/lib/swift/host/plugins/testing -enable-experimental-feature DebugDescriptionMacro -sdk /Applications/Xcode-27.0.0-Release.Candidate.app/Contents/Developer/Platforms/XROS.platform/Developer/SDKs/XROS27.0.sdk -target arm64-apple-xros1.0 -g -module-cache-path /Users/admin/builder/spi-builder-workspace/.derivedData/ModuleCache.noindex -Xfrontend -serialize-debugging-options -profile-coverage-mapping -profile-generate -enable-testing -index-store-path /Users/admin/builder/spi-builder-workspace/.derivedData/Index.noindex/DataStore -Xcc -D_LIBCPP_HARDENING_MODE\=_LIBCPP_HARDENING_MODE_DEBUG -swift-version 5 -I /Users/admin/builder/spi-builder-workspace/.derivedData/Build/Products/Debug-xros -Isystem /Applications/Xcode-27.0.0-Release.Candidate.app/Contents/Developer/Platforms/XROS.platform/Developer/usr/lib -F /Users/admin/builder/spi-builder-workspace/.derivedData/Build/Products/Debug-xros -F /Applications/Xcode-27.0.0-Release.Candidate.app/Contents/Developer/Platforms/XROS.platform/Developer/Library/Frameworks -F /Applications/Xcode-27.0.0-Release.Candidate.app/Contents/Developer/Platforms/XROS.platform/Developer/SDKs/XROS27.0.sdk/Developer/Library/Frameworks -c -j10 -enable-batch-mode -incremental -Xcc -ivfsstatcache -Xcc /Users/admin/builder/spi-builder-workspace/.derivedData/SDKStatCaches.noindex/xros27.0-24M361-e829b21a6f8c9b70876ba0858053c044735bd543db762f57723cac368afd1ce4.sdkstatcache -output-file-map /Users/admin/builder/spi-builder-workspace/.derivedData/Build/Intermediates.noindex/CameraView.build/Debug-xros/CameraView-t.build/Objects-normal/arm64/CameraView-OutputFileMap.json -save-temps -no-color-diagnostics -explicit-module-build -module-cache-path /Users/admin/builder/spi-builder-workspace/.derivedData/Build/Intermediates.noindex/SwiftExplicitPrecompiledModules -clang-scanner-module-cache-path /Users/admin/builder/spi-builder-workspace/.derivedData/ModuleCache.noindex -sdk-module-cache-path /Users/admin/builder/spi-builder-workspace/.derivedData/SDKExplicitPrecompiledModules -emit-dependencies -emit-module -emit-module-path /Users/admin/builder/spi-builder-workspace/.derivedData/Build/Intermediates.noindex/CameraView.build/Debug-xros/CameraView-t.build/Objects-normal/arm64/CameraView.swiftmodule -serialize-diagnostics -dependency-scan-serialize-diagnostics-path /Users/admin/builder/spi-builder-workspace/.derivedData/Build/Intermediates.noindex/CameraView.build/Debug-xros/CameraView-t.build/Objects-normal/arm64/CameraView-dependency-scan.dia -validate-clang-modules-once -clang-build-session-file /Users/admin/builder/spi-builder-workspace/.derivedData/ModuleCache.noindex/Session.modulevalidation -Xcc -fmodules-prune-interval\=86400 -Xcc -fmodules-prune-after\=345600 -emit-const-values -const-gather-protocols-list /Users/admin/builder/spi-builder-workspace/.derivedData/Build/Intermediates.noindex/CameraView.build/Debug-xros/CameraView-t.build/Objects-normal/arm64/CameraView_const_extract_protocols.json -Xcc -I/Users/admin/builder/spi-builder-workspace/.derivedData/Build/Products/Debug-xros/include -Xcc -I/Users/admin/builder/spi-builder-workspace/.derivedData/Build/Intermediates.noindex/CameraView.build/Debug-xros/CameraView-t.build/DerivedSources-normal/arm64 -Xcc -I/Users/admin/builder/spi-builder-workspace/.derivedData/Build/Intermediates.noindex/CameraView.build/Debug-xros/CameraView-t.build/DerivedSources/arm64 -Xcc -I/Users/admin/builder/spi-builder-workspace/.derivedData/Build/Intermediates.noindex/CameraView.build/Debug-xros/CameraView-t.build/DerivedSources -Xcc -DSWIFT_PACKAGE -Xcc -DDEBUG\=1 -emit-objc-header -emit-objc-header-path /Users/admin/builder/spi-builder-workspace/.derivedData/Build/Intermediates.noindex/CameraView.build/Debug-xros/CameraView-t.build/Objects-normal/arm64/CameraView-Swift.h -working-directory /Users/admin/builder/spi-builder-workspace/.swiftpm/xcode -experimental-emit-module-separately -disable-cmo
SwiftExplicitDependencyGeneratePcm arm64 /Users/admin/builder/spi-builder-workspace/.derivedData/SDKExplicitPrecompiledModules/_Builtin_float-6WKHNW5S40U2QGHXXGETUDIRA.pcm
SwiftExplicitDependencyGeneratePcm arm64 /Users/admin/builder/spi-builder-workspace/.derivedData/SDKExplicitPrecompiledModules/ptrcheck-BXA97MNLI4BB0HF5I8MJE403D.pcm
SwiftExplicitDependencyGeneratePcm arm64 /Users/admin/builder/spi-builder-workspace/.derivedData/SDKExplicitPrecompiledModules/_AvailabilityInternal-1Q8IQP6M38UWSGZ95UCEY2M44.pcm
SwiftExplicitDependencyGeneratePcm arm64 /Users/admin/builder/spi-builder-workspace/.derivedData/SDKExplicitPrecompiledModules/DeveloperToolsSupport-46GOQP8J1QTHLYQSJW81T8UZ3.pcm
SwiftExplicitDependencyGeneratePcm arm64 /Users/admin/builder/spi-builder-workspace/.derivedData/SDKExplicitPrecompiledModules/_Builtin_stdarg-CDA349K2K4US766844K8E0PVA.pcm
SwiftExplicitDependencyGeneratePcm arm64 /Users/admin/builder/spi-builder-workspace/.derivedData/SDKExplicitPrecompiledModules/SwiftShims-CI4H5RO9IYFFWQ2COB512Q2S9.pcm
SwiftExplicitDependencyGeneratePcm arm64 /Users/admin/builder/spi-builder-workspace/.derivedData/SDKExplicitPrecompiledModules/ShaderGraph-AW1O397P711WTY8KSK8LZX9YA.pcm
SwiftExplicitDependencyGeneratePcm arm64 /Users/admin/builder/spi-builder-workspace/.derivedData/SDKExplicitPrecompiledModules/_Builtin_stddef-5NQ9Z1GV07GBSRQGAQCGXGVRI.pcm
SwiftExplicitDependencyGeneratePcm arm64 /Users/admin/builder/spi-builder-workspace/.derivedData/SDKExplicitPrecompiledModules/ptrauth-1WBA714DZSVUL5JQDJ08CLKZ.pcm
SwiftExplicitDependencyGeneratePcm arm64 /Users/admin/builder/spi-builder-workspace/.derivedData/SDKExplicitPrecompiledModules/_SwiftConcurrencyShims-C8XHKSHX96D5YYALNM4W70Z0O.pcm
SwiftExplicitDependencyGeneratePcm arm64 /Users/admin/builder/spi-builder-workspace/.derivedData/SDKExplicitPrecompiledModules/_Builtin_stdbool-5BU2ADS7JXQMYENKQHW9X8XOU.pcm
SwiftExplicitDependencyGeneratePcm arm64 /Users/admin/builder/spi-builder-workspace/.derivedData/SDKExplicitPrecompiledModules/_DarwinFoundation1-5RGRVV2TZ6WC4WZW5IXF8NQ04.pcm
SwiftExplicitDependencyGeneratePcm arm64 /Users/admin/builder/spi-builder-workspace/.derivedData/SDKExplicitPrecompiledModules/_Builtin_limits-425JDMN5HPM3D0UEI8LEHP6NM.pcm
SwiftExplicitDependencyGeneratePcm arm64 /Users/admin/builder/spi-builder-workspace/.derivedData/SDKExplicitPrecompiledModules/_DarwinFoundation2-ENTECK156YEWITZRRBTOCE4KR.pcm
SwiftExplicitDependencyGeneratePcm arm64 /Users/admin/builder/spi-builder-workspace/.derivedData/SDKExplicitPrecompiledModules/_Builtin_stdint-8OR6T47OOYJA90ZBO3N1USDE.pcm
SwiftExplicitDependencyGeneratePcm arm64 /Users/admin/builder/spi-builder-workspace/.derivedData/SDKExplicitPrecompiledModules/sys_types-AYM0BHR77VKMWZCO2T0XGV2HF.pcm
SwiftExplicitDependencyGeneratePcm arm64 /Users/admin/builder/spi-builder-workspace/.derivedData/SDKExplicitPrecompiledModules/_Builtin_tgmath-BPYSMHWI520EQRL2HW519ZY7Z.pcm
SwiftExplicitDependencyGeneratePcm arm64 /Users/admin/builder/spi-builder-workspace/.derivedData/SDKExplicitPrecompiledModules/string_h-2GT67HHHHK5CF1V1S31LH0PU2.pcm
SwiftExplicitDependencyGeneratePcm arm64 /Users/admin/builder/spi-builder-workspace/.derivedData/SDKExplicitPrecompiledModules/_Builtin_intrinsics-BC5IJI3YI34RQ61ZNVDRDZ6RN.pcm
SwiftExplicitDependencyGeneratePcm arm64 /Users/admin/builder/spi-builder-workspace/.derivedData/SDKExplicitPrecompiledModules/_DarwinFoundation3-9ZHN6JKBS40BBA81RQMV8H0IC.pcm
SwiftExplicitDependencyGeneratePcm arm64 /Users/admin/builder/spi-builder-workspace/.derivedData/SDKExplicitPrecompiledModules/_Builtin_stdatomic-1VUZPM79PNCAHXVBERD53WRSF.pcm
SwiftExplicitDependencyGeneratePcm arm64 /Users/admin/builder/spi-builder-workspace/.derivedData/SDKExplicitPrecompiledModules/_Builtin_inttypes-11B64KJD36B3YOHBR1BBXBJY8.pcm
SwiftExplicitDependencyGeneratePcm arm64 /Users/admin/builder/spi-builder-workspace/.derivedData/SDKExplicitPrecompiledModules/Darwin-60P5LVNQO3ESRRM5DCJ05PFNK.pcm
SwiftExplicitDependencyGeneratePcm arm64 /Users/admin/builder/spi-builder-workspace/.derivedData/SDKExplicitPrecompiledModules/simd-9XXAB17Y6E4BBPQADD61NZ23.pcm
SwiftExplicitDependencyGeneratePcm arm64 /Users/admin/builder/spi-builder-workspace/.derivedData/SDKExplicitPrecompiledModules/ObjectiveC-26TIBFYCEJZVP216ZZAU1X8KN.pcm
SwiftExplicitDependencyGeneratePcm arm64 /Users/admin/builder/spi-builder-workspace/.derivedData/SDKExplicitPrecompiledModules/MachO-3XTHY7HWV6RF3KXKYQVHUBUXK.pcm
SwiftExplicitDependencyGeneratePcm arm64 /Users/admin/builder/spi-builder-workspace/.derivedData/SDKExplicitPrecompiledModules/os_object-692CJ8BG6RE5H04487EJJOVXW.pcm
SwiftExplicitDependencyGeneratePcm arm64 /Users/admin/builder/spi-builder-workspace/.derivedData/SDKExplicitPrecompiledModules/os_workgroup-4U1VXMWIZD80E7PRUQF2G7P9X.pcm
SwiftExplicitDependencyGeneratePcm arm64 /Users/admin/builder/spi-builder-workspace/.derivedData/SDKExplicitPrecompiledModules/Dispatch-CLT3466HKC22GCKAWSCNG0H7T.pcm
SwiftExplicitDependencyGeneratePcm arm64 /Users/admin/builder/spi-builder-workspace/.derivedData/SDKExplicitPrecompiledModules/Spatial-5E0I2846LO3ZE24CSVR2O57TI.pcm
SwiftExplicitDependencyGeneratePcm arm64 /Users/admin/builder/spi-builder-workspace/.derivedData/SDKExplicitPrecompiledModules/dnssd-CCUV1M8EULNEQJUXO7L0PJAL4.pcm
SwiftExplicitDependencyGeneratePcm arm64 /Users/admin/builder/spi-builder-workspace/.derivedData/SDKExplicitPrecompiledModules/XPC-EP5EU7FNGP4VOA3EDM18P1KHO.pcm
SwiftExplicitDependencyGeneratePcm arm64 /Users/admin/builder/spi-builder-workspace/.derivedData/SDKExplicitPrecompiledModules/CoreFoundation-AVLTZVCXBU2TO75JCN4AGU8XJ.pcm
SwiftExplicitDependencyGeneratePcm arm64 /Users/admin/builder/spi-builder-workspace/.derivedData/SDKExplicitPrecompiledModules/os-1004XEJ3IXOOAU0KL58SM3D0K.pcm
SwiftExplicitDependencyGeneratePcm arm64 /Users/admin/builder/spi-builder-workspace/.derivedData/SDKExplicitPrecompiledModules/CoreAudioTypes-45UXYEQRN95KG6BF2CW0QIYK9.pcm
SwiftExplicitDependencyGeneratePcm arm64 /Users/admin/builder/spi-builder-workspace/.derivedData/SDKExplicitPrecompiledModules/Security-8TH2M8WJIQMET4SADWX0N8372.pcm
SwiftExplicitDependencyGeneratePcm arm64 /Users/admin/builder/spi-builder-workspace/.derivedData/SDKExplicitPrecompiledModules/CoreGraphics-BFUJ177R223UT2ZI327ZTZY91.pcm
SwiftExplicitDependencyGeneratePcm arm64 /Users/admin/builder/spi-builder-workspace/.derivedData/SDKExplicitPrecompiledModules/CFNetwork-5MI70N1VLDQSWTX4COWLMSIRO.pcm
SwiftExplicitDependencyGeneratePcm arm64 /Users/admin/builder/spi-builder-workspace/.derivedData/SDKExplicitPrecompiledModules/CoreAudio-CXS3C78T5TQDGLEGXIBJ04WJ4.pcm
SwiftExplicitDependencyGeneratePcm arm64 /Users/admin/builder/spi-builder-workspace/.derivedData/SDKExplicitPrecompiledModules/Foundation-8GON1KVEKRN3NOQI8RETBRWJP.pcm
SwiftExplicitDependencyGeneratePcm arm64 /Users/admin/builder/spi-builder-workspace/.derivedData/SDKExplicitPrecompiledModules/CoreText-6F9TY5TEPCCZ1K2KYM4GMEGHD.pcm
SwiftExplicitDependencyGeneratePcm arm64 /Users/admin/builder/spi-builder-workspace/.derivedData/SDKExplicitPrecompiledModules/ImageIO-5CC6COR9KJYI1UBL7CSHLU2OG.pcm
SwiftExplicitDependencyGeneratePcm arm64 /Users/admin/builder/spi-builder-workspace/.derivedData/SDKExplicitPrecompiledModules/UIUtilities-AOVGLUWEAN6CG2UZFNESGSP6C.pcm
SwiftExplicitDependencyGeneratePcm arm64 /Users/admin/builder/spi-builder-workspace/.derivedData/SDKExplicitPrecompiledModules/Network-EQPZZF3W6BWG89K0PY9NZO3T0.pcm
SwiftExplicitDependencyGeneratePcm arm64 /Users/admin/builder/spi-builder-workspace/.derivedData/SDKExplicitPrecompiledModules/Accessibility-1DR4J4YDVDGAYQTZ0FKZ1PU09.pcm
SwiftExplicitDependencyGeneratePcm arm64 /Users/admin/builder/spi-builder-workspace/.derivedData/SDKExplicitPrecompiledModules/Symbols-8G2XC01RPQ5HYIZE6JNUT864I.pcm
SwiftExplicitDependencyGeneratePcm arm64 /Users/admin/builder/spi-builder-workspace/.derivedData/SDKExplicitPrecompiledModules/CoreData-73N6Z547OZUEZ8ADGEC6XRHWN.pcm
SwiftExplicitDependencyGeneratePcm arm64 /Users/admin/builder/spi-builder-workspace/.derivedData/SDKExplicitPrecompiledModules/CoreMIDI-7L19IC4ZH9BPYLVTD8IIFWN9R.pcm
SwiftExplicitDependencyGeneratePcm arm64 /Users/admin/builder/spi-builder-workspace/.derivedData/SDKExplicitPrecompiledModules/IOSurface-5FE9U89GVFF9A7X7AGO2R8ENI.pcm
SwiftExplicitDependencyGeneratePcm arm64 /Users/admin/builder/spi-builder-workspace/.derivedData/SDKExplicitPrecompiledModules/FileProvider-C9I28SI56F2SEVH1BCWTKGODO.pcm
SwiftExplicitDependencyGeneratePcm arm64 /Users/admin/builder/spi-builder-workspace/.derivedData/SDKExplicitPrecompiledModules/CoreTransferable-8TBYAKHCX6UC8QQSS7BD8GQK5.pcm
SwiftExplicitDependencyGeneratePcm arm64 /Users/admin/builder/spi-builder-workspace/.derivedData/SDKExplicitPrecompiledModules/DataDetection-BANTQ3WXXGKZJYC0LLB3MD9K0.pcm
SwiftExplicitDependencyGeneratePcm arm64 /Users/admin/builder/spi-builder-workspace/.derivedData/SDKExplicitPrecompiledModules/OSLog-BNGT87TS0GMBFF7TY70HHB69.pcm
SwiftExplicitDependencyGeneratePcm arm64 /Users/admin/builder/spi-builder-workspace/.derivedData/SDKExplicitPrecompiledModules/UniformTypeIdentifiers-E5KMWDZEKS4QW9RO1KBRDEXV6.pcm
SwiftExplicitDependencyGeneratePcm arm64 /Users/admin/builder/spi-builder-workspace/.derivedData/SDKExplicitPrecompiledModules/_LocationEssentials-8GQGFVARUE99D8VJX3TINY0VP.pcm
SwiftExplicitDependencyGeneratePcm arm64 /Users/admin/builder/spi-builder-workspace/.derivedData/SDKExplicitPrecompiledModules/UserNotifications-8IIV1V1FPNAPA4LY1Y23LOM2N.pcm
SwiftExplicitDependencyGeneratePcm arm64 /Users/admin/builder/spi-builder-workspace/.derivedData/SDKExplicitPrecompiledModules/LocalAuthentication-9MSPUJ85OBXBTOD7NJCT1GZ0O.pcm
SwiftExplicitDependencyGeneratePcm arm64 /Users/admin/builder/spi-builder-workspace/.derivedData/SDKExplicitPrecompiledModules/Metal-EKNUM9P3PRIBHZK1ZBD6BA2T7.pcm
SwiftExplicitDependencyGeneratePcm arm64 /Users/admin/builder/spi-builder-workspace/.derivedData/SDKExplicitPrecompiledModules/OpenGLES-56BKSYXNVAP91BYZRWAKQZKGI.pcm
SwiftExplicitDependencyGeneratePcm arm64 /Users/admin/builder/spi-builder-workspace/.derivedData/SDKExplicitPrecompiledModules/AVRouting-55P8FRNK50AFZOMMB2LBBOX33.pcm
SwiftExplicitDependencyGeneratePcm arm64 /Users/admin/builder/spi-builder-workspace/.derivedData/SDKExplicitPrecompiledModules/AudioToolbox-2K3S8EA590EB3GMH6D6784BWZ.pcm
SwiftExplicitDependencyGeneratePcm arm64 /Users/admin/builder/spi-builder-workspace/.derivedData/SDKExplicitPrecompiledModules/CoreLocation-1SN37095DAPVJ068LLP9TBDQX.pcm
SwiftExplicitDependencyGeneratePcm arm64 /Users/admin/builder/spi-builder-workspace/.derivedData/SDKExplicitPrecompiledModules/CoreMotion-10LV922UPGE28QX2SOIO7ALIZ.pcm
SwiftExplicitDependencyCompileModuleFromInterface arm64 /Users/admin/builder/spi-builder-workspace/.derivedData/SDKExplicitPrecompiledModules/ShaderGraph-URHKVVOFZL5Z.swiftmodule
SwiftExplicitDependencyGeneratePcm arm64 /Users/admin/builder/spi-builder-workspace/.derivedData/SDKExplicitPrecompiledModules/CoreVideo-E12HJSJSLO0YKWYBES11UKJ02.pcm
SwiftExplicitDependencyGeneratePcm arm64 /Users/admin/builder/spi-builder-workspace/.derivedData/SDKExplicitPrecompiledModules/CoreML-37QYERWC0RQN4IY4377UD0TY1.pcm
SwiftExplicitDependencyGeneratePcm arm64 /Users/admin/builder/spi-builder-workspace/.derivedData/SDKExplicitPrecompiledModules/CoreImage-8WF1P230U10QM666EQMNV7OF1.pcm
SwiftExplicitDependencyGeneratePcm arm64 /Users/admin/builder/spi-builder-workspace/.derivedData/SDKExplicitPrecompiledModules/CoreMedia-D1IBHC28BRHWLNUG1Q75G5YN0.pcm
SwiftExplicitDependencyGeneratePcm arm64 /Users/admin/builder/spi-builder-workspace/.derivedData/SDKExplicitPrecompiledModules/QuartzCore-12T8WVKUNCL1N7VXH87MM4YOB.pcm
SwiftExplicitDependencyGeneratePcm arm64 /Users/admin/builder/spi-builder-workspace/.derivedData/SDKExplicitPrecompiledModules/ARKitFoundation-3N77COW7DLP77CM0PWZXSR9BD.pcm
SwiftExplicitDependencyGeneratePcm arm64 /Users/admin/builder/spi-builder-workspace/.derivedData/SDKExplicitPrecompiledModules/SwiftUICore-6OBBMA39VFD4CB6SG2PE41FAP.pcm
SwiftExplicitDependencyGeneratePcm arm64 /Users/admin/builder/spi-builder-workspace/.derivedData/SDKExplicitPrecompiledModules/VideoToolbox-7I4MDYIPJ4IWU1ZSL4JE3I7M6.pcm
SwiftExplicitDependencyGeneratePcm arm64 /Users/admin/builder/spi-builder-workspace/.derivedData/SDKExplicitPrecompiledModules/AVFAudio-E8GATWFYYBEBB41O9N0LRRGYC.pcm
SwiftExplicitDependencyGeneratePcm arm64 /Users/admin/builder/spi-builder-workspace/.derivedData/SDKExplicitPrecompiledModules/Vision-DVVG9MQGC3IMTVPTC1691MQ6Z.pcm
SwiftExplicitDependencyGeneratePcm arm64 /Users/admin/builder/spi-builder-workspace/.derivedData/SDKExplicitPrecompiledModules/MediaToolbox-1J5U29ERBPNPI1HKEJHXOP8EV.pcm
SwiftExplicitDependencyGeneratePcm arm64 /Users/admin/builder/spi-builder-workspace/.derivedData/SDKExplicitPrecompiledModules/UIKit-2D2PMAAE45TMO6S28UCGCO5BR.pcm
SwiftExplicitDependencyGeneratePcm arm64 /Users/admin/builder/spi-builder-workspace/.derivedData/SDKExplicitPrecompiledModules/AVFoundation-DFCX8GQJWVA3CZBITWEHAZEFX.pcm
SwiftExplicitDependencyGeneratePcm arm64 /Users/admin/builder/spi-builder-workspace/.derivedData/SDKExplicitPrecompiledModules/ARKitCore-307YVPJLQNB66BTBIONHZNP86.pcm
SwiftExplicitDependencyGeneratePcm arm64 /Users/admin/builder/spi-builder-workspace/.derivedData/SDKExplicitPrecompiledModules/GameController-7QL0VMQHE24OWQFUR0UFT89DW.pcm
SwiftExplicitDependencyGeneratePcm arm64 /Users/admin/builder/spi-builder-workspace/.derivedData/SDKExplicitPrecompiledModules/SwiftUI-77PUPXISY3V3TUF5FJEHUQC86.pcm
SwiftExplicitDependencyGeneratePcm arm64 /Users/admin/builder/spi-builder-workspace/.derivedData/SDKExplicitPrecompiledModules/ARKit-27VDPOZ50FG2MJG7OFV6IFQYQ.pcm
SwiftCompile normal arm64 Compiling\ CameraView.swift /Users/admin/builder/spi-builder-workspace/Sources/CameraView/CameraView.swift (in target 'CameraView' from project 'CameraView')
/Users/admin/builder/spi-builder-workspace/Sources/CameraView/CameraView.swift:14:45: error: 'DeviceType' is only available in visionOS 2.1 or newer
10 | import AVFoundation
11 |
12 | public struct CameraView: View {
| `- note: add '@available' attribute to enclosing struct
13 | private var delegate: CameraViewDelegate?
14 | private var cameraType: AVCaptureDevice.DeviceType
| `- error: 'DeviceType' is only available in visionOS 2.1 or newer
15 | private var cameraPosition: AVCaptureDevice.Position
16 | private var preview : PreviewHolder
/Users/admin/builder/spi-builder-workspace/Sources/CameraView/CameraView.swift:20:82: error: 'DeviceType' is only available in visionOS 2.1 or newer
10 | import AVFoundation
11 |
12 | public struct CameraView: View {
| `- note: add '@available' attribute to enclosing struct
13 | private var delegate: CameraViewDelegate?
14 | private var cameraType: AVCaptureDevice.DeviceType
:
18 | @ObservedObject private var viewModel : CameraViewModel
19 |
20 | public init(delegate: CameraViewDelegate? = nil, cameraType: AVCaptureDevice.DeviceType = .builtInWideAngleCamera, cameraPosition: AVCaptureDevice.Position = .back) {
| | `- error: 'DeviceType' is only available in visionOS 2.1 or newer
| `- note: add '@available' attribute to enclosing initializer
21 | self.delegate = delegate
22 | self.cameraType = cameraType
/Users/admin/builder/spi-builder-workspace/Sources/CameraView/CameraView.swift:20:96: error: 'builtInWideAngleCamera' is only available in visionOS 2.1 or newer
10 | import AVFoundation
11 |
12 | public struct CameraView: View {
| `- note: add '@available' attribute to enclosing struct
13 | private var delegate: CameraViewDelegate?
14 | private var cameraType: AVCaptureDevice.DeviceType
:
18 | @ObservedObject private var viewModel : CameraViewModel
19 |
20 | public init(delegate: CameraViewDelegate? = nil, cameraType: AVCaptureDevice.DeviceType = .builtInWideAngleCamera, cameraPosition: AVCaptureDevice.Position = .back) {
| | `- error: 'builtInWideAngleCamera' is only available in visionOS 2.1 or newer
| `- note: add '@available' attribute to enclosing initializer
21 | self.delegate = delegate
22 | self.cameraType = cameraType
/Users/admin/builder/spi-builder-workspace/Sources/CameraView/CameraView.swift:67:30: error: 'AVCapturePhotoOutput' is unavailable in visionOS
65 | private var captureSession: AVCaptureSession?
66 | private var videoDeviceInput: AVCaptureDeviceInput?
67 | private var photoOutput: AVCapturePhotoOutput?
| `- error: 'AVCapturePhotoOutput' is unavailable in visionOS
68 |
69 | var videoPreviewLayer: AVCaptureVideoPreviewLayer {
/Applications/Xcode-27.0.0-Release.Candidate.app/Contents/Developer/Platforms/XROS.platform/Developer/SDKs/XROS27.0.sdk/System/Library/Frameworks/AVFoundation.framework/Headers/AVCapturePhotoOutput.h:50:12: note: 'AVCapturePhotoOutput' has been explicitly marked unavailable here
48 | */
49 | API_AVAILABLE(macos(10.15), ios(10.0), macCatalyst(14.0), tvos(17.0)) API_UNAVAILABLE(visionos) API_UNAVAILABLE(watchos)
50 | @interface AVCapturePhotoOutput : AVCaptureOutput
| `- note: 'AVCapturePhotoOutput' has been explicitly marked unavailable here
51 | {
52 | @private
/Users/admin/builder/spi-builder-workspace/Sources/CameraView/CameraView.swift:69:28: error: 'AVCaptureVideoPreviewLayer' is unavailable in visionOS
67 | private var photoOutput: AVCapturePhotoOutput?
68 |
69 | var videoPreviewLayer: AVCaptureVideoPreviewLayer {
| `- error: 'AVCaptureVideoPreviewLayer' is unavailable in visionOS
70 | return layer as! AVCaptureVideoPreviewLayer
71 | }
/Applications/Xcode-27.0.0-Release.Candidate.app/Contents/Developer/Platforms/XROS.platform/Developer/SDKs/XROS27.0.sdk/System/Library/Frameworks/AVFoundation.framework/Headers/AVCaptureVideoPreviewLayer.h:33:12: note: 'AVCaptureVideoPreviewLayer' has been explicitly marked unavailable here
31 | */
32 | API_AVAILABLE(macos(10.7), ios(4.0), macCatalyst(14.0), tvos(17.0)) API_UNAVAILABLE(visionos) API_UNAVAILABLE(watchos)
33 | @interface AVCaptureVideoPreviewLayer : CALayer
| `- note: 'AVCaptureVideoPreviewLayer' has been explicitly marked unavailable here
34 | {
35 | @private
/Users/admin/builder/spi-builder-workspace/Sources/CameraView/CameraView.swift:73:75: error: 'DeviceType' is only available in visionOS 2.1 or newer
57 | }
58 |
59 | private class PreviewView: UIView, AVCapturePhotoCaptureDelegate {
| `- note: add '@available' attribute to enclosing class
60 |
61 | @EnvironmentObject var cameraState : CameraState
:
71 | }
72 |
73 | init(delegate: CameraViewDelegate? = nil, cameraType: AVCaptureDevice.DeviceType = .builtInWideAngleCamera, cameraPosition: AVCaptureDevice.Position = .back) {
| | `- error: 'DeviceType' is only available in visionOS 2.1 or newer
| `- note: add '@available' attribute to enclosing initializer
74 | super.init(frame: .zero)
75 |
/Users/admin/builder/spi-builder-workspace/Sources/CameraView/CameraView.swift:73:89: error: 'builtInWideAngleCamera' is only available in visionOS 2.1 or newer
57 | }
58 |
59 | private class PreviewView: UIView, AVCapturePhotoCaptureDelegate {
| `- note: add '@available' attribute to enclosing class
60 |
61 | @EnvironmentObject var cameraState : CameraState
:
71 | }
72 |
73 | init(delegate: CameraViewDelegate? = nil, cameraType: AVCaptureDevice.DeviceType = .builtInWideAngleCamera, cameraPosition: AVCaptureDevice.Position = .back) {
| | `- error: 'builtInWideAngleCamera' is only available in visionOS 2.1 or newer
| `- note: add '@available' attribute to enclosing initializer
74 | super.init(frame: .zero)
75 |
/Users/admin/builder/spi-builder-workspace/Sources/CameraView/CameraView.swift:152:32: error: 'AVCapturePhotoOutput' is unavailable in visionOS
150 | }
151 |
152 | func photoOutput(_ output: AVCapturePhotoOutput, didFinishProcessingPhoto photo: AVCapturePhoto, error: Error?) {
| `- error: 'AVCapturePhotoOutput' is unavailable in visionOS
153 | if error != nil {
154 | cameraState.capturedImageError = PhotoParseError.error(error!)
/Applications/Xcode-27.0.0-Release.Candidate.app/Contents/Developer/Platforms/XROS.platform/Developer/SDKs/XROS27.0.sdk/System/Library/Frameworks/AVFoundation.framework/Headers/AVCapturePhotoOutput.h:50:12: note: 'AVCapturePhotoOutput' has been explicitly marked unavailable here
48 | */
49 | API_AVAILABLE(macos(10.15), ios(10.0), macCatalyst(14.0), tvos(17.0)) API_UNAVAILABLE(visionos) API_UNAVAILABLE(watchos)
50 | @interface AVCapturePhotoOutput : AVCaptureOutput
| `- note: 'AVCapturePhotoOutput' has been explicitly marked unavailable here
51 | {
52 | @private
/Users/admin/builder/spi-builder-workspace/Sources/CameraView/CameraView.swift:152:86: error: 'AVCapturePhoto' is unavailable in visionOS
150 | }
151 |
152 | func photoOutput(_ output: AVCapturePhotoOutput, didFinishProcessingPhoto photo: AVCapturePhoto, error: Error?) {
| `- error: 'AVCapturePhoto' is unavailable in visionOS
153 | if error != nil {
154 | cameraState.capturedImageError = PhotoParseError.error(error!)
/Applications/Xcode-27.0.0-Release.Candidate.app/Contents/Developer/Platforms/XROS.platform/Developer/SDKs/XROS27.0.sdk/System/Library/Frameworks/AVFoundation.framework/Headers/AVCapturePhotoOutput.h:1979:12: note: 'AVCapturePhoto' has been explicitly marked unavailable here
1977 | */
1978 | API_AVAILABLE(macos(10.15), ios(11.0), macCatalyst(14.0), tvos(17.0)) API_UNAVAILABLE(visionos) API_UNAVAILABLE(watchos)
1979 | @interface AVCapturePhoto : NSObject
| `- note: 'AVCapturePhoto' has been explicitly marked unavailable here
1980 | {
1981 | @private
/Users/admin/builder/spi-builder-workspace/Sources/CameraView/CameraView.swift:59:36: error: 'AVCapturePhotoCaptureDelegate' is unavailable in visionOS
57 | }
58 |
59 | private class PreviewView: UIView, AVCapturePhotoCaptureDelegate {
| `- error: 'AVCapturePhotoCaptureDelegate' is unavailable in visionOS
60 |
61 | @EnvironmentObject var cameraState : CameraState
/Applications/Xcode-27.0.0-Release.Candidate.app/Contents/Developer/Platforms/XROS.platform/Developer/SDKs/XROS27.0.sdk/System/Library/Frameworks/AVFoundation.framework/Headers/AVCapturePhotoOutput.h:990:11: note: 'AVCapturePhotoCaptureDelegate' has been explicitly marked unavailable here
988 | */
989 | API_AVAILABLE(macos(10.15), ios(10.0), macCatalyst(14.0), tvos(17.0)) API_UNAVAILABLE(visionos) API_UNAVAILABLE(watchos)
990 | @protocol AVCapturePhotoCaptureDelegate <NSObject>
| `- note: 'AVCapturePhotoCaptureDelegate' has been explicitly marked unavailable here
991 |
992 | @optional
SwiftCompile normal arm64 /Users/admin/builder/spi-builder-workspace/Sources/CameraView/CameraView.swift (in target 'CameraView' from project 'CameraView')
cd /Users/admin/builder/spi-builder-workspace/.swiftpm/xcode
builtin-SwiftPerFileCompile CameraView.swift
/Users/admin/builder/spi-builder-workspace/Sources/CameraView/CameraView.swift:152:10: error: cannot override 'photoOutput' which has been marked unavailable
150 | }
151 |
152 | func photoOutput(_ output: AVCapturePhotoOutput, didFinishProcessingPhoto photo: AVCapturePhoto, error: Error?) {
| `- error: cannot override 'photoOutput' which has been marked unavailable
153 | if error != nil {
154 | cameraState.capturedImageError = PhotoParseError.error(error!)
/Applications/Xcode-27.0.0-Release.Candidate.app/Contents/Developer/Platforms/XROS.platform/Developer/SDKs/XROS27.0.sdk/System/Library/Frameworks/AVFoundation.framework/Headers/AVCapturePhotoOutput.h:1053:1: note: 'photoOutput(_:didFinishProcessingPhoto:error:)' has been explicitly marked unavailable here
1051 | This callback fires resolvedSettings.expectedPhotoCount number of times for a given capture request. Note that the photo parameter is always non nil, even if an error is returned. The delivered AVCapturePhoto's rawPhoto property can be queried to know if it's a RAW image or processed image.
1052 | */
1053 | - (void)captureOutput:(AVCapturePhotoOutput *)output didFinishProcessingPhoto:(AVCapturePhoto *)photo error:(nullable NSError *)error API_AVAILABLE(ios(11.0), macCatalyst(14.0), tvos(17.0)) API_UNAVAILABLE(visionos);
| `- note: 'photoOutput(_:didFinishProcessingPhoto:error:)' has been explicitly marked unavailable here
1054 |
1055 | /*!
/Users/admin/builder/spi-builder-workspace/Sources/CameraView/CameraView.swift:175:45: error: 'DeviceType' is only available in visionOS 2.1 or newer
171 | }
172 |
173 | private struct PreviewHolder: UIViewRepresentable {
| `- note: add '@available' attribute to enclosing struct
174 | private var delegate: CameraViewDelegate?
175 | private var cameraType: AVCaptureDevice.DeviceType
| `- error: 'DeviceType' is only available in visionOS 2.1 or newer
176 | private var cameraPosition: AVCaptureDevice.Position
177 | private var view: PreviewView
/Users/admin/builder/spi-builder-workspace/Sources/CameraView/CameraView.swift:179:75: error: 'DeviceType' is only available in visionOS 2.1 or newer
171 | }
172 |
173 | private struct PreviewHolder: UIViewRepresentable {
| `- note: add '@available' attribute to enclosing struct
174 | private var delegate: CameraViewDelegate?
175 | private var cameraType: AVCaptureDevice.DeviceType
:
177 | private var view: PreviewView
178 |
179 | init(delegate: CameraViewDelegate? = nil, cameraType: AVCaptureDevice.DeviceType = .builtInWideAngleCamera, cameraPosition: AVCaptureDevice.Position = .back) {
| | `- error: 'DeviceType' is only available in visionOS 2.1 or newer
| `- note: add '@available' attribute to enclosing initializer
180 | self.delegate = delegate
181 | self.cameraType = cameraType
/Users/admin/builder/spi-builder-workspace/Sources/CameraView/CameraView.swift:179:89: error: 'builtInWideAngleCamera' is only available in visionOS 2.1 or newer
171 | }
172 |
173 | private struct PreviewHolder: UIViewRepresentable {
| `- note: add '@available' attribute to enclosing struct
174 | private var delegate: CameraViewDelegate?
175 | private var cameraType: AVCaptureDevice.DeviceType
:
177 | private var view: PreviewView
178 |
179 | init(delegate: CameraViewDelegate? = nil, cameraType: AVCaptureDevice.DeviceType = .builtInWideAngleCamera, cameraPosition: AVCaptureDevice.Position = .back) {
| | `- error: 'builtInWideAngleCamera' is only available in visionOS 2.1 or newer
| `- note: add '@available' attribute to enclosing initializer
180 | self.delegate = delegate
181 | self.cameraType = cameraType
SwiftEmitModule normal arm64 Emitting\ module\ for\ CameraView (in target 'CameraView' from project 'CameraView')
/Users/admin/builder/spi-builder-workspace/Sources/CameraView/CameraView.swift:14:45: error: 'DeviceType' is only available in visionOS 2.1 or newer
10 | import AVFoundation
11 |
12 | public struct CameraView: View {
| `- note: add '@available' attribute to enclosing struct
13 | private var delegate: CameraViewDelegate?
14 | private var cameraType: AVCaptureDevice.DeviceType
| `- error: 'DeviceType' is only available in visionOS 2.1 or newer
15 | private var cameraPosition: AVCaptureDevice.Position
16 | private var preview : PreviewHolder
/Users/admin/builder/spi-builder-workspace/Sources/CameraView/CameraView.swift:20:82: error: 'DeviceType' is only available in visionOS 2.1 or newer
10 | import AVFoundation
11 |
12 | public struct CameraView: View {
| `- note: add '@available' attribute to enclosing struct
13 | private var delegate: CameraViewDelegate?
14 | private var cameraType: AVCaptureDevice.DeviceType
:
18 | @ObservedObject private var viewModel : CameraViewModel
19 |
20 | public init(delegate: CameraViewDelegate? = nil, cameraType: AVCaptureDevice.DeviceType = .builtInWideAngleCamera, cameraPosition: AVCaptureDevice.Position = .back) {
| | `- error: 'DeviceType' is only available in visionOS 2.1 or newer
| `- note: add '@available' attribute to enclosing initializer
21 | self.delegate = delegate
22 | self.cameraType = cameraType
/Users/admin/builder/spi-builder-workspace/Sources/CameraView/CameraView.swift:20:96: error: 'builtInWideAngleCamera' is only available in visionOS 2.1 or newer
10 | import AVFoundation
11 |
12 | public struct CameraView: View {
| `- note: add '@available' attribute to enclosing struct
13 | private var delegate: CameraViewDelegate?
14 | private var cameraType: AVCaptureDevice.DeviceType
:
18 | @ObservedObject private var viewModel : CameraViewModel
19 |
20 | public init(delegate: CameraViewDelegate? = nil, cameraType: AVCaptureDevice.DeviceType = .builtInWideAngleCamera, cameraPosition: AVCaptureDevice.Position = .back) {
| | `- error: 'builtInWideAngleCamera' is only available in visionOS 2.1 or newer
| `- note: add '@available' attribute to enclosing initializer
21 | self.delegate = delegate
22 | self.cameraType = cameraType
/Users/admin/builder/spi-builder-workspace/Sources/CameraView/CameraView.swift:67:30: error: 'AVCapturePhotoOutput' is unavailable in visionOS
65 | private var captureSession: AVCaptureSession?
66 | private var videoDeviceInput: AVCaptureDeviceInput?
67 | private var photoOutput: AVCapturePhotoOutput?
| `- error: 'AVCapturePhotoOutput' is unavailable in visionOS
68 |
69 | var videoPreviewLayer: AVCaptureVideoPreviewLayer {
/Applications/Xcode-27.0.0-Release.Candidate.app/Contents/Developer/Platforms/XROS.platform/Developer/SDKs/XROS27.0.sdk/System/Library/Frameworks/AVFoundation.framework/Headers/AVCapturePhotoOutput.h:50:12: note: 'AVCapturePhotoOutput' has been explicitly marked unavailable here
48 | */
49 | API_AVAILABLE(macos(10.15), ios(10.0), macCatalyst(14.0), tvos(17.0)) API_UNAVAILABLE(visionos) API_UNAVAILABLE(watchos)
50 | @interface AVCapturePhotoOutput : AVCaptureOutput
| `- note: 'AVCapturePhotoOutput' has been explicitly marked unavailable here
51 | {
52 | @private
/Users/admin/builder/spi-builder-workspace/Sources/CameraView/CameraView.swift:69:28: error: 'AVCaptureVideoPreviewLayer' is unavailable in visionOS
67 | private var photoOutput: AVCapturePhotoOutput?
68 |
69 | var videoPreviewLayer: AVCaptureVideoPreviewLayer {
| `- error: 'AVCaptureVideoPreviewLayer' is unavailable in visionOS
70 | return layer as! AVCaptureVideoPreviewLayer
71 | }
/Applications/Xcode-27.0.0-Release.Candidate.app/Contents/Developer/Platforms/XROS.platform/Developer/SDKs/XROS27.0.sdk/System/Library/Frameworks/AVFoundation.framework/Headers/AVCaptureVideoPreviewLayer.h:33:12: note: 'AVCaptureVideoPreviewLayer' has been explicitly marked unavailable here
31 | */
32 | API_AVAILABLE(macos(10.7), ios(4.0), macCatalyst(14.0), tvos(17.0)) API_UNAVAILABLE(visionos) API_UNAVAILABLE(watchos)
33 | @interface AVCaptureVideoPreviewLayer : CALayer
| `- note: 'AVCaptureVideoPreviewLayer' has been explicitly marked unavailable here
34 | {
35 | @private
/Users/admin/builder/spi-builder-workspace/Sources/CameraView/CameraView.swift:73:75: error: 'DeviceType' is only available in visionOS 2.1 or newer
57 | }
58 |
59 | private class PreviewView: UIView, AVCapturePhotoCaptureDelegate {
| `- note: add '@available' attribute to enclosing class
60 |
61 | @EnvironmentObject var cameraState : CameraState
:
71 | }
72 |
73 | init(delegate: CameraViewDelegate? = nil, cameraType: AVCaptureDevice.DeviceType = .builtInWideAngleCamera, cameraPosition: AVCaptureDevice.Position = .back) {
| | `- error: 'DeviceType' is only available in visionOS 2.1 or newer
| `- note: add '@available' attribute to enclosing initializer
74 | super.init(frame: .zero)
75 |
/Users/admin/builder/spi-builder-workspace/Sources/CameraView/CameraView.swift:73:89: error: 'builtInWideAngleCamera' is only available in visionOS 2.1 or newer
57 | }
58 |
59 | private class PreviewView: UIView, AVCapturePhotoCaptureDelegate {
| `- note: add '@available' attribute to enclosing class
60 |
61 | @EnvironmentObject var cameraState : CameraState
:
71 | }
72 |
73 | init(delegate: CameraViewDelegate? = nil, cameraType: AVCaptureDevice.DeviceType = .builtInWideAngleCamera, cameraPosition: AVCaptureDevice.Position = .back) {
| | `- error: 'builtInWideAngleCamera' is only available in visionOS 2.1 or newer
| `- note: add '@available' attribute to enclosing initializer
74 | super.init(frame: .zero)
75 |
/Users/admin/builder/spi-builder-workspace/Sources/CameraView/CameraView.swift:152:32: error: 'AVCapturePhotoOutput' is unavailable in visionOS
150 | }
151 |
152 | func photoOutput(_ output: AVCapturePhotoOutput, didFinishProcessingPhoto photo: AVCapturePhoto, error: Error?) {
| `- error: 'AVCapturePhotoOutput' is unavailable in visionOS
153 | if error != nil {
154 | cameraState.capturedImageError = PhotoParseError.error(error!)
/Applications/Xcode-27.0.0-Release.Candidate.app/Contents/Developer/Platforms/XROS.platform/Developer/SDKs/XROS27.0.sdk/System/Library/Frameworks/AVFoundation.framework/Headers/AVCapturePhotoOutput.h:50:12: note: 'AVCapturePhotoOutput' has been explicitly marked unavailable here
48 | */
49 | API_AVAILABLE(macos(10.15), ios(10.0), macCatalyst(14.0), tvos(17.0)) API_UNAVAILABLE(visionos) API_UNAVAILABLE(watchos)
50 | @interface AVCapturePhotoOutput : AVCaptureOutput
| `- note: 'AVCapturePhotoOutput' has been explicitly marked unavailable here
51 | {
52 | @private
/Users/admin/builder/spi-builder-workspace/Sources/CameraView/CameraView.swift:152:86: error: 'AVCapturePhoto' is unavailable in visionOS
150 | }
151 |
152 | func photoOutput(_ output: AVCapturePhotoOutput, didFinishProcessingPhoto photo: AVCapturePhoto, error: Error?) {
| `- error: 'AVCapturePhoto' is unavailable in visionOS
153 | if error != nil {
154 | cameraState.capturedImageError = PhotoParseError.error(error!)
/Applications/Xcode-27.0.0-Release.Candidate.app/Contents/Developer/Platforms/XROS.platform/Developer/SDKs/XROS27.0.sdk/System/Library/Frameworks/AVFoundation.framework/Headers/AVCapturePhotoOutput.h:1979:12: note: 'AVCapturePhoto' has been explicitly marked unavailable here
1977 | */
1978 | API_AVAILABLE(macos(10.15), ios(11.0), macCatalyst(14.0), tvos(17.0)) API_UNAVAILABLE(visionos) API_UNAVAILABLE(watchos)
1979 | @interface AVCapturePhoto : NSObject
| `- note: 'AVCapturePhoto' has been explicitly marked unavailable here
1980 | {
1981 | @private
/Users/admin/builder/spi-builder-workspace/Sources/CameraView/CameraView.swift:59:36: error: 'AVCapturePhotoCaptureDelegate' is unavailable in visionOS
57 | }
58 |
59 | private class PreviewView: UIView, AVCapturePhotoCaptureDelegate {
| `- error: 'AVCapturePhotoCaptureDelegate' is unavailable in visionOS
60 |
61 | @EnvironmentObject var cameraState : CameraState
/Applications/Xcode-27.0.0-Release.Candidate.app/Contents/Developer/Platforms/XROS.platform/Developer/SDKs/XROS27.0.sdk/System/Library/Frameworks/AVFoundation.framework/Headers/AVCapturePhotoOutput.h:990:11: note: 'AVCapturePhotoCaptureDelegate' has been explicitly marked unavailable here
988 | */
989 | API_AVAILABLE(macos(10.15), ios(10.0), macCatalyst(14.0), tvos(17.0)) API_UNAVAILABLE(visionos) API_UNAVAILABLE(watchos)
990 | @protocol AVCapturePhotoCaptureDelegate <NSObject>
| `- note: 'AVCapturePhotoCaptureDelegate' has been explicitly marked unavailable here
991 |
992 | @optional
/Users/admin/builder/spi-builder-workspace/Sources/CameraView/CameraView.swift:152:10: error: cannot override 'photoOutput' which has been marked unavailable
150 | }
151 |
152 | func photoOutput(_ output: AVCapturePhotoOutput, didFinishProcessingPhoto photo: AVCapturePhoto, error: Error?) {
| `- error: cannot override 'photoOutput' which has been marked unavailable
153 | if error != nil {
154 | cameraState.capturedImageError = PhotoParseError.error(error!)
/Applications/Xcode-27.0.0-Release.Candidate.app/Contents/Developer/Platforms/XROS.platform/Developer/SDKs/XROS27.0.sdk/System/Library/Frameworks/AVFoundation.framework/Headers/AVCapturePhotoOutput.h:1053:1: note: 'photoOutput(_:didFinishProcessingPhoto:error:)' has been explicitly marked unavailable here
1051 | This callback fires resolvedSettings.expectedPhotoCount number of times for a given capture request. Note that the photo parameter is always non nil, even if an error is returned. The delivered AVCapturePhoto's rawPhoto property can be queried to know if it's a RAW image or processed image.
1052 | */
1053 | - (void)captureOutput:(AVCapturePhotoOutput *)output didFinishProcessingPhoto:(AVCapturePhoto *)photo error:(nullable NSError *)error API_AVAILABLE(ios(11.0), macCatalyst(14.0), tvos(17.0)) API_UNAVAILABLE(visionos);
| `- note: 'photoOutput(_:didFinishProcessingPhoto:error:)' has been explicitly marked unavailable here
1054 |
1055 | /*!
/Users/admin/builder/spi-builder-workspace/Sources/CameraView/CameraView.swift:175:45: error: 'DeviceType' is only available in visionOS 2.1 or newer
171 | }
172 |
173 | private struct PreviewHolder: UIViewRepresentable {
| `- note: add '@available' attribute to enclosing struct
174 | private var delegate: CameraViewDelegate?
175 | private var cameraType: AVCaptureDevice.DeviceType
| `- error: 'DeviceType' is only available in visionOS 2.1 or newer
176 | private var cameraPosition: AVCaptureDevice.Position
177 | private var view: PreviewView
/Users/admin/builder/spi-builder-workspace/Sources/CameraView/CameraView.swift:179:75: error: 'DeviceType' is only available in visionOS 2.1 or newer
171 | }
172 |
173 | private struct PreviewHolder: UIViewRepresentable {
| `- note: add '@available' attribute to enclosing struct
174 | private var delegate: CameraViewDelegate?
175 | private var cameraType: AVCaptureDevice.DeviceType
:
177 | private var view: PreviewView
178 |
179 | init(delegate: CameraViewDelegate? = nil, cameraType: AVCaptureDevice.DeviceType = .builtInWideAngleCamera, cameraPosition: AVCaptureDevice.Position = .back) {
| | `- error: 'DeviceType' is only available in visionOS 2.1 or newer
| `- note: add '@available' attribute to enclosing initializer
180 | self.delegate = delegate
181 | self.cameraType = cameraType
/Users/admin/builder/spi-builder-workspace/Sources/CameraView/CameraView.swift:179:89: error: 'builtInWideAngleCamera' is only available in visionOS 2.1 or newer
171 | }
172 |
173 | private struct PreviewHolder: UIViewRepresentable {
| `- note: add '@available' attribute to enclosing struct
174 | private var delegate: CameraViewDelegate?
175 | private var cameraType: AVCaptureDevice.DeviceType
:
177 | private var view: PreviewView
178 |
179 | init(delegate: CameraViewDelegate? = nil, cameraType: AVCaptureDevice.DeviceType = .builtInWideAngleCamera, cameraPosition: AVCaptureDevice.Position = .back) {
| | `- error: 'builtInWideAngleCamera' is only available in visionOS 2.1 or newer
| `- note: add '@available' attribute to enclosing initializer
180 | self.delegate = delegate
181 | self.cameraType = cameraType
Failed frontend command:
/Applications/Xcode-27.0.0-Release.Candidate.app/Contents/Developer/Toolchains/XcodeDefault.xctoolchain/usr/bin/swift-frontend -frontend -emit-module -experimental-skip-non-inlinable-function-bodies-without-types /Users/admin/builder/spi-builder-workspace/Sources/CameraView/CameraState.swift /Users/admin/builder/spi-builder-workspace/Sources/CameraView/CameraView.swift /Users/admin/builder/spi-builder-workspace/Sources/CameraView/CameraViewDelegate.swift -target arm64-apple-xros1.0 -disable-cross-import-overlay-search -load-resolved-plugin /Applications/Xcode-27.0.0-Release.Candidate.app/Contents/Developer/Platforms/XROS.platform/Developer/usr/lib/swift/host/plugins/libFoundationMacros.dylib\#/Applications/Xcode-27.0.0-Release.Candidate.app/Contents/Developer/Platforms/XROS.platform/Developer/usr/bin/swift-plugin-server\#FoundationMacros -load-resolved-plugin /Applications/Xcode-27.0.0-Release.Candidate.app/Contents/Developer/Platforms/XROS.platform/Developer/usr/lib/swift/host/plugins/libObservationMacros.dylib\#/Applications/Xcode-27.0.0-Release.Candidate.app/Contents/Developer/Platforms/XROS.platform/Developer/usr/bin/swift-plugin-server\#ObservationMacros -load-resolved-plugin /Applications/Xcode-27.0.0-Release.Candidate.app/Contents/Developer/Platforms/XROS.platform/Developer/usr/lib/swift/host/plugins/libPreviewsMacros.dylib\#/Applications/Xcode-27.0.0-Release.Candidate.app/Contents/Developer/Platforms/XROS.platform/Developer/usr/bin/swift-plugin-server\#PreviewsMacros -load-resolved-plugin /Applications/Xcode-27.0.0-Release.Candidate.app/Contents/Developer/Platforms/XROS.platform/Developer/usr/lib/swift/host/plugins/libSwiftMacros.dylib\#/Applications/Xcode-27.0.0-Release.Candidate.app/Contents/Developer/Platforms/XROS.platform/Developer/usr/bin/swift-plugin-server\#SwiftMacros -load-resolved-plugin /Applications/Xcode-27.0.0-Release.Candidate.app/Contents/Developer/Platforms/XROS.platform/Developer/usr/lib/swift/host/plugins/libSwiftUIMacros.dylib\#/Applications/Xcode-27.0.0-Release.Candidate.app/Contents/Developer/Platforms/XROS.platform/Developer/usr/bin/swift-plugin-server\#SwiftUIMacros -disable-implicit-swift-modules -Xcc -fno-implicit-modules -Xcc -fno-implicit-module-maps -explicit-swift-module-map-file /Users/admin/builder/spi-builder-workspace/.derivedData/Build/Intermediates.noindex/CameraView.build/Debug-xros/CameraView-t.build/Objects-normal/arm64/CameraView-dependencies-1.json -Xllvm -aarch64-use-tbi -enable-objc-interop -stack-check -sdk /Applications/Xcode-27.0.0-Release.Candidate.app/Contents/Developer/Platforms/XROS.platform/Developer/SDKs/XROS27.0.sdk -I /Users/admin/builder/spi-builder-workspace/.derivedData/Build/Products/Debug-xros -Isystem /Applications/Xcode-27.0.0-Release.Candidate.app/Contents/Developer/Platforms/XROS.platform/Developer/usr/lib -F /Users/admin/builder/spi-builder-workspace/.derivedData/Build/Products/Debug-xros -F /Applications/Xcode-27.0.0-Release.Candidate.app/Contents/Developer/Platforms/XROS.platform/Developer/Library/Frameworks -F /Applications/Xcode-27.0.0-Release.Candidate.app/Contents/Developer/Platforms/XROS.platform/Developer/SDKs/XROS27.0.sdk/Developer/Library/Frameworks -module-cache-path /Users/admin/builder/spi-builder-workspace/.derivedData/Build/Intermediates.noindex/SwiftExplicitPrecompiledModules -no-color-diagnostics -Xcc -fno-color-diagnostics -enable-testing -g -debug-info-format\=dwarf -dwarf-version\=4 -profile-generate -profile-coverage-mapping -swift-version 5 -Onone -D SWIFT_PACKAGE -D DEBUG -D SWIFT_MODULE_RESOURCE_BUNDLE_UNAVAILABLE -D Xcode -serialize-debugging-options -enable-experimental-feature DebugDescriptionMacro -empty-abi-descriptor -validate-clang-modules-once -clang-build-session-file /Users/admin/builder/spi-builder-workspace/.derivedData/ModuleCache.noindex/Session.modulevalidation -Xcc -working-directory -Xcc /Users/admin/builder/spi-builder-workspace/.swiftpm/xcode -enable-anonymous-context-mangled-names -file-compilation-dir /Users/admin/builder/spi-builder-workspace/.swiftpm/xcode -Xcc -D_LIBCPP_HARDENING_MODE\=_LIBCPP_HARDENING_MODE_DEBUG -Xcc -ivfsstatcache -Xcc /Users/admin/builder/spi-builder-workspace/.derivedData/SDKStatCaches.noindex/xros27.0-24M361-e829b21a6f8c9b70876ba0858053c044735bd543db762f57723cac368afd1ce4.sdkstatcache -Xcc -fmodules-prune-interval\=86400 -Xcc -fmodules-prune-after\=345600 -Xcc -I/Users/admin/builder/spi-builder-workspace/.derivedData/Build/Products/Debug-xros/include -Xcc -I/Users/admin/builder/spi-builder-workspace/.derivedData/Build/Intermediates.noindex/CameraView.build/Debug-xros/CameraView-t.build/DerivedSources-normal/arm64 -Xcc -I/Users/admin/builder/spi-builder-workspace/.derivedData/Build/Intermediates.noindex/CameraView.build/Debug-xros/CameraView-t.build/DerivedSources/arm64 -Xcc -I/Users/admin/builder/spi-builder-workspace/.derivedData/Build/Intermediates.noindex/CameraView.build/Debug-xros/CameraView-t.build/DerivedSources -Xcc -DSWIFT_PACKAGE -Xcc -DDEBUG\=1 -no-auto-bridging-header-chaining -module-name CameraView -const-gather-protocols-file /Users/admin/builder/spi-builder-workspace/.derivedData/Build/Intermediates.noindex/CameraView.build/Debug-xros/CameraView-t.build/Objects-normal/arm64/CameraView_const_extract_protocols.json -disable-clang-spi -clang-target arm64-apple-xros27.0 -target-sdk-version 27.0 -target-sdk-name xros27.0 -in-process-plugin-server-path /Applications/Xcode-27.0.0-Release.Candidate.app/Contents/Developer/Toolchains/XcodeDefault.xctoolchain/usr/lib/swift/host/libSwiftInProcPluginServer.dylib -emit-module-doc-path /Users/admin/builder/spi-builder-workspace/.derivedData/Build/Intermediates.noindex/CameraView.build/Debug-xros/CameraView-t.build/Objects-normal/arm64/CameraView.swiftdoc -emit-module-source-info-path /Users/admin/builder/spi-builder-workspace/.derivedData/Build/Intermediates.noindex/CameraView.build/Debug-xros/CameraView-t.build/Objects-normal/arm64/CameraView.swiftsourceinfo -emit-objc-header-path /Users/admin/builder/spi-builder-workspace/.derivedData/Build/Intermediates.noindex/CameraView.build/Debug-xros/CameraView-t.build/Objects-normal/arm64/CameraView-Swift.h -serialize-diagnostics-path /Users/admin/builder/spi-builder-workspace/.derivedData/Build/Intermediates.noindex/CameraView.build/Debug-xros/CameraView-t.build/Objects-normal/arm64/CameraView-primary-emit-module.dia -emit-dependencies-path /Users/admin/builder/spi-builder-workspace/.derivedData/Build/Intermediates.noindex/CameraView.build/Debug-xros/CameraView-t.build/Objects-normal/arm64/CameraView-primary-emit-module.d -parse-as-library -o /Users/admin/builder/spi-builder-workspace/.derivedData/Build/Intermediates.noindex/CameraView.build/Debug-xros/CameraView-t.build/Objects-normal/arm64/CameraView.swiftmodule -emit-abi-descriptor-path /Users/admin/builder/spi-builder-workspace/.derivedData/Build/Intermediates.noindex/CameraView.build/Debug-xros/CameraView-t.build/Objects-normal/arm64/CameraView.abi.json
SwiftCompile normal arm64 (in target 'CameraView' from project 'CameraView')
cd /Users/admin/builder/spi-builder-workspace/.swiftpm/xcode
SwiftCompile normal arm64 Compiling\ CameraState.swift /Users/admin/builder/spi-builder-workspace/Sources/CameraView/CameraState.swift (in target 'CameraView' from project 'CameraView')
SwiftCompile normal arm64 /Users/admin/builder/spi-builder-workspace/Sources/CameraView/CameraState.swift (in target 'CameraView' from project 'CameraView')
cd /Users/admin/builder/spi-builder-workspace/.swiftpm/xcode
builtin-SwiftPerFileCompile CameraState.swift
SwiftCompile normal arm64 Compiling\ CameraViewDelegate.swift /Users/admin/builder/spi-builder-workspace/Sources/CameraView/CameraViewDelegate.swift (in target 'CameraView' from project 'CameraView')
SwiftCompile normal arm64 /Users/admin/builder/spi-builder-workspace/Sources/CameraView/CameraViewDelegate.swift (in target 'CameraView' from project 'CameraView')
cd /Users/admin/builder/spi-builder-workspace/.swiftpm/xcode
builtin-SwiftPerFileCompile CameraViewDelegate.swift
PruneExplicitPrecompiledModules /Users/admin/builder/spi-builder-workspace/.derivedData/Build/Intermediates.noindex/ExplicitPrecompiledModules
PruneExplicitPrecompiledModules /Users/admin/builder/spi-builder-workspace/.derivedData/Build/Intermediates.noindex/SwiftExplicitPrecompiledModules
PruneExplicitPrecompiledModules /Users/admin/builder/spi-builder-workspace/.derivedData/SDKExplicitPrecompiledModules
2026-09-15 14:29:24.831 xcodebuild[648:4178] [MT] IDERunDestination: Supported platforms for the buildables in the current scheme is empty.
** BUILD FAILED **
The following build commands failed:
SwiftEmitModule normal arm64 Emitting\ module\ for\ CameraView (in target 'CameraView' from project 'CameraView')
SwiftCompile normal arm64 (in target 'CameraView' from project 'CameraView')
Building workspace CameraView with scheme CameraView
(3 failures)
Command line invocation:
/Applications/Xcode-27.0.0-Release.Candidate.app/Contents/Developer/usr/bin/xcodebuild -IDEClonedSourcePackagesDirPathOverride=/Users/admin/builder/spi-builder-workspace/.dependencies -resolvePackageDependencies
Resolve Package Graph
Resolved source packages:
CameraView: /Users/admin/builder/spi-builder-workspace
resolved source packages: CameraView
2026-09-15 14:29:32.168 xcodebuild[757:4606] [MT] IDERunDestination: Supported platforms for the buildables in the current scheme is empty.
{
"dependencies" : [
],
"manifest_display_name" : "CameraView",
"name" : "CameraView",
"path" : "/Users/admin/builder/spi-builder-workspace",
"platforms" : [
{
"name" : "ios",
"version" : "13.0"
}
],
"products" : [
{
"name" : "CameraView",
"targets" : [
"CameraView"
],
"type" : {
"library" : [
"automatic"
]
}
}
],
"targets" : [
{
"c99name" : "CameraViewTests",
"module_type" : "SwiftTarget",
"name" : "CameraViewTests",
"path" : "Tests/CameraViewTests",
"sources" : [
"CameraViewTests.swift",
"XCTestManifests.swift"
],
"target_dependencies" : [
"CameraView"
],
"type" : "test"
},
{
"c99name" : "CameraView",
"module_type" : "SwiftTarget",
"name" : "CameraView",
"path" : "Sources/CameraView",
"product_memberships" : [
"CameraView"
],
"sources" : [
"CameraState.swift",
"CameraView.swift",
"CameraViewDelegate.swift"
],
"type" : "library"
}
],
"tools_version" : "5.1"
}
{
"workspace" : {
"name" : "CameraView",
"schemes" : [
"CameraView"
]
}
}
2026-09-15 14:29:33.392 xcodebuild[765:4679] [MT] IDERunDestination: Supported platforms for the buildables in the current scheme is empty.
Running build ...
env DEVELOPER_DIR=/Applications/Xcode-27.0.0-Release.Candidate.app xcrun xcodebuild -IDEClonedSourcePackagesDirPathOverride=$PWD/.dependencies -skipMacroValidation -skipPackagePluginValidation -derivedDataPath $PWD/.derivedData build -scheme CameraView -destination generic/platform=xrOS
Command line invocation:
/Applications/Xcode-27.0.0-Release.Candidate.app/Contents/Developer/usr/bin/xcodebuild -IDEClonedSourcePackagesDirPathOverride=/Users/admin/builder/spi-builder-workspace/.dependencies -skipMacroValidation -skipPackagePluginValidation -derivedDataPath /Users/admin/builder/spi-builder-workspace/.derivedData build -scheme CameraView -destination generic/platform=xrOS
Resolve Package Graph
Resolved source packages:
CameraView: /Users/admin/builder/spi-builder-workspace
ComputePackagePrebuildTargetDependencyGraph
Prepare packages
CreateBuildRequest
SendProjectDescription
CreateBuildOperation
ComputeTargetDependencyGraph
note: Building targets in dependency order
note: Target dependency graph (2 targets)
Target 'CameraView-product' in project 'CameraView'
➜ Explicit dependency on target 'CameraView' in project 'CameraView'
Target 'CameraView' in project 'CameraView' (no dependencies)
GatherProvisioningInputs
CreateBuildDescription
ClangStatCache /Applications/Xcode-27.0.0-Release.Candidate.app/Contents/Developer/Toolchains/XcodeDefault.xctoolchain/usr/bin/clang-stat-cache /Applications/Xcode-27.0.0-Release.Candidate.app/Contents/Developer/Platforms/XROS.platform/Developer/SDKs/XROS27.0.sdk /Users/admin/builder/spi-builder-workspace/.derivedData/SDKStatCaches.noindex/xros27.0-24M361-e829b21a6f8c9b70876ba0858053c044735bd543db762f57723cac368afd1ce4.sdkstatcache
cd /Users/admin/builder/spi-builder-workspace/.swiftpm/xcode
/Applications/Xcode-27.0.0-Release.Candidate.app/Contents/Developer/Toolchains/XcodeDefault.xctoolchain/usr/bin/clang-stat-cache /Applications/Xcode-27.0.0-Release.Candidate.app/Contents/Developer/Platforms/XROS.platform/Developer/SDKs/XROS27.0.sdk -o /Users/admin/builder/spi-builder-workspace/.derivedData/SDKStatCaches.noindex/xros27.0-24M361-e829b21a6f8c9b70876ba0858053c044735bd543db762f57723cac368afd1ce4.sdkstatcache
SwiftDriver CameraView normal arm64 com.apple.xcode.tools.swift.compiler (in target 'CameraView' from project 'CameraView')
cd /Users/admin/builder/spi-builder-workspace/.swiftpm/xcode
builtin-SwiftDriver -- /Applications/Xcode-27.0.0-Release.Candidate.app/Contents/Developer/Toolchains/XcodeDefault.xctoolchain/usr/bin/swiftc -parse-as-library -module-name CameraView -Onone @/Users/admin/builder/spi-builder-workspace/.derivedData/Build/Intermediates.noindex/CameraView.build/Debug-xros/CameraView-t.build/Objects-normal/arm64/CameraView.SwiftFileList -DSWIFT_PACKAGE -DDEBUG -DSWIFT_MODULE_RESOURCE_BUNDLE_UNAVAILABLE -DXcode -plugin-path /Applications/Xcode-27.0.0-Release.Candidate.app/Contents/Developer/Toolchains/XcodeDefault.xctoolchain/usr/lib/swift/host/plugins/testing -enable-experimental-feature DebugDescriptionMacro -sdk /Applications/Xcode-27.0.0-Release.Candidate.app/Contents/Developer/Platforms/XROS.platform/Developer/SDKs/XROS27.0.sdk -target arm64-apple-xros1.0 -g -module-cache-path /Users/admin/builder/spi-builder-workspace/.derivedData/ModuleCache.noindex -Xfrontend -serialize-debugging-options -profile-coverage-mapping -profile-generate -enable-testing -index-store-path /Users/admin/builder/spi-builder-workspace/.derivedData/Index.noindex/DataStore -Xcc -D_LIBCPP_HARDENING_MODE\=_LIBCPP_HARDENING_MODE_DEBUG -swift-version 5 -I /Users/admin/builder/spi-builder-workspace/.derivedData/Build/Products/Debug-xros -Isystem /Applications/Xcode-27.0.0-Release.Candidate.app/Contents/Developer/Platforms/XROS.platform/Developer/usr/lib -F /Users/admin/builder/spi-builder-workspace/.derivedData/Build/Products/Debug-xros -F /Applications/Xcode-27.0.0-Release.Candidate.app/Contents/Developer/Platforms/XROS.platform/Developer/Library/Frameworks -F /Applications/Xcode-27.0.0-Release.Candidate.app/Contents/Developer/Platforms/XROS.platform/Developer/SDKs/XROS27.0.sdk/Developer/Library/Frameworks -c -j10 -enable-batch-mode -incremental -Xcc -ivfsstatcache -Xcc /Users/admin/builder/spi-builder-workspace/.derivedData/SDKStatCaches.noindex/xros27.0-24M361-e829b21a6f8c9b70876ba0858053c044735bd543db762f57723cac368afd1ce4.sdkstatcache -output-file-map /Users/admin/builder/spi-builder-workspace/.derivedData/Build/Intermediates.noindex/CameraView.build/Debug-xros/CameraView-t.build/Objects-normal/arm64/CameraView-OutputFileMap.json -save-temps -no-color-diagnostics -explicit-module-build -module-cache-path /Users/admin/builder/spi-builder-workspace/.derivedData/Build/Intermediates.noindex/SwiftExplicitPrecompiledModules -clang-scanner-module-cache-path /Users/admin/builder/spi-builder-workspace/.derivedData/ModuleCache.noindex -sdk-module-cache-path /Users/admin/builder/spi-builder-workspace/.derivedData/SDKExplicitPrecompiledModules -emit-dependencies -emit-module -emit-module-path /Users/admin/builder/spi-builder-workspace/.derivedData/Build/Intermediates.noindex/CameraView.build/Debug-xros/CameraView-t.build/Objects-normal/arm64/CameraView.swiftmodule -serialize-diagnostics -dependency-scan-serialize-diagnostics-path /Users/admin/builder/spi-builder-workspace/.derivedData/Build/Intermediates.noindex/CameraView.build/Debug-xros/CameraView-t.build/Objects-normal/arm64/CameraView-dependency-scan.dia -validate-clang-modules-once -clang-build-session-file /Users/admin/builder/spi-builder-workspace/.derivedData/ModuleCache.noindex/Session.modulevalidation -Xcc -fmodules-prune-interval\=86400 -Xcc -fmodules-prune-after\=345600 -emit-const-values -const-gather-protocols-list /Users/admin/builder/spi-builder-workspace/.derivedData/Build/Intermediates.noindex/CameraView.build/Debug-xros/CameraView-t.build/Objects-normal/arm64/CameraView_const_extract_protocols.json -Xcc -I/Users/admin/builder/spi-builder-workspace/.derivedData/Build/Products/Debug-xros/include -Xcc -I/Users/admin/builder/spi-builder-workspace/.derivedData/Build/Intermediates.noindex/CameraView.build/Debug-xros/CameraView-t.build/DerivedSources-normal/arm64 -Xcc -I/Users/admin/builder/spi-builder-workspace/.derivedData/Build/Intermediates.noindex/CameraView.build/Debug-xros/CameraView-t.build/DerivedSources/arm64 -Xcc -I/Users/admin/builder/spi-builder-workspace/.derivedData/Build/Intermediates.noindex/CameraView.build/Debug-xros/CameraView-t.build/DerivedSources -Xcc -DSWIFT_PACKAGE -Xcc -DDEBUG\=1 -emit-objc-header -emit-objc-header-path /Users/admin/builder/spi-builder-workspace/.derivedData/Build/Intermediates.noindex/CameraView.build/Debug-xros/CameraView-t.build/Objects-normal/arm64/CameraView-Swift.h -working-directory /Users/admin/builder/spi-builder-workspace/.swiftpm/xcode -experimental-emit-module-separately -disable-cmo
SwiftCompile normal arm64 Compiling\ CameraState.swift /Users/admin/builder/spi-builder-workspace/Sources/CameraView/CameraState.swift (in target 'CameraView' from project 'CameraView')
SwiftCompile normal arm64 /Users/admin/builder/spi-builder-workspace/Sources/CameraView/CameraState.swift (in target 'CameraView' from project 'CameraView')
cd /Users/admin/builder/spi-builder-workspace/.swiftpm/xcode
builtin-SwiftPerFileCompile CameraState.swift
SwiftEmitModule normal arm64 Emitting\ module\ for\ CameraView (in target 'CameraView' from project 'CameraView')
/Users/admin/builder/spi-builder-workspace/Sources/CameraView/CameraView.swift:14:45: error: 'DeviceType' is only available in visionOS 2.1 or newer
10 | import AVFoundation
11 |
12 | public struct CameraView: View {
| `- note: add '@available' attribute to enclosing struct
13 | private var delegate: CameraViewDelegate?
14 | private var cameraType: AVCaptureDevice.DeviceType
| `- error: 'DeviceType' is only available in visionOS 2.1 or newer
15 | private var cameraPosition: AVCaptureDevice.Position
16 | private var preview : PreviewHolder
/Users/admin/builder/spi-builder-workspace/Sources/CameraView/CameraView.swift:20:82: error: 'DeviceType' is only available in visionOS 2.1 or newer
10 | import AVFoundation
11 |
12 | public struct CameraView: View {
| `- note: add '@available' attribute to enclosing struct
13 | private var delegate: CameraViewDelegate?
14 | private var cameraType: AVCaptureDevice.DeviceType
:
18 | @ObservedObject private var viewModel : CameraViewModel
19 |
20 | public init(delegate: CameraViewDelegate? = nil, cameraType: AVCaptureDevice.DeviceType = .builtInWideAngleCamera, cameraPosition: AVCaptureDevice.Position = .back) {
| | `- error: 'DeviceType' is only available in visionOS 2.1 or newer
| `- note: add '@available' attribute to enclosing initializer
21 | self.delegate = delegate
22 | self.cameraType = cameraType
/Users/admin/builder/spi-builder-workspace/Sources/CameraView/CameraView.swift:20:96: error: 'builtInWideAngleCamera' is only available in visionOS 2.1 or newer
10 | import AVFoundation
11 |
12 | public struct CameraView: View {
| `- note: add '@available' attribute to enclosing struct
13 | private var delegate: CameraViewDelegate?
14 | private var cameraType: AVCaptureDevice.DeviceType
:
18 | @ObservedObject private var viewModel : CameraViewModel
19 |
20 | public init(delegate: CameraViewDelegate? = nil, cameraType: AVCaptureDevice.DeviceType = .builtInWideAngleCamera, cameraPosition: AVCaptureDevice.Position = .back) {
| | `- error: 'builtInWideAngleCamera' is only available in visionOS 2.1 or newer
| `- note: add '@available' attribute to enclosing initializer
21 | self.delegate = delegate
22 | self.cameraType = cameraType
/Users/admin/builder/spi-builder-workspace/Sources/CameraView/CameraView.swift:67:30: error: 'AVCapturePhotoOutput' is unavailable in visionOS
65 | private var captureSession: AVCaptureSession?
66 | private var videoDeviceInput: AVCaptureDeviceInput?
67 | private var photoOutput: AVCapturePhotoOutput?
| `- error: 'AVCapturePhotoOutput' is unavailable in visionOS
68 |
69 | var videoPreviewLayer: AVCaptureVideoPreviewLayer {
/Applications/Xcode-27.0.0-Release.Candidate.app/Contents/Developer/Platforms/XROS.platform/Developer/SDKs/XROS27.0.sdk/System/Library/Frameworks/AVFoundation.framework/Headers/AVCapturePhotoOutput.h:50:12: note: 'AVCapturePhotoOutput' has been explicitly marked unavailable here
48 | */
49 | API_AVAILABLE(macos(10.15), ios(10.0), macCatalyst(14.0), tvos(17.0)) API_UNAVAILABLE(visionos) API_UNAVAILABLE(watchos)
50 | @interface AVCapturePhotoOutput : AVCaptureOutput
| `- note: 'AVCapturePhotoOutput' has been explicitly marked unavailable here
51 | {
52 | @private
/Users/admin/builder/spi-builder-workspace/Sources/CameraView/CameraView.swift:69:28: error: 'AVCaptureVideoPreviewLayer' is unavailable in visionOS
67 | private var photoOutput: AVCapturePhotoOutput?
68 |
69 | var videoPreviewLayer: AVCaptureVideoPreviewLayer {
| `- error: 'AVCaptureVideoPreviewLayer' is unavailable in visionOS
70 | return layer as! AVCaptureVideoPreviewLayer
71 | }
/Applications/Xcode-27.0.0-Release.Candidate.app/Contents/Developer/Platforms/XROS.platform/Developer/SDKs/XROS27.0.sdk/System/Library/Frameworks/AVFoundation.framework/Headers/AVCaptureVideoPreviewLayer.h:33:12: note: 'AVCaptureVideoPreviewLayer' has been explicitly marked unavailable here
31 | */
32 | API_AVAILABLE(macos(10.7), ios(4.0), macCatalyst(14.0), tvos(17.0)) API_UNAVAILABLE(visionos) API_UNAVAILABLE(watchos)
33 | @interface AVCaptureVideoPreviewLayer : CALayer
| `- note: 'AVCaptureVideoPreviewLayer' has been explicitly marked unavailable here
34 | {
35 | @private
/Users/admin/builder/spi-builder-workspace/Sources/CameraView/CameraView.swift:73:75: error: 'DeviceType' is only available in visionOS 2.1 or newer
57 | }
58 |
59 | private class PreviewView: UIView, AVCapturePhotoCaptureDelegate {
| `- note: add '@available' attribute to enclosing class
60 |
61 | @EnvironmentObject var cameraState : CameraState
:
71 | }
72 |
73 | init(delegate: CameraViewDelegate? = nil, cameraType: AVCaptureDevice.DeviceType = .builtInWideAngleCamera, cameraPosition: AVCaptureDevice.Position = .back) {
| | `- error: 'DeviceType' is only available in visionOS 2.1 or newer
| `- note: add '@available' attribute to enclosing initializer
74 | super.init(frame: .zero)
75 |
/Users/admin/builder/spi-builder-workspace/Sources/CameraView/CameraView.swift:73:89: error: 'builtInWideAngleCamera' is only available in visionOS 2.1 or newer
57 | }
58 |
59 | private class PreviewView: UIView, AVCapturePhotoCaptureDelegate {
| `- note: add '@available' attribute to enclosing class
60 |
61 | @EnvironmentObject var cameraState : CameraState
:
71 | }
72 |
73 | init(delegate: CameraViewDelegate? = nil, cameraType: AVCaptureDevice.DeviceType = .builtInWideAngleCamera, cameraPosition: AVCaptureDevice.Position = .back) {
| | `- error: 'builtInWideAngleCamera' is only available in visionOS 2.1 or newer
| `- note: add '@available' attribute to enclosing initializer
74 | super.init(frame: .zero)
75 |
/Users/admin/builder/spi-builder-workspace/Sources/CameraView/CameraView.swift:152:32: error: 'AVCapturePhotoOutput' is unavailable in visionOS
150 | }
151 |
152 | func photoOutput(_ output: AVCapturePhotoOutput, didFinishProcessingPhoto photo: AVCapturePhoto, error: Error?) {
| `- error: 'AVCapturePhotoOutput' is unavailable in visionOS
153 | if error != nil {
154 | cameraState.capturedImageError = PhotoParseError.error(error!)
/Applications/Xcode-27.0.0-Release.Candidate.app/Contents/Developer/Platforms/XROS.platform/Developer/SDKs/XROS27.0.sdk/System/Library/Frameworks/AVFoundation.framework/Headers/AVCapturePhotoOutput.h:50:12: note: 'AVCapturePhotoOutput' has been explicitly marked unavailable here
48 | */
49 | API_AVAILABLE(macos(10.15), ios(10.0), macCatalyst(14.0), tvos(17.0)) API_UNAVAILABLE(visionos) API_UNAVAILABLE(watchos)
50 | @interface AVCapturePhotoOutput : AVCaptureOutput
| `- note: 'AVCapturePhotoOutput' has been explicitly marked unavailable here
51 | {
52 | @private
/Users/admin/builder/spi-builder-workspace/Sources/CameraView/CameraView.swift:152:86: error: 'AVCapturePhoto' is unavailable in visionOS
150 | }
151 |
152 | func photoOutput(_ output: AVCapturePhotoOutput, didFinishProcessingPhoto photo: AVCapturePhoto, error: Error?) {
| `- error: 'AVCapturePhoto' is unavailable in visionOS
153 | if error != nil {
154 | cameraState.capturedImageError = PhotoParseError.error(error!)
/Applications/Xcode-27.0.0-Release.Candidate.app/Contents/Developer/Platforms/XROS.platform/Developer/SDKs/XROS27.0.sdk/System/Library/Frameworks/AVFoundation.framework/Headers/AVCapturePhotoOutput.h:1979:12: note: 'AVCapturePhoto' has been explicitly marked unavailable here
1977 | */
1978 | API_AVAILABLE(macos(10.15), ios(11.0), macCatalyst(14.0), tvos(17.0)) API_UNAVAILABLE(visionos) API_UNAVAILABLE(watchos)
1979 | @interface AVCapturePhoto : NSObject
| `- note: 'AVCapturePhoto' has been explicitly marked unavailable here
1980 | {
1981 | @private
/Users/admin/builder/spi-builder-workspace/Sources/CameraView/CameraView.swift:59:36: error: 'AVCapturePhotoCaptureDelegate' is unavailable in visionOS
57 | }
58 |
59 | private class PreviewView: UIView, AVCapturePhotoCaptureDelegate {
| `- error: 'AVCapturePhotoCaptureDelegate' is unavailable in visionOS
60 |
61 | @EnvironmentObject var cameraState : CameraState
/Applications/Xcode-27.0.0-Release.Candidate.app/Contents/Developer/Platforms/XROS.platform/Developer/SDKs/XROS27.0.sdk/System/Library/Frameworks/AVFoundation.framework/Headers/AVCapturePhotoOutput.h:990:11: note: 'AVCapturePhotoCaptureDelegate' has been explicitly marked unavailable here
988 | */
989 | API_AVAILABLE(macos(10.15), ios(10.0), macCatalyst(14.0), tvos(17.0)) API_UNAVAILABLE(visionos) API_UNAVAILABLE(watchos)
990 | @protocol AVCapturePhotoCaptureDelegate <NSObject>
| `- note: 'AVCapturePhotoCaptureDelegate' has been explicitly marked unavailable here
991 |
992 | @optional
/Users/admin/builder/spi-builder-workspace/Sources/CameraView/CameraView.swift:152:10: error: cannot override 'photoOutput' which has been marked unavailable
150 | }
151 |
152 | func photoOutput(_ output: AVCapturePhotoOutput, didFinishProcessingPhoto photo: AVCapturePhoto, error: Error?) {
| `- error: cannot override 'photoOutput' which has been marked unavailable
153 | if error != nil {
154 | cameraState.capturedImageError = PhotoParseError.error(error!)
/Applications/Xcode-27.0.0-Release.Candidate.app/Contents/Developer/Platforms/XROS.platform/Developer/SDKs/XROS27.0.sdk/System/Library/Frameworks/AVFoundation.framework/Headers/AVCapturePhotoOutput.h:1053:1: note: 'photoOutput(_:didFinishProcessingPhoto:error:)' has been explicitly marked unavailable here
1051 | This callback fires resolvedSettings.expectedPhotoCount number of times for a given capture request. Note that the photo parameter is always non nil, even if an error is returned. The delivered AVCapturePhoto's rawPhoto property can be queried to know if it's a RAW image or processed image.
1052 | */
1053 | - (void)captureOutput:(AVCapturePhotoOutput *)output didFinishProcessingPhoto:(AVCapturePhoto *)photo error:(nullable NSError *)error API_AVAILABLE(ios(11.0), macCatalyst(14.0), tvos(17.0)) API_UNAVAILABLE(visionos);
| `- note: 'photoOutput(_:didFinishProcessingPhoto:error:)' has been explicitly marked unavailable here
1054 |
1055 | /*!
/Users/admin/builder/spi-builder-workspace/Sources/CameraView/CameraView.swift:175:45: error: 'DeviceType' is only available in visionOS 2.1 or newer
171 | }
172 |
173 | private struct PreviewHolder: UIViewRepresentable {
| `- note: add '@available' attribute to enclosing struct
174 | private var delegate: CameraViewDelegate?
175 | private var cameraType: AVCaptureDevice.DeviceType
| `- error: 'DeviceType' is only available in visionOS 2.1 or newer
176 | private var cameraPosition: AVCaptureDevice.Position
177 | private var view: PreviewView
/Users/admin/builder/spi-builder-workspace/Sources/CameraView/CameraView.swift:179:75: error: 'DeviceType' is only available in visionOS 2.1 or newer
171 | }
172 |
173 | private struct PreviewHolder: UIViewRepresentable {
| `- note: add '@available' attribute to enclosing struct
174 | private var delegate: CameraViewDelegate?
175 | private var cameraType: AVCaptureDevice.DeviceType
:
177 | private var view: PreviewView
178 |
179 | init(delegate: CameraViewDelegate? = nil, cameraType: AVCaptureDevice.DeviceType = .builtInWideAngleCamera, cameraPosition: AVCaptureDevice.Position = .back) {
| | `- error: 'DeviceType' is only available in visionOS 2.1 or newer
| `- note: add '@available' attribute to enclosing initializer
180 | self.delegate = delegate
181 | self.cameraType = cameraType
/Users/admin/builder/spi-builder-workspace/Sources/CameraView/CameraView.swift:179:89: error: 'builtInWideAngleCamera' is only available in visionOS 2.1 or newer
171 | }
172 |
173 | private struct PreviewHolder: UIViewRepresentable {
| `- note: add '@available' attribute to enclosing struct
174 | private var delegate: CameraViewDelegate?
175 | private var cameraType: AVCaptureDevice.DeviceType
:
177 | private var view: PreviewView
178 |
179 | init(delegate: CameraViewDelegate? = nil, cameraType: AVCaptureDevice.DeviceType = .builtInWideAngleCamera, cameraPosition: AVCaptureDevice.Position = .back) {
| | `- error: 'builtInWideAngleCamera' is only available in visionOS 2.1 or newer
| `- note: add '@available' attribute to enclosing initializer
180 | self.delegate = delegate
181 | self.cameraType = cameraType
Failed frontend command:
/Applications/Xcode-27.0.0-Release.Candidate.app/Contents/Developer/Toolchains/XcodeDefault.xctoolchain/usr/bin/swift-frontend -frontend -emit-module -experimental-skip-non-inlinable-function-bodies-without-types /Users/admin/builder/spi-builder-workspace/Sources/CameraView/CameraState.swift /Users/admin/builder/spi-builder-workspace/Sources/CameraView/CameraView.swift /Users/admin/builder/spi-builder-workspace/Sources/CameraView/CameraViewDelegate.swift -target arm64-apple-xros1.0 -disable-cross-import-overlay-search -load-resolved-plugin /Applications/Xcode-27.0.0-Release.Candidate.app/Contents/Developer/Platforms/XROS.platform/Developer/usr/lib/swift/host/plugins/libFoundationMacros.dylib\#/Applications/Xcode-27.0.0-Release.Candidate.app/Contents/Developer/Platforms/XROS.platform/Developer/usr/bin/swift-plugin-server\#FoundationMacros -load-resolved-plugin /Applications/Xcode-27.0.0-Release.Candidate.app/Contents/Developer/Platforms/XROS.platform/Developer/usr/lib/swift/host/plugins/libObservationMacros.dylib\#/Applications/Xcode-27.0.0-Release.Candidate.app/Contents/Developer/Platforms/XROS.platform/Developer/usr/bin/swift-plugin-server\#ObservationMacros -load-resolved-plugin /Applications/Xcode-27.0.0-Release.Candidate.app/Contents/Developer/Platforms/XROS.platform/Developer/usr/lib/swift/host/plugins/libPreviewsMacros.dylib\#/Applications/Xcode-27.0.0-Release.Candidate.app/Contents/Developer/Platforms/XROS.platform/Developer/usr/bin/swift-plugin-server\#PreviewsMacros -load-resolved-plugin /Applications/Xcode-27.0.0-Release.Candidate.app/Contents/Developer/Platforms/XROS.platform/Developer/usr/lib/swift/host/plugins/libSwiftMacros.dylib\#/Applications/Xcode-27.0.0-Release.Candidate.app/Contents/Developer/Platforms/XROS.platform/Developer/usr/bin/swift-plugin-server\#SwiftMacros -load-resolved-plugin /Applications/Xcode-27.0.0-Release.Candidate.app/Contents/Developer/Platforms/XROS.platform/Developer/usr/lib/swift/host/plugins/libSwiftUIMacros.dylib\#/Applications/Xcode-27.0.0-Release.Candidate.app/Contents/Developer/Platforms/XROS.platform/Developer/usr/bin/swift-plugin-server\#SwiftUIMacros -disable-implicit-swift-modules -Xcc -fno-implicit-modules -Xcc -fno-implicit-module-maps -explicit-swift-module-map-file /Users/admin/builder/spi-builder-workspace/.derivedData/Build/Intermediates.noindex/CameraView.build/Debug-xros/CameraView-t.build/Objects-normal/arm64/CameraView-dependencies-1.json -Xllvm -aarch64-use-tbi -enable-objc-interop -stack-check -sdk /Applications/Xcode-27.0.0-Release.Candidate.app/Contents/Developer/Platforms/XROS.platform/Developer/SDKs/XROS27.0.sdk -I /Users/admin/builder/spi-builder-workspace/.derivedData/Build/Products/Debug-xros -Isystem /Applications/Xcode-27.0.0-Release.Candidate.app/Contents/Developer/Platforms/XROS.platform/Developer/usr/lib -F /Users/admin/builder/spi-builder-workspace/.derivedData/Build/Products/Debug-xros -F /Applications/Xcode-27.0.0-Release.Candidate.app/Contents/Developer/Platforms/XROS.platform/Developer/Library/Frameworks -F /Applications/Xcode-27.0.0-Release.Candidate.app/Contents/Developer/Platforms/XROS.platform/Developer/SDKs/XROS27.0.sdk/Developer/Library/Frameworks -module-cache-path /Users/admin/builder/spi-builder-workspace/.derivedData/Build/Intermediates.noindex/SwiftExplicitPrecompiledModules -no-color-diagnostics -Xcc -fno-color-diagnostics -enable-testing -g -debug-info-format\=dwarf -dwarf-version\=4 -profile-generate -profile-coverage-mapping -swift-version 5 -Onone -D SWIFT_PACKAGE -D DEBUG -D SWIFT_MODULE_RESOURCE_BUNDLE_UNAVAILABLE -D Xcode -serialize-debugging-options -enable-experimental-feature DebugDescriptionMacro -empty-abi-descriptor -validate-clang-modules-once -clang-build-session-file /Users/admin/builder/spi-builder-workspace/.derivedData/ModuleCache.noindex/Session.modulevalidation -Xcc -working-directory -Xcc /Users/admin/builder/spi-builder-workspace/.swiftpm/xcode -enable-anonymous-context-mangled-names -file-compilation-dir /Users/admin/builder/spi-builder-workspace/.swiftpm/xcode -Xcc -D_LIBCPP_HARDENING_MODE\=_LIBCPP_HARDENING_MODE_DEBUG -Xcc -ivfsstatcache -Xcc /Users/admin/builder/spi-builder-workspace/.derivedData/SDKStatCaches.noindex/xros27.0-24M361-e829b21a6f8c9b70876ba0858053c044735bd543db762f57723cac368afd1ce4.sdkstatcache -Xcc -fmodules-prune-interval\=86400 -Xcc -fmodules-prune-after\=345600 -Xcc -I/Users/admin/builder/spi-builder-workspace/.derivedData/Build/Products/Debug-xros/include -Xcc -I/Users/admin/builder/spi-builder-workspace/.derivedData/Build/Intermediates.noindex/CameraView.build/Debug-xros/CameraView-t.build/DerivedSources-normal/arm64 -Xcc -I/Users/admin/builder/spi-builder-workspace/.derivedData/Build/Intermediates.noindex/CameraView.build/Debug-xros/CameraView-t.build/DerivedSources/arm64 -Xcc -I/Users/admin/builder/spi-builder-workspace/.derivedData/Build/Intermediates.noindex/CameraView.build/Debug-xros/CameraView-t.build/DerivedSources -Xcc -DSWIFT_PACKAGE -Xcc -DDEBUG\=1 -no-auto-bridging-header-chaining -module-name CameraView -const-gather-protocols-file /Users/admin/builder/spi-builder-workspace/.derivedData/Build/Intermediates.noindex/CameraView.build/Debug-xros/CameraView-t.build/Objects-normal/arm64/CameraView_const_extract_protocols.json -disable-clang-spi -clang-target arm64-apple-xros27.0 -target-sdk-version 27.0 -target-sdk-name xros27.0 -in-process-plugin-server-path /Applications/Xcode-27.0.0-Release.Candidate.app/Contents/Developer/Toolchains/XcodeDefault.xctoolchain/usr/lib/swift/host/libSwiftInProcPluginServer.dylib -emit-module-doc-path /Users/admin/builder/spi-builder-workspace/.derivedData/Build/Intermediates.noindex/CameraView.build/Debug-xros/CameraView-t.build/Objects-normal/arm64/CameraView.swiftdoc -emit-module-source-info-path /Users/admin/builder/spi-builder-workspace/.derivedData/Build/Intermediates.noindex/CameraView.build/Debug-xros/CameraView-t.build/Objects-normal/arm64/CameraView.swiftsourceinfo -emit-objc-header-path /Users/admin/builder/spi-builder-workspace/.derivedData/Build/Intermediates.noindex/CameraView.build/Debug-xros/CameraView-t.build/Objects-normal/arm64/CameraView-Swift.h -serialize-diagnostics-path /Users/admin/builder/spi-builder-workspace/.derivedData/Build/Intermediates.noindex/CameraView.build/Debug-xros/CameraView-t.build/Objects-normal/arm64/CameraView-primary-emit-module.dia -emit-dependencies-path /Users/admin/builder/spi-builder-workspace/.derivedData/Build/Intermediates.noindex/CameraView.build/Debug-xros/CameraView-t.build/Objects-normal/arm64/CameraView-primary-emit-module.d -parse-as-library -o /Users/admin/builder/spi-builder-workspace/.derivedData/Build/Intermediates.noindex/CameraView.build/Debug-xros/CameraView-t.build/Objects-normal/arm64/CameraView.swiftmodule -emit-abi-descriptor-path /Users/admin/builder/spi-builder-workspace/.derivedData/Build/Intermediates.noindex/CameraView.build/Debug-xros/CameraView-t.build/Objects-normal/arm64/CameraView.abi.json
SwiftCompile normal arm64 (in target 'CameraView' from project 'CameraView')
cd /Users/admin/builder/spi-builder-workspace/.swiftpm/xcode
SwiftCompile normal arm64 Compiling\ CameraViewDelegate.swift /Users/admin/builder/spi-builder-workspace/Sources/CameraView/CameraViewDelegate.swift (in target 'CameraView' from project 'CameraView')
SwiftCompile normal arm64 /Users/admin/builder/spi-builder-workspace/Sources/CameraView/CameraViewDelegate.swift (in target 'CameraView' from project 'CameraView')
cd /Users/admin/builder/spi-builder-workspace/.swiftpm/xcode
builtin-SwiftPerFileCompile CameraViewDelegate.swift
SwiftCompile normal arm64 Compiling\ CameraView.swift /Users/admin/builder/spi-builder-workspace/Sources/CameraView/CameraView.swift (in target 'CameraView' from project 'CameraView')
/Users/admin/builder/spi-builder-workspace/Sources/CameraView/CameraView.swift:14:45: error: 'DeviceType' is only available in visionOS 2.1 or newer
10 | import AVFoundation
11 |
12 | public struct CameraView: View {
| `- note: add '@available' attribute to enclosing struct
13 | private var delegate: CameraViewDelegate?
14 | private var cameraType: AVCaptureDevice.DeviceType
| `- error: 'DeviceType' is only available in visionOS 2.1 or newer
15 | private var cameraPosition: AVCaptureDevice.Position
16 | private var preview : PreviewHolder
/Users/admin/builder/spi-builder-workspace/Sources/CameraView/CameraView.swift:20:82: error: 'DeviceType' is only available in visionOS 2.1 or newer
10 | import AVFoundation
11 |
12 | public struct CameraView: View {
| `- note: add '@available' attribute to enclosing struct
13 | private var delegate: CameraViewDelegate?
14 | private var cameraType: AVCaptureDevice.DeviceType
:
18 | @ObservedObject private var viewModel : CameraViewModel
19 |
20 | public init(delegate: CameraViewDelegate? = nil, cameraType: AVCaptureDevice.DeviceType = .builtInWideAngleCamera, cameraPosition: AVCaptureDevice.Position = .back) {
| | `- error: 'DeviceType' is only available in visionOS 2.1 or newer
| `- note: add '@available' attribute to enclosing initializer
21 | self.delegate = delegate
22 | self.cameraType = cameraType
/Users/admin/builder/spi-builder-workspace/Sources/CameraView/CameraView.swift:20:96: error: 'builtInWideAngleCamera' is only available in visionOS 2.1 or newer
10 | import AVFoundation
11 |
12 | public struct CameraView: View {
| `- note: add '@available' attribute to enclosing struct
13 | private var delegate: CameraViewDelegate?
14 | private var cameraType: AVCaptureDevice.DeviceType
:
18 | @ObservedObject private var viewModel : CameraViewModel
19 |
20 | public init(delegate: CameraViewDelegate? = nil, cameraType: AVCaptureDevice.DeviceType = .builtInWideAngleCamera, cameraPosition: AVCaptureDevice.Position = .back) {
| | `- error: 'builtInWideAngleCamera' is only available in visionOS 2.1 or newer
| `- note: add '@available' attribute to enclosing initializer
21 | self.delegate = delegate
22 | self.cameraType = cameraType
/Users/admin/builder/spi-builder-workspace/Sources/CameraView/CameraView.swift:67:30: error: 'AVCapturePhotoOutput' is unavailable in visionOS
65 | private var captureSession: AVCaptureSession?
66 | private var videoDeviceInput: AVCaptureDeviceInput?
67 | private var photoOutput: AVCapturePhotoOutput?
| `- error: 'AVCapturePhotoOutput' is unavailable in visionOS
68 |
69 | var videoPreviewLayer: AVCaptureVideoPreviewLayer {
/Applications/Xcode-27.0.0-Release.Candidate.app/Contents/Developer/Platforms/XROS.platform/Developer/SDKs/XROS27.0.sdk/System/Library/Frameworks/AVFoundation.framework/Headers/AVCapturePhotoOutput.h:50:12: note: 'AVCapturePhotoOutput' has been explicitly marked unavailable here
48 | */
49 | API_AVAILABLE(macos(10.15), ios(10.0), macCatalyst(14.0), tvos(17.0)) API_UNAVAILABLE(visionos) API_UNAVAILABLE(watchos)
50 | @interface AVCapturePhotoOutput : AVCaptureOutput
| `- note: 'AVCapturePhotoOutput' has been explicitly marked unavailable here
51 | {
52 | @private
/Users/admin/builder/spi-builder-workspace/Sources/CameraView/CameraView.swift:69:28: error: 'AVCaptureVideoPreviewLayer' is unavailable in visionOS
67 | private var photoOutput: AVCapturePhotoOutput?
68 |
69 | var videoPreviewLayer: AVCaptureVideoPreviewLayer {
| `- error: 'AVCaptureVideoPreviewLayer' is unavailable in visionOS
70 | return layer as! AVCaptureVideoPreviewLayer
71 | }
/Applications/Xcode-27.0.0-Release.Candidate.app/Contents/Developer/Platforms/XROS.platform/Developer/SDKs/XROS27.0.sdk/System/Library/Frameworks/AVFoundation.framework/Headers/AVCaptureVideoPreviewLayer.h:33:12: note: 'AVCaptureVideoPreviewLayer' has been explicitly marked unavailable here
31 | */
32 | API_AVAILABLE(macos(10.7), ios(4.0), macCatalyst(14.0), tvos(17.0)) API_UNAVAILABLE(visionos) API_UNAVAILABLE(watchos)
33 | @interface AVCaptureVideoPreviewLayer : CALayer
| `- note: 'AVCaptureVideoPreviewLayer' has been explicitly marked unavailable here
34 | {
35 | @private
/Users/admin/builder/spi-builder-workspace/Sources/CameraView/CameraView.swift:73:75: error: 'DeviceType' is only available in visionOS 2.1 or newer
57 | }
58 |
59 | private class PreviewView: UIView, AVCapturePhotoCaptureDelegate {
| `- note: add '@available' attribute to enclosing class
60 |
61 | @EnvironmentObject var cameraState : CameraState
:
71 | }
72 |
73 | init(delegate: CameraViewDelegate? = nil, cameraType: AVCaptureDevice.DeviceType = .builtInWideAngleCamera, cameraPosition: AVCaptureDevice.Position = .back) {
| | `- error: 'DeviceType' is only available in visionOS 2.1 or newer
| `- note: add '@available' attribute to enclosing initializer
74 | super.init(frame: .zero)
75 |
/Users/admin/builder/spi-builder-workspace/Sources/CameraView/CameraView.swift:73:89: error: 'builtInWideAngleCamera' is only available in visionOS 2.1 or newer
57 | }
58 |
59 | private class PreviewView: UIView, AVCapturePhotoCaptureDelegate {
| `- note: add '@available' attribute to enclosing class
60 |
61 | @EnvironmentObject var cameraState : CameraState
:
71 | }
72 |
73 | init(delegate: CameraViewDelegate? = nil, cameraType: AVCaptureDevice.DeviceType = .builtInWideAngleCamera, cameraPosition: AVCaptureDevice.Position = .back) {
| | `- error: 'builtInWideAngleCamera' is only available in visionOS 2.1 or newer
| `- note: add '@available' attribute to enclosing initializer
74 | super.init(frame: .zero)
75 |
/Users/admin/builder/spi-builder-workspace/Sources/CameraView/CameraView.swift:152:32: error: 'AVCapturePhotoOutput' is unavailable in visionOS
150 | }
151 |
152 | func photoOutput(_ output: AVCapturePhotoOutput, didFinishProcessingPhoto photo: AVCapturePhoto, error: Error?) {
| `- error: 'AVCapturePhotoOutput' is unavailable in visionOS
153 | if error != nil {
154 | cameraState.capturedImageError = PhotoParseError.error(error!)
/Applications/Xcode-27.0.0-Release.Candidate.app/Contents/Developer/Platforms/XROS.platform/Developer/SDKs/XROS27.0.sdk/System/Library/Frameworks/AVFoundation.framework/Headers/AVCapturePhotoOutput.h:50:12: note: 'AVCapturePhotoOutput' has been explicitly marked unavailable here
48 | */
49 | API_AVAILABLE(macos(10.15), ios(10.0), macCatalyst(14.0), tvos(17.0)) API_UNAVAILABLE(visionos) API_UNAVAILABLE(watchos)
50 | @interface AVCapturePhotoOutput : AVCaptureOutput
| `- note: 'AVCapturePhotoOutput' has been explicitly marked unavailable here
51 | {
52 | @private
/Users/admin/builder/spi-builder-workspace/Sources/CameraView/CameraView.swift:152:86: error: 'AVCapturePhoto' is unavailable in visionOS
150 | }
151 |
152 | func photoOutput(_ output: AVCapturePhotoOutput, didFinishProcessingPhoto photo: AVCapturePhoto, error: Error?) {
| `- error: 'AVCapturePhoto' is unavailable in visionOS
153 | if error != nil {
154 | cameraState.capturedImageError = PhotoParseError.error(error!)
/Applications/Xcode-27.0.0-Release.Candidate.app/Contents/Developer/Platforms/XROS.platform/Developer/SDKs/XROS27.0.sdk/System/Library/Frameworks/AVFoundation.framework/Headers/AVCapturePhotoOutput.h:1979:12: note: 'AVCapturePhoto' has been explicitly marked unavailable here
1977 | */
1978 | API_AVAILABLE(macos(10.15), ios(11.0), macCatalyst(14.0), tvos(17.0)) API_UNAVAILABLE(visionos) API_UNAVAILABLE(watchos)
1979 | @interface AVCapturePhoto : NSObject
| `- note: 'AVCapturePhoto' has been explicitly marked unavailable here
1980 | {
1981 | @private
/Users/admin/builder/spi-builder-workspace/Sources/CameraView/CameraView.swift:59:36: error: 'AVCapturePhotoCaptureDelegate' is unavailable in visionOS
57 | }
58 |
59 | private class PreviewView: UIView, AVCapturePhotoCaptureDelegate {
| `- error: 'AVCapturePhotoCaptureDelegate' is unavailable in visionOS
60 |
61 | @EnvironmentObject var cameraState : CameraState
/Applications/Xcode-27.0.0-Release.Candidate.app/Contents/Developer/Platforms/XROS.platform/Developer/SDKs/XROS27.0.sdk/System/Library/Frameworks/AVFoundation.framework/Headers/AVCapturePhotoOutput.h:990:11: note: 'AVCapturePhotoCaptureDelegate' has been explicitly marked unavailable here
988 | */
989 | API_AVAILABLE(macos(10.15), ios(10.0), macCatalyst(14.0), tvos(17.0)) API_UNAVAILABLE(visionos) API_UNAVAILABLE(watchos)
990 | @protocol AVCapturePhotoCaptureDelegate <NSObject>
| `- note: 'AVCapturePhotoCaptureDelegate' has been explicitly marked unavailable here
991 |
992 | @optional
/Users/admin/builder/spi-builder-workspace/Sources/CameraView/CameraView.swift:152:10: error: cannot override 'photoOutput' which has been marked unavailable
150 | }
151 |
152 | func photoOutput(_ output: AVCapturePhotoOutput, didFinishProcessingPhoto photo: AVCapturePhoto, error: Error?) {
| `- error: cannot override 'photoOutput' which has been marked unavailable
153 | if error != nil {
154 | cameraState.capturedImageError = PhotoParseError.error(error!)
/Applications/Xcode-27.0.0-Release.Candidate.app/Contents/Developer/Platforms/XROS.platform/Developer/SDKs/XROS27.0.sdk/System/Library/Frameworks/AVFoundation.framework/Headers/AVCapturePhotoOutput.h:1053:1: note: 'photoOutput(_:didFinishProcessingPhoto:error:)' has been explicitly marked unavailable here
1051 | This callback fires resolvedSettings.expectedPhotoCount number of times for a given capture request. Note that the photo parameter is always non nil, even if an error is returned. The delivered AVCapturePhoto's rawPhoto property can be queried to know if it's a RAW image or processed image.
1052 | */
1053 | - (void)captureOutput:(AVCapturePhotoOutput *)output didFinishProcessingPhoto:(AVCapturePhoto *)photo error:(nullable NSError *)error API_AVAILABLE(ios(11.0), macCatalyst(14.0), tvos(17.0)) API_UNAVAILABLE(visionos);
| `- note: 'photoOutput(_:didFinishProcessingPhoto:error:)' has been explicitly marked unavailable here
1054 |
1055 | /*!
/Users/admin/builder/spi-builder-workspace/Sources/CameraView/CameraView.swift:175:45: error: 'DeviceType' is only available in visionOS 2.1 or newer
171 | }
172 |
173 | private struct PreviewHolder: UIViewRepresentable {
| `- note: add '@available' attribute to enclosing struct
174 | private var delegate: CameraViewDelegate?
175 | private var cameraType: AVCaptureDevice.DeviceType
| `- error: 'DeviceType' is only available in visionOS 2.1 or newer
176 | private var cameraPosition: AVCaptureDevice.Position
177 | private var view: PreviewView
/Users/admin/builder/spi-builder-workspace/Sources/CameraView/CameraView.swift:179:75: error: 'DeviceType' is only available in visionOS 2.1 or newer
171 | }
172 |
173 | private struct PreviewHolder: UIViewRepresentable {
| `- note: add '@available' attribute to enclosing struct
174 | private var delegate: CameraViewDelegate?
175 | private var cameraType: AVCaptureDevice.DeviceType
:
177 | private var view: PreviewView
178 |
179 | init(delegate: CameraViewDelegate? = nil, cameraType: AVCaptureDevice.DeviceType = .builtInWideAngleCamera, cameraPosition: AVCaptureDevice.Position = .back) {
| | `- error: 'DeviceType' is only available in visionOS 2.1 or newer
| `- note: add '@available' attribute to enclosing initializer
180 | self.delegate = delegate
181 | self.cameraType = cameraType
/Users/admin/builder/spi-builder-workspace/Sources/CameraView/CameraView.swift:179:89: error: 'builtInWideAngleCamera' is only available in visionOS 2.1 or newer
171 | }
172 |
173 | private struct PreviewHolder: UIViewRepresentable {
| `- note: add '@available' attribute to enclosing struct
174 | private var delegate: CameraViewDelegate?
175 | private var cameraType: AVCaptureDevice.DeviceType
:
177 | private var view: PreviewView
178 |
179 | init(delegate: CameraViewDelegate? = nil, cameraType: AVCaptureDevice.DeviceType = .builtInWideAngleCamera, cameraPosition: AVCaptureDevice.Position = .back) {
| | `- error: 'builtInWideAngleCamera' is only available in visionOS 2.1 or newer
| `- note: add '@available' attribute to enclosing initializer
180 | self.delegate = delegate
181 | self.cameraType = cameraType
/Users/admin/builder/spi-builder-workspace/Sources/CameraView/CameraView.swift:70:26: error: 'AVCaptureVideoPreviewLayer' is unavailable in visionOS
68 |
69 | var videoPreviewLayer: AVCaptureVideoPreviewLayer {
70 | return layer as! AVCaptureVideoPreviewLayer
| `- error: 'AVCaptureVideoPreviewLayer' is unavailable in visionOS
71 | }
72 |
/Applications/Xcode-27.0.0-Release.Candidate.app/Contents/Developer/Platforms/XROS.platform/Developer/SDKs/XROS27.0.sdk/System/Library/Frameworks/AVFoundation.framework/Headers/AVCaptureVideoPreviewLayer.h:33:12: note: 'AVCaptureVideoPreviewLayer' has been explicitly marked unavailable here
31 | */
32 | API_AVAILABLE(macos(10.7), ios(4.0), macCatalyst(14.0), tvos(17.0)) API_UNAVAILABLE(visionos) API_UNAVAILABLE(watchos)
33 | @interface AVCaptureVideoPreviewLayer : CALayer
| `- note: 'AVCaptureVideoPreviewLayer' has been explicitly marked unavailable here
34 | {
35 | @private
SwiftCompile normal arm64 /Users/admin/builder/spi-builder-workspace/Sources/CameraView/CameraView.swift (in target 'CameraView' from project 'CameraView')
cd /Users/admin/builder/spi-builder-workspace/.swiftpm/xcode
builtin-SwiftPerFileCompile CameraView.swift
PruneExplicitPrecompiledModules /Users/admin/builder/spi-builder-workspace/.derivedData/Build/Intermediates.noindex/ExplicitPrecompiledModules
PruneExplicitPrecompiledModules /Users/admin/builder/spi-builder-workspace/.derivedData/Build/Intermediates.noindex/SwiftExplicitPrecompiledModules
PruneExplicitPrecompiledModules /Users/admin/builder/spi-builder-workspace/.derivedData/SDKExplicitPrecompiledModules
2026-09-15 14:29:34.350 xcodebuild[766:4703] [MT] IDERunDestination: Supported platforms for the buildables in the current scheme is empty.
** BUILD FAILED **
The following build commands failed:
SwiftEmitModule normal arm64 Emitting\ module\ for\ CameraView (in target 'CameraView' from project 'CameraView')
SwiftCompile normal arm64 (in target 'CameraView' from project 'CameraView')
Building workspace CameraView with scheme CameraView
(3 failures)
BUILD FAILURE 6.4 visionOS