Build Information
Failed to build ElegantColorPalette, reference master (dfb623), with Swift 6.4 for watchOS using Xcode 27.0 on 17 Sep 2026 05:14:09 UTC.
Build Command
env DEVELOPER_DIR=/Applications/Xcode-27.0.0-Release.Candidate.app xcrun xcodebuild -IDEClonedSourcePackagesDirPathOverride=$PWD/.dependencies -skipMacroValidation -skipPackagePluginValidation -derivedDataPath $PWD/.derivedData build -scheme ElegantColorPalette -destination generic/platform=watchOSBuild Log
========================================
RunAll
========================================
Builder version: 5.1.0
Interrupt handler set up.
========================================
Checkout
========================================
Clone URL: https://github.com/ThasianX/ElegantColorPalette.git
Reference: master
Initialized empty Git repository in /Users/admin/builder/spi-builder-workspace/.git/
From https://github.com/ThasianX/ElegantColorPalette
* branch master -> FETCH_HEAD
* [new branch] master -> origin/master
HEAD is now at dfb6233 Update README.md
Cloned https://github.com/ThasianX/ElegantColorPalette.git
Revision (git rev-parse @):
dfb62339c97c307abfc982c0ed20766510544cef
SUCCESS checkout https://github.com/ThasianX/ElegantColorPalette.git at master
========================================
Build
========================================
Selected platform: watchOS
Swift version: 6.4
Building package at path: $PWD
https://github.com/ThasianX/ElegantColorPalette.git
Command line invocation:
/Applications/Xcode-27.0.0-Release.Candidate.app/Contents/Developer/usr/bin/xcodebuild -IDEClonedSourcePackagesDirPathOverride=/Users/admin/builder/spi-builder-workspace/.dependencies -resolvePackageDependencies
resolved source packages:
{
"dependencies" : [
],
"manifest_display_name" : "ElegantColorPalette",
"name" : "ElegantColorPalette",
"path" : "/Users/admin/builder/spi-builder-workspace",
"platforms" : [
{
"name" : "ios",
"version" : "13.0"
}
],
"products" : [
{
"name" : "ElegantColorPalette",
"targets" : [
"ElegantColorPalette"
],
"type" : {
"library" : [
"automatic"
]
}
}
],
"targets" : [
{
"c99name" : "ElegantColorPalette",
"module_type" : "SwiftTarget",
"name" : "ElegantColorPalette",
"path" : "Sources/ElegantColorPalette",
"product_memberships" : [
"ElegantColorPalette"
],
"sources" : [
"ColorPaletteBindingView.swift",
"ColorPaletteView.swift",
"Helpers/Extensions/CGVector+Additions.swift",
"Helpers/Extensions/CGVector+Operators.swift",
"Helpers/Extensions/ColorNode+Modifiers.swift",
"Helpers/Extensions/Comparable+Clamped.swift",
"Helpers/Extensions/UIColor+Color.swift",
"Helpers/Models/ColorPaletteManager.swift",
"Helpers/Models/DefaultNodeStyle.swift",
"Helpers/Models/FocusSettings.swift",
"Helpers/Models/NodeStyleConfiguration.swift",
"Helpers/Models/PaletteColor.swift",
"Helpers/Models/SpawnConfiguration.swift",
"Helpers/Modifiers/FocusModifier.swift",
"Helpers/Modifiers/FontModifier.swift",
"Helpers/Modifiers/HighlightModifier.swift",
"Helpers/Modifiers/RadiusModifier.swift",
"Helpers/Modifiers/ScaleFadeModifier.swift",
"Helpers/Modifiers/StartUpModifier.swift",
"Helpers/Protocols/Buildable.swift",
"Helpers/Protocols/ColorSchemeObserver.swift",
"Helpers/Protocols/NodeModifier.swift",
"Helpers/Protocols/NodeStyle.swift",
"Views/ColorNode.swift",
"Views/ColorPaletteScene.swift",
"Views/ColorsContainerNode.swift"
],
"type" : "library"
}
],
"tools_version" : "5.1"
}
{
"project" : {
"configurations" : [
"Debug",
"Release"
],
"name" : "ElegantColorPalette",
"schemes" : [
"ElegantColorPalette",
"Example"
],
"targets" : [
"ElegantColorPalette"
]
}
}
{
"workspace" : {
"name" : "ElegantColorPalette",
"schemes" : [
"ElegantColorPalette"
]
}
}
2026-09-17 01:13:57.617 xcodebuild[651:4181] [MT] IDERunDestination: Supported platforms for the buildables in the current scheme is empty.
Running build ...
env DEVELOPER_DIR=/Applications/Xcode-27.0.0-Release.Candidate.app xcrun xcodebuild -IDEClonedSourcePackagesDirPathOverride=$PWD/.dependencies -skipMacroValidation -skipPackagePluginValidation -derivedDataPath $PWD/.derivedData build -scheme ElegantColorPalette -destination generic/platform=watchOS
Command line invocation:
/Applications/Xcode-27.0.0-Release.Candidate.app/Contents/Developer/usr/bin/xcodebuild -IDEClonedSourcePackagesDirPathOverride=/Users/admin/builder/spi-builder-workspace/.dependencies -skipMacroValidation -skipPackagePluginValidation -derivedDataPath /Users/admin/builder/spi-builder-workspace/.derivedData build -scheme ElegantColorPalette -destination generic/platform=watchOS
Resolve Package Graph
Resolved source packages:
ElegantColorPalette: /Users/admin/builder/spi-builder-workspace
ComputePackagePrebuildTargetDependencyGraph
Prepare packages
CreateBuildRequest
SendProjectDescription
CreateBuildOperation
ComputeTargetDependencyGraph
note: Building targets in dependency order
note: Target dependency graph (2 targets)
Target 'ElegantColorPalette-product' in project 'ElegantColorPalette'
➜ Explicit dependency on target 'ElegantColorPalette' in project 'ElegantColorPalette'
Target 'ElegantColorPalette' in project 'ElegantColorPalette' (no dependencies)
GatherProvisioningInputs
CreateBuildDescription
ExecuteExternalTool /Applications/Xcode-27.0.0-Release.Candidate.app/Contents/Developer/Toolchains/XcodeDefault.xctoolchain/usr/bin/clang -v -E -dM -isysroot /Applications/Xcode-27.0.0-Release.Candidate.app/Contents/Developer/Platforms/WatchOS.platform/Developer/SDKs/WatchOS27.0.sdk -x c -c /dev/null
ExecuteExternalTool /Applications/Xcode-27.0.0-Release.Candidate.app/Contents/Developer/Toolchains/XcodeDefault.xctoolchain/usr/bin/swiftc --version
ExecuteExternalTool /Applications/Xcode-27.0.0-Release.Candidate.app/Contents/Developer/Toolchains/XcodeDefault.xctoolchain/usr/bin/ld -version_details
Build description signature: adfeda6dcb83db5ca8edaae08962b7e5
Build description path: /Users/admin/builder/spi-builder-workspace/.derivedData/Build/Intermediates.noindex/XCBuildData/adfeda6dcb83db5ca8edaae08962b7e5.xcbuilddata
CreateBuildDirectory /Users/admin/builder/spi-builder-workspace/.derivedData/ModuleCache.noindex
cd /Users/admin/builder/spi-builder-workspace/.swiftpm/xcode
builtin-create-build-directory /Users/admin/builder/spi-builder-workspace/.derivedData/ModuleCache.noindex
CreateBuildDirectory /Users/admin/builder/spi-builder-workspace/.derivedData/CompilationCache.noindex
cd /Users/admin/builder/spi-builder-workspace/.swiftpm/xcode
builtin-create-build-directory /Users/admin/builder/spi-builder-workspace/.derivedData/CompilationCache.noindex
CreateBuildDirectory /Users/admin/builder/spi-builder-workspace/.derivedData/SDKExplicitPrecompiledModules
cd /Users/admin/builder/spi-builder-workspace/.swiftpm/xcode
builtin-create-build-directory /Users/admin/builder/spi-builder-workspace/.derivedData/SDKExplicitPrecompiledModules
CreateBuildDirectory /Users/admin/builder/spi-builder-workspace/.derivedData/Build/Products
cd /Users/admin/builder/spi-builder-workspace/.swiftpm/xcode
builtin-create-build-directory /Users/admin/builder/spi-builder-workspace/.derivedData/Build/Products
CreateBuildDirectory /Users/admin/builder/spi-builder-workspace/.derivedData/Build/Intermediates.noindex
cd /Users/admin/builder/spi-builder-workspace/.swiftpm/xcode
builtin-create-build-directory /Users/admin/builder/spi-builder-workspace/.derivedData/Build/Intermediates.noindex
ClangStatCache /Applications/Xcode-27.0.0-Release.Candidate.app/Contents/Developer/Toolchains/XcodeDefault.xctoolchain/usr/bin/clang-stat-cache /Applications/Xcode-27.0.0-Release.Candidate.app/Contents/Developer/Platforms/WatchOS.platform/Developer/SDKs/WatchOS27.0.sdk /Users/admin/builder/spi-builder-workspace/.derivedData/SDKStatCaches.noindex/watchos27.0-24R360-e829b21a6f8c9b70876ba0858053c04477534ef55a1706bf4c1112bbb242f0a2.sdkstatcache
cd /Users/admin/builder/spi-builder-workspace/.swiftpm/xcode
/Applications/Xcode-27.0.0-Release.Candidate.app/Contents/Developer/Toolchains/XcodeDefault.xctoolchain/usr/bin/clang-stat-cache /Applications/Xcode-27.0.0-Release.Candidate.app/Contents/Developer/Platforms/WatchOS.platform/Developer/SDKs/WatchOS27.0.sdk -o /Users/admin/builder/spi-builder-workspace/.derivedData/SDKStatCaches.noindex/watchos27.0-24R360-e829b21a6f8c9b70876ba0858053c04477534ef55a1706bf4c1112bbb242f0a2.sdkstatcache
CreateBuildDirectory /Users/admin/builder/spi-builder-workspace/.derivedData/Build/Intermediates.noindex/SwiftExplicitPrecompiledModules
cd /Users/admin/builder/spi-builder-workspace/.swiftpm/xcode
builtin-create-build-directory /Users/admin/builder/spi-builder-workspace/.derivedData/Build/Intermediates.noindex/SwiftExplicitPrecompiledModules
CreateBuildDirectory /Users/admin/builder/spi-builder-workspace/.derivedData/Build/Intermediates.noindex/ExplicitPrecompiledModules
cd /Users/admin/builder/spi-builder-workspace/.swiftpm/xcode
builtin-create-build-directory /Users/admin/builder/spi-builder-workspace/.derivedData/Build/Intermediates.noindex/ExplicitPrecompiledModules
CreateBuildDirectory /Users/admin/builder/spi-builder-workspace/.derivedData/Build/Intermediates.noindex/PrecompiledHeaders
cd /Users/admin/builder/spi-builder-workspace/.swiftpm/xcode
builtin-create-build-directory /Users/admin/builder/spi-builder-workspace/.derivedData/Build/Intermediates.noindex/PrecompiledHeaders
CreateBuildDirectory /Users/admin/builder/spi-builder-workspace/.derivedData/Build/Products/Debug-watchos
cd /Users/admin/builder/spi-builder-workspace/.swiftpm/xcode
builtin-create-build-directory /Users/admin/builder/spi-builder-workspace/.derivedData/Build/Products/Debug-watchos
CreateBuildDirectory /Users/admin/builder/spi-builder-workspace/.derivedData/Build/Intermediates.noindex/EagerLinkingTBDs/Debug-watchos
cd /Users/admin/builder/spi-builder-workspace/.swiftpm/xcode
builtin-create-build-directory /Users/admin/builder/spi-builder-workspace/.derivedData/Build/Intermediates.noindex/EagerLinkingTBDs/Debug-watchos
CreateBuildDirectory /Users/admin/builder/spi-builder-workspace/.derivedData/Build/Products/Debug-watchos/PackageFrameworks
cd /Users/admin/builder/spi-builder-workspace/.swiftpm/xcode
builtin-create-build-directory /Users/admin/builder/spi-builder-workspace/.derivedData/Build/Products/Debug-watchos/PackageFrameworks
WriteAuxiliaryFile /Users/admin/builder/spi-builder-workspace/.derivedData/Build/Intermediates.noindex/ElegantColorPalette.build/Debug-watchos/ElegantColorPalette-t.build/Objects-normal/arm64_32/ElegantColorPalette.SwiftFileList (in target 'ElegantColorPalette' from project 'ElegantColorPalette')
cd /Users/admin/builder/spi-builder-workspace
write-file /Users/admin/builder/spi-builder-workspace/.derivedData/Build/Intermediates.noindex/ElegantColorPalette.build/Debug-watchos/ElegantColorPalette-t.build/Objects-normal/arm64_32/ElegantColorPalette.SwiftFileList
WriteAuxiliaryFile /Users/admin/builder/spi-builder-workspace/.derivedData/Build/Intermediates.noindex/ElegantColorPalette.build/Debug-watchos/ElegantColorPalette-t.build/Objects-normal/arm64_32/ElegantColorPalette.LinkFileList (in target 'ElegantColorPalette' from project 'ElegantColorPalette')
cd /Users/admin/builder/spi-builder-workspace
write-file /Users/admin/builder/spi-builder-workspace/.derivedData/Build/Intermediates.noindex/ElegantColorPalette.build/Debug-watchos/ElegantColorPalette-t.build/Objects-normal/arm64_32/ElegantColorPalette.LinkFileList
WriteAuxiliaryFile /Users/admin/builder/spi-builder-workspace/.derivedData/Build/Intermediates.noindex/ElegantColorPalette.build/Debug-watchos/ElegantColorPalette-t.build/Objects-normal/arm64/ElegantColorPalette_const_extract_protocols.json (in target 'ElegantColorPalette' from project 'ElegantColorPalette')
cd /Users/admin/builder/spi-builder-workspace
write-file /Users/admin/builder/spi-builder-workspace/.derivedData/Build/Intermediates.noindex/ElegantColorPalette.build/Debug-watchos/ElegantColorPalette-t.build/Objects-normal/arm64/ElegantColorPalette_const_extract_protocols.json
WriteAuxiliaryFile /Users/admin/builder/spi-builder-workspace/.derivedData/Build/Intermediates.noindex/ElegantColorPalette.build/Debug-watchos/ElegantColorPalette-t.build/Objects-normal/arm64_32/ElegantColorPalette_const_extract_protocols.json (in target 'ElegantColorPalette' from project 'ElegantColorPalette')
cd /Users/admin/builder/spi-builder-workspace
write-file /Users/admin/builder/spi-builder-workspace/.derivedData/Build/Intermediates.noindex/ElegantColorPalette.build/Debug-watchos/ElegantColorPalette-t.build/Objects-normal/arm64_32/ElegantColorPalette_const_extract_protocols.json
WriteAuxiliaryFile /Users/admin/builder/spi-builder-workspace/.derivedData/Build/Intermediates.noindex/ElegantColorPalette.build/Debug-watchos/ElegantColorPalette-t.build/Objects-normal/arm64_32/ElegantColorPalette.SwiftConstValuesFileList (in target 'ElegantColorPalette' from project 'ElegantColorPalette')
cd /Users/admin/builder/spi-builder-workspace
write-file /Users/admin/builder/spi-builder-workspace/.derivedData/Build/Intermediates.noindex/ElegantColorPalette.build/Debug-watchos/ElegantColorPalette-t.build/Objects-normal/arm64_32/ElegantColorPalette.SwiftConstValuesFileList
WriteAuxiliaryFile /Users/admin/builder/spi-builder-workspace/.derivedData/Build/Intermediates.noindex/ElegantColorPalette.build/Debug-watchos/ElegantColorPalette-t.build/Objects-normal/arm64_32/ElegantColorPalette-OutputFileMap.json (in target 'ElegantColorPalette' from project 'ElegantColorPalette')
cd /Users/admin/builder/spi-builder-workspace
write-file /Users/admin/builder/spi-builder-workspace/.derivedData/Build/Intermediates.noindex/ElegantColorPalette.build/Debug-watchos/ElegantColorPalette-t.build/Objects-normal/arm64_32/ElegantColorPalette-OutputFileMap.json
WriteAuxiliaryFile /Users/admin/builder/spi-builder-workspace/.derivedData/Build/Intermediates.noindex/ElegantColorPalette.build/Debug-watchos/ElegantColorPalette-t.build/Objects-normal/arm64/ElegantColorPalette.SwiftFileList (in target 'ElegantColorPalette' from project 'ElegantColorPalette')
cd /Users/admin/builder/spi-builder-workspace
write-file /Users/admin/builder/spi-builder-workspace/.derivedData/Build/Intermediates.noindex/ElegantColorPalette.build/Debug-watchos/ElegantColorPalette-t.build/Objects-normal/arm64/ElegantColorPalette.SwiftFileList
WriteAuxiliaryFile /Users/admin/builder/spi-builder-workspace/.derivedData/Build/Intermediates.noindex/ElegantColorPalette.build/Debug-watchos/ElegantColorPalette-t.build/Objects-normal/arm64/ElegantColorPalette.SwiftConstValuesFileList (in target 'ElegantColorPalette' from project 'ElegantColorPalette')
cd /Users/admin/builder/spi-builder-workspace
write-file /Users/admin/builder/spi-builder-workspace/.derivedData/Build/Intermediates.noindex/ElegantColorPalette.build/Debug-watchos/ElegantColorPalette-t.build/Objects-normal/arm64/ElegantColorPalette.SwiftConstValuesFileList
WriteAuxiliaryFile /Users/admin/builder/spi-builder-workspace/.derivedData/Build/Intermediates.noindex/ElegantColorPalette.build/Debug-watchos/ElegantColorPalette-t.build/Objects-normal/arm64/ElegantColorPalette.LinkFileList (in target 'ElegantColorPalette' from project 'ElegantColorPalette')
cd /Users/admin/builder/spi-builder-workspace
write-file /Users/admin/builder/spi-builder-workspace/.derivedData/Build/Intermediates.noindex/ElegantColorPalette.build/Debug-watchos/ElegantColorPalette-t.build/Objects-normal/arm64/ElegantColorPalette.LinkFileList
WriteAuxiliaryFile /Users/admin/builder/spi-builder-workspace/.derivedData/Build/Intermediates.noindex/ElegantColorPalette.build/Debug-watchos/ElegantColorPalette-t.build/Objects-normal/arm64/ElegantColorPalette-OutputFileMap.json (in target 'ElegantColorPalette' from project 'ElegantColorPalette')
cd /Users/admin/builder/spi-builder-workspace
write-file /Users/admin/builder/spi-builder-workspace/.derivedData/Build/Intermediates.noindex/ElegantColorPalette.build/Debug-watchos/ElegantColorPalette-t.build/Objects-normal/arm64/ElegantColorPalette-OutputFileMap.json
WriteAuxiliaryFile /Users/admin/builder/spi-builder-workspace/.derivedData/Build/Intermediates.noindex/ElegantColorPalette.build/Debug-watchos/ElegantColorPalette-t.build/ElegantColorPalette.modulemap (in target 'ElegantColorPalette' from project 'ElegantColorPalette')
cd /Users/admin/builder/spi-builder-workspace
write-file /Users/admin/builder/spi-builder-workspace/.derivedData/Build/Intermediates.noindex/ElegantColorPalette.build/Debug-watchos/ElegantColorPalette-t.build/ElegantColorPalette.modulemap
WriteAuxiliaryFile /Users/admin/builder/spi-builder-workspace/.derivedData/Build/Intermediates.noindex/ElegantColorPalette.build/Debug-watchos/ElegantColorPalette-t.build/ElegantColorPalette.DependencyStaticMetadataFileList (in target 'ElegantColorPalette' from project 'ElegantColorPalette')
cd /Users/admin/builder/spi-builder-workspace
write-file /Users/admin/builder/spi-builder-workspace/.derivedData/Build/Intermediates.noindex/ElegantColorPalette.build/Debug-watchos/ElegantColorPalette-t.build/ElegantColorPalette.DependencyStaticMetadataFileList
WriteAuxiliaryFile /Users/admin/builder/spi-builder-workspace/.derivedData/Build/Intermediates.noindex/ElegantColorPalette.build/Debug-watchos/ElegantColorPalette-t.build/ElegantColorPalette.DependencyMetadataFileList (in target 'ElegantColorPalette' from project 'ElegantColorPalette')
cd /Users/admin/builder/spi-builder-workspace
write-file /Users/admin/builder/spi-builder-workspace/.derivedData/Build/Intermediates.noindex/ElegantColorPalette.build/Debug-watchos/ElegantColorPalette-t.build/ElegantColorPalette.DependencyMetadataFileList
Copy /Users/admin/builder/spi-builder-workspace/.derivedData/Build/Intermediates.noindex/GeneratedModuleMaps-watchos/ElegantColorPalette.modulemap /Users/admin/builder/spi-builder-workspace/.derivedData/Build/Intermediates.noindex/ElegantColorPalette.build/Debug-watchos/ElegantColorPalette-t.build/ElegantColorPalette.modulemap (in target 'ElegantColorPalette' from project 'ElegantColorPalette')
cd /Users/admin/builder/spi-builder-workspace
builtin-copy -exclude .DS_Store -exclude CVS -exclude .svn -exclude .git -exclude .hg -resolve-src-symlinks /Users/admin/builder/spi-builder-workspace/.derivedData/Build/Intermediates.noindex/ElegantColorPalette.build/Debug-watchos/ElegantColorPalette-t.build/ElegantColorPalette.modulemap /Users/admin/builder/spi-builder-workspace/.derivedData/Build/Intermediates.noindex/GeneratedModuleMaps-watchos
SwiftDriver ElegantColorPalette normal arm64_32 com.apple.xcode.tools.swift.compiler (in target 'ElegantColorPalette' from project 'ElegantColorPalette')
cd /Users/admin/builder/spi-builder-workspace/.swiftpm/xcode
builtin-SwiftDriver -- /Applications/Xcode-27.0.0-Release.Candidate.app/Contents/Developer/Toolchains/XcodeDefault.xctoolchain/usr/bin/swiftc -parse-as-library -module-name ElegantColorPalette -Onone @/Users/admin/builder/spi-builder-workspace/.derivedData/Build/Intermediates.noindex/ElegantColorPalette.build/Debug-watchos/ElegantColorPalette-t.build/Objects-normal/arm64_32/ElegantColorPalette.SwiftFileList -DSWIFT_PACKAGE -DDEBUG -DSWIFT_MODULE_RESOURCE_BUNDLE_UNAVAILABLE -DXcode -plugin-path /Applications/Xcode-27.0.0-Release.Candidate.app/Contents/Developer/Toolchains/XcodeDefault.xctoolchain/usr/lib/swift/host/plugins/testing -enable-experimental-feature DebugDescriptionMacro -sdk /Applications/Xcode-27.0.0-Release.Candidate.app/Contents/Developer/Platforms/WatchOS.platform/Developer/SDKs/WatchOS27.0.sdk -target arm64_32-apple-watchos9.0 -g -module-cache-path /Users/admin/builder/spi-builder-workspace/.derivedData/ModuleCache.noindex -Xfrontend -serialize-debugging-options -enable-testing -index-store-path /Users/admin/builder/spi-builder-workspace/.derivedData/Index.noindex/DataStore -Xcc -D_LIBCPP_HARDENING_MODE\=_LIBCPP_HARDENING_MODE_DEBUG -swift-version 5 -I /Users/admin/builder/spi-builder-workspace/.derivedData/Build/Products/Debug-watchos -Isystem /Applications/Xcode-27.0.0-Release.Candidate.app/Contents/Developer/Platforms/WatchOS.platform/Developer/usr/lib -F /Users/admin/builder/spi-builder-workspace/.derivedData/Build/Products/Debug-watchos -F /Applications/Xcode-27.0.0-Release.Candidate.app/Contents/Developer/Platforms/WatchOS.platform/Developer/Library/Frameworks -F /Applications/Xcode-27.0.0-Release.Candidate.app/Contents/Developer/Platforms/WatchOS.platform/Developer/SDKs/WatchOS27.0.sdk/Developer/Library/Frameworks -c -j10 -enable-batch-mode -incremental -Xcc -ivfsstatcache -Xcc /Users/admin/builder/spi-builder-workspace/.derivedData/SDKStatCaches.noindex/watchos27.0-24R360-e829b21a6f8c9b70876ba0858053c04477534ef55a1706bf4c1112bbb242f0a2.sdkstatcache -output-file-map /Users/admin/builder/spi-builder-workspace/.derivedData/Build/Intermediates.noindex/ElegantColorPalette.build/Debug-watchos/ElegantColorPalette-t.build/Objects-normal/arm64_32/ElegantColorPalette-OutputFileMap.json -save-temps -no-color-diagnostics -explicit-module-build -module-cache-path /Users/admin/builder/spi-builder-workspace/.derivedData/Build/Intermediates.noindex/SwiftExplicitPrecompiledModules -clang-scanner-module-cache-path /Users/admin/builder/spi-builder-workspace/.derivedData/ModuleCache.noindex -sdk-module-cache-path /Users/admin/builder/spi-builder-workspace/.derivedData/SDKExplicitPrecompiledModules -emit-dependencies -emit-module -emit-module-path /Users/admin/builder/spi-builder-workspace/.derivedData/Build/Intermediates.noindex/ElegantColorPalette.build/Debug-watchos/ElegantColorPalette-t.build/Objects-normal/arm64_32/ElegantColorPalette.swiftmodule -serialize-diagnostics -dependency-scan-serialize-diagnostics-path /Users/admin/builder/spi-builder-workspace/.derivedData/Build/Intermediates.noindex/ElegantColorPalette.build/Debug-watchos/ElegantColorPalette-t.build/Objects-normal/arm64_32/ElegantColorPalette-dependency-scan.dia -validate-clang-modules-once -clang-build-session-file /Users/admin/builder/spi-builder-workspace/.derivedData/ModuleCache.noindex/Session.modulevalidation -Xcc -fmodules-prune-interval\=86400 -Xcc -fmodules-prune-after\=345600 -emit-const-values -const-gather-protocols-list /Users/admin/builder/spi-builder-workspace/.derivedData/Build/Intermediates.noindex/ElegantColorPalette.build/Debug-watchos/ElegantColorPalette-t.build/Objects-normal/arm64_32/ElegantColorPalette_const_extract_protocols.json -Xcc -I/Users/admin/builder/spi-builder-workspace/.derivedData/Build/Products/Debug-watchos/include -Xcc -I/Users/admin/builder/spi-builder-workspace/.derivedData/Build/Intermediates.noindex/ElegantColorPalette.build/Debug-watchos/ElegantColorPalette-t.build/DerivedSources-normal/arm64_32 -Xcc -I/Users/admin/builder/spi-builder-workspace/.derivedData/Build/Intermediates.noindex/ElegantColorPalette.build/Debug-watchos/ElegantColorPalette-t.build/DerivedSources/arm64_32 -Xcc -I/Users/admin/builder/spi-builder-workspace/.derivedData/Build/Intermediates.noindex/ElegantColorPalette.build/Debug-watchos/ElegantColorPalette-t.build/DerivedSources -Xcc -DSWIFT_PACKAGE -Xcc -DDEBUG\=1 -emit-objc-header -emit-objc-header-path /Users/admin/builder/spi-builder-workspace/.derivedData/Build/Intermediates.noindex/ElegantColorPalette.build/Debug-watchos/ElegantColorPalette-t.build/Objects-normal/arm64_32/ElegantColorPalette-Swift.h -working-directory /Users/admin/builder/spi-builder-workspace/.swiftpm/xcode -experimental-emit-module-separately -disable-cmo
SwiftDriver ElegantColorPalette normal arm64 com.apple.xcode.tools.swift.compiler (in target 'ElegantColorPalette' from project 'ElegantColorPalette')
cd /Users/admin/builder/spi-builder-workspace/.swiftpm/xcode
builtin-SwiftDriver -- /Applications/Xcode-27.0.0-Release.Candidate.app/Contents/Developer/Toolchains/XcodeDefault.xctoolchain/usr/bin/swiftc -parse-as-library -module-name ElegantColorPalette -Onone @/Users/admin/builder/spi-builder-workspace/.derivedData/Build/Intermediates.noindex/ElegantColorPalette.build/Debug-watchos/ElegantColorPalette-t.build/Objects-normal/arm64/ElegantColorPalette.SwiftFileList -DSWIFT_PACKAGE -DDEBUG -DSWIFT_MODULE_RESOURCE_BUNDLE_UNAVAILABLE -DXcode -plugin-path /Applications/Xcode-27.0.0-Release.Candidate.app/Contents/Developer/Toolchains/XcodeDefault.xctoolchain/usr/lib/swift/host/plugins/testing -enable-experimental-feature DebugDescriptionMacro -sdk /Applications/Xcode-27.0.0-Release.Candidate.app/Contents/Developer/Platforms/WatchOS.platform/Developer/SDKs/WatchOS27.0.sdk -target arm64-apple-watchos9.0 -g -module-cache-path /Users/admin/builder/spi-builder-workspace/.derivedData/ModuleCache.noindex -Xfrontend -serialize-debugging-options -enable-testing -index-store-path /Users/admin/builder/spi-builder-workspace/.derivedData/Index.noindex/DataStore -Xcc -D_LIBCPP_HARDENING_MODE\=_LIBCPP_HARDENING_MODE_DEBUG -swift-version 5 -I /Users/admin/builder/spi-builder-workspace/.derivedData/Build/Products/Debug-watchos -Isystem /Applications/Xcode-27.0.0-Release.Candidate.app/Contents/Developer/Platforms/WatchOS.platform/Developer/usr/lib -F /Users/admin/builder/spi-builder-workspace/.derivedData/Build/Products/Debug-watchos -F /Applications/Xcode-27.0.0-Release.Candidate.app/Contents/Developer/Platforms/WatchOS.platform/Developer/Library/Frameworks -F /Applications/Xcode-27.0.0-Release.Candidate.app/Contents/Developer/Platforms/WatchOS.platform/Developer/SDKs/WatchOS27.0.sdk/Developer/Library/Frameworks -c -j10 -enable-batch-mode -incremental -Xcc -ivfsstatcache -Xcc /Users/admin/builder/spi-builder-workspace/.derivedData/SDKStatCaches.noindex/watchos27.0-24R360-e829b21a6f8c9b70876ba0858053c04477534ef55a1706bf4c1112bbb242f0a2.sdkstatcache -output-file-map /Users/admin/builder/spi-builder-workspace/.derivedData/Build/Intermediates.noindex/ElegantColorPalette.build/Debug-watchos/ElegantColorPalette-t.build/Objects-normal/arm64/ElegantColorPalette-OutputFileMap.json -save-temps -no-color-diagnostics -explicit-module-build -module-cache-path /Users/admin/builder/spi-builder-workspace/.derivedData/Build/Intermediates.noindex/SwiftExplicitPrecompiledModules -clang-scanner-module-cache-path /Users/admin/builder/spi-builder-workspace/.derivedData/ModuleCache.noindex -sdk-module-cache-path /Users/admin/builder/spi-builder-workspace/.derivedData/SDKExplicitPrecompiledModules -emit-dependencies -emit-module -emit-module-path /Users/admin/builder/spi-builder-workspace/.derivedData/Build/Intermediates.noindex/ElegantColorPalette.build/Debug-watchos/ElegantColorPalette-t.build/Objects-normal/arm64/ElegantColorPalette.swiftmodule -serialize-diagnostics -dependency-scan-serialize-diagnostics-path /Users/admin/builder/spi-builder-workspace/.derivedData/Build/Intermediates.noindex/ElegantColorPalette.build/Debug-watchos/ElegantColorPalette-t.build/Objects-normal/arm64/ElegantColorPalette-dependency-scan.dia -validate-clang-modules-once -clang-build-session-file /Users/admin/builder/spi-builder-workspace/.derivedData/ModuleCache.noindex/Session.modulevalidation -Xcc -fmodules-prune-interval\=86400 -Xcc -fmodules-prune-after\=345600 -emit-const-values -const-gather-protocols-list /Users/admin/builder/spi-builder-workspace/.derivedData/Build/Intermediates.noindex/ElegantColorPalette.build/Debug-watchos/ElegantColorPalette-t.build/Objects-normal/arm64/ElegantColorPalette_const_extract_protocols.json -Xcc -I/Users/admin/builder/spi-builder-workspace/.derivedData/Build/Products/Debug-watchos/include -Xcc -I/Users/admin/builder/spi-builder-workspace/.derivedData/Build/Intermediates.noindex/ElegantColorPalette.build/Debug-watchos/ElegantColorPalette-t.build/DerivedSources-normal/arm64 -Xcc -I/Users/admin/builder/spi-builder-workspace/.derivedData/Build/Intermediates.noindex/ElegantColorPalette.build/Debug-watchos/ElegantColorPalette-t.build/DerivedSources/arm64 -Xcc -I/Users/admin/builder/spi-builder-workspace/.derivedData/Build/Intermediates.noindex/ElegantColorPalette.build/Debug-watchos/ElegantColorPalette-t.build/DerivedSources -Xcc -DSWIFT_PACKAGE -Xcc -DDEBUG\=1 -emit-objc-header -emit-objc-header-path /Users/admin/builder/spi-builder-workspace/.derivedData/Build/Intermediates.noindex/ElegantColorPalette.build/Debug-watchos/ElegantColorPalette-t.build/Objects-normal/arm64/ElegantColorPalette-Swift.h -working-directory /Users/admin/builder/spi-builder-workspace/.swiftpm/xcode -experimental-emit-module-separately -disable-cmo
SwiftExplicitDependencyGeneratePcm arm64_32 /Users/admin/builder/spi-builder-workspace/.derivedData/SDKExplicitPrecompiledModules/_Builtin_stdbool-A967K8W8YUYEC9SN52KJ7OO88.pcm
SwiftExplicitDependencyGeneratePcm arm64_32 /Users/admin/builder/spi-builder-workspace/.derivedData/SDKExplicitPrecompiledModules/_SwiftConcurrencyShims-6RTBPQ03V7BM9SPRK8SUE055H.pcm
SwiftExplicitDependencyGeneratePcm arm64_32 /Users/admin/builder/spi-builder-workspace/.derivedData/SDKExplicitPrecompiledModules/_Builtin_stddef-H44EFHQX6XSS5MZ7QP6YJZ76.pcm
SwiftExplicitDependencyGeneratePcm arm64_32 /Users/admin/builder/spi-builder-workspace/.derivedData/SDKExplicitPrecompiledModules/ptrcheck-7ELIH9BTIGVKX3UBITM9N72WD.pcm
SwiftExplicitDependencyGeneratePcm arm64_32 /Users/admin/builder/spi-builder-workspace/.derivedData/SDKExplicitPrecompiledModules/_AvailabilityInternal-244WAN3Z1QBT7PIA64EZEFY1R.pcm
SwiftExplicitDependencyGeneratePcm arm64_32 /Users/admin/builder/spi-builder-workspace/.derivedData/SDKExplicitPrecompiledModules/DeveloperToolsSupport-DZU5G1OCMNWU0AQRULIFHUJ1Z.pcm
SwiftExplicitDependencyGeneratePcm arm64_32 /Users/admin/builder/spi-builder-workspace/.derivedData/SDKExplicitPrecompiledModules/ptrauth-BFXF358ME5AK535N5A9Z766WU.pcm
SwiftExplicitDependencyGeneratePcm arm64_32 /Users/admin/builder/spi-builder-workspace/.derivedData/SDKExplicitPrecompiledModules/SwiftShims-9CQQGWTSNTN9EB5NSHDWUJICH.pcm
SwiftExplicitDependencyGeneratePcm arm64_32 /Users/admin/builder/spi-builder-workspace/.derivedData/SDKExplicitPrecompiledModules/_Builtin_stdarg-D305JG44A2WPI6CJY37X3QJE8.pcm
SwiftExplicitDependencyGeneratePcm arm64_32 /Users/admin/builder/spi-builder-workspace/.derivedData/SDKExplicitPrecompiledModules/_Builtin_float-6KO8O3PEWRCA4WC6PPLOYO6WJ.pcm
SwiftExplicitDependencyGeneratePcm arm64 /Users/admin/builder/spi-builder-workspace/.derivedData/SDKExplicitPrecompiledModules/_Builtin_stdbool-83J96QSOFE9VX04AAS6310UAE.pcm
SwiftExplicitDependencyGeneratePcm arm64 /Users/admin/builder/spi-builder-workspace/.derivedData/SDKExplicitPrecompiledModules/_Builtin_float-C0CW5Q4HGBQYKE77TC42IAFB5.pcm
SwiftExplicitDependencyGeneratePcm arm64 /Users/admin/builder/spi-builder-workspace/.derivedData/SDKExplicitPrecompiledModules/ptrauth-3TZ9WJCGLYD25HQPWH4968ONX.pcm
SwiftExplicitDependencyGeneratePcm arm64 /Users/admin/builder/spi-builder-workspace/.derivedData/SDKExplicitPrecompiledModules/_SwiftConcurrencyShims-659N52XSKR5F0QSB880BH2FJR.pcm
SwiftExplicitDependencyGeneratePcm arm64 /Users/admin/builder/spi-builder-workspace/.derivedData/SDKExplicitPrecompiledModules/DeveloperToolsSupport-E7CNISCB36UE8XQ9IOHK9XDX1.pcm
SwiftExplicitDependencyGeneratePcm arm64 /Users/admin/builder/spi-builder-workspace/.derivedData/SDKExplicitPrecompiledModules/ptrcheck-AIF0NDOYZ8ORBNHQAQR5NNB8M.pcm
SwiftExplicitDependencyGeneratePcm arm64 /Users/admin/builder/spi-builder-workspace/.derivedData/SDKExplicitPrecompiledModules/_Builtin_stddef-1FU30Y8SWFB7OUUHMJQH5J6FM.pcm
SwiftExplicitDependencyGeneratePcm arm64 /Users/admin/builder/spi-builder-workspace/.derivedData/SDKExplicitPrecompiledModules/_AvailabilityInternal-BUNV3UXM65NT37THI4W1AM0SF.pcm
SwiftExplicitDependencyGeneratePcm arm64 /Users/admin/builder/spi-builder-workspace/.derivedData/SDKExplicitPrecompiledModules/SwiftShims-4MXFZPV6FEB0XBYXCGPWAMQGL.pcm
SwiftExplicitDependencyGeneratePcm arm64_32 /Users/admin/builder/spi-builder-workspace/.derivedData/SDKExplicitPrecompiledModules/_DarwinFoundation1-2GWF9RFMPLQW4PDHS3NARVI3G.pcm
SwiftExplicitDependencyGeneratePcm arm64 /Users/admin/builder/spi-builder-workspace/.derivedData/SDKExplicitPrecompiledModules/_Builtin_stdarg-A7UU8LE6MP85SM26YO7PBZNUQ.pcm
SwiftExplicitDependencyGeneratePcm arm64 /Users/admin/builder/spi-builder-workspace/.derivedData/SDKExplicitPrecompiledModules/_DarwinFoundation1-7SPX3MD0HMP55E4OLNCPNDQ53.pcm
SwiftExplicitDependencyGeneratePcm arm64_32 /Users/admin/builder/spi-builder-workspace/.derivedData/SDKExplicitPrecompiledModules/_DarwinFoundation2-9MY8GOSYRO0M9MKNXF6D3MBNK.pcm
SwiftExplicitDependencyGeneratePcm arm64_32 /Users/admin/builder/spi-builder-workspace/.derivedData/SDKExplicitPrecompiledModules/_Builtin_limits-3VKBU2AFTD65PAJZ5CJ3LHFM2.pcm
SwiftExplicitDependencyGeneratePcm arm64 /Users/admin/builder/spi-builder-workspace/.derivedData/SDKExplicitPrecompiledModules/_Builtin_limits-9GWPA2B0H20DYUNYHYCWKABJG.pcm
SwiftExplicitDependencyGeneratePcm arm64 /Users/admin/builder/spi-builder-workspace/.derivedData/SDKExplicitPrecompiledModules/_DarwinFoundation2-D0XAPJU49S5E9XMKYOFGSTB1Q.pcm
SwiftExplicitDependencyGeneratePcm arm64_32 /Users/admin/builder/spi-builder-workspace/.derivedData/SDKExplicitPrecompiledModules/_Builtin_stdint-1HMXWI3V0V4TXHRWZOMZGZ80Y.pcm
SwiftExplicitDependencyGeneratePcm arm64_32 /Users/admin/builder/spi-builder-workspace/.derivedData/SDKExplicitPrecompiledModules/string_h-BFVLUQUSBZWYMLCU9QI7VZALW.pcm
SwiftExplicitDependencyGeneratePcm arm64_32 /Users/admin/builder/spi-builder-workspace/.derivedData/SDKExplicitPrecompiledModules/_Builtin_tgmath-23PGCKURCQILXMK0MYZRYDCOU.pcm
SwiftExplicitDependencyGeneratePcm arm64_32 /Users/admin/builder/spi-builder-workspace/.derivedData/SDKExplicitPrecompiledModules/sys_types-8TLLMW08ZJWDGIIPKOYFGHHZW.pcm
SwiftExplicitDependencyGeneratePcm arm64 /Users/admin/builder/spi-builder-workspace/.derivedData/SDKExplicitPrecompiledModules/_Builtin_stdint-8XMILLJZEGRN2XG7XZUXZ5RLX.pcm
SwiftExplicitDependencyGeneratePcm arm64 /Users/admin/builder/spi-builder-workspace/.derivedData/SDKExplicitPrecompiledModules/sys_types-2KXQLI78OUCDP779AE68GZJ2.pcm
SwiftExplicitDependencyGeneratePcm arm64 /Users/admin/builder/spi-builder-workspace/.derivedData/SDKExplicitPrecompiledModules/string_h-E6PRXK75PHIPCZFWOFCQ3QBMK.pcm
SwiftExplicitDependencyGeneratePcm arm64 /Users/admin/builder/spi-builder-workspace/.derivedData/SDKExplicitPrecompiledModules/_Builtin_tgmath-8NQ96OZ0YHXEC24JI95P01UF8.pcm
SwiftExplicitDependencyGeneratePcm arm64_32 /Users/admin/builder/spi-builder-workspace/.derivedData/SDKExplicitPrecompiledModules/_Builtin_intrinsics-196IIAKDQVU42DLOZP9OQCV76.pcm
SwiftExplicitDependencyGeneratePcm arm64_32 /Users/admin/builder/spi-builder-workspace/.derivedData/SDKExplicitPrecompiledModules/_DarwinFoundation3-3DUTYQDQSD9HUAAVY947NMWOI.pcm
SwiftExplicitDependencyGeneratePcm arm64_32 /Users/admin/builder/spi-builder-workspace/.derivedData/SDKExplicitPrecompiledModules/_Builtin_stdatomic-1TY035TURL76BF2U98PZPPZRX.pcm
SwiftExplicitDependencyGeneratePcm arm64 /Users/admin/builder/spi-builder-workspace/.derivedData/SDKExplicitPrecompiledModules/_DarwinFoundation3-B97LRG0E9GON2NUE65TVG81HU.pcm
SwiftExplicitDependencyGeneratePcm arm64 /Users/admin/builder/spi-builder-workspace/.derivedData/SDKExplicitPrecompiledModules/_Builtin_stdatomic-7JEFA3KBJJJN6TKJWY3OG1VG5.pcm
SwiftExplicitDependencyGeneratePcm arm64 /Users/admin/builder/spi-builder-workspace/.derivedData/SDKExplicitPrecompiledModules/_Builtin_intrinsics-75960HIPCIYA06IUW8FIIPQT.pcm
SwiftExplicitDependencyGeneratePcm arm64_32 /Users/admin/builder/spi-builder-workspace/.derivedData/SDKExplicitPrecompiledModules/_Builtin_inttypes-D2KPCR4PEX9AQA33NGLUT5SBR.pcm
SwiftExplicitDependencyGeneratePcm arm64_32 /Users/admin/builder/spi-builder-workspace/.derivedData/SDKExplicitPrecompiledModules/Darwin-3FVT1SKLN2ZQ5RVOABMTQBB34.pcm
SwiftExplicitDependencyGeneratePcm arm64 /Users/admin/builder/spi-builder-workspace/.derivedData/SDKExplicitPrecompiledModules/_Builtin_inttypes-3UQSCM7WNM9EK4HZML8TY5J3D.pcm
SwiftExplicitDependencyGeneratePcm arm64 /Users/admin/builder/spi-builder-workspace/.derivedData/SDKExplicitPrecompiledModules/Darwin-3984OXKFNSPE77NT743WK8SEX.pcm
SwiftExplicitDependencyGeneratePcm arm64_32 /Users/admin/builder/spi-builder-workspace/.derivedData/SDKExplicitPrecompiledModules/simd-21UNWYOBUZI1LVSQ99S1XBLMO.pcm
SwiftExplicitDependencyGeneratePcm arm64 /Users/admin/builder/spi-builder-workspace/.derivedData/SDKExplicitPrecompiledModules/simd-EH08NODU6574T74ZKU61VP9BW.pcm
SwiftExplicitDependencyGeneratePcm arm64_32 /Users/admin/builder/spi-builder-workspace/.derivedData/SDKExplicitPrecompiledModules/MachO-56838ZJ0NC1EBAJ0O6O8QMPDX.pcm
SwiftExplicitDependencyGeneratePcm arm64_32 /Users/admin/builder/spi-builder-workspace/.derivedData/SDKExplicitPrecompiledModules/ObjectiveC-6IJNELR2E80E7LUKESVCP2KET.pcm
SwiftExplicitDependencyGeneratePcm arm64 /Users/admin/builder/spi-builder-workspace/.derivedData/SDKExplicitPrecompiledModules/ObjectiveC-72IVD3VS2RS8Q28D9PIMY0KQP.pcm
SwiftExplicitDependencyGeneratePcm arm64 /Users/admin/builder/spi-builder-workspace/.derivedData/SDKExplicitPrecompiledModules/MachO-2U90NNSAQILBNBPS1SA4F8TYP.pcm
SwiftExplicitDependencyGeneratePcm arm64_32 /Users/admin/builder/spi-builder-workspace/.derivedData/SDKExplicitPrecompiledModules/os_object-5YWTC6L4756IWSTPGXS5NM0D0.pcm
SwiftExplicitDependencyGeneratePcm arm64 /Users/admin/builder/spi-builder-workspace/.derivedData/SDKExplicitPrecompiledModules/os_object-3SDKD7F87FTZ26OON37DRYT6O.pcm
SwiftExplicitDependencyGeneratePcm arm64_32 /Users/admin/builder/spi-builder-workspace/.derivedData/SDKExplicitPrecompiledModules/os_workgroup-5JHTPDMNBUNHLJI8LPHKQK1JK.pcm
SwiftExplicitDependencyGeneratePcm arm64 /Users/admin/builder/spi-builder-workspace/.derivedData/SDKExplicitPrecompiledModules/os_workgroup-89GG5G7YC2D0ZTK6AZXXQ20DH.pcm
SwiftExplicitDependencyGeneratePcm arm64_32 /Users/admin/builder/spi-builder-workspace/.derivedData/SDKExplicitPrecompiledModules/Spatial-CWVWNML3T0NXVHZDKVLD3X1YZ.pcm
SwiftExplicitDependencyGeneratePcm arm64_32 /Users/admin/builder/spi-builder-workspace/.derivedData/SDKExplicitPrecompiledModules/Dispatch-2P62F1T4XV63S4P99TUDTOK2Q.pcm
SwiftExplicitDependencyGeneratePcm arm64 /Users/admin/builder/spi-builder-workspace/.derivedData/SDKExplicitPrecompiledModules/Dispatch-1NLJOVAK60XP0DUB05XA59EIM.pcm
SwiftExplicitDependencyGeneratePcm arm64 /Users/admin/builder/spi-builder-workspace/.derivedData/SDKExplicitPrecompiledModules/Spatial-44FJGYXFAT2AQAW9Z6T7YS02U.pcm
SwiftExplicitDependencyGeneratePcm arm64_32 /Users/admin/builder/spi-builder-workspace/.derivedData/SDKExplicitPrecompiledModules/XPC-81Y45QFY96XYYFCW2GT6FY8S4.pcm
SwiftExplicitDependencyGeneratePcm arm64_32 /Users/admin/builder/spi-builder-workspace/.derivedData/SDKExplicitPrecompiledModules/CoreFoundation-8E6Y4BA3EXYKUGJ24GT9LGV3N.pcm
SwiftExplicitDependencyGeneratePcm arm64 /Users/admin/builder/spi-builder-workspace/.derivedData/SDKExplicitPrecompiledModules/XPC-40DR0X1DHKGCV4J1IOLFS8MOU.pcm
SwiftExplicitDependencyGeneratePcm arm64 /Users/admin/builder/spi-builder-workspace/.derivedData/SDKExplicitPrecompiledModules/CoreFoundation-8T2L24YC5NU7WO6WQJWRY7W08.pcm
SwiftExplicitDependencyGeneratePcm arm64_32 /Users/admin/builder/spi-builder-workspace/.derivedData/SDKExplicitPrecompiledModules/os-E5IGB442IA6SBB25TTCOLK2OC.pcm
SwiftExplicitDependencyGeneratePcm arm64_32 /Users/admin/builder/spi-builder-workspace/.derivedData/SDKExplicitPrecompiledModules/Security-D7TOWF88VWF67TB9HAFP5UWB1.pcm
SwiftExplicitDependencyGeneratePcm arm64_32 /Users/admin/builder/spi-builder-workspace/.derivedData/SDKExplicitPrecompiledModules/CoreGraphics-9FDXYX6BKBUT6TJ2VF819E7T5.pcm
SwiftExplicitDependencyGeneratePcm arm64_32 /Users/admin/builder/spi-builder-workspace/.derivedData/SDKExplicitPrecompiledModules/CoreAudioTypes-9GVB1DHA32M46R4A9NWSI3I2K.pcm
SwiftExplicitDependencyGeneratePcm arm64 /Users/admin/builder/spi-builder-workspace/.derivedData/SDKExplicitPrecompiledModules/os-5DIL6Z9LFIGLMZAHM7X2T5435.pcm
SwiftExplicitDependencyGeneratePcm arm64 /Users/admin/builder/spi-builder-workspace/.derivedData/SDKExplicitPrecompiledModules/CoreAudioTypes-A9MF7N5LT63G21HNFVM6BT14B.pcm
SwiftExplicitDependencyGeneratePcm arm64 /Users/admin/builder/spi-builder-workspace/.derivedData/SDKExplicitPrecompiledModules/CoreGraphics-DWNZ73GEH98SBJXZ7DEXB420K.pcm
SwiftExplicitDependencyGeneratePcm arm64 /Users/admin/builder/spi-builder-workspace/.derivedData/SDKExplicitPrecompiledModules/Security-6RZ6YBRU8WCUHRFFRVUK5WKMM.pcm
SwiftExplicitDependencyGeneratePcm arm64_32 /Users/admin/builder/spi-builder-workspace/.derivedData/SDKExplicitPrecompiledModules/CoreAudio-5W6MX6OUPWBMUR8VD5LHT1PZF.pcm
SwiftExplicitDependencyGeneratePcm arm64_32 /Users/admin/builder/spi-builder-workspace/.derivedData/SDKExplicitPrecompiledModules/Foundation-BJ2VQGI3OGR34500MEQ1VKHPH.pcm
SwiftExplicitDependencyGeneratePcm arm64_32 /Users/admin/builder/spi-builder-workspace/.derivedData/SDKExplicitPrecompiledModules/CoreText-C9X2REPZN2V5BSU4G80FCETDR.pcm
SwiftExplicitDependencyGeneratePcm arm64_32 /Users/admin/builder/spi-builder-workspace/.derivedData/SDKExplicitPrecompiledModules/CoreVideo-2P8HI0403J99LBDPKNFJ5D4DL.pcm
SwiftExplicitDependencyGeneratePcm arm64 /Users/admin/builder/spi-builder-workspace/.derivedData/SDKExplicitPrecompiledModules/CoreAudio-1B79RJJTP71GE6UY9WLESAN3C.pcm
SwiftExplicitDependencyGeneratePcm arm64 /Users/admin/builder/spi-builder-workspace/.derivedData/SDKExplicitPrecompiledModules/Foundation-DLBKUSGXN8QHAT8W0OARR9S8A.pcm
SwiftExplicitDependencyGeneratePcm arm64 /Users/admin/builder/spi-builder-workspace/.derivedData/SDKExplicitPrecompiledModules/CoreVideo-8MRR5MNWUOAW2DBPGUQ8FKK4.pcm
SwiftExplicitDependencyGeneratePcm arm64 /Users/admin/builder/spi-builder-workspace/.derivedData/SDKExplicitPrecompiledModules/CoreText-970YJN6NIYGK1316L35Z0O8QT.pcm
SwiftExplicitDependencyGeneratePcm arm64_32 /Users/admin/builder/spi-builder-workspace/.derivedData/SDKExplicitPrecompiledModules/CoreMedia-AO387T8CHWTTZODD1DGT0UAFA.pcm
SwiftExplicitDependencyGeneratePcm arm64 /Users/admin/builder/spi-builder-workspace/.derivedData/SDKExplicitPrecompiledModules/CoreMedia-1AJVCUZNAO74KIKMFVFUUHWDI.pcm
SwiftExplicitDependencyGeneratePcm arm64_32 /Users/admin/builder/spi-builder-workspace/.derivedData/SDKExplicitPrecompiledModules/SceneKit-DKNLHKM5FJBQ79LSNMSSMBUBR.pcm
SwiftExplicitDependencyGeneratePcm arm64_32 /Users/admin/builder/spi-builder-workspace/.derivedData/SDKExplicitPrecompiledModules/UserNotifications-6TBN8TEAKO014N1T2QD926XED.pcm
SwiftExplicitDependencyGeneratePcm arm64_32 /Users/admin/builder/spi-builder-workspace/.derivedData/SDKExplicitPrecompiledModules/OSLog-D9AVFY0KWO7RVBIQ73CBIJVCN.pcm
SwiftExplicitDependencyGeneratePcm arm64_32 /Users/admin/builder/spi-builder-workspace/.derivedData/SDKExplicitPrecompiledModules/UniformTypeIdentifiers-CJZ3NTHPSBH4XWX5EVOG56UZS.pcm
SwiftExplicitDependencyGeneratePcm arm64_32 /Users/admin/builder/spi-builder-workspace/.derivedData/SDKExplicitPrecompiledModules/CoreData-7AU1AFQWUH88EAPDKVMLJPKVD.pcm
SwiftExplicitDependencyGeneratePcm arm64_32 /Users/admin/builder/spi-builder-workspace/.derivedData/SDKExplicitPrecompiledModules/Accessibility-F385OMZ5GYBUY5O4QAJB4NRII.pcm
SwiftExplicitDependencyGeneratePcm arm64_32 /Users/admin/builder/spi-builder-workspace/.derivedData/SDKExplicitPrecompiledModules/_LocationEssentials-AQ1OL9QKC3LQLY5CNSRM1HB53.pcm
SwiftExplicitDependencyGeneratePcm arm64_32 /Users/admin/builder/spi-builder-workspace/.derivedData/SDKExplicitPrecompiledModules/DataDetection-U9BF7WHFVA6BZGFXXXP272PS.pcm
SwiftExplicitDependencyGeneratePcm arm64_32 /Users/admin/builder/spi-builder-workspace/.derivedData/SDKExplicitPrecompiledModules/QuartzCore-6375NPYACK5NYVHPMC1QQ8MC2.pcm
SwiftExplicitDependencyGeneratePcm arm64_32 /Users/admin/builder/spi-builder-workspace/.derivedData/SDKExplicitPrecompiledModules/Symbols-1H97WMG76HU94F5VGJR19PXFY.pcm
SwiftExplicitDependencyGeneratePcm arm64 /Users/admin/builder/spi-builder-workspace/.derivedData/SDKExplicitPrecompiledModules/Accessibility-27QMG6ZQ1NKYTNBYFPM1XKNFC.pcm
SwiftExplicitDependencyGeneratePcm arm64 /Users/admin/builder/spi-builder-workspace/.derivedData/SDKExplicitPrecompiledModules/UniformTypeIdentifiers-8L08Q8DQJV8C4AW84YVGFGTRN.pcm
SwiftExplicitDependencyGeneratePcm arm64 /Users/admin/builder/spi-builder-workspace/.derivedData/SDKExplicitPrecompiledModules/OSLog-B7VGO357Y3GJG35TST7DKDSI3.pcm
SwiftExplicitDependencyGeneratePcm arm64 /Users/admin/builder/spi-builder-workspace/.derivedData/SDKExplicitPrecompiledModules/UIUtilities-IR7RNW23VAUKYI9MLCS9NL9A.pcm
SwiftExplicitDependencyGeneratePcm arm64 /Users/admin/builder/spi-builder-workspace/.derivedData/SDKExplicitPrecompiledModules/CoreTransferable-9PPG3SLJ55T4LITIFYX2M0NOZ.pcm
SwiftExplicitDependencyGeneratePcm arm64 /Users/admin/builder/spi-builder-workspace/.derivedData/SDKExplicitPrecompiledModules/QuartzCore-94KFMWNOU7ZLUZNB4T5DLZC9D.pcm
SwiftExplicitDependencyGeneratePcm arm64 /Users/admin/builder/spi-builder-workspace/.derivedData/SDKExplicitPrecompiledModules/CoreData-9JFJC4UET8BAO5IPV2JU6W9V8.pcm
SwiftExplicitDependencyGeneratePcm arm64_32 /Users/admin/builder/spi-builder-workspace/.derivedData/SDKExplicitPrecompiledModules/SwiftUICore-3Q7WLRD8MR9R3NGIPUBQCP6F6.pcm
SwiftExplicitDependencyGeneratePcm arm64_32 /Users/admin/builder/spi-builder-workspace/.derivedData/SDKExplicitPrecompiledModules/CoreLocation-8XU5YMYM4P11RQMYCQAG65ITK.pcm
SwiftExplicitDependencyGeneratePcm arm64 /Users/admin/builder/spi-builder-workspace/.derivedData/SDKExplicitPrecompiledModules/UserNotifications-ARAH8MEQ0C2L0FBO39HITJMAO.pcm
SwiftExplicitDependencyGeneratePcm arm64 /Users/admin/builder/spi-builder-workspace/.derivedData/SDKExplicitPrecompiledModules/_LocationEssentials-5ZZDGDXB6HLQUC72SJW7YJ7MK.pcm
SwiftExplicitDependencyGeneratePcm arm64_32 /Users/admin/builder/spi-builder-workspace/.derivedData/SDKExplicitPrecompiledModules/CoreTransferable-5D4IR6X37682FPHJ5CBPTKQV6.pcm
SwiftExplicitDependencyGeneratePcm arm64 /Users/admin/builder/spi-builder-workspace/.derivedData/SDKExplicitPrecompiledModules/DataDetection-7BNVI1SZW5ISQL5SX4WL2X7I5.pcm
SwiftExplicitDependencyGeneratePcm arm64_32 /Users/admin/builder/spi-builder-workspace/.derivedData/SDKExplicitPrecompiledModules/UIUtilities-9YFVNIMRC5HRVOIARNWHP1E3H.pcm
SwiftExplicitDependencyGeneratePcm arm64 /Users/admin/builder/spi-builder-workspace/.derivedData/SDKExplicitPrecompiledModules/Symbols-3EFABTJ9L5PQDJ7RQCYQWEJMM.pcm
SwiftExplicitDependencyGeneratePcm arm64 /Users/admin/builder/spi-builder-workspace/.derivedData/SDKExplicitPrecompiledModules/SceneKit-5HZKIL7XETTTD8TOHYPN8JKRJ.pcm
SwiftExplicitDependencyGeneratePcm arm64 /Users/admin/builder/spi-builder-workspace/.derivedData/SDKExplicitPrecompiledModules/SwiftUICore-C1DST1IX2Z0PTH5SJJZ1IULRB.pcm
SwiftExplicitDependencyGeneratePcm arm64_32 /Users/admin/builder/spi-builder-workspace/.derivedData/SDKExplicitPrecompiledModules/CoreMotion-1XGTVTE5PP32UHME8AC63TL6.pcm
SwiftExplicitDependencyGeneratePcm arm64 /Users/admin/builder/spi-builder-workspace/.derivedData/SDKExplicitPrecompiledModules/CoreLocation-ACKJ9K7ABI14F97Y46Y6SRR17.pcm
SwiftExplicitDependencyGeneratePcm arm64_32 /Users/admin/builder/spi-builder-workspace/.derivedData/SDKExplicitPrecompiledModules/UIKit-6PPV7YPZ89CZPHYAP072QH8B6.pcm
SwiftExplicitDependencyGeneratePcm arm64 /Users/admin/builder/spi-builder-workspace/.derivedData/SDKExplicitPrecompiledModules/CoreMotion-6RD5K48QT1F4L9CATNFD2O7YB.pcm
SwiftExplicitDependencyGeneratePcm arm64 /Users/admin/builder/spi-builder-workspace/.derivedData/SDKExplicitPrecompiledModules/UIKit-27R3P1YMV4C6JLDT661G3MRIA.pcm
SwiftExplicitDependencyGeneratePcm arm64_32 /Users/admin/builder/spi-builder-workspace/.derivedData/SDKExplicitPrecompiledModules/MapKit-CWGB4YMP1VX1NYQN5FULFD5DR.pcm
SwiftExplicitDependencyGeneratePcm arm64_32 /Users/admin/builder/spi-builder-workspace/.derivedData/SDKExplicitPrecompiledModules/SpriteKit-7NKQX807S9TVQIAROF7TBISQZ.pcm
SwiftExplicitDependencyGeneratePcm arm64_32 /Users/admin/builder/spi-builder-workspace/.derivedData/SDKExplicitPrecompiledModules/HomeKit-DUDZOMSN3UK8GNTNBNMPIWJRN.pcm
SwiftExplicitDependencyGeneratePcm arm64 /Users/admin/builder/spi-builder-workspace/.derivedData/SDKExplicitPrecompiledModules/SpriteKit-DFXP68E7APB8CHOC76BVRJA0J.pcm
SwiftExplicitDependencyGeneratePcm arm64 /Users/admin/builder/spi-builder-workspace/.derivedData/SDKExplicitPrecompiledModules/MapKit-EJJWC7IL56MPLQMI93GJRE5OG.pcm
SwiftExplicitDependencyGeneratePcm arm64 /Users/admin/builder/spi-builder-workspace/.derivedData/SDKExplicitPrecompiledModules/HomeKit-DTS1N4AWILAL1URZ5IOXV5221.pcm
SwiftExplicitDependencyGeneratePcm arm64_32 /Users/admin/builder/spi-builder-workspace/.derivedData/SDKExplicitPrecompiledModules/WatchKit-FHF6WTKLC2APGK3LA2XJ6516.pcm
SwiftExplicitDependencyGeneratePcm arm64 /Users/admin/builder/spi-builder-workspace/.derivedData/SDKExplicitPrecompiledModules/WatchKit-3VT3K8YON6FJ6OWSUFJMFMP8J.pcm
SwiftExplicitDependencyGeneratePcm arm64_32 /Users/admin/builder/spi-builder-workspace/.derivedData/SDKExplicitPrecompiledModules/SwiftUI-9AYG9OCT5VOJK7V4MX1WYR86T.pcm
SwiftCompile normal arm64_32 Compiling\ ColorSchemeObserver.swift,\ NodeModifier.swift /Users/admin/builder/spi-builder-workspace/Sources/ElegantColorPalette/Helpers/Protocols/ColorSchemeObserver.swift /Users/admin/builder/spi-builder-workspace/Sources/ElegantColorPalette/Helpers/Protocols/NodeModifier.swift (in target 'ElegantColorPalette' from project 'ElegantColorPalette')
SwiftCompile normal arm64_32 /Users/admin/builder/spi-builder-workspace/Sources/ElegantColorPalette/Helpers/Protocols/ColorSchemeObserver.swift (in target 'ElegantColorPalette' from project 'ElegantColorPalette')
cd /Users/admin/builder/spi-builder-workspace/.swiftpm/xcode
builtin-SwiftPerFileCompile ColorSchemeObserver.swift
SwiftCompile normal arm64_32 /Users/admin/builder/spi-builder-workspace/Sources/ElegantColorPalette/Helpers/Protocols/NodeModifier.swift (in target 'ElegantColorPalette' from project 'ElegantColorPalette')
cd /Users/admin/builder/spi-builder-workspace/.swiftpm/xcode
builtin-SwiftPerFileCompile NodeModifier.swift
SwiftCompile normal arm64_32 Compiling\ StartUpModifier.swift,\ Buildable.swift /Users/admin/builder/spi-builder-workspace/Sources/ElegantColorPalette/Helpers/Modifiers/StartUpModifier.swift /Users/admin/builder/spi-builder-workspace/Sources/ElegantColorPalette/Helpers/Protocols/Buildable.swift (in target 'ElegantColorPalette' from project 'ElegantColorPalette')
SwiftCompile normal arm64_32 /Users/admin/builder/spi-builder-workspace/Sources/ElegantColorPalette/Helpers/Modifiers/StartUpModifier.swift (in target 'ElegantColorPalette' from project 'ElegantColorPalette')
cd /Users/admin/builder/spi-builder-workspace/.swiftpm/xcode
builtin-SwiftPerFileCompile StartUpModifier.swift
SwiftCompile normal arm64_32 /Users/admin/builder/spi-builder-workspace/Sources/ElegantColorPalette/Helpers/Protocols/Buildable.swift (in target 'ElegantColorPalette' from project 'ElegantColorPalette')
cd /Users/admin/builder/spi-builder-workspace/.swiftpm/xcode
builtin-SwiftPerFileCompile Buildable.swift
SwiftCompile normal arm64_32 Compiling\ ColorPaletteScene.swift,\ ColorsContainerNode.swift /Users/admin/builder/spi-builder-workspace/Sources/ElegantColorPalette/Views/ColorPaletteScene.swift /Users/admin/builder/spi-builder-workspace/Sources/ElegantColorPalette/Views/ColorsContainerNode.swift (in target 'ElegantColorPalette' from project 'ElegantColorPalette')
SwiftCompile normal arm64_32 /Users/admin/builder/spi-builder-workspace/Sources/ElegantColorPalette/Views/ColorPaletteScene.swift (in target 'ElegantColorPalette' from project 'ElegantColorPalette')
cd /Users/admin/builder/spi-builder-workspace/.swiftpm/xcode
builtin-SwiftPerFileCompile ColorPaletteScene.swift
SwiftCompile normal arm64_32 /Users/admin/builder/spi-builder-workspace/Sources/ElegantColorPalette/Views/ColorsContainerNode.swift (in target 'ElegantColorPalette' from project 'ElegantColorPalette')
cd /Users/admin/builder/spi-builder-workspace/.swiftpm/xcode
builtin-SwiftPerFileCompile ColorsContainerNode.swift
/Users/admin/builder/spi-builder-workspace/Sources/ElegantColorPalette/Views/ColorPaletteScene.swift:84:43: error: cannot find type 'SKView' in scope
82 | extension ColorPaletteScene {
83 |
84 | public override func didMove(to view: SKView) {
| `- error: cannot find type 'SKView' in scope
85 | configureScenePhysics()
86 |
/Users/admin/builder/spi-builder-workspace/Sources/ElegantColorPalette/Views/ColorPaletteScene.swift:225:54: error: 'UITouch' is unavailable in watchOS
223 | extension ColorPaletteScene {
224 |
225 | public override func touchesBegan(_ touches: Set<UITouch>, with event: UIEvent?) {
| `- error: 'UITouch' is unavailable in watchOS
226 | guard let location = touches.first?.location(in: self) else { return }
227 | guard let node = node(at: location) else { return }
/Applications/Xcode-27.0.0-Release.Candidate.app/Contents/Developer/Platforms/WatchOS.platform/Developer/SDKs/WatchOS27.0.sdk/System/Library/Frameworks/UIKit.framework/Headers/UITouch.h:51:12: note: 'UITouch' has been explicitly marked unavailable here
49 |
50 | UIKIT_EXTERN API_AVAILABLE(ios(2.0)) API_UNAVAILABLE(watchos) NS_SWIFT_UI_ACTOR
51 | @interface UITouch : NSObject
| `- note: 'UITouch' has been explicitly marked unavailable here
52 |
53 | @property(nonatomic,readonly) NSTimeInterval timestamp;
/Users/admin/builder/spi-builder-workspace/Sources/ElegantColorPalette/Views/ColorPaletteScene.swift:225:76: error: 'UIEvent' is unavailable in watchOS
223 | extension ColorPaletteScene {
224 |
225 | public override func touchesBegan(_ touches: Set<UITouch>, with event: UIEvent?) {
| `- error: 'UIEvent' is unavailable in watchOS
226 | guard let location = touches.first?.location(in: self) else { return }
227 | guard let node = node(at: location) else { return }
/Applications/Xcode-27.0.0-Release.Candidate.app/Contents/Developer/Platforms/WatchOS.platform/Developer/SDKs/WatchOS27.0.sdk/System/Library/Frameworks/UIKit.framework/Headers/UIEvent.h:62:12: note: 'UIEvent' has been explicitly marked unavailable here
60 |
61 | UIKIT_EXTERN API_AVAILABLE(ios(2.0)) API_UNAVAILABLE(watchos) NS_SWIFT_UI_ACTOR
62 | @interface UIEvent : NSObject
| `- note: 'UIEvent' has been explicitly marked unavailable here
63 |
64 | @property(nonatomic,readonly) UIEventType type API_AVAILABLE(ios(3.0));
/Users/admin/builder/spi-builder-workspace/Sources/ElegantColorPalette/Views/ColorPaletteScene.swift:225:26: error: method does not override any method from its superclass
223 | extension ColorPaletteScene {
224 |
225 | public override func touchesBegan(_ touches: Set<UITouch>, with event: UIEvent?) {
| `- error: method does not override any method from its superclass
226 | guard let location = touches.first?.location(in: self) else { return }
227 | guard let node = node(at: location) else { return }
/Users/admin/builder/spi-builder-workspace/Sources/ElegantColorPalette/Views/ColorPaletteScene.swift:252:54: error: 'UITouch' is unavailable in watchOS
250 | extension ColorPaletteScene {
251 |
252 | public override func touchesMoved(_ touches: Set<UITouch>, with event: UIEvent?) {
| `- error: 'UITouch' is unavailable in watchOS
253 | guard let activeNode = state.activeNode else { return }
254 | if isNodeFocused(activeNode) &&
/Applications/Xcode-27.0.0-Release.Candidate.app/Contents/Developer/Platforms/WatchOS.platform/Developer/SDKs/WatchOS27.0.sdk/System/Library/Frameworks/UIKit.framework/Headers/UITouch.h:51:12: note: 'UITouch' has been explicitly marked unavailable here
49 |
50 | UIKIT_EXTERN API_AVAILABLE(ios(2.0)) API_UNAVAILABLE(watchos) NS_SWIFT_UI_ACTOR
51 | @interface UITouch : NSObject
| `- note: 'UITouch' has been explicitly marked unavailable here
52 |
53 | @property(nonatomic,readonly) NSTimeInterval timestamp;
/Users/admin/builder/spi-builder-workspace/Sources/ElegantColorPalette/Views/ColorPaletteScene.swift:252:76: error: 'UIEvent' is unavailable in watchOS
250 | extension ColorPaletteScene {
251 |
252 | public override func touchesMoved(_ touches: Set<UITouch>, with event: UIEvent?) {
| `- error: 'UIEvent' is unavailable in watchOS
253 | guard let activeNode = state.activeNode else { return }
254 | if isNodeFocused(activeNode) &&
/Applications/Xcode-27.0.0-Release.Candidate.app/Contents/Developer/Platforms/WatchOS.platform/Developer/SDKs/WatchOS27.0.sdk/System/Library/Frameworks/UIKit.framework/Headers/UIEvent.h:62:12: note: 'UIEvent' has been explicitly marked unavailable here
60 |
61 | UIKIT_EXTERN API_AVAILABLE(ios(2.0)) API_UNAVAILABLE(watchos) NS_SWIFT_UI_ACTOR
62 | @interface UIEvent : NSObject
| `- note: 'UIEvent' has been explicitly marked unavailable here
63 |
64 | @property(nonatomic,readonly) UIEventType type API_AVAILABLE(ios(3.0));
/Users/admin/builder/spi-builder-workspace/Sources/ElegantColorPalette/Views/ColorPaletteScene.swift:252:26: error: method does not override any method from its superclass
250 | extension ColorPaletteScene {
251 |
252 | public override func touchesMoved(_ touches: Set<UITouch>, with event: UIEvent?) {
| `- error: method does not override any method from its superclass
253 | guard let activeNode = state.activeNode else { return }
254 | if isNodeFocused(activeNode) &&
/Users/admin/builder/spi-builder-workspace/Sources/ElegantColorPalette/Views/ColorPaletteScene.swift:284:54: error: 'UITouch' is unavailable in watchOS
282 | extension ColorPaletteScene {
283 |
284 | public override func touchesEnded(_ touches: Set<UITouch>, with event: UIEvent?) {
| `- error: 'UITouch' is unavailable in watchOS
285 | guard let activeNode = state.activeNode else { return }
286 |
/Applications/Xcode-27.0.0-Release.Candidate.app/Contents/Developer/Platforms/WatchOS.platform/Developer/SDKs/WatchOS27.0.sdk/System/Library/Frameworks/UIKit.framework/Headers/UITouch.h:51:12: note: 'UITouch' has been explicitly marked unavailable here
49 |
50 | UIKIT_EXTERN API_AVAILABLE(ios(2.0)) API_UNAVAILABLE(watchos) NS_SWIFT_UI_ACTOR
51 | @interface UITouch : NSObject
| `- note: 'UITouch' has been explicitly marked unavailable here
52 |
53 | @property(nonatomic,readonly) NSTimeInterval timestamp;
/Users/admin/builder/spi-builder-workspace/Sources/ElegantColorPalette/Views/ColorPaletteScene.swift:284:76: error: 'UIEvent' is unavailable in watchOS
282 | extension ColorPaletteScene {
283 |
284 | public override func touchesEnded(_ touches: Set<UITouch>, with event: UIEvent?) {
| `- error: 'UIEvent' is unavailable in watchOS
285 | guard let activeNode = state.activeNode else { return }
286 |
/Applications/Xcode-27.0.0-Release.Candidate.app/Contents/Developer/Platforms/WatchOS.platform/Developer/SDKs/WatchOS27.0.sdk/System/Library/Frameworks/UIKit.framework/Headers/UIEvent.h:62:12: note: 'UIEvent' has been explicitly marked unavailable here
60 |
61 | UIKIT_EXTERN API_AVAILABLE(ios(2.0)) API_UNAVAILABLE(watchos) NS_SWIFT_UI_ACTOR
62 | @interface UIEvent : NSObject
| `- note: 'UIEvent' has been explicitly marked unavailable here
63 |
64 | @property(nonatomic,readonly) UIEventType type API_AVAILABLE(ios(3.0));
SwiftCompile normal arm64_32 Compiling\ NodeStyle.swift,\ ColorNode.swift /Users/admin/builder/spi-builder-workspace/Sources/ElegantColorPalette/Helpers/Protocols/NodeStyle.swift /Users/admin/builder/spi-builder-workspace/Sources/ElegantColorPalette/Views/ColorNode.swift (in target 'ElegantColorPalette' from project 'ElegantColorPalette')
SwiftCompile normal arm64_32 /Users/admin/builder/spi-builder-workspace/Sources/ElegantColorPalette/Helpers/Protocols/NodeStyle.swift (in target 'ElegantColorPalette' from project 'ElegantColorPalette')
cd /Users/admin/builder/spi-builder-workspace/.swiftpm/xcode
builtin-SwiftPerFileCompile NodeStyle.swift
SwiftCompile normal arm64_32 /Users/admin/builder/spi-builder-workspace/Sources/ElegantColorPalette/Views/ColorNode.swift (in target 'ElegantColorPalette' from project 'ElegantColorPalette')
cd /Users/admin/builder/spi-builder-workspace/.swiftpm/xcode
builtin-SwiftPerFileCompile ColorNode.swift
SwiftCompile normal arm64_32 Compiling\ UIColor+Color.swift,\ ColorPaletteManager.swift,\ DefaultNodeStyle.swift /Users/admin/builder/spi-builder-workspace/Sources/ElegantColorPalette/Helpers/Extensions/UIColor+Color.swift /Users/admin/builder/spi-builder-workspace/Sources/ElegantColorPalette/Helpers/Models/ColorPaletteManager.swift /Users/admin/builder/spi-builder-workspace/Sources/ElegantColorPalette/Helpers/Models/DefaultNodeStyle.swift (in target 'ElegantColorPalette' from project 'ElegantColorPalette')
SwiftCompile normal arm64_32 /Users/admin/builder/spi-builder-workspace/Sources/ElegantColorPalette/Helpers/Extensions/UIColor+Color.swift (in target 'ElegantColorPalette' from project 'ElegantColorPalette')
cd /Users/admin/builder/spi-builder-workspace/.swiftpm/xcode
builtin-SwiftPerFileCompile UIColor+Color.swift
SwiftCompile normal arm64_32 /Users/admin/builder/spi-builder-workspace/Sources/ElegantColorPalette/Helpers/Models/ColorPaletteManager.swift (in target 'ElegantColorPalette' from project 'ElegantColorPalette')
cd /Users/admin/builder/spi-builder-workspace/.swiftpm/xcode
builtin-SwiftPerFileCompile ColorPaletteManager.swift
SwiftCompile normal arm64_32 /Users/admin/builder/spi-builder-workspace/Sources/ElegantColorPalette/Helpers/Models/DefaultNodeStyle.swift (in target 'ElegantColorPalette' from project 'ElegantColorPalette')
cd /Users/admin/builder/spi-builder-workspace/.swiftpm/xcode
builtin-SwiftPerFileCompile DefaultNodeStyle.swift
SwiftCompile normal arm64_32 Compiling\ HighlightModifier.swift,\ RadiusModifier.swift,\ ScaleFadeModifier.swift /Users/admin/builder/spi-builder-workspace/Sources/ElegantColorPalette/Helpers/Modifiers/HighlightModifier.swift /Users/admin/builder/spi-builder-workspace/Sources/ElegantColorPalette/Helpers/Modifiers/RadiusModifier.swift /Users/admin/builder/spi-builder-workspace/Sources/ElegantColorPalette/Helpers/Modifiers/ScaleFadeModifier.swift (in target 'ElegantColorPalette' from project 'ElegantColorPalette')
SwiftCompile normal arm64_32 /Users/admin/builder/spi-builder-workspace/Sources/ElegantColorPalette/Helpers/Modifiers/HighlightModifier.swift (in target 'ElegantColorPalette' from project 'ElegantColorPalette')
cd /Users/admin/builder/spi-builder-workspace/.swiftpm/xcode
builtin-SwiftPerFileCompile HighlightModifier.swift
SwiftCompile normal arm64_32 /Users/admin/builder/spi-builder-workspace/Sources/ElegantColorPalette/Helpers/Modifiers/RadiusModifier.swift (in target 'ElegantColorPalette' from project 'ElegantColorPalette')
cd /Users/admin/builder/spi-builder-workspace/.swiftpm/xcode
builtin-SwiftPerFileCompile RadiusModifier.swift
SwiftCompile normal arm64_32 /Users/admin/builder/spi-builder-workspace/Sources/ElegantColorPalette/Helpers/Modifiers/ScaleFadeModifier.swift (in target 'ElegantColorPalette' from project 'ElegantColorPalette')
cd /Users/admin/builder/spi-builder-workspace/.swiftpm/xcode
builtin-SwiftPerFileCompile ScaleFadeModifier.swift
SwiftEmitModule normal arm64_32 Emitting\ module\ for\ ElegantColorPalette (in target 'ElegantColorPalette' from project 'ElegantColorPalette')
/Users/admin/builder/spi-builder-workspace/Sources/ElegantColorPalette/ColorPaletteBindingView.swift:40:37: error: cannot find type 'Context' in scope
38 | }
39 |
40 | public func makeUIView(context: Context) -> ColorPaletteView {
| `- error: cannot find type 'Context' in scope
41 | ColorPaletteView(colors: colors, selectedColor: selectedColor)
42 | }
/Users/admin/builder/spi-builder-workspace/Sources/ElegantColorPalette/ColorPaletteBindingView.swift:44:67: error: cannot find type 'Context' in scope
42 | }
43 |
44 | public func updateUIView(_ uiView: ColorPaletteView, context: Context) {
| `- error: cannot find type 'Context' in scope
45 | uiView
46 | .didSelectColor(groupedCallback)
/Users/admin/builder/spi-builder-workspace/Sources/ElegantColorPalette/ColorPaletteBindingView.swift:16:40: error: cannot find type 'UIViewRepresentable' in scope
14 | /// .nodeStyle(CustomNodeStyle())
15 | ///
16 | public struct ColorPaletteBindingView: UIViewRepresentable {
| `- error: cannot find type 'UIViewRepresentable' in scope
17 |
18 | public typealias UIViewType = ColorPaletteView
/Users/admin/builder/spi-builder-workspace/Sources/ElegantColorPalette/ColorPaletteView.swift:17:32: error: cannot find type 'SKView' in scope
15 | /// .nodeStyle(CustomNodeStyle())
16 | ///
17 | public class ColorPaletteView: SKView {
| `- error: cannot find type 'SKView' in scope
18 |
19 | public lazy var paletteScene: ColorPaletteScene = {
/Users/admin/builder/spi-builder-workspace/Sources/ElegantColorPalette/ColorPaletteView.swift:23:9: error: cannot find 'presentScene' in scope
21 | scene.scaleMode = .resizeFill
22 | scene.anchorPoint = .init(x: 0.5, y: 0.5)
23 | presentScene(scene)
| `- error: cannot find 'presentScene' in scope
24 | return scene
25 | }()
/Users/admin/builder/spi-builder-workspace/Sources/ElegantColorPalette/ColorPaletteView.swift:43:14: error: initializer does not override a designated initializer from its superclass
41 | /// Make sure to call `update(colors:selectedColor)` to populate the view with colors before showing it.
42 | /// - Parameter frame: The frame rectangle for the view, measured in points.
43 | override init(frame: CGRect) {
| `- error: initializer does not override a designated initializer from its superclass
44 | paletteManager = ColorPaletteManager(colors: [], selectedColor: nil)
45 | super.init(frame: frame)
/Users/admin/builder/spi-builder-workspace/Sources/ElegantColorPalette/ColorPaletteView.swift:66:26: error: method does not override any method from its superclass
64 |
65 | // https://stackoverflow.com/questions/728372/when-is-layoutsubviews-called
66 | public override func layoutSubviews() {
| `- error: method does not override any method from its superclass
67 | super.layoutSubviews()
68 |
/Users/admin/builder/spi-builder-workspace/Sources/ElegantColorPalette/ColorPaletteView.swift:84:78: error: 'UITraitCollection' is unavailable in watchOS
82 | }
83 |
84 | public override func traitCollectionDidChange(_ previousTraitCollection: UITraitCollection?) {
| `- error: 'UITraitCollection' is unavailable in watchOS
85 | super.traitCollectionDidChange(previousTraitCollection)
86 |
/Applications/Xcode-27.0.0-Release.Candidate.app/Contents/Developer/Platforms/WatchOS.platform/Developer/SDKs/WatchOS27.0.sdk/System/Library/Frameworks/UIKit.framework/Headers/UITraitCollection.h:23:12: note: 'UITraitCollection' has been explicitly marked unavailable here
21 |
22 | UIKIT_EXTERN API_AVAILABLE(ios(8.0)) API_UNAVAILABLE(watchos) NS_SWIFT_SENDABLE
23 | @interface UITraitCollection : NSObject <NSCopying, NSSecureCoding>
| `- note: 'UITraitCollection' has been explicitly marked unavailable here
24 |
25 | - (instancetype)init NS_DESIGNATED_INITIALIZER;
/Users/admin/builder/spi-builder-workspace/Sources/ElegantColorPalette/ColorPaletteView.swift:84:26: error: method does not override any method from its superclass
82 | }
83 |
84 | public override func traitCollectionDidChange(_ previousTraitCollection: UITraitCollection?) {
| `- error: method does not override any method from its superclass
85 | super.traitCollectionDidChange(previousTraitCollection)
86 |
/Users/admin/builder/spi-builder-workspace/Sources/ElegantColorPalette/Helpers/Extensions/ColorNode+Modifiers.swift:22:81: error: 'label' is unavailable in watchOS
20 | /// - Parameter uiColor: The font color to use in this node.
21 | /// - Returns: A node with the default font set to the value you supply.
22 | func font(name: String = "SanFranciscoDisplay-Regular", uiColor: UIColor = .label) -> ColorNode {
| `- error: 'label' is unavailable in watchOS
23 | modifier(FontModifier(name: name, uiColor: uiColor))
24 | }
/Applications/Xcode-27.0.0-Release.Candidate.app/Contents/Developer/Platforms/WatchOS.platform/Developer/SDKs/WatchOS27.0.sdk/System/Library/Frameworks/UIKit.framework/Headers/UIInterface.h:171:49: note: 'label' has been explicitly marked unavailable here
169 | /* Foreground colors for static text and related elements.
170 | */
171 | @property (class, nonatomic, readonly) UIColor *labelColor API_AVAILABLE(ios(13.0), tvos(13.0)) API_UNAVAILABLE(watchos);
| `- note: 'label' has been explicitly marked unavailable here
172 | @property (class, nonatomic, readonly) UIColor *secondaryLabelColor API_AVAILABLE(ios(13.0), tvos(13.0)) API_UNAVAILABLE(watchos);
173 | @property (class, nonatomic, readonly) UIColor *tertiaryLabelColor API_AVAILABLE(ios(13.0), tvos(13.0)) API_UNAVAILABLE(watchos);
/Users/admin/builder/spi-builder-workspace/Sources/ElegantColorPalette/Helpers/Models/ColorPaletteManager.swift:7:25: error: 'UIUserInterfaceStyle' is unavailable in watchOS
5 | import UIKit
6 |
7 | typealias ColorScheme = UIUserInterfaceStyle
| `- error: 'UIUserInterfaceStyle' is unavailable in watchOS
8 |
9 | class ColorPaletteManager: ObservableObject {
/Applications/Xcode-27.0.0-Release.Candidate.app/Contents/Developer/Platforms/WatchOS.platform/Developer/SDKs/WatchOS27.0.sdk/System/Library/Frameworks/UIKit.framework/Headers/UIInterface.h:32:28: note: 'UIUserInterfaceStyle' has been explicitly marked unavailable here
30 | } API_AVAILABLE(ios(8.0)) API_UNAVAILABLE(watchos);
31 |
32 | typedef NS_ENUM(NSInteger, UIUserInterfaceStyle) {
| `- note: 'UIUserInterfaceStyle' has been explicitly marked unavailable here
33 | UIUserInterfaceStyleUnspecified,
34 | UIUserInterfaceStyleLight,
/Users/admin/builder/spi-builder-workspace/Sources/ElegantColorPalette/Views/ColorPaletteScene.swift:84:43: error: cannot find type 'SKView' in scope
82 | extension ColorPaletteScene {
83 |
84 | public override func didMove(to view: SKView) {
| `- error: cannot find type 'SKView' in scope
85 | configureScenePhysics()
86 |
/Users/admin/builder/spi-builder-workspace/Sources/ElegantColorPalette/Views/ColorPaletteScene.swift:225:54: error: 'UITouch' is unavailable in watchOS
223 | extension ColorPaletteScene {
224 |
225 | public override func touchesBegan(_ touches: Set<UITouch>, with event: UIEvent?) {
| `- error: 'UITouch' is unavailable in watchOS
226 | guard let location = touches.first?.location(in: self) else { return }
227 | guard let node = node(at: location) else { return }
/Applications/Xcode-27.0.0-Release.Candidate.app/Contents/Developer/Platforms/WatchOS.platform/Developer/SDKs/WatchOS27.0.sdk/System/Library/Frameworks/UIKit.framework/Headers/UITouch.h:51:12: note: 'UITouch' has been explicitly marked unavailable here
49 |
50 | UIKIT_EXTERN API_AVAILABLE(ios(2.0)) API_UNAVAILABLE(watchos) NS_SWIFT_UI_ACTOR
51 | @interface UITouch : NSObject
| `- note: 'UITouch' has been explicitly marked unavailable here
52 |
53 | @property(nonatomic,readonly) NSTimeInterval timestamp;
/Users/admin/builder/spi-builder-workspace/Sources/ElegantColorPalette/Views/ColorPaletteScene.swift:225:76: error: 'UIEvent' is unavailable in watchOS
223 | extension ColorPaletteScene {
224 |
225 | public override func touchesBegan(_ touches: Set<UITouch>, with event: UIEvent?) {
| `- error: 'UIEvent' is unavailable in watchOS
226 | guard let location = touches.first?.location(in: self) else { return }
227 | guard let node = node(at: location) else { return }
/Applications/Xcode-27.0.0-Release.Candidate.app/Contents/Developer/Platforms/WatchOS.platform/Developer/SDKs/WatchOS27.0.sdk/System/Library/Frameworks/UIKit.framework/Headers/UIEvent.h:62:12: note: 'UIEvent' has been explicitly marked unavailable here
60 |
61 | UIKIT_EXTERN API_AVAILABLE(ios(2.0)) API_UNAVAILABLE(watchos) NS_SWIFT_UI_ACTOR
62 | @interface UIEvent : NSObject
| `- note: 'UIEvent' has been explicitly marked unavailable here
63 |
64 | @property(nonatomic,readonly) UIEventType type API_AVAILABLE(ios(3.0));
/Users/admin/builder/spi-builder-workspace/Sources/ElegantColorPalette/Views/ColorPaletteScene.swift:225:26: error: method does not override any method from its superclass
223 | extension ColorPaletteScene {
224 |
225 | public override func touchesBegan(_ touches: Set<UITouch>, with event: UIEvent?) {
| `- error: method does not override any method from its superclass
226 | guard let location = touches.first?.location(in: self) else { return }
227 | guard let node = node(at: location) else { return }
/Users/admin/builder/spi-builder-workspace/Sources/ElegantColorPalette/Views/ColorPaletteScene.swift:252:54: error: 'UITouch' is unavailable in watchOS
250 | extension ColorPaletteScene {
251 |
252 | public override func touchesMoved(_ touches: Set<UITouch>, with event: UIEvent?) {
| `- error: 'UITouch' is unavailable in watchOS
253 | guard let activeNode = state.activeNode else { return }
254 | if isNodeFocused(activeNode) &&
/Applications/Xcode-27.0.0-Release.Candidate.app/Contents/Developer/Platforms/WatchOS.platform/Developer/SDKs/WatchOS27.0.sdk/System/Library/Frameworks/UIKit.framework/Headers/UITouch.h:51:12: note: 'UITouch' has been explicitly marked unavailable here
49 |
50 | UIKIT_EXTERN API_AVAILABLE(ios(2.0)) API_UNAVAILABLE(watchos) NS_SWIFT_UI_ACTOR
51 | @interface UITouch : NSObject
| `- note: 'UITouch' has been explicitly marked unavailable here
52 |
53 | @property(nonatomic,readonly) NSTimeInterval timestamp;
/Users/admin/builder/spi-builder-workspace/Sources/ElegantColorPalette/Views/ColorPaletteScene.swift:252:76: error: 'UIEvent' is unavailable in watchOS
250 | extension ColorPaletteScene {
251 |
252 | public override func touchesMoved(_ touches: Set<UITouch>, with event: UIEvent?) {
| `- error: 'UIEvent' is unavailable in watchOS
253 | guard let activeNode = state.activeNode else { return }
254 | if isNodeFocused(activeNode) &&
/Applications/Xcode-27.0.0-Release.Candidate.app/Contents/Developer/Platforms/WatchOS.platform/Developer/SDKs/WatchOS27.0.sdk/System/Library/Frameworks/UIKit.framework/Headers/UIEvent.h:62:12: note: 'UIEvent' has been explicitly marked unavailable here
60 |
61 | UIKIT_EXTERN API_AVAILABLE(ios(2.0)) API_UNAVAILABLE(watchos) NS_SWIFT_UI_ACTOR
62 | @interface UIEvent : NSObject
| `- note: 'UIEvent' has been explicitly marked unavailable here
63 |
64 | @property(nonatomic,readonly) UIEventType type API_AVAILABLE(ios(3.0));
/Users/admin/builder/spi-builder-workspace/Sources/ElegantColorPalette/Views/ColorPaletteScene.swift:252:26: error: method does not override any method from its superclass
250 | extension ColorPaletteScene {
251 |
252 | public override func touchesMoved(_ touches: Set<UITouch>, with event: UIEvent?) {
| `- error: method does not override any method from its superclass
253 | guard let activeNode = state.activeNode else { return }
254 | if isNodeFocused(activeNode) &&
/Users/admin/builder/spi-builder-workspace/Sources/ElegantColorPalette/Views/ColorPaletteScene.swift:284:54: error: 'UITouch' is unavailable in watchOS
282 | extension ColorPaletteScene {
283 |
284 | public override func touchesEnded(_ touches: Set<UITouch>, with event: UIEvent?) {
| `- error: 'UITouch' is unavailable in watchOS
285 | guard let activeNode = state.activeNode else { return }
286 |
/Applications/Xcode-27.0.0-Release.Candidate.app/Contents/Developer/Platforms/WatchOS.platform/Developer/SDKs/WatchOS27.0.sdk/System/Library/Frameworks/UIKit.framework/Headers/UITouch.h:51:12: note: 'UITouch' has been explicitly marked unavailable here
49 |
50 | UIKIT_EXTERN API_AVAILABLE(ios(2.0)) API_UNAVAILABLE(watchos) NS_SWIFT_UI_ACTOR
51 | @interface UITouch : NSObject
| `- note: 'UITouch' has been explicitly marked unavailable here
52 |
53 | @property(nonatomic,readonly) NSTimeInterval timestamp;
/Users/admin/builder/spi-builder-workspace/Sources/ElegantColorPalette/Views/ColorPaletteScene.swift:284:76: error: 'UIEvent' is unavailable in watchOS
282 | extension ColorPaletteScene {
283 |
284 | public override func touchesEnded(_ touches: Set<UITouch>, with event: UIEvent?) {
| `- error: 'UIEvent' is unavailable in watchOS
285 | guard let activeNode = state.activeNode else { return }
286 |
/Applications/Xcode-27.0.0-Release.Candidate.app/Contents/Developer/Platforms/WatchOS.platform/Developer/SDKs/WatchOS27.0.sdk/System/Library/Frameworks/UIKit.framework/Headers/UIEvent.h:62:12: note: 'UIEvent' has been explicitly marked unavailable here
60 |
61 | UIKIT_EXTERN API_AVAILABLE(ios(2.0)) API_UNAVAILABLE(watchos) NS_SWIFT_UI_ACTOR
62 | @interface UIEvent : NSObject
| `- note: 'UIEvent' has been explicitly marked unavailable here
63 |
64 | @property(nonatomic,readonly) UIEventType type API_AVAILABLE(ios(3.0));
/Users/admin/builder/spi-builder-workspace/Sources/ElegantColorPalette/Views/ColorPaletteScene.swift:284:26: error: method does not override any method from its superclass
282 | extension ColorPaletteScene {
283 |
284 | public override func touchesEnded(_ touches: Set<UITouch>, with event: UIEvent?) {
| `- error: method does not override any method from its superclass
285 | guard let activeNode = state.activeNode else { return }
286 |
Failed frontend command:
/Applications/Xcode-27.0.0-Release.Candidate.app/Contents/Developer/Toolchains/XcodeDefault.xctoolchain/usr/bin/swift-frontend -frontend -emit-module -experimental-skip-non-inlinable-function-bodies-without-types /Users/admin/builder/spi-builder-workspace/Sources/ElegantColorPalette/ColorPaletteBindingView.swift /Users/admin/builder/spi-builder-workspace/Sources/ElegantColorPalette/ColorPaletteView.swift /Users/admin/builder/spi-builder-workspace/Sources/ElegantColorPalette/Helpers/Extensions/CGVector+Additions.swift /Users/admin/builder/spi-builder-workspace/Sources/ElegantColorPalette/Helpers/Extensions/CGVector+Operators.swift /Users/admin/builder/spi-builder-workspace/Sources/ElegantColorPalette/Helpers/Extensions/ColorNode+Modifiers.swift /Users/admin/builder/spi-builder-workspace/Sources/ElegantColorPalette/Helpers/Extensions/Comparable+Clamped.swift /Users/admin/builder/spi-builder-workspace/Sources/ElegantColorPalette/Helpers/Extensions/UIColor+Color.swift /Users/admin/builder/spi-builder-workspace/Sources/ElegantColorPalette/Helpers/Models/ColorPaletteManager.swift /Users/admin/builder/spi-builder-workspace/Sources/ElegantColorPalette/Helpers/Models/DefaultNodeStyle.swift /Users/admin/builder/spi-builder-workspace/Sources/ElegantColorPalette/Helpers/Models/FocusSettings.swift /Users/admin/builder/spi-builder-workspace/Sources/ElegantColorPalette/Helpers/Models/NodeStyleConfiguration.swift /Users/admin/builder/spi-builder-workspace/Sources/ElegantColorPalette/Helpers/Models/PaletteColor.swift /Users/admin/builder/spi-builder-workspace/Sources/ElegantColorPalette/Helpers/Models/SpawnConfiguration.swift /Users/admin/builder/spi-builder-workspace/Sources/ElegantColorPalette/Helpers/Modifiers/FocusModifier.swift /Users/admin/builder/spi-builder-workspace/Sources/ElegantColorPalette/Helpers/Modifiers/FontModifier.swift /Users/admin/builder/spi-builder-workspace/Sources/ElegantColorPalette/Helpers/Modifiers/HighlightModifier.swift /Users/admin/builder/spi-builder-workspace/Sources/ElegantColorPalette/Helpers/Modifiers/RadiusModifier.swift /Users/admin/builder/spi-builder-workspace/Sources/ElegantColorPalette/Helpers/Modifiers/ScaleFadeModifier.swift /Users/admin/builder/spi-builder-workspace/Sources/ElegantColorPalette/Helpers/Modifiers/StartUpModifier.swift /Users/admin/builder/spi-builder-workspace/Sources/ElegantColorPalette/Helpers/Protocols/Buildable.swift /Users/admin/builder/spi-builder-workspace/Sources/ElegantColorPalette/Helpers/Protocols/ColorSchemeObserver.swift /Users/admin/builder/spi-builder-workspace/Sources/ElegantColorPalette/Helpers/Protocols/NodeModifier.swift /Users/admin/builder/spi-builder-workspace/Sources/ElegantColorPalette/Helpers/Protocols/NodeStyle.swift /Users/admin/builder/spi-builder-workspace/Sources/ElegantColorPalette/Views/ColorNode.swift /Users/admin/builder/spi-builder-workspace/Sources/ElegantColorPalette/Views/ColorPaletteScene.swift /Users/admin/builder/spi-builder-workspace/Sources/ElegantColorPalette/Views/ColorsContainerNode.swift -target arm64_32-apple-watchos9.0 -disable-cross-import-overlay-search -swift-module-cross-import SpriteKit /Applications/Xcode-27.0.0-Release.Candidate.app/Contents/Developer/Platforms/WatchOS.platform/Developer/SDKs/WatchOS.sdk/System/Library/Frameworks/SpriteKit.framework/Modules/SpriteKit.swiftcrossimport/SwiftUI.swiftoverlay -load-resolved-plugin /Applications/Xcode-27.0.0-Release.Candidate.app/Contents/Developer/Platforms/WatchOS.platform/Developer/usr/lib/swift/host/plugins/libFoundationMacros.dylib\#/Applications/Xcode-27.0.0-Release.Candidate.app/Contents/Developer/Platforms/WatchOS.platform/Developer/usr/bin/swift-plugin-server\#FoundationMacros -load-resolved-plugin /Applications/Xcode-27.0.0-Release.Candidate.app/Contents/Developer/Platforms/WatchOS.platform/Developer/usr/lib/swift/host/plugins/libObservationMacros.dylib\#/Applications/Xcode-27.0.0-Release.Candidate.app/Contents/Developer/Platforms/WatchOS.platform/Developer/usr/bin/swift-plugin-server\#ObservationMacros -load-resolved-plugin /Applications/Xcode-27.0.0-Release.Candidate.app/Contents/Developer/Platforms/WatchOS.platform/Developer/usr/lib/swift/host/plugins/libPreviewsMacros.dylib\#/Applications/Xcode-27.0.0-Release.Candidate.app/Contents/Developer/Platforms/WatchOS.platform/Developer/usr/bin/swift-plugin-server\#PreviewsMacros -load-resolved-plugin /Applications/Xcode-27.0.0-Release.Candidate.app/Contents/Developer/Platforms/WatchOS.platform/Developer/usr/lib/swift/host/plugins/libSwiftMacros.dylib\#/Applications/Xcode-27.0.0-Release.Candidate.app/Contents/Developer/Platforms/WatchOS.platform/Developer/usr/bin/swift-plugin-server\#SwiftMacros -load-resolved-plugin /Applications/Xcode-27.0.0-Release.Candidate.app/Contents/Developer/Platforms/WatchOS.platform/Developer/usr/lib/swift/host/plugins/libSwiftUIMacros.dylib\#/Applications/Xcode-27.0.0-Release.Candidate.app/Contents/Developer/Platforms/WatchOS.platform/Developer/usr/bin/swift-plugin-server\#SwiftUIMacros -disable-implicit-swift-modules -Xcc -fno-implicit-modules -Xcc -fno-implicit-module-maps -explicit-swift-module-map-file /Users/admin/builder/spi-builder-workspace/.derivedData/Build/Intermediates.noindex/ElegantColorPalette.build/Debug-watchos/ElegantColorPalette-t.build/Objects-normal/arm64_32/ElegantColorPalette-dependencies-1.json -enable-objc-interop -sdk /Applications/Xcode-27.0.0-Release.Candidate.app/Contents/Developer/Platforms/WatchOS.platform/Developer/SDKs/WatchOS27.0.sdk -I /Users/admin/builder/spi-builder-workspace/.derivedData/Build/Products/Debug-watchos -Isystem /Applications/Xcode-27.0.0-Release.Candidate.app/Contents/Developer/Platforms/WatchOS.platform/Developer/usr/lib -F /Users/admin/builder/spi-builder-workspace/.derivedData/Build/Products/Debug-watchos -F /Applications/Xcode-27.0.0-Release.Candidate.app/Contents/Developer/Platforms/WatchOS.platform/Developer/Library/Frameworks -F /Applications/Xcode-27.0.0-Release.Candidate.app/Contents/Developer/Platforms/WatchOS.platform/Developer/SDKs/WatchOS27.0.sdk/Developer/Library/Frameworks -module-cache-path /Users/admin/builder/spi-builder-workspace/.derivedData/Build/Intermediates.noindex/SwiftExplicitPrecompiledModules -no-color-diagnostics -Xcc -fno-color-diagnostics -enable-testing -g -debug-info-format\=dwarf -dwarf-version\=4 -swift-version 5 -Onone -D SWIFT_PACKAGE -D DEBUG -D SWIFT_MODULE_RESOURCE_BUNDLE_UNAVAILABLE -D Xcode -serialize-debugging-options -enable-experimental-feature DebugDescriptionMacro -empty-abi-descriptor -validate-clang-modules-once -clang-build-session-file /Users/admin/builder/spi-builder-workspace/.derivedData/ModuleCache.noindex/Session.modulevalidation -Xcc -working-directory -Xcc /Users/admin/builder/spi-builder-workspace/.swiftpm/xcode -enable-anonymous-context-mangled-names -file-compilation-dir /Users/admin/builder/spi-builder-workspace/.swiftpm/xcode -Xcc -D_LIBCPP_HARDENING_MODE\=_LIBCPP_HARDENING_MODE_DEBUG -Xcc -ivfsstatcache -Xcc /Users/admin/builder/spi-builder-workspace/.derivedData/SDKStatCaches.noindex/watchos27.0-24R360-e829b21a6f8c9b70876ba0858053c04477534ef55a1706bf4c1112bbb242f0a2.sdkstatcache -Xcc -fmodules-prune-interval\=86400 -Xcc -fmodules-prune-after\=345600 -Xcc -I/Users/admin/builder/spi-builder-workspace/.derivedData/Build/Products/Debug-watchos/include -Xcc -I/Users/admin/builder/spi-builder-workspace/.derivedData/Build/Intermediates.noindex/ElegantColorPalette.build/Debug-watchos/ElegantColorPalette-t.build/DerivedSources-normal/arm64_32 -Xcc -I/Users/admin/builder/spi-builder-workspace/.derivedData/Build/Intermediates.noindex/ElegantColorPalette.build/Debug-watchos/ElegantColorPalette-t.build/DerivedSources/arm64_32 -Xcc -I/Users/admin/builder/spi-builder-workspace/.derivedData/Build/Intermediates.noindex/ElegantColorPalette.build/Debug-watchos/ElegantColorPalette-t.build/DerivedSources -Xcc -DSWIFT_PACKAGE -Xcc -DDEBUG\=1 -no-auto-bridging-header-chaining -module-name ElegantColorPalette -const-gather-protocols-file /Users/admin/builder/spi-builder-workspace/.derivedData/Build/Intermediates.noindex/ElegantColorPalette.build/Debug-watchos/ElegantColorPalette-t.build/Objects-normal/arm64_32/ElegantColorPalette_const_extract_protocols.json -disable-clang-spi -clang-target arm64_32-apple-watchos27.0 -target-sdk-version 27.0 -target-sdk-name watchos27.0 -in-process-plugin-server-path /Applications/Xcode-27.0.0-Release.Candidate.app/Contents/Developer/Toolchains/XcodeDefault.xctoolchain/usr/lib/swift/host/libSwiftInProcPluginServer.dylib -emit-module-doc-path /Users/admin/builder/spi-builder-workspace/.derivedData/Build/Intermediates.noindex/ElegantColorPalette.build/Debug-watchos/ElegantColorPalette-t.build/Objects-normal/arm64_32/ElegantColorPalette.swiftdoc -emit-module-source-info-path /Users/admin/builder/spi-builder-workspace/.derivedData/Build/Intermediates.noindex/ElegantColorPalette.build/Debug-watchos/ElegantColorPalette-t.build/Objects-normal/arm64_32/ElegantColorPalette.swiftsourceinfo -emit-objc-header-path /Users/admin/builder/spi-builder-workspace/.derivedData/Build/Intermediates.noindex/ElegantColorPalette.build/Debug-watchos/ElegantColorPalette-t.build/Objects-normal/arm64_32/ElegantColorPalette-Swift.h -serialize-diagnostics-path /Users/admin/builder/spi-builder-workspace/.derivedData/Build/Intermediates.noindex/ElegantColorPalette.build/Debug-watchos/ElegantColorPalette-t.build/Objects-normal/arm64_32/ElegantColorPalette-primary-emit-module.dia -emit-dependencies-path /Users/admin/builder/spi-builder-workspace/.derivedData/Build/Intermediates.noindex/ElegantColorPalette.build/Debug-watchos/ElegantColorPalette-t.build/Objects-normal/arm64_32/ElegantColorPalette-primary-emit-module.d -parse-as-library -o /Users/admin/builder/spi-builder-workspace/.derivedData/Build/Intermediates.noindex/ElegantColorPalette.build/Debug-watchos/ElegantColorPalette-t.build/Objects-normal/arm64_32/ElegantColorPalette.swiftmodule -emit-abi-descriptor-path /Users/admin/builder/spi-builder-workspace/.derivedData/Build/Intermediates.noindex/ElegantColorPalette.build/Debug-watchos/ElegantColorPalette-t.build/Objects-normal/arm64_32/ElegantColorPalette.abi.json
SwiftCompile normal arm64_32 (in target 'ElegantColorPalette' from project 'ElegantColorPalette')
cd /Users/admin/builder/spi-builder-workspace/.swiftpm/xcode
SwiftCompile normal arm64_32 Compiling\ FocusSettings.swift,\ NodeStyleConfiguration.swift,\ PaletteColor.swift /Users/admin/builder/spi-builder-workspace/Sources/ElegantColorPalette/Helpers/Models/FocusSettings.swift /Users/admin/builder/spi-builder-workspace/Sources/ElegantColorPalette/Helpers/Models/NodeStyleConfiguration.swift /Users/admin/builder/spi-builder-workspace/Sources/ElegantColorPalette/Helpers/Models/PaletteColor.swift (in target 'ElegantColorPalette' from project 'ElegantColorPalette')
SwiftCompile normal arm64_32 /Users/admin/builder/spi-builder-workspace/Sources/ElegantColorPalette/Helpers/Models/FocusSettings.swift (in target 'ElegantColorPalette' from project 'ElegantColorPalette')
cd /Users/admin/builder/spi-builder-workspace/.swiftpm/xcode
builtin-SwiftPerFileCompile FocusSettings.swift
SwiftCompile normal arm64_32 /Users/admin/builder/spi-builder-workspace/Sources/ElegantColorPalette/Helpers/Models/NodeStyleConfiguration.swift (in target 'ElegantColorPalette' from project 'ElegantColorPalette')
cd /Users/admin/builder/spi-builder-workspace/.swiftpm/xcode
builtin-SwiftPerFileCompile NodeStyleConfiguration.swift
SwiftCompile normal arm64_32 /Users/admin/builder/spi-builder-workspace/Sources/ElegantColorPalette/Helpers/Models/PaletteColor.swift (in target 'ElegantColorPalette' from project 'ElegantColorPalette')
cd /Users/admin/builder/spi-builder-workspace/.swiftpm/xcode
builtin-SwiftPerFileCompile PaletteColor.swift
SwiftCompile normal arm64_32 Compiling\ ColorPaletteBindingView.swift,\ ColorPaletteView.swift,\ CGVector+Additions.swift /Users/admin/builder/spi-builder-workspace/Sources/ElegantColorPalette/ColorPaletteBindingView.swift /Users/admin/builder/spi-builder-workspace/Sources/ElegantColorPalette/ColorPaletteView.swift /Users/admin/builder/spi-builder-workspace/Sources/ElegantColorPalette/Helpers/Extensions/CGVector+Additions.swift (in target 'ElegantColorPalette' from project 'ElegantColorPalette')
/Users/admin/builder/spi-builder-workspace/Sources/ElegantColorPalette/ColorPaletteBindingView.swift:40:37: error: cannot find type 'Context' in scope
38 | }
39 |
40 | public func makeUIView(context: Context) -> ColorPaletteView {
| `- error: cannot find type 'Context' in scope
41 | ColorPaletteView(colors: colors, selectedColor: selectedColor)
42 | }
/Users/admin/builder/spi-builder-workspace/Sources/ElegantColorPalette/ColorPaletteBindingView.swift:44:67: error: cannot find type 'Context' in scope
42 | }
43 |
44 | public func updateUIView(_ uiView: ColorPaletteView, context: Context) {
| `- error: cannot find type 'Context' in scope
45 | uiView
46 | .didSelectColor(groupedCallback)
/Users/admin/builder/spi-builder-workspace/Sources/ElegantColorPalette/ColorPaletteBindingView.swift:16:40: error: cannot find type 'UIViewRepresentable' in scope
14 | /// .nodeStyle(CustomNodeStyle())
15 | ///
16 | public struct ColorPaletteBindingView: UIViewRepresentable {
| `- error: cannot find type 'UIViewRepresentable' in scope
17 |
18 | public typealias UIViewType = ColorPaletteView
/Users/admin/builder/spi-builder-workspace/Sources/ElegantColorPalette/ColorPaletteView.swift:17:32: error: cannot find type 'SKView' in scope
15 | /// .nodeStyle(CustomNodeStyle())
16 | ///
17 | public class ColorPaletteView: SKView {
| `- error: cannot find type 'SKView' in scope
18 |
19 | public lazy var paletteScene: ColorPaletteScene = {
/Users/admin/builder/spi-builder-workspace/Sources/ElegantColorPalette/ColorPaletteView.swift:23:9: error: cannot find 'presentScene' in scope
21 | scene.scaleMode = .resizeFill
22 | scene.anchorPoint = .init(x: 0.5, y: 0.5)
23 | presentScene(scene)
| `- error: cannot find 'presentScene' in scope
24 | return scene
25 | }()
/Users/admin/builder/spi-builder-workspace/Sources/ElegantColorPalette/ColorPaletteView.swift:43:14: error: initializer does not override a designated initializer from its superclass
41 | /// Make sure to call `update(colors:selectedColor)` to populate the view with colors before showing it.
42 | /// - Parameter frame: The frame rectangle for the view, measured in points.
43 | override init(frame: CGRect) {
| `- error: initializer does not override a designated initializer from its superclass
44 | paletteManager = ColorPaletteManager(colors: [], selectedColor: nil)
45 | super.init(frame: frame)
/Users/admin/builder/spi-builder-workspace/Sources/ElegantColorPalette/ColorPaletteView.swift:66:26: error: method does not override any method from its superclass
64 |
65 | // https://stackoverflow.com/questions/728372/when-is-layoutsubviews-called
66 | public override func layoutSubviews() {
| `- error: method does not override any method from its superclass
67 | super.layoutSubviews()
68 |
/Users/admin/builder/spi-builder-workspace/Sources/ElegantColorPalette/ColorPaletteView.swift:84:78: error: 'UITraitCollection' is unavailable in watchOS
82 | }
83 |
84 | public override func traitCollectionDidChange(_ previousTraitCollection: UITraitCollection?) {
| `- error: 'UITraitCollection' is unavailable in watchOS
85 | super.traitCollectionDidChange(previousTraitCollection)
86 |
/Applications/Xcode-27.0.0-Release.Candidate.app/Contents/Developer/Platforms/WatchOS.platform/Developer/SDKs/WatchOS27.0.sdk/System/Library/Frameworks/UIKit.framework/Headers/UITraitCollection.h:23:12: note: 'UITraitCollection' has been explicitly marked unavailable here
21 |
22 | UIKIT_EXTERN API_AVAILABLE(ios(8.0)) API_UNAVAILABLE(watchos) NS_SWIFT_SENDABLE
23 | @interface UITraitCollection : NSObject <NSCopying, NSSecureCoding>
| `- note: 'UITraitCollection' has been explicitly marked unavailable here
24 |
25 | - (instancetype)init NS_DESIGNATED_INITIALIZER;
/Users/admin/builder/spi-builder-workspace/Sources/ElegantColorPalette/ColorPaletteView.swift:84:26: error: method does not override any method from its superclass
82 | }
83 |
84 | public override func traitCollectionDidChange(_ previousTraitCollection: UITraitCollection?) {
| `- error: method does not override any method from its superclass
85 | super.traitCollectionDidChange(previousTraitCollection)
86 |
/Users/admin/builder/spi-builder-workspace/Sources/ElegantColorPalette/ColorPaletteView.swift:35:9: error: 'super' cannot be used in class 'ColorPaletteView' because it has no superclass
33 | public init(colors: [PaletteColor], selectedColor: PaletteColor? = nil) {
34 | paletteManager = ColorPaletteManager(colors: colors, selectedColor: selectedColor)
35 | super.init(frame: .zero)
| `- error: 'super' cannot be used in class 'ColorPaletteView' because it has no superclass
36 | commonInit()
37 | }
/Users/admin/builder/spi-builder-workspace/Sources/ElegantColorPalette/ColorPaletteView.swift:45:9: error: 'super' cannot be used in class 'ColorPaletteView' because it has no superclass
43 | override init(frame: CGRect) {
44 | paletteManager = ColorPaletteManager(colors: [], selectedColor: nil)
45 | super.init(frame: frame)
| `- error: 'super' cannot be used in class 'ColorPaletteView' because it has no superclass
46 | commonInit()
47 | }
/Users/admin/builder/spi-builder-workspace/Sources/ElegantColorPalette/ColorPaletteView.swift:55:9: error: 'super' cannot be used in class 'ColorPaletteView' because it has no superclass
53 | required init?(coder: NSCoder) {
54 | paletteManager = ColorPaletteManager(colors: [], selectedColor: nil)
55 | super.init(coder: coder)
| `- error: 'super' cannot be used in class 'ColorPaletteView' because it has no superclass
56 | commonInit()
57 | }
/Users/admin/builder/spi-builder-workspace/Sources/ElegantColorPalette/ColorPaletteView.swift:60:9: error: cannot find 'allowsTransparency' in scope
58 |
59 | private func commonInit() {
60 | allowsTransparency = true
| `- error: cannot find 'allowsTransparency' in scope
61 | backgroundColor = .clear
62 | isUserInteractionEnabled = true
/Users/admin/builder/spi-builder-workspace/Sources/ElegantColorPalette/ColorPaletteView.swift:61:9: error: cannot find 'backgroundColor' in scope
59 | private func commonInit() {
60 | allowsTransparency = true
61 | backgroundColor = .clear
| `- error: cannot find 'backgroundColor' in scope
62 | isUserInteractionEnabled = true
63 | }
/Users/admin/builder/spi-builder-workspace/Sources/ElegantColorPalette/ColorPaletteView.swift:61:28: error: cannot infer contextual base in reference to member 'clear'
59 | private func commonInit() {
60 | allowsTransparency = true
61 | backgroundColor = .clear
| `- error: cannot infer contextual base in reference to member 'clear'
62 | isUserInteractionEnabled = true
63 | }
/Users/admin/builder/spi-builder-workspace/Sources/ElegantColorPalette/ColorPaletteView.swift:62:9: error: cannot find 'isUserInteractionEnabled' in scope
60 | allowsTransparency = true
61 | backgroundColor = .clear
62 | isUserInteractionEnabled = true
| `- error: cannot find 'isUserInteractionEnabled' in scope
63 | }
64 |
/Users/admin/builder/spi-builder-workspace/Sources/ElegantColorPalette/ColorPaletteView.swift:67:9: error: 'super' cannot be used in class 'ColorPaletteView' because it has no superclass
65 | // https://stackoverflow.com/questions/728372/when-is-layoutsubviews-called
66 | public override func layoutSubviews() {
67 | super.layoutSubviews()
| `- error: 'super' cannot be used in class 'ColorPaletteView' because it has no superclass
68 |
69 | _ = paletteScene
/Users/admin/builder/spi-builder-workspace/Sources/ElegantColorPalette/ColorPaletteView.swift:85:9: error: 'super' cannot be used in class 'ColorPaletteView' because it has no superclass
83 |
84 | public override func traitCollectionDidChange(_ previousTraitCollection: UITraitCollection?) {
85 | super.traitCollectionDidChange(previousTraitCollection)
| `- error: 'super' cannot be used in class 'ColorPaletteView' because it has no superclass
86 |
87 | paletteManager.activeColorScheme = traitCollection.userInterfaceStyle
SwiftCompile normal arm64_32 /Users/admin/builder/spi-builder-workspace/Sources/ElegantColorPalette/ColorPaletteBindingView.swift (in target 'ElegantColorPalette' from project 'ElegantColorPalette')
cd /Users/admin/builder/spi-builder-workspace/.swiftpm/xcode
builtin-SwiftPerFileCompile ColorPaletteBindingView.swift
SwiftCompile normal arm64_32 /Users/admin/builder/spi-builder-workspace/Sources/ElegantColorPalette/ColorPaletteView.swift (in target 'ElegantColorPalette' from project 'ElegantColorPalette')
cd /Users/admin/builder/spi-builder-workspace/.swiftpm/xcode
builtin-SwiftPerFileCompile ColorPaletteView.swift
SwiftCompile normal arm64_32 /Users/admin/builder/spi-builder-workspace/Sources/ElegantColorPalette/Helpers/Extensions/CGVector+Additions.swift (in target 'ElegantColorPalette' from project 'ElegantColorPalette')
cd /Users/admin/builder/spi-builder-workspace/.swiftpm/xcode
builtin-SwiftPerFileCompile CGVector+Additions.swift
SwiftCompile normal arm64_32 Compiling\ SpawnConfiguration.swift,\ FocusModifier.swift,\ FontModifier.swift /Users/admin/builder/spi-builder-workspace/Sources/ElegantColorPalette/Helpers/Models/SpawnConfiguration.swift /Users/admin/builder/spi-builder-workspace/Sources/ElegantColorPalette/Helpers/Modifiers/FocusModifier.swift /Users/admin/builder/spi-builder-workspace/Sources/ElegantColorPalette/Helpers/Modifiers/FontModifier.swift (in target 'ElegantColorPalette' from project 'ElegantColorPalette')
SwiftCompile normal arm64_32 /Users/admin/builder/spi-builder-workspace/Sources/ElegantColorPalette/Helpers/Models/SpawnConfiguration.swift (in target 'ElegantColorPalette' from project 'ElegantColorPalette')
cd /Users/admin/builder/spi-builder-workspace/.swiftpm/xcode
builtin-SwiftPerFileCompile SpawnConfiguration.swift
SwiftCompile normal arm64_32 /Users/admin/builder/spi-builder-workspace/Sources/ElegantColorPalette/Helpers/Modifiers/FocusModifier.swift (in target 'ElegantColorPalette' from project 'ElegantColorPalette')
cd /Users/admin/builder/spi-builder-workspace/.swiftpm/xcode
builtin-SwiftPerFileCompile FocusModifier.swift
SwiftCompile normal arm64_32 /Users/admin/builder/spi-builder-workspace/Sources/ElegantColorPalette/Helpers/Modifiers/FontModifier.swift (in target 'ElegantColorPalette' from project 'ElegantColorPalette')
cd /Users/admin/builder/spi-builder-workspace/.swiftpm/xcode
builtin-SwiftPerFileCompile FontModifier.swift
SwiftExplicitDependencyGeneratePcm arm64 /Users/admin/builder/spi-builder-workspace/.derivedData/SDKExplicitPrecompiledModules/SwiftUI-APXDH8ULYLM6FD17YRA73TULO.pcm
PruneExplicitPrecompiledModules /Users/admin/builder/spi-builder-workspace/.derivedData/Build/Intermediates.noindex/ExplicitPrecompiledModules
PruneExplicitPrecompiledModules /Users/admin/builder/spi-builder-workspace/.derivedData/Build/Intermediates.noindex/SwiftExplicitPrecompiledModules
PruneExplicitPrecompiledModules /Users/admin/builder/spi-builder-workspace/.derivedData/SDKExplicitPrecompiledModules
2026-09-17 01:13:59.199 xcodebuild[660:4353] [MT] IDERunDestination: Supported platforms for the buildables in the current scheme is empty.
** BUILD FAILED **
The following build commands failed:
SwiftEmitModule normal arm64_32 Emitting\ module\ for\ ElegantColorPalette (in target 'ElegantColorPalette' from project 'ElegantColorPalette')
SwiftCompile normal arm64_32 (in target 'ElegantColorPalette' from project 'ElegantColorPalette')
Building workspace ElegantColorPalette with scheme ElegantColorPalette
(3 failures)
Command line invocation:
/Applications/Xcode-27.0.0-Release.Candidate.app/Contents/Developer/usr/bin/xcodebuild -IDEClonedSourcePackagesDirPathOverride=/Users/admin/builder/spi-builder-workspace/.dependencies -resolvePackageDependencies
Resolve Package Graph
Resolved source packages:
ElegantColorPalette: /Users/admin/builder/spi-builder-workspace
resolved source packages: ElegantColorPalette
2026-09-17 01:14:05.986 xcodebuild[806:4926] [MT] IDERunDestination: Supported platforms for the buildables in the current scheme is empty.
{
"dependencies" : [
],
"manifest_display_name" : "ElegantColorPalette",
"name" : "ElegantColorPalette",
"path" : "/Users/admin/builder/spi-builder-workspace",
"platforms" : [
{
"name" : "ios",
"version" : "13.0"
}
],
"products" : [
{
"name" : "ElegantColorPalette",
"targets" : [
"ElegantColorPalette"
],
"type" : {
"library" : [
"automatic"
]
}
}
],
"targets" : [
{
"c99name" : "ElegantColorPalette",
"module_type" : "SwiftTarget",
"name" : "ElegantColorPalette",
"path" : "Sources/ElegantColorPalette",
"product_memberships" : [
"ElegantColorPalette"
],
"sources" : [
"ColorPaletteBindingView.swift",
"ColorPaletteView.swift",
"Helpers/Extensions/CGVector+Additions.swift",
"Helpers/Extensions/CGVector+Operators.swift",
"Helpers/Extensions/ColorNode+Modifiers.swift",
"Helpers/Extensions/Comparable+Clamped.swift",
"Helpers/Extensions/UIColor+Color.swift",
"Helpers/Models/ColorPaletteManager.swift",
"Helpers/Models/DefaultNodeStyle.swift",
"Helpers/Models/FocusSettings.swift",
"Helpers/Models/NodeStyleConfiguration.swift",
"Helpers/Models/PaletteColor.swift",
"Helpers/Models/SpawnConfiguration.swift",
"Helpers/Modifiers/FocusModifier.swift",
"Helpers/Modifiers/FontModifier.swift",
"Helpers/Modifiers/HighlightModifier.swift",
"Helpers/Modifiers/RadiusModifier.swift",
"Helpers/Modifiers/ScaleFadeModifier.swift",
"Helpers/Modifiers/StartUpModifier.swift",
"Helpers/Protocols/Buildable.swift",
"Helpers/Protocols/ColorSchemeObserver.swift",
"Helpers/Protocols/NodeModifier.swift",
"Helpers/Protocols/NodeStyle.swift",
"Views/ColorNode.swift",
"Views/ColorPaletteScene.swift",
"Views/ColorsContainerNode.swift"
],
"type" : "library"
}
],
"tools_version" : "5.1"
}
{
"workspace" : {
"name" : "ElegantColorPalette",
"schemes" : [
"ElegantColorPalette"
]
}
}
2026-09-17 01:14:07.181 xcodebuild[814:4996] [MT] IDERunDestination: Supported platforms for the buildables in the current scheme is empty.
Running build ...
env DEVELOPER_DIR=/Applications/Xcode-27.0.0-Release.Candidate.app xcrun xcodebuild -IDEClonedSourcePackagesDirPathOverride=$PWD/.dependencies -skipMacroValidation -skipPackagePluginValidation -derivedDataPath $PWD/.derivedData build -scheme ElegantColorPalette -destination generic/platform=watchOS
Command line invocation:
/Applications/Xcode-27.0.0-Release.Candidate.app/Contents/Developer/usr/bin/xcodebuild -IDEClonedSourcePackagesDirPathOverride=/Users/admin/builder/spi-builder-workspace/.dependencies -skipMacroValidation -skipPackagePluginValidation -derivedDataPath /Users/admin/builder/spi-builder-workspace/.derivedData build -scheme ElegantColorPalette -destination generic/platform=watchOS
Resolve Package Graph
Resolved source packages:
ElegantColorPalette: /Users/admin/builder/spi-builder-workspace
ComputePackagePrebuildTargetDependencyGraph
Prepare packages
CreateBuildRequest
SendProjectDescription
CreateBuildOperation
ComputeTargetDependencyGraph
note: Building targets in dependency order
note: Target dependency graph (2 targets)
Target 'ElegantColorPalette-product' in project 'ElegantColorPalette'
➜ Explicit dependency on target 'ElegantColorPalette' in project 'ElegantColorPalette'
Target 'ElegantColorPalette' in project 'ElegantColorPalette' (no dependencies)
GatherProvisioningInputs
CreateBuildDescription
ClangStatCache /Applications/Xcode-27.0.0-Release.Candidate.app/Contents/Developer/Toolchains/XcodeDefault.xctoolchain/usr/bin/clang-stat-cache /Applications/Xcode-27.0.0-Release.Candidate.app/Contents/Developer/Platforms/WatchOS.platform/Developer/SDKs/WatchOS27.0.sdk /Users/admin/builder/spi-builder-workspace/.derivedData/SDKStatCaches.noindex/watchos27.0-24R360-e829b21a6f8c9b70876ba0858053c04477534ef55a1706bf4c1112bbb242f0a2.sdkstatcache
cd /Users/admin/builder/spi-builder-workspace/.swiftpm/xcode
/Applications/Xcode-27.0.0-Release.Candidate.app/Contents/Developer/Toolchains/XcodeDefault.xctoolchain/usr/bin/clang-stat-cache /Applications/Xcode-27.0.0-Release.Candidate.app/Contents/Developer/Platforms/WatchOS.platform/Developer/SDKs/WatchOS27.0.sdk -o /Users/admin/builder/spi-builder-workspace/.derivedData/SDKStatCaches.noindex/watchos27.0-24R360-e829b21a6f8c9b70876ba0858053c04477534ef55a1706bf4c1112bbb242f0a2.sdkstatcache
SwiftDriver ElegantColorPalette normal arm64 com.apple.xcode.tools.swift.compiler (in target 'ElegantColorPalette' from project 'ElegantColorPalette')
cd /Users/admin/builder/spi-builder-workspace/.swiftpm/xcode
builtin-SwiftDriver -- /Applications/Xcode-27.0.0-Release.Candidate.app/Contents/Developer/Toolchains/XcodeDefault.xctoolchain/usr/bin/swiftc -parse-as-library -module-name ElegantColorPalette -Onone @/Users/admin/builder/spi-builder-workspace/.derivedData/Build/Intermediates.noindex/ElegantColorPalette.build/Debug-watchos/ElegantColorPalette-t.build/Objects-normal/arm64/ElegantColorPalette.SwiftFileList -DSWIFT_PACKAGE -DDEBUG -DSWIFT_MODULE_RESOURCE_BUNDLE_UNAVAILABLE -DXcode -plugin-path /Applications/Xcode-27.0.0-Release.Candidate.app/Contents/Developer/Toolchains/XcodeDefault.xctoolchain/usr/lib/swift/host/plugins/testing -enable-experimental-feature DebugDescriptionMacro -sdk /Applications/Xcode-27.0.0-Release.Candidate.app/Contents/Developer/Platforms/WatchOS.platform/Developer/SDKs/WatchOS27.0.sdk -target arm64-apple-watchos9.0 -g -module-cache-path /Users/admin/builder/spi-builder-workspace/.derivedData/ModuleCache.noindex -Xfrontend -serialize-debugging-options -enable-testing -index-store-path /Users/admin/builder/spi-builder-workspace/.derivedData/Index.noindex/DataStore -Xcc -D_LIBCPP_HARDENING_MODE\=_LIBCPP_HARDENING_MODE_DEBUG -swift-version 5 -I /Users/admin/builder/spi-builder-workspace/.derivedData/Build/Products/Debug-watchos -Isystem /Applications/Xcode-27.0.0-Release.Candidate.app/Contents/Developer/Platforms/WatchOS.platform/Developer/usr/lib -F /Users/admin/builder/spi-builder-workspace/.derivedData/Build/Products/Debug-watchos -F /Applications/Xcode-27.0.0-Release.Candidate.app/Contents/Developer/Platforms/WatchOS.platform/Developer/Library/Frameworks -F /Applications/Xcode-27.0.0-Release.Candidate.app/Contents/Developer/Platforms/WatchOS.platform/Developer/SDKs/WatchOS27.0.sdk/Developer/Library/Frameworks -c -j10 -enable-batch-mode -incremental -Xcc -ivfsstatcache -Xcc /Users/admin/builder/spi-builder-workspace/.derivedData/SDKStatCaches.noindex/watchos27.0-24R360-e829b21a6f8c9b70876ba0858053c04477534ef55a1706bf4c1112bbb242f0a2.sdkstatcache -output-file-map /Users/admin/builder/spi-builder-workspace/.derivedData/Build/Intermediates.noindex/ElegantColorPalette.build/Debug-watchos/ElegantColorPalette-t.build/Objects-normal/arm64/ElegantColorPalette-OutputFileMap.json -save-temps -no-color-diagnostics -explicit-module-build -module-cache-path /Users/admin/builder/spi-builder-workspace/.derivedData/Build/Intermediates.noindex/SwiftExplicitPrecompiledModules -clang-scanner-module-cache-path /Users/admin/builder/spi-builder-workspace/.derivedData/ModuleCache.noindex -sdk-module-cache-path /Users/admin/builder/spi-builder-workspace/.derivedData/SDKExplicitPrecompiledModules -emit-dependencies -emit-module -emit-module-path /Users/admin/builder/spi-builder-workspace/.derivedData/Build/Intermediates.noindex/ElegantColorPalette.build/Debug-watchos/ElegantColorPalette-t.build/Objects-normal/arm64/ElegantColorPalette.swiftmodule -serialize-diagnostics -dependency-scan-serialize-diagnostics-path /Users/admin/builder/spi-builder-workspace/.derivedData/Build/Intermediates.noindex/ElegantColorPalette.build/Debug-watchos/ElegantColorPalette-t.build/Objects-normal/arm64/ElegantColorPalette-dependency-scan.dia -validate-clang-modules-once -clang-build-session-file /Users/admin/builder/spi-builder-workspace/.derivedData/ModuleCache.noindex/Session.modulevalidation -Xcc -fmodules-prune-interval\=86400 -Xcc -fmodules-prune-after\=345600 -emit-const-values -const-gather-protocols-list /Users/admin/builder/spi-builder-workspace/.derivedData/Build/Intermediates.noindex/ElegantColorPalette.build/Debug-watchos/ElegantColorPalette-t.build/Objects-normal/arm64/ElegantColorPalette_const_extract_protocols.json -Xcc -I/Users/admin/builder/spi-builder-workspace/.derivedData/Build/Products/Debug-watchos/include -Xcc -I/Users/admin/builder/spi-builder-workspace/.derivedData/Build/Intermediates.noindex/ElegantColorPalette.build/Debug-watchos/ElegantColorPalette-t.build/DerivedSources-normal/arm64 -Xcc -I/Users/admin/builder/spi-builder-workspace/.derivedData/Build/Intermediates.noindex/ElegantColorPalette.build/Debug-watchos/ElegantColorPalette-t.build/DerivedSources/arm64 -Xcc -I/Users/admin/builder/spi-builder-workspace/.derivedData/Build/Intermediates.noindex/ElegantColorPalette.build/Debug-watchos/ElegantColorPalette-t.build/DerivedSources -Xcc -DSWIFT_PACKAGE -Xcc -DDEBUG\=1 -emit-objc-header -emit-objc-header-path /Users/admin/builder/spi-builder-workspace/.derivedData/Build/Intermediates.noindex/ElegantColorPalette.build/Debug-watchos/ElegantColorPalette-t.build/Objects-normal/arm64/ElegantColorPalette-Swift.h -working-directory /Users/admin/builder/spi-builder-workspace/.swiftpm/xcode -experimental-emit-module-separately -disable-cmo
SwiftDriver ElegantColorPalette normal arm64_32 com.apple.xcode.tools.swift.compiler (in target 'ElegantColorPalette' from project 'ElegantColorPalette')
cd /Users/admin/builder/spi-builder-workspace/.swiftpm/xcode
builtin-SwiftDriver -- /Applications/Xcode-27.0.0-Release.Candidate.app/Contents/Developer/Toolchains/XcodeDefault.xctoolchain/usr/bin/swiftc -parse-as-library -module-name ElegantColorPalette -Onone @/Users/admin/builder/spi-builder-workspace/.derivedData/Build/Intermediates.noindex/ElegantColorPalette.build/Debug-watchos/ElegantColorPalette-t.build/Objects-normal/arm64_32/ElegantColorPalette.SwiftFileList -DSWIFT_PACKAGE -DDEBUG -DSWIFT_MODULE_RESOURCE_BUNDLE_UNAVAILABLE -DXcode -plugin-path /Applications/Xcode-27.0.0-Release.Candidate.app/Contents/Developer/Toolchains/XcodeDefault.xctoolchain/usr/lib/swift/host/plugins/testing -enable-experimental-feature DebugDescriptionMacro -sdk /Applications/Xcode-27.0.0-Release.Candidate.app/Contents/Developer/Platforms/WatchOS.platform/Developer/SDKs/WatchOS27.0.sdk -target arm64_32-apple-watchos9.0 -g -module-cache-path /Users/admin/builder/spi-builder-workspace/.derivedData/ModuleCache.noindex -Xfrontend -serialize-debugging-options -enable-testing -index-store-path /Users/admin/builder/spi-builder-workspace/.derivedData/Index.noindex/DataStore -Xcc -D_LIBCPP_HARDENING_MODE\=_LIBCPP_HARDENING_MODE_DEBUG -swift-version 5 -I /Users/admin/builder/spi-builder-workspace/.derivedData/Build/Products/Debug-watchos -Isystem /Applications/Xcode-27.0.0-Release.Candidate.app/Contents/Developer/Platforms/WatchOS.platform/Developer/usr/lib -F /Users/admin/builder/spi-builder-workspace/.derivedData/Build/Products/Debug-watchos -F /Applications/Xcode-27.0.0-Release.Candidate.app/Contents/Developer/Platforms/WatchOS.platform/Developer/Library/Frameworks -F /Applications/Xcode-27.0.0-Release.Candidate.app/Contents/Developer/Platforms/WatchOS.platform/Developer/SDKs/WatchOS27.0.sdk/Developer/Library/Frameworks -c -j10 -enable-batch-mode -incremental -Xcc -ivfsstatcache -Xcc /Users/admin/builder/spi-builder-workspace/.derivedData/SDKStatCaches.noindex/watchos27.0-24R360-e829b21a6f8c9b70876ba0858053c04477534ef55a1706bf4c1112bbb242f0a2.sdkstatcache -output-file-map /Users/admin/builder/spi-builder-workspace/.derivedData/Build/Intermediates.noindex/ElegantColorPalette.build/Debug-watchos/ElegantColorPalette-t.build/Objects-normal/arm64_32/ElegantColorPalette-OutputFileMap.json -save-temps -no-color-diagnostics -explicit-module-build -module-cache-path /Users/admin/builder/spi-builder-workspace/.derivedData/Build/Intermediates.noindex/SwiftExplicitPrecompiledModules -clang-scanner-module-cache-path /Users/admin/builder/spi-builder-workspace/.derivedData/ModuleCache.noindex -sdk-module-cache-path /Users/admin/builder/spi-builder-workspace/.derivedData/SDKExplicitPrecompiledModules -emit-dependencies -emit-module -emit-module-path /Users/admin/builder/spi-builder-workspace/.derivedData/Build/Intermediates.noindex/ElegantColorPalette.build/Debug-watchos/ElegantColorPalette-t.build/Objects-normal/arm64_32/ElegantColorPalette.swiftmodule -serialize-diagnostics -dependency-scan-serialize-diagnostics-path /Users/admin/builder/spi-builder-workspace/.derivedData/Build/Intermediates.noindex/ElegantColorPalette.build/Debug-watchos/ElegantColorPalette-t.build/Objects-normal/arm64_32/ElegantColorPalette-dependency-scan.dia -validate-clang-modules-once -clang-build-session-file /Users/admin/builder/spi-builder-workspace/.derivedData/ModuleCache.noindex/Session.modulevalidation -Xcc -fmodules-prune-interval\=86400 -Xcc -fmodules-prune-after\=345600 -emit-const-values -const-gather-protocols-list /Users/admin/builder/spi-builder-workspace/.derivedData/Build/Intermediates.noindex/ElegantColorPalette.build/Debug-watchos/ElegantColorPalette-t.build/Objects-normal/arm64_32/ElegantColorPalette_const_extract_protocols.json -Xcc -I/Users/admin/builder/spi-builder-workspace/.derivedData/Build/Products/Debug-watchos/include -Xcc -I/Users/admin/builder/spi-builder-workspace/.derivedData/Build/Intermediates.noindex/ElegantColorPalette.build/Debug-watchos/ElegantColorPalette-t.build/DerivedSources-normal/arm64_32 -Xcc -I/Users/admin/builder/spi-builder-workspace/.derivedData/Build/Intermediates.noindex/ElegantColorPalette.build/Debug-watchos/ElegantColorPalette-t.build/DerivedSources/arm64_32 -Xcc -I/Users/admin/builder/spi-builder-workspace/.derivedData/Build/Intermediates.noindex/ElegantColorPalette.build/Debug-watchos/ElegantColorPalette-t.build/DerivedSources -Xcc -DSWIFT_PACKAGE -Xcc -DDEBUG\=1 -emit-objc-header -emit-objc-header-path /Users/admin/builder/spi-builder-workspace/.derivedData/Build/Intermediates.noindex/ElegantColorPalette.build/Debug-watchos/ElegantColorPalette-t.build/Objects-normal/arm64_32/ElegantColorPalette-Swift.h -working-directory /Users/admin/builder/spi-builder-workspace/.swiftpm/xcode -experimental-emit-module-separately -disable-cmo
SwiftEmitModule normal arm64_32 Emitting\ module\ for\ ElegantColorPalette (in target 'ElegantColorPalette' from project 'ElegantColorPalette')
/Users/admin/builder/spi-builder-workspace/Sources/ElegantColorPalette/ColorPaletteBindingView.swift:40:37: error: cannot find type 'Context' in scope
38 | }
39 |
40 | public func makeUIView(context: Context) -> ColorPaletteView {
| `- error: cannot find type 'Context' in scope
41 | ColorPaletteView(colors: colors, selectedColor: selectedColor)
42 | }
/Users/admin/builder/spi-builder-workspace/Sources/ElegantColorPalette/ColorPaletteBindingView.swift:44:67: error: cannot find type 'Context' in scope
42 | }
43 |
44 | public func updateUIView(_ uiView: ColorPaletteView, context: Context) {
| `- error: cannot find type 'Context' in scope
45 | uiView
46 | .didSelectColor(groupedCallback)
/Users/admin/builder/spi-builder-workspace/Sources/ElegantColorPalette/ColorPaletteBindingView.swift:16:40: error: cannot find type 'UIViewRepresentable' in scope
14 | /// .nodeStyle(CustomNodeStyle())
15 | ///
16 | public struct ColorPaletteBindingView: UIViewRepresentable {
| `- error: cannot find type 'UIViewRepresentable' in scope
17 |
18 | public typealias UIViewType = ColorPaletteView
/Users/admin/builder/spi-builder-workspace/Sources/ElegantColorPalette/ColorPaletteView.swift:17:32: error: cannot find type 'SKView' in scope
15 | /// .nodeStyle(CustomNodeStyle())
16 | ///
17 | public class ColorPaletteView: SKView {
| `- error: cannot find type 'SKView' in scope
18 |
19 | public lazy var paletteScene: ColorPaletteScene = {
/Users/admin/builder/spi-builder-workspace/Sources/ElegantColorPalette/ColorPaletteView.swift:23:9: error: cannot find 'presentScene' in scope
21 | scene.scaleMode = .resizeFill
22 | scene.anchorPoint = .init(x: 0.5, y: 0.5)
23 | presentScene(scene)
| `- error: cannot find 'presentScene' in scope
24 | return scene
25 | }()
/Users/admin/builder/spi-builder-workspace/Sources/ElegantColorPalette/ColorPaletteView.swift:43:14: error: initializer does not override a designated initializer from its superclass
41 | /// Make sure to call `update(colors:selectedColor)` to populate the view with colors before showing it.
42 | /// - Parameter frame: The frame rectangle for the view, measured in points.
43 | override init(frame: CGRect) {
| `- error: initializer does not override a designated initializer from its superclass
44 | paletteManager = ColorPaletteManager(colors: [], selectedColor: nil)
45 | super.init(frame: frame)
/Users/admin/builder/spi-builder-workspace/Sources/ElegantColorPalette/ColorPaletteView.swift:66:26: error: method does not override any method from its superclass
64 |
65 | // https://stackoverflow.com/questions/728372/when-is-layoutsubviews-called
66 | public override func layoutSubviews() {
| `- error: method does not override any method from its superclass
67 | super.layoutSubviews()
68 |
/Users/admin/builder/spi-builder-workspace/Sources/ElegantColorPalette/ColorPaletteView.swift:84:78: error: 'UITraitCollection' is unavailable in watchOS
82 | }
83 |
84 | public override func traitCollectionDidChange(_ previousTraitCollection: UITraitCollection?) {
| `- error: 'UITraitCollection' is unavailable in watchOS
85 | super.traitCollectionDidChange(previousTraitCollection)
86 |
/Applications/Xcode-27.0.0-Release.Candidate.app/Contents/Developer/Platforms/WatchOS.platform/Developer/SDKs/WatchOS27.0.sdk/System/Library/Frameworks/UIKit.framework/Headers/UITraitCollection.h:23:12: note: 'UITraitCollection' has been explicitly marked unavailable here
21 |
22 | UIKIT_EXTERN API_AVAILABLE(ios(8.0)) API_UNAVAILABLE(watchos) NS_SWIFT_SENDABLE
23 | @interface UITraitCollection : NSObject <NSCopying, NSSecureCoding>
| `- note: 'UITraitCollection' has been explicitly marked unavailable here
24 |
25 | - (instancetype)init NS_DESIGNATED_INITIALIZER;
/Users/admin/builder/spi-builder-workspace/Sources/ElegantColorPalette/ColorPaletteView.swift:84:26: error: method does not override any method from its superclass
82 | }
83 |
84 | public override func traitCollectionDidChange(_ previousTraitCollection: UITraitCollection?) {
| `- error: method does not override any method from its superclass
85 | super.traitCollectionDidChange(previousTraitCollection)
86 |
/Users/admin/builder/spi-builder-workspace/Sources/ElegantColorPalette/Helpers/Extensions/ColorNode+Modifiers.swift:22:81: error: 'label' is unavailable in watchOS
20 | /// - Parameter uiColor: The font color to use in this node.
21 | /// - Returns: A node with the default font set to the value you supply.
22 | func font(name: String = "SanFranciscoDisplay-Regular", uiColor: UIColor = .label) -> ColorNode {
| `- error: 'label' is unavailable in watchOS
23 | modifier(FontModifier(name: name, uiColor: uiColor))
24 | }
/Applications/Xcode-27.0.0-Release.Candidate.app/Contents/Developer/Platforms/WatchOS.platform/Developer/SDKs/WatchOS27.0.sdk/System/Library/Frameworks/UIKit.framework/Headers/UIInterface.h:171:49: note: 'label' has been explicitly marked unavailable here
169 | /* Foreground colors for static text and related elements.
170 | */
171 | @property (class, nonatomic, readonly) UIColor *labelColor API_AVAILABLE(ios(13.0), tvos(13.0)) API_UNAVAILABLE(watchos);
| `- note: 'label' has been explicitly marked unavailable here
172 | @property (class, nonatomic, readonly) UIColor *secondaryLabelColor API_AVAILABLE(ios(13.0), tvos(13.0)) API_UNAVAILABLE(watchos);
173 | @property (class, nonatomic, readonly) UIColor *tertiaryLabelColor API_AVAILABLE(ios(13.0), tvos(13.0)) API_UNAVAILABLE(watchos);
/Users/admin/builder/spi-builder-workspace/Sources/ElegantColorPalette/Helpers/Models/ColorPaletteManager.swift:7:25: error: 'UIUserInterfaceStyle' is unavailable in watchOS
5 | import UIKit
6 |
7 | typealias ColorScheme = UIUserInterfaceStyle
| `- error: 'UIUserInterfaceStyle' is unavailable in watchOS
8 |
9 | class ColorPaletteManager: ObservableObject {
/Applications/Xcode-27.0.0-Release.Candidate.app/Contents/Developer/Platforms/WatchOS.platform/Developer/SDKs/WatchOS27.0.sdk/System/Library/Frameworks/UIKit.framework/Headers/UIInterface.h:32:28: note: 'UIUserInterfaceStyle' has been explicitly marked unavailable here
30 | } API_AVAILABLE(ios(8.0)) API_UNAVAILABLE(watchos);
31 |
32 | typedef NS_ENUM(NSInteger, UIUserInterfaceStyle) {
| `- note: 'UIUserInterfaceStyle' has been explicitly marked unavailable here
33 | UIUserInterfaceStyleUnspecified,
34 | UIUserInterfaceStyleLight,
/Users/admin/builder/spi-builder-workspace/Sources/ElegantColorPalette/Views/ColorPaletteScene.swift:84:43: error: cannot find type 'SKView' in scope
82 | extension ColorPaletteScene {
83 |
84 | public override func didMove(to view: SKView) {
| `- error: cannot find type 'SKView' in scope
85 | configureScenePhysics()
86 |
/Users/admin/builder/spi-builder-workspace/Sources/ElegantColorPalette/Views/ColorPaletteScene.swift:225:54: error: 'UITouch' is unavailable in watchOS
223 | extension ColorPaletteScene {
224 |
225 | public override func touchesBegan(_ touches: Set<UITouch>, with event: UIEvent?) {
| `- error: 'UITouch' is unavailable in watchOS
226 | guard let location = touches.first?.location(in: self) else { return }
227 | guard let node = node(at: location) else { return }
/Applications/Xcode-27.0.0-Release.Candidate.app/Contents/Developer/Platforms/WatchOS.platform/Developer/SDKs/WatchOS27.0.sdk/System/Library/Frameworks/UIKit.framework/Headers/UITouch.h:51:12: note: 'UITouch' has been explicitly marked unavailable here
49 |
50 | UIKIT_EXTERN API_AVAILABLE(ios(2.0)) API_UNAVAILABLE(watchos) NS_SWIFT_UI_ACTOR
51 | @interface UITouch : NSObject
| `- note: 'UITouch' has been explicitly marked unavailable here
52 |
53 | @property(nonatomic,readonly) NSTimeInterval timestamp;
/Users/admin/builder/spi-builder-workspace/Sources/ElegantColorPalette/Views/ColorPaletteScene.swift:225:76: error: 'UIEvent' is unavailable in watchOS
223 | extension ColorPaletteScene {
224 |
225 | public override func touchesBegan(_ touches: Set<UITouch>, with event: UIEvent?) {
| `- error: 'UIEvent' is unavailable in watchOS
226 | guard let location = touches.first?.location(in: self) else { return }
227 | guard let node = node(at: location) else { return }
/Applications/Xcode-27.0.0-Release.Candidate.app/Contents/Developer/Platforms/WatchOS.platform/Developer/SDKs/WatchOS27.0.sdk/System/Library/Frameworks/UIKit.framework/Headers/UIEvent.h:62:12: note: 'UIEvent' has been explicitly marked unavailable here
60 |
61 | UIKIT_EXTERN API_AVAILABLE(ios(2.0)) API_UNAVAILABLE(watchos) NS_SWIFT_UI_ACTOR
62 | @interface UIEvent : NSObject
| `- note: 'UIEvent' has been explicitly marked unavailable here
63 |
64 | @property(nonatomic,readonly) UIEventType type API_AVAILABLE(ios(3.0));
/Users/admin/builder/spi-builder-workspace/Sources/ElegantColorPalette/Views/ColorPaletteScene.swift:225:26: error: method does not override any method from its superclass
223 | extension ColorPaletteScene {
224 |
225 | public override func touchesBegan(_ touches: Set<UITouch>, with event: UIEvent?) {
| `- error: method does not override any method from its superclass
226 | guard let location = touches.first?.location(in: self) else { return }
227 | guard let node = node(at: location) else { return }
/Users/admin/builder/spi-builder-workspace/Sources/ElegantColorPalette/Views/ColorPaletteScene.swift:252:54: error: 'UITouch' is unavailable in watchOS
250 | extension ColorPaletteScene {
251 |
252 | public override func touchesMoved(_ touches: Set<UITouch>, with event: UIEvent?) {
| `- error: 'UITouch' is unavailable in watchOS
253 | guard let activeNode = state.activeNode else { return }
254 | if isNodeFocused(activeNode) &&
/Applications/Xcode-27.0.0-Release.Candidate.app/Contents/Developer/Platforms/WatchOS.platform/Developer/SDKs/WatchOS27.0.sdk/System/Library/Frameworks/UIKit.framework/Headers/UITouch.h:51:12: note: 'UITouch' has been explicitly marked unavailable here
49 |
50 | UIKIT_EXTERN API_AVAILABLE(ios(2.0)) API_UNAVAILABLE(watchos) NS_SWIFT_UI_ACTOR
51 | @interface UITouch : NSObject
| `- note: 'UITouch' has been explicitly marked unavailable here
52 |
53 | @property(nonatomic,readonly) NSTimeInterval timestamp;
/Users/admin/builder/spi-builder-workspace/Sources/ElegantColorPalette/Views/ColorPaletteScene.swift:252:76: error: 'UIEvent' is unavailable in watchOS
250 | extension ColorPaletteScene {
251 |
252 | public override func touchesMoved(_ touches: Set<UITouch>, with event: UIEvent?) {
| `- error: 'UIEvent' is unavailable in watchOS
253 | guard let activeNode = state.activeNode else { return }
254 | if isNodeFocused(activeNode) &&
/Applications/Xcode-27.0.0-Release.Candidate.app/Contents/Developer/Platforms/WatchOS.platform/Developer/SDKs/WatchOS27.0.sdk/System/Library/Frameworks/UIKit.framework/Headers/UIEvent.h:62:12: note: 'UIEvent' has been explicitly marked unavailable here
60 |
61 | UIKIT_EXTERN API_AVAILABLE(ios(2.0)) API_UNAVAILABLE(watchos) NS_SWIFT_UI_ACTOR
62 | @interface UIEvent : NSObject
| `- note: 'UIEvent' has been explicitly marked unavailable here
63 |
64 | @property(nonatomic,readonly) UIEventType type API_AVAILABLE(ios(3.0));
/Users/admin/builder/spi-builder-workspace/Sources/ElegantColorPalette/Views/ColorPaletteScene.swift:252:26: error: method does not override any method from its superclass
250 | extension ColorPaletteScene {
251 |
252 | public override func touchesMoved(_ touches: Set<UITouch>, with event: UIEvent?) {
| `- error: method does not override any method from its superclass
253 | guard let activeNode = state.activeNode else { return }
254 | if isNodeFocused(activeNode) &&
/Users/admin/builder/spi-builder-workspace/Sources/ElegantColorPalette/Views/ColorPaletteScene.swift:284:54: error: 'UITouch' is unavailable in watchOS
282 | extension ColorPaletteScene {
283 |
284 | public override func touchesEnded(_ touches: Set<UITouch>, with event: UIEvent?) {
| `- error: 'UITouch' is unavailable in watchOS
285 | guard let activeNode = state.activeNode else { return }
286 |
/Applications/Xcode-27.0.0-Release.Candidate.app/Contents/Developer/Platforms/WatchOS.platform/Developer/SDKs/WatchOS27.0.sdk/System/Library/Frameworks/UIKit.framework/Headers/UITouch.h:51:12: note: 'UITouch' has been explicitly marked unavailable here
49 |
50 | UIKIT_EXTERN API_AVAILABLE(ios(2.0)) API_UNAVAILABLE(watchos) NS_SWIFT_UI_ACTOR
51 | @interface UITouch : NSObject
| `- note: 'UITouch' has been explicitly marked unavailable here
52 |
53 | @property(nonatomic,readonly) NSTimeInterval timestamp;
/Users/admin/builder/spi-builder-workspace/Sources/ElegantColorPalette/Views/ColorPaletteScene.swift:284:76: error: 'UIEvent' is unavailable in watchOS
282 | extension ColorPaletteScene {
283 |
284 | public override func touchesEnded(_ touches: Set<UITouch>, with event: UIEvent?) {
| `- error: 'UIEvent' is unavailable in watchOS
285 | guard let activeNode = state.activeNode else { return }
286 |
/Applications/Xcode-27.0.0-Release.Candidate.app/Contents/Developer/Platforms/WatchOS.platform/Developer/SDKs/WatchOS27.0.sdk/System/Library/Frameworks/UIKit.framework/Headers/UIEvent.h:62:12: note: 'UIEvent' has been explicitly marked unavailable here
60 |
61 | UIKIT_EXTERN API_AVAILABLE(ios(2.0)) API_UNAVAILABLE(watchos) NS_SWIFT_UI_ACTOR
62 | @interface UIEvent : NSObject
| `- note: 'UIEvent' has been explicitly marked unavailable here
63 |
64 | @property(nonatomic,readonly) UIEventType type API_AVAILABLE(ios(3.0));
/Users/admin/builder/spi-builder-workspace/Sources/ElegantColorPalette/Views/ColorPaletteScene.swift:284:26: error: method does not override any method from its superclass
282 | extension ColorPaletteScene {
283 |
284 | public override func touchesEnded(_ touches: Set<UITouch>, with event: UIEvent?) {
| `- error: method does not override any method from its superclass
285 | guard let activeNode = state.activeNode else { return }
286 |
Failed frontend command:
SwiftCompile normal arm64_32 (in target 'ElegantColorPalette' from project 'ElegantColorPalette')
cd /Users/admin/builder/spi-builder-workspace/.swiftpm/xcode
/Applications/Xcode-27.0.0-Release.Candidate.app/Contents/Developer/Toolchains/XcodeDefault.xctoolchain/usr/bin/swift-frontend -frontend -emit-module -experimental-skip-non-inlinable-function-bodies-without-types /Users/admin/builder/spi-builder-workspace/Sources/ElegantColorPalette/ColorPaletteBindingView.swift /Users/admin/builder/spi-builder-workspace/Sources/ElegantColorPalette/ColorPaletteView.swift /Users/admin/builder/spi-builder-workspace/Sources/ElegantColorPalette/Helpers/Extensions/CGVector+Additions.swift /Users/admin/builder/spi-builder-workspace/Sources/ElegantColorPalette/Helpers/Extensions/CGVector+Operators.swift /Users/admin/builder/spi-builder-workspace/Sources/ElegantColorPalette/Helpers/Extensions/ColorNode+Modifiers.swift /Users/admin/builder/spi-builder-workspace/Sources/ElegantColorPalette/Helpers/Extensions/Comparable+Clamped.swift /Users/admin/builder/spi-builder-workspace/Sources/ElegantColorPalette/Helpers/Extensions/UIColor+Color.swift /Users/admin/builder/spi-builder-workspace/Sources/ElegantColorPalette/Helpers/Models/ColorPaletteManager.swift /Users/admin/builder/spi-builder-workspace/Sources/ElegantColorPalette/Helpers/Models/DefaultNodeStyle.swift /Users/admin/builder/spi-builder-workspace/Sources/ElegantColorPalette/Helpers/Models/FocusSettings.swift /Users/admin/builder/spi-builder-workspace/Sources/ElegantColorPalette/Helpers/Models/NodeStyleConfiguration.swift /Users/admin/builder/spi-builder-workspace/Sources/ElegantColorPalette/Helpers/Models/PaletteColor.swift /Users/admin/builder/spi-builder-workspace/Sources/ElegantColorPalette/Helpers/Models/SpawnConfiguration.swift /Users/admin/builder/spi-builder-workspace/Sources/ElegantColorPalette/Helpers/Modifiers/FocusModifier.swift /Users/admin/builder/spi-builder-workspace/Sources/ElegantColorPalette/Helpers/Modifiers/FontModifier.swift /Users/admin/builder/spi-builder-workspace/Sources/ElegantColorPalette/Helpers/Modifiers/HighlightModifier.swift /Users/admin/builder/spi-builder-workspace/Sources/ElegantColorPalette/Helpers/Modifiers/RadiusModifier.swift /Users/admin/builder/spi-builder-workspace/Sources/ElegantColorPalette/Helpers/Modifiers/ScaleFadeModifier.swift /Users/admin/builder/spi-builder-workspace/Sources/ElegantColorPalette/Helpers/Modifiers/StartUpModifier.swift /Users/admin/builder/spi-builder-workspace/Sources/ElegantColorPalette/Helpers/Protocols/Buildable.swift /Users/admin/builder/spi-builder-workspace/Sources/ElegantColorPalette/Helpers/Protocols/ColorSchemeObserver.swift /Users/admin/builder/spi-builder-workspace/Sources/ElegantColorPalette/Helpers/Protocols/NodeModifier.swift /Users/admin/builder/spi-builder-workspace/Sources/ElegantColorPalette/Helpers/Protocols/NodeStyle.swift /Users/admin/builder/spi-builder-workspace/Sources/ElegantColorPalette/Views/ColorNode.swift /Users/admin/builder/spi-builder-workspace/Sources/ElegantColorPalette/Views/ColorPaletteScene.swift /Users/admin/builder/spi-builder-workspace/Sources/ElegantColorPalette/Views/ColorsContainerNode.swift -target arm64_32-apple-watchos9.0 -disable-cross-import-overlay-search -swift-module-cross-import SpriteKit /Applications/Xcode-27.0.0-Release.Candidate.app/Contents/Developer/Platforms/WatchOS.platform/Developer/SDKs/WatchOS.sdk/System/Library/Frameworks/SpriteKit.framework/Modules/SpriteKit.swiftcrossimport/SwiftUI.swiftoverlay -load-resolved-plugin /Applications/Xcode-27.0.0-Release.Candidate.app/Contents/Developer/Platforms/WatchOS.platform/Developer/usr/lib/swift/host/plugins/libFoundationMacros.dylib\#/Applications/Xcode-27.0.0-Release.Candidate.app/Contents/Developer/Platforms/WatchOS.platform/Developer/usr/bin/swift-plugin-server\#FoundationMacros -load-resolved-plugin /Applications/Xcode-27.0.0-Release.Candidate.app/Contents/Developer/Platforms/WatchOS.platform/Developer/usr/lib/swift/host/plugins/libObservationMacros.dylib\#/Applications/Xcode-27.0.0-Release.Candidate.app/Contents/Developer/Platforms/WatchOS.platform/Developer/usr/bin/swift-plugin-server\#ObservationMacros -load-resolved-plugin /Applications/Xcode-27.0.0-Release.Candidate.app/Contents/Developer/Platforms/WatchOS.platform/Developer/usr/lib/swift/host/plugins/libPreviewsMacros.dylib\#/Applications/Xcode-27.0.0-Release.Candidate.app/Contents/Developer/Platforms/WatchOS.platform/Developer/usr/bin/swift-plugin-server\#PreviewsMacros -load-resolved-plugin /Applications/Xcode-27.0.0-Release.Candidate.app/Contents/Developer/Platforms/WatchOS.platform/Developer/usr/lib/swift/host/plugins/libSwiftMacros.dylib\#/Applications/Xcode-27.0.0-Release.Candidate.app/Contents/Developer/Platforms/WatchOS.platform/Developer/usr/bin/swift-plugin-server\#SwiftMacros -load-resolved-plugin /Applications/Xcode-27.0.0-Release.Candidate.app/Contents/Developer/Platforms/WatchOS.platform/Developer/usr/lib/swift/host/plugins/libSwiftUIMacros.dylib\#/Applications/Xcode-27.0.0-Release.Candidate.app/Contents/Developer/Platforms/WatchOS.platform/Developer/usr/bin/swift-plugin-server\#SwiftUIMacros -disable-implicit-swift-modules -Xcc -fno-implicit-modules -Xcc -fno-implicit-module-maps -explicit-swift-module-map-file /Users/admin/builder/spi-builder-workspace/.derivedData/Build/Intermediates.noindex/ElegantColorPalette.build/Debug-watchos/ElegantColorPalette-t.build/Objects-normal/arm64_32/ElegantColorPalette-dependencies-1.json -enable-objc-interop -sdk /Applications/Xcode-27.0.0-Release.Candidate.app/Contents/Developer/Platforms/WatchOS.platform/Developer/SDKs/WatchOS27.0.sdk -I /Users/admin/builder/spi-builder-workspace/.derivedData/Build/Products/Debug-watchos -Isystem /Applications/Xcode-27.0.0-Release.Candidate.app/Contents/Developer/Platforms/WatchOS.platform/Developer/usr/lib -F /Users/admin/builder/spi-builder-workspace/.derivedData/Build/Products/Debug-watchos -F /Applications/Xcode-27.0.0-Release.Candidate.app/Contents/Developer/Platforms/WatchOS.platform/Developer/Library/Frameworks -F /Applications/Xcode-27.0.0-Release.Candidate.app/Contents/Developer/Platforms/WatchOS.platform/Developer/SDKs/WatchOS27.0.sdk/Developer/Library/Frameworks -module-cache-path /Users/admin/builder/spi-builder-workspace/.derivedData/Build/Intermediates.noindex/SwiftExplicitPrecompiledModules -no-color-diagnostics -Xcc -fno-color-diagnostics -enable-testing -g -debug-info-format\=dwarf -dwarf-version\=4 -swift-version 5 -Onone -D SWIFT_PACKAGE -D DEBUG -D SWIFT_MODULE_RESOURCE_BUNDLE_UNAVAILABLE -D Xcode -serialize-debugging-options -enable-experimental-feature DebugDescriptionMacro -empty-abi-descriptor -validate-clang-modules-once -clang-build-session-file /Users/admin/builder/spi-builder-workspace/.derivedData/ModuleCache.noindex/Session.modulevalidation -Xcc -working-directory -Xcc /Users/admin/builder/spi-builder-workspace/.swiftpm/xcode -enable-anonymous-context-mangled-names -file-compilation-dir /Users/admin/builder/spi-builder-workspace/.swiftpm/xcode -Xcc -D_LIBCPP_HARDENING_MODE\=_LIBCPP_HARDENING_MODE_DEBUG -Xcc -ivfsstatcache -Xcc /Users/admin/builder/spi-builder-workspace/.derivedData/SDKStatCaches.noindex/watchos27.0-24R360-e829b21a6f8c9b70876ba0858053c04477534ef55a1706bf4c1112bbb242f0a2.sdkstatcache -Xcc -fmodules-prune-interval\=86400 -Xcc -fmodules-prune-after\=345600 -Xcc -I/Users/admin/builder/spi-builder-workspace/.derivedData/Build/Products/Debug-watchos/include -Xcc -I/Users/admin/builder/spi-builder-workspace/.derivedData/Build/Intermediates.noindex/ElegantColorPalette.build/Debug-watchos/ElegantColorPalette-t.build/DerivedSources-normal/arm64_32 -Xcc -I/Users/admin/builder/spi-builder-workspace/.derivedData/Build/Intermediates.noindex/ElegantColorPalette.build/Debug-watchos/ElegantColorPalette-t.build/DerivedSources/arm64_32 -Xcc -I/Users/admin/builder/spi-builder-workspace/.derivedData/Build/Intermediates.noindex/ElegantColorPalette.build/Debug-watchos/ElegantColorPalette-t.build/DerivedSources -Xcc -DSWIFT_PACKAGE -Xcc -DDEBUG\=1 -no-auto-bridging-header-chaining -module-name ElegantColorPalette -const-gather-protocols-file /Users/admin/builder/spi-builder-workspace/.derivedData/Build/Intermediates.noindex/ElegantColorPalette.build/Debug-watchos/ElegantColorPalette-t.build/Objects-normal/arm64_32/ElegantColorPalette_const_extract_protocols.json -disable-clang-spi -clang-target arm64_32-apple-watchos27.0 -target-sdk-version 27.0 -target-sdk-name watchos27.0 -in-process-plugin-server-path /Applications/Xcode-27.0.0-Release.Candidate.app/Contents/Developer/Toolchains/XcodeDefault.xctoolchain/usr/lib/swift/host/libSwiftInProcPluginServer.dylib -emit-module-doc-path /Users/admin/builder/spi-builder-workspace/.derivedData/Build/Intermediates.noindex/ElegantColorPalette.build/Debug-watchos/ElegantColorPalette-t.build/Objects-normal/arm64_32/ElegantColorPalette.swiftdoc -emit-module-source-info-path /Users/admin/builder/spi-builder-workspace/.derivedData/Build/Intermediates.noindex/ElegantColorPalette.build/Debug-watchos/ElegantColorPalette-t.build/Objects-normal/arm64_32/ElegantColorPalette.swiftsourceinfo -emit-objc-header-path /Users/admin/builder/spi-builder-workspace/.derivedData/Build/Intermediates.noindex/ElegantColorPalette.build/Debug-watchos/ElegantColorPalette-t.build/Objects-normal/arm64_32/ElegantColorPalette-Swift.h -serialize-diagnostics-path /Users/admin/builder/spi-builder-workspace/.derivedData/Build/Intermediates.noindex/ElegantColorPalette.build/Debug-watchos/ElegantColorPalette-t.build/Objects-normal/arm64_32/ElegantColorPalette-primary-emit-module.dia -emit-dependencies-path /Users/admin/builder/spi-builder-workspace/.derivedData/Build/Intermediates.noindex/ElegantColorPalette.build/Debug-watchos/ElegantColorPalette-t.build/Objects-normal/arm64_32/ElegantColorPalette-primary-emit-module.d -parse-as-library -o /Users/admin/builder/spi-builder-workspace/.derivedData/Build/Intermediates.noindex/ElegantColorPalette.build/Debug-watchos/ElegantColorPalette-t.build/Objects-normal/arm64_32/ElegantColorPalette.swiftmodule -emit-abi-descriptor-path /Users/admin/builder/spi-builder-workspace/.derivedData/Build/Intermediates.noindex/ElegantColorPalette.build/Debug-watchos/ElegantColorPalette-t.build/Objects-normal/arm64_32/ElegantColorPalette.abi.json
SwiftCompile normal arm64_32 Compiling\ ColorPaletteBindingView.swift,\ ColorPaletteView.swift,\ CGVector+Additions.swift /Users/admin/builder/spi-builder-workspace/Sources/ElegantColorPalette/ColorPaletteBindingView.swift /Users/admin/builder/spi-builder-workspace/Sources/ElegantColorPalette/ColorPaletteView.swift /Users/admin/builder/spi-builder-workspace/Sources/ElegantColorPalette/Helpers/Extensions/CGVector+Additions.swift (in target 'ElegantColorPalette' from project 'ElegantColorPalette')
SwiftCompile normal arm64_32 /Users/admin/builder/spi-builder-workspace/Sources/ElegantColorPalette/ColorPaletteBindingView.swift (in target 'ElegantColorPalette' from project 'ElegantColorPalette')
cd /Users/admin/builder/spi-builder-workspace/.swiftpm/xcode
builtin-SwiftPerFileCompile ColorPaletteBindingView.swift
SwiftCompile normal arm64_32 /Users/admin/builder/spi-builder-workspace/Sources/ElegantColorPalette/ColorPaletteView.swift (in target 'ElegantColorPalette' from project 'ElegantColorPalette')
cd /Users/admin/builder/spi-builder-workspace/.swiftpm/xcode
builtin-SwiftPerFileCompile ColorPaletteView.swift
SwiftCompile normal arm64_32 /Users/admin/builder/spi-builder-workspace/Sources/ElegantColorPalette/Helpers/Extensions/CGVector+Additions.swift (in target 'ElegantColorPalette' from project 'ElegantColorPalette')
cd /Users/admin/builder/spi-builder-workspace/.swiftpm/xcode
builtin-SwiftPerFileCompile CGVector+Additions.swift
/Users/admin/builder/spi-builder-workspace/Sources/ElegantColorPalette/ColorPaletteBindingView.swift:40:37: error: cannot find type 'Context' in scope
38 | }
39 |
40 | public func makeUIView(context: Context) -> ColorPaletteView {
| `- error: cannot find type 'Context' in scope
41 | ColorPaletteView(colors: colors, selectedColor: selectedColor)
42 | }
/Users/admin/builder/spi-builder-workspace/Sources/ElegantColorPalette/ColorPaletteBindingView.swift:44:67: error: cannot find type 'Context' in scope
42 | }
43 |
44 | public func updateUIView(_ uiView: ColorPaletteView, context: Context) {
| `- error: cannot find type 'Context' in scope
45 | uiView
46 | .didSelectColor(groupedCallback)
/Users/admin/builder/spi-builder-workspace/Sources/ElegantColorPalette/ColorPaletteBindingView.swift:16:40: error: cannot find type 'UIViewRepresentable' in scope
14 | /// .nodeStyle(CustomNodeStyle())
15 | ///
16 | public struct ColorPaletteBindingView: UIViewRepresentable {
| `- error: cannot find type 'UIViewRepresentable' in scope
17 |
18 | public typealias UIViewType = ColorPaletteView
/Users/admin/builder/spi-builder-workspace/Sources/ElegantColorPalette/ColorPaletteView.swift:17:32: error: cannot find type 'SKView' in scope
15 | /// .nodeStyle(CustomNodeStyle())
16 | ///
17 | public class ColorPaletteView: SKView {
| `- error: cannot find type 'SKView' in scope
18 |
19 | public lazy var paletteScene: ColorPaletteScene = {
/Users/admin/builder/spi-builder-workspace/Sources/ElegantColorPalette/ColorPaletteView.swift:23:9: error: cannot find 'presentScene' in scope
21 | scene.scaleMode = .resizeFill
22 | scene.anchorPoint = .init(x: 0.5, y: 0.5)
23 | presentScene(scene)
| `- error: cannot find 'presentScene' in scope
24 | return scene
25 | }()
/Users/admin/builder/spi-builder-workspace/Sources/ElegantColorPalette/ColorPaletteView.swift:43:14: error: initializer does not override a designated initializer from its superclass
41 | /// Make sure to call `update(colors:selectedColor)` to populate the view with colors before showing it.
42 | /// - Parameter frame: The frame rectangle for the view, measured in points.
43 | override init(frame: CGRect) {
| `- error: initializer does not override a designated initializer from its superclass
44 | paletteManager = ColorPaletteManager(colors: [], selectedColor: nil)
45 | super.init(frame: frame)
/Users/admin/builder/spi-builder-workspace/Sources/ElegantColorPalette/ColorPaletteView.swift:66:26: error: method does not override any method from its superclass
64 |
65 | // https://stackoverflow.com/questions/728372/when-is-layoutsubviews-called
66 | public override func layoutSubviews() {
| `- error: method does not override any method from its superclass
67 | super.layoutSubviews()
68 |
/Users/admin/builder/spi-builder-workspace/Sources/ElegantColorPalette/ColorPaletteView.swift:84:78: error: 'UITraitCollection' is unavailable in watchOS
82 | }
83 |
84 | public override func traitCollectionDidChange(_ previousTraitCollection: UITraitCollection?) {
| `- error: 'UITraitCollection' is unavailable in watchOS
85 | super.traitCollectionDidChange(previousTraitCollection)
86 |
/Applications/Xcode-27.0.0-Release.Candidate.app/Contents/Developer/Platforms/WatchOS.platform/Developer/SDKs/WatchOS27.0.sdk/System/Library/Frameworks/UIKit.framework/Headers/UITraitCollection.h:23:12: note: 'UITraitCollection' has been explicitly marked unavailable here
21 |
22 | UIKIT_EXTERN API_AVAILABLE(ios(8.0)) API_UNAVAILABLE(watchos) NS_SWIFT_SENDABLE
23 | @interface UITraitCollection : NSObject <NSCopying, NSSecureCoding>
| `- note: 'UITraitCollection' has been explicitly marked unavailable here
24 |
25 | - (instancetype)init NS_DESIGNATED_INITIALIZER;
/Users/admin/builder/spi-builder-workspace/Sources/ElegantColorPalette/ColorPaletteView.swift:84:26: error: method does not override any method from its superclass
82 | }
83 |
84 | public override func traitCollectionDidChange(_ previousTraitCollection: UITraitCollection?) {
| `- error: method does not override any method from its superclass
85 | super.traitCollectionDidChange(previousTraitCollection)
86 |
/Users/admin/builder/spi-builder-workspace/Sources/ElegantColorPalette/ColorPaletteView.swift:35:9: error: 'super' cannot be used in class 'ColorPaletteView' because it has no superclass
33 | public init(colors: [PaletteColor], selectedColor: PaletteColor? = nil) {
34 | paletteManager = ColorPaletteManager(colors: colors, selectedColor: selectedColor)
35 | super.init(frame: .zero)
| `- error: 'super' cannot be used in class 'ColorPaletteView' because it has no superclass
36 | commonInit()
37 | }
/Users/admin/builder/spi-builder-workspace/Sources/ElegantColorPalette/ColorPaletteView.swift:45:9: error: 'super' cannot be used in class 'ColorPaletteView' because it has no superclass
43 | override init(frame: CGRect) {
44 | paletteManager = ColorPaletteManager(colors: [], selectedColor: nil)
45 | super.init(frame: frame)
| `- error: 'super' cannot be used in class 'ColorPaletteView' because it has no superclass
46 | commonInit()
47 | }
/Users/admin/builder/spi-builder-workspace/Sources/ElegantColorPalette/ColorPaletteView.swift:55:9: error: 'super' cannot be used in class 'ColorPaletteView' because it has no superclass
53 | required init?(coder: NSCoder) {
54 | paletteManager = ColorPaletteManager(colors: [], selectedColor: nil)
55 | super.init(coder: coder)
| `- error: 'super' cannot be used in class 'ColorPaletteView' because it has no superclass
56 | commonInit()
57 | }
/Users/admin/builder/spi-builder-workspace/Sources/ElegantColorPalette/ColorPaletteView.swift:60:9: error: cannot find 'allowsTransparency' in scope
58 |
59 | private func commonInit() {
60 | allowsTransparency = true
| `- error: cannot find 'allowsTransparency' in scope
61 | backgroundColor = .clear
62 | isUserInteractionEnabled = true
/Users/admin/builder/spi-builder-workspace/Sources/ElegantColorPalette/ColorPaletteView.swift:61:9: error: cannot find 'backgroundColor' in scope
59 | private func commonInit() {
60 | allowsTransparency = true
61 | backgroundColor = .clear
| `- error: cannot find 'backgroundColor' in scope
62 | isUserInteractionEnabled = true
63 | }
/Users/admin/builder/spi-builder-workspace/Sources/ElegantColorPalette/ColorPaletteView.swift:61:28: error: cannot infer contextual base in reference to member 'clear'
59 | private func commonInit() {
60 | allowsTransparency = true
61 | backgroundColor = .clear
| `- error: cannot infer contextual base in reference to member 'clear'
62 | isUserInteractionEnabled = true
63 | }
/Users/admin/builder/spi-builder-workspace/Sources/ElegantColorPalette/ColorPaletteView.swift:62:9: error: cannot find 'isUserInteractionEnabled' in scope
60 | allowsTransparency = true
61 | backgroundColor = .clear
62 | isUserInteractionEnabled = true
| `- error: cannot find 'isUserInteractionEnabled' in scope
63 | }
64 |
/Users/admin/builder/spi-builder-workspace/Sources/ElegantColorPalette/ColorPaletteView.swift:67:9: error: 'super' cannot be used in class 'ColorPaletteView' because it has no superclass
65 | // https://stackoverflow.com/questions/728372/when-is-layoutsubviews-called
66 | public override func layoutSubviews() {
67 | super.layoutSubviews()
| `- error: 'super' cannot be used in class 'ColorPaletteView' because it has no superclass
68 |
69 | _ = paletteScene
/Users/admin/builder/spi-builder-workspace/Sources/ElegantColorPalette/ColorPaletteView.swift:85:9: error: 'super' cannot be used in class 'ColorPaletteView' because it has no superclass
83 |
84 | public override func traitCollectionDidChange(_ previousTraitCollection: UITraitCollection?) {
85 | super.traitCollectionDidChange(previousTraitCollection)
| `- error: 'super' cannot be used in class 'ColorPaletteView' because it has no superclass
86 |
87 | paletteManager.activeColorScheme = traitCollection.userInterfaceStyle
SwiftCompile normal arm64_32 Compiling\ HighlightModifier.swift,\ RadiusModifier.swift,\ ScaleFadeModifier.swift /Users/admin/builder/spi-builder-workspace/Sources/ElegantColorPalette/Helpers/Modifiers/HighlightModifier.swift /Users/admin/builder/spi-builder-workspace/Sources/ElegantColorPalette/Helpers/Modifiers/RadiusModifier.swift /Users/admin/builder/spi-builder-workspace/Sources/ElegantColorPalette/Helpers/Modifiers/ScaleFadeModifier.swift (in target 'ElegantColorPalette' from project 'ElegantColorPalette')
SwiftCompile normal arm64_32 /Users/admin/builder/spi-builder-workspace/Sources/ElegantColorPalette/Helpers/Modifiers/HighlightModifier.swift (in target 'ElegantColorPalette' from project 'ElegantColorPalette')
cd /Users/admin/builder/spi-builder-workspace/.swiftpm/xcode
builtin-SwiftPerFileCompile HighlightModifier.swift
SwiftCompile normal arm64_32 /Users/admin/builder/spi-builder-workspace/Sources/ElegantColorPalette/Helpers/Modifiers/RadiusModifier.swift (in target 'ElegantColorPalette' from project 'ElegantColorPalette')
cd /Users/admin/builder/spi-builder-workspace/.swiftpm/xcode
builtin-SwiftPerFileCompile RadiusModifier.swift
SwiftCompile normal arm64_32 /Users/admin/builder/spi-builder-workspace/Sources/ElegantColorPalette/Helpers/Modifiers/ScaleFadeModifier.swift (in target 'ElegantColorPalette' from project 'ElegantColorPalette')
cd /Users/admin/builder/spi-builder-workspace/.swiftpm/xcode
builtin-SwiftPerFileCompile ScaleFadeModifier.swift
SwiftCompile normal arm64_32 Compiling\ UIColor+Color.swift,\ ColorPaletteManager.swift,\ DefaultNodeStyle.swift /Users/admin/builder/spi-builder-workspace/Sources/ElegantColorPalette/Helpers/Extensions/UIColor+Color.swift /Users/admin/builder/spi-builder-workspace/Sources/ElegantColorPalette/Helpers/Models/ColorPaletteManager.swift /Users/admin/builder/spi-builder-workspace/Sources/ElegantColorPalette/Helpers/Models/DefaultNodeStyle.swift (in target 'ElegantColorPalette' from project 'ElegantColorPalette')
SwiftCompile normal arm64_32 /Users/admin/builder/spi-builder-workspace/Sources/ElegantColorPalette/Helpers/Extensions/UIColor+Color.swift (in target 'ElegantColorPalette' from project 'ElegantColorPalette')
cd /Users/admin/builder/spi-builder-workspace/.swiftpm/xcode
builtin-SwiftPerFileCompile UIColor+Color.swift
SwiftCompile normal arm64_32 /Users/admin/builder/spi-builder-workspace/Sources/ElegantColorPalette/Helpers/Models/ColorPaletteManager.swift (in target 'ElegantColorPalette' from project 'ElegantColorPalette')
cd /Users/admin/builder/spi-builder-workspace/.swiftpm/xcode
builtin-SwiftPerFileCompile ColorPaletteManager.swift
SwiftCompile normal arm64_32 /Users/admin/builder/spi-builder-workspace/Sources/ElegantColorPalette/Helpers/Models/DefaultNodeStyle.swift (in target 'ElegantColorPalette' from project 'ElegantColorPalette')
cd /Users/admin/builder/spi-builder-workspace/.swiftpm/xcode
builtin-SwiftPerFileCompile DefaultNodeStyle.swift
SwiftCompile normal arm64_32 Compiling\ ColorSchemeObserver.swift,\ NodeModifier.swift /Users/admin/builder/spi-builder-workspace/Sources/ElegantColorPalette/Helpers/Protocols/ColorSchemeObserver.swift /Users/admin/builder/spi-builder-workspace/Sources/ElegantColorPalette/Helpers/Protocols/NodeModifier.swift (in target 'ElegantColorPalette' from project 'ElegantColorPalette')
SwiftCompile normal arm64_32 /Users/admin/builder/spi-builder-workspace/Sources/ElegantColorPalette/Helpers/Protocols/ColorSchemeObserver.swift (in target 'ElegantColorPalette' from project 'ElegantColorPalette')
cd /Users/admin/builder/spi-builder-workspace/.swiftpm/xcode
builtin-SwiftPerFileCompile ColorSchemeObserver.swift
SwiftCompile normal arm64_32 /Users/admin/builder/spi-builder-workspace/Sources/ElegantColorPalette/Helpers/Protocols/NodeModifier.swift (in target 'ElegantColorPalette' from project 'ElegantColorPalette')
cd /Users/admin/builder/spi-builder-workspace/.swiftpm/xcode
builtin-SwiftPerFileCompile NodeModifier.swift
SwiftCompile normal arm64_32 Compiling\ CGVector+Operators.swift,\ ColorNode+Modifiers.swift,\ Comparable+Clamped.swift /Users/admin/builder/spi-builder-workspace/Sources/ElegantColorPalette/Helpers/Extensions/CGVector+Operators.swift /Users/admin/builder/spi-builder-workspace/Sources/ElegantColorPalette/Helpers/Extensions/ColorNode+Modifiers.swift /Users/admin/builder/spi-builder-workspace/Sources/ElegantColorPalette/Helpers/Extensions/Comparable+Clamped.swift (in target 'ElegantColorPalette' from project 'ElegantColorPalette')
SwiftCompile normal arm64_32 /Users/admin/builder/spi-builder-workspace/Sources/ElegantColorPalette/Helpers/Extensions/CGVector+Operators.swift (in target 'ElegantColorPalette' from project 'ElegantColorPalette')
cd /Users/admin/builder/spi-builder-workspace/.swiftpm/xcode
builtin-SwiftPerFileCompile CGVector+Operators.swift
SwiftCompile normal arm64_32 /Users/admin/builder/spi-builder-workspace/Sources/ElegantColorPalette/Helpers/Extensions/ColorNode+Modifiers.swift (in target 'ElegantColorPalette' from project 'ElegantColorPalette')
cd /Users/admin/builder/spi-builder-workspace/.swiftpm/xcode
builtin-SwiftPerFileCompile ColorNode+Modifiers.swift
SwiftCompile normal arm64_32 /Users/admin/builder/spi-builder-workspace/Sources/ElegantColorPalette/Helpers/Extensions/Comparable+Clamped.swift (in target 'ElegantColorPalette' from project 'ElegantColorPalette')
cd /Users/admin/builder/spi-builder-workspace/.swiftpm/xcode
builtin-SwiftPerFileCompile Comparable+Clamped.swift
SwiftCompile normal arm64_32 Compiling\ SpawnConfiguration.swift,\ FocusModifier.swift,\ FontModifier.swift /Users/admin/builder/spi-builder-workspace/Sources/ElegantColorPalette/Helpers/Models/SpawnConfiguration.swift /Users/admin/builder/spi-builder-workspace/Sources/ElegantColorPalette/Helpers/Modifiers/FocusModifier.swift /Users/admin/builder/spi-builder-workspace/Sources/ElegantColorPalette/Helpers/Modifiers/FontModifier.swift (in target 'ElegantColorPalette' from project 'ElegantColorPalette')
SwiftCompile normal arm64_32 /Users/admin/builder/spi-builder-workspace/Sources/ElegantColorPalette/Helpers/Models/SpawnConfiguration.swift (in target 'ElegantColorPalette' from project 'ElegantColorPalette')
cd /Users/admin/builder/spi-builder-workspace/.swiftpm/xcode
builtin-SwiftPerFileCompile SpawnConfiguration.swift
SwiftCompile normal arm64_32 /Users/admin/builder/spi-builder-workspace/Sources/ElegantColorPalette/Helpers/Modifiers/FocusModifier.swift (in target 'ElegantColorPalette' from project 'ElegantColorPalette')
cd /Users/admin/builder/spi-builder-workspace/.swiftpm/xcode
builtin-SwiftPerFileCompile FocusModifier.swift
SwiftCompile normal arm64_32 /Users/admin/builder/spi-builder-workspace/Sources/ElegantColorPalette/Helpers/Modifiers/FontModifier.swift (in target 'ElegantColorPalette' from project 'ElegantColorPalette')
cd /Users/admin/builder/spi-builder-workspace/.swiftpm/xcode
builtin-SwiftPerFileCompile FontModifier.swift
SwiftCompile normal arm64_32 Compiling\ ColorPaletteScene.swift,\ ColorsContainerNode.swift /Users/admin/builder/spi-builder-workspace/Sources/ElegantColorPalette/Views/ColorPaletteScene.swift /Users/admin/builder/spi-builder-workspace/Sources/ElegantColorPalette/Views/ColorsContainerNode.swift (in target 'ElegantColorPalette' from project 'ElegantColorPalette')
/Users/admin/builder/spi-builder-workspace/Sources/ElegantColorPalette/Views/ColorPaletteScene.swift:84:43: error: cannot find type 'SKView' in scope
82 | extension ColorPaletteScene {
83 |
84 | public override func didMove(to view: SKView) {
| `- error: cannot find type 'SKView' in scope
85 | configureScenePhysics()
86 |
/Users/admin/builder/spi-builder-workspace/Sources/ElegantColorPalette/Views/ColorPaletteScene.swift:225:54: error: 'UITouch' is unavailable in watchOS
223 | extension ColorPaletteScene {
224 |
225 | public override func touchesBegan(_ touches: Set<UITouch>, with event: UIEvent?) {
| `- error: 'UITouch' is unavailable in watchOS
226 | guard let location = touches.first?.location(in: self) else { return }
227 | guard let node = node(at: location) else { return }
/Applications/Xcode-27.0.0-Release.Candidate.app/Contents/Developer/Platforms/WatchOS.platform/Developer/SDKs/WatchOS27.0.sdk/System/Library/Frameworks/UIKit.framework/Headers/UITouch.h:51:12: note: 'UITouch' has been explicitly marked unavailable here
49 |
50 | UIKIT_EXTERN API_AVAILABLE(ios(2.0)) API_UNAVAILABLE(watchos) NS_SWIFT_UI_ACTOR
51 | @interface UITouch : NSObject
| `- note: 'UITouch' has been explicitly marked unavailable here
52 |
53 | @property(nonatomic,readonly) NSTimeInterval timestamp;
/Users/admin/builder/spi-builder-workspace/Sources/ElegantColorPalette/Views/ColorPaletteScene.swift:225:76: error: 'UIEvent' is unavailable in watchOS
223 | extension ColorPaletteScene {
224 |
225 | public override func touchesBegan(_ touches: Set<UITouch>, with event: UIEvent?) {
| `- error: 'UIEvent' is unavailable in watchOS
226 | guard let location = touches.first?.location(in: self) else { return }
227 | guard let node = node(at: location) else { return }
/Applications/Xcode-27.0.0-Release.Candidate.app/Contents/Developer/Platforms/WatchOS.platform/Developer/SDKs/WatchOS27.0.sdk/System/Library/Frameworks/UIKit.framework/Headers/UIEvent.h:62:12: note: 'UIEvent' has been explicitly marked unavailable here
60 |
61 | UIKIT_EXTERN API_AVAILABLE(ios(2.0)) API_UNAVAILABLE(watchos) NS_SWIFT_UI_ACTOR
62 | @interface UIEvent : NSObject
| `- note: 'UIEvent' has been explicitly marked unavailable here
63 |
64 | @property(nonatomic,readonly) UIEventType type API_AVAILABLE(ios(3.0));
/Users/admin/builder/spi-builder-workspace/Sources/ElegantColorPalette/Views/ColorPaletteScene.swift:225:26: error: method does not override any method from its superclass
223 | extension ColorPaletteScene {
224 |
225 | public override func touchesBegan(_ touches: Set<UITouch>, with event: UIEvent?) {
| `- error: method does not override any method from its superclass
226 | guard let location = touches.first?.location(in: self) else { return }
227 | guard let node = node(at: location) else { return }
/Users/admin/builder/spi-builder-workspace/Sources/ElegantColorPalette/Views/ColorPaletteScene.swift:252:54: error: 'UITouch' is unavailable in watchOS
250 | extension ColorPaletteScene {
251 |
252 | public override func touchesMoved(_ touches: Set<UITouch>, with event: UIEvent?) {
| `- error: 'UITouch' is unavailable in watchOS
253 | guard let activeNode = state.activeNode else { return }
254 | if isNodeFocused(activeNode) &&
/Applications/Xcode-27.0.0-Release.Candidate.app/Contents/Developer/Platforms/WatchOS.platform/Developer/SDKs/WatchOS27.0.sdk/System/Library/Frameworks/UIKit.framework/Headers/UITouch.h:51:12: note: 'UITouch' has been explicitly marked unavailable here
49 |
50 | UIKIT_EXTERN API_AVAILABLE(ios(2.0)) API_UNAVAILABLE(watchos) NS_SWIFT_UI_ACTOR
51 | @interface UITouch : NSObject
| `- note: 'UITouch' has been explicitly marked unavailable here
52 |
53 | @property(nonatomic,readonly) NSTimeInterval timestamp;
/Users/admin/builder/spi-builder-workspace/Sources/ElegantColorPalette/Views/ColorPaletteScene.swift:252:76: error: 'UIEvent' is unavailable in watchOS
250 | extension ColorPaletteScene {
251 |
252 | public override func touchesMoved(_ touches: Set<UITouch>, with event: UIEvent?) {
| `- error: 'UIEvent' is unavailable in watchOS
253 | guard let activeNode = state.activeNode else { return }
254 | if isNodeFocused(activeNode) &&
/Applications/Xcode-27.0.0-Release.Candidate.app/Contents/Developer/Platforms/WatchOS.platform/Developer/SDKs/WatchOS27.0.sdk/System/Library/Frameworks/UIKit.framework/Headers/UIEvent.h:62:12: note: 'UIEvent' has been explicitly marked unavailable here
60 |
61 | UIKIT_EXTERN API_AVAILABLE(ios(2.0)) API_UNAVAILABLE(watchos) NS_SWIFT_UI_ACTOR
62 | @interface UIEvent : NSObject
| `- note: 'UIEvent' has been explicitly marked unavailable here
63 |
64 | @property(nonatomic,readonly) UIEventType type API_AVAILABLE(ios(3.0));
/Users/admin/builder/spi-builder-workspace/Sources/ElegantColorPalette/Views/ColorPaletteScene.swift:252:26: error: method does not override any method from its superclass
250 | extension ColorPaletteScene {
251 |
252 | public override func touchesMoved(_ touches: Set<UITouch>, with event: UIEvent?) {
| `- error: method does not override any method from its superclass
253 | guard let activeNode = state.activeNode else { return }
254 | if isNodeFocused(activeNode) &&
/Users/admin/builder/spi-builder-workspace/Sources/ElegantColorPalette/Views/ColorPaletteScene.swift:284:54: error: 'UITouch' is unavailable in watchOS
282 | extension ColorPaletteScene {
283 |
284 | public override func touchesEnded(_ touches: Set<UITouch>, with event: UIEvent?) {
| `- error: 'UITouch' is unavailable in watchOS
285 | guard let activeNode = state.activeNode else { return }
286 |
/Applications/Xcode-27.0.0-Release.Candidate.app/Contents/Developer/Platforms/WatchOS.platform/Developer/SDKs/WatchOS27.0.sdk/System/Library/Frameworks/UIKit.framework/Headers/UITouch.h:51:12: note: 'UITouch' has been explicitly marked unavailable here
49 |
50 | UIKIT_EXTERN API_AVAILABLE(ios(2.0)) API_UNAVAILABLE(watchos) NS_SWIFT_UI_ACTOR
51 | @interface UITouch : NSObject
| `- note: 'UITouch' has been explicitly marked unavailable here
52 |
53 | @property(nonatomic,readonly) NSTimeInterval timestamp;
/Users/admin/builder/spi-builder-workspace/Sources/ElegantColorPalette/Views/ColorPaletteScene.swift:284:76: error: 'UIEvent' is unavailable in watchOS
282 | extension ColorPaletteScene {
283 |
284 | public override func touchesEnded(_ touches: Set<UITouch>, with event: UIEvent?) {
| `- error: 'UIEvent' is unavailable in watchOS
285 | guard let activeNode = state.activeNode else { return }
286 |
/Applications/Xcode-27.0.0-Release.Candidate.app/Contents/Developer/Platforms/WatchOS.platform/Developer/SDKs/WatchOS27.0.sdk/System/Library/Frameworks/UIKit.framework/Headers/UIEvent.h:62:12: note: 'UIEvent' has been explicitly marked unavailable here
60 |
61 | UIKIT_EXTERN API_AVAILABLE(ios(2.0)) API_UNAVAILABLE(watchos) NS_SWIFT_UI_ACTOR
62 | @interface UIEvent : NSObject
| `- note: 'UIEvent' has been explicitly marked unavailable here
63 |
64 | @property(nonatomic,readonly) UIEventType type API_AVAILABLE(ios(3.0));
SwiftCompile normal arm64_32 /Users/admin/builder/spi-builder-workspace/Sources/ElegantColorPalette/Views/ColorPaletteScene.swift (in target 'ElegantColorPalette' from project 'ElegantColorPalette')
cd /Users/admin/builder/spi-builder-workspace/.swiftpm/xcode
builtin-SwiftPerFileCompile ColorPaletteScene.swift
SwiftCompile normal arm64_32 /Users/admin/builder/spi-builder-workspace/Sources/ElegantColorPalette/Views/ColorsContainerNode.swift (in target 'ElegantColorPalette' from project 'ElegantColorPalette')
cd /Users/admin/builder/spi-builder-workspace/.swiftpm/xcode
builtin-SwiftPerFileCompile ColorsContainerNode.swift
SwiftCompile normal arm64_32 Compiling\ FocusSettings.swift,\ NodeStyleConfiguration.swift,\ PaletteColor.swift /Users/admin/builder/spi-builder-workspace/Sources/ElegantColorPalette/Helpers/Models/FocusSettings.swift /Users/admin/builder/spi-builder-workspace/Sources/ElegantColorPalette/Helpers/Models/NodeStyleConfiguration.swift /Users/admin/builder/spi-builder-workspace/Sources/ElegantColorPalette/Helpers/Models/PaletteColor.swift (in target 'ElegantColorPalette' from project 'ElegantColorPalette')
SwiftCompile normal arm64_32 /Users/admin/builder/spi-builder-workspace/Sources/ElegantColorPalette/Helpers/Models/FocusSettings.swift (in target 'ElegantColorPalette' from project 'ElegantColorPalette')
cd /Users/admin/builder/spi-builder-workspace/.swiftpm/xcode
builtin-SwiftPerFileCompile FocusSettings.swift
SwiftCompile normal arm64_32 /Users/admin/builder/spi-builder-workspace/Sources/ElegantColorPalette/Helpers/Models/NodeStyleConfiguration.swift (in target 'ElegantColorPalette' from project 'ElegantColorPalette')
cd /Users/admin/builder/spi-builder-workspace/.swiftpm/xcode
builtin-SwiftPerFileCompile NodeStyleConfiguration.swift
SwiftCompile normal arm64_32 /Users/admin/builder/spi-builder-workspace/Sources/ElegantColorPalette/Helpers/Models/PaletteColor.swift (in target 'ElegantColorPalette' from project 'ElegantColorPalette')
cd /Users/admin/builder/spi-builder-workspace/.swiftpm/xcode
builtin-SwiftPerFileCompile PaletteColor.swift
SwiftCompile normal arm64_32 Compiling\ NodeStyle.swift,\ ColorNode.swift /Users/admin/builder/spi-builder-workspace/Sources/ElegantColorPalette/Helpers/Protocols/NodeStyle.swift /Users/admin/builder/spi-builder-workspace/Sources/ElegantColorPalette/Views/ColorNode.swift (in target 'ElegantColorPalette' from project 'ElegantColorPalette')
SwiftCompile normal arm64_32 /Users/admin/builder/spi-builder-workspace/Sources/ElegantColorPalette/Helpers/Protocols/NodeStyle.swift (in target 'ElegantColorPalette' from project 'ElegantColorPalette')
cd /Users/admin/builder/spi-builder-workspace/.swiftpm/xcode
builtin-SwiftPerFileCompile NodeStyle.swift
SwiftCompile normal arm64_32 /Users/admin/builder/spi-builder-workspace/Sources/ElegantColorPalette/Views/ColorNode.swift (in target 'ElegantColorPalette' from project 'ElegantColorPalette')
cd /Users/admin/builder/spi-builder-workspace/.swiftpm/xcode
builtin-SwiftPerFileCompile ColorNode.swift
SwiftExplicitDependencyGeneratePcm arm64 /Users/admin/builder/spi-builder-workspace/.derivedData/SDKExplicitPrecompiledModules/SwiftUI-APXDH8ULYLM6FD17YRA73TULO.pcm
PruneExplicitPrecompiledModules /Users/admin/builder/spi-builder-workspace/.derivedData/Build/Intermediates.noindex/ExplicitPrecompiledModules
PruneExplicitPrecompiledModules /Users/admin/builder/spi-builder-workspace/.derivedData/Build/Intermediates.noindex/SwiftExplicitPrecompiledModules
PruneExplicitPrecompiledModules /Users/admin/builder/spi-builder-workspace/.derivedData/SDKExplicitPrecompiledModules
2026-09-17 01:14:08.084 xcodebuild[815:5020] [MT] IDERunDestination: Supported platforms for the buildables in the current scheme is empty.
** BUILD FAILED **
The following build commands failed:
SwiftCompile normal arm64_32 (in target 'ElegantColorPalette' from project 'ElegantColorPalette')
SwiftEmitModule normal arm64_32 Emitting\ module\ for\ ElegantColorPalette (in target 'ElegantColorPalette' from project 'ElegantColorPalette')
Building workspace ElegantColorPalette with scheme ElegantColorPalette
(3 failures)
BUILD FAILURE 6.4 watchOS