Build Information
Failed to build SimpleSwiftUIStarRating, reference v2.0.0 (15fe11), with Swift 6.1 for Linux on 2 Jul 2026 23:28:29 UTC.
Build Command
bash -c docker run --pull=always --rm -v "checkouts-53886770-0":/host -w "$PWD" -e JAVA_HOME="/root/.sdkman/candidates/java/current" -e SPI_BUILD="1" -e SPI_PROCESSING="1" registry.gitlab.com/saguaro1/spi-images:basic-6.1-latest swift build --triple x86_64-unknown-linux-gnu 2>&1Build Log
========================================
RunAll
========================================
Builder version: 0e64495ecc1688c3b3e031a5ef1348b5c05091ae
Interrupt handler set up.
========================================
Checkout
========================================
Clone URL: https://github.com/ben-wheeler/SimpleSwiftUIStarRating.git
Reference: v2.0.0
Initialized empty Git repository in /host/spi-builder-workspace/.git/
hint: Using 'master' as the name for the initial branch. This default branch name
hint: is subject to change. To configure the initial branch name to use in all
hint: of your new repositories, which will suppress this warning, call:
hint:
hint: git config --global init.defaultBranch <name>
hint:
hint: Names commonly chosen instead of 'master' are 'main', 'trunk' and
hint: 'development'. The just-created branch can be renamed via this command:
hint:
hint: git branch -m <name>
From https://github.com/ben-wheeler/SimpleSwiftUIStarRating
* tag v2.0.0 -> FETCH_HEAD
HEAD is now at 15fe11e Update README.md
Cloned https://github.com/ben-wheeler/SimpleSwiftUIStarRating.git
Revision (git rev-parse @):
15fe11eda3c9a40d9cb8284e12e2d4cc62a1929b
SUCCESS checkout https://github.com/ben-wheeler/SimpleSwiftUIStarRating.git at v2.0.0
========================================
Build
========================================
Selected platform: linux
Swift version: 6.1
Building package at path: $PWD
https://github.com/ben-wheeler/SimpleSwiftUIStarRating.git
https://github.com/ben-wheeler/SimpleSwiftUIStarRating.git
WARNING: environment variable SUPPRESS_SWIFT_6_FLAGS is not set
Running build ...
bash -c docker run --pull=always --rm -v "checkouts-53886770-0":/host -w "$PWD" -e JAVA_HOME="/root/.sdkman/candidates/java/current" -e SPI_BUILD="1" -e SPI_PROCESSING="1" registry.gitlab.com/saguaro1/spi-images:basic-6.1-latest swift build --triple x86_64-unknown-linux-gnu -Xswiftc -Xfrontend -Xswiftc -stats-output-dir -Xswiftc -Xfrontend -Xswiftc .stats -Xswiftc -strict-concurrency=complete -Xswiftc -enable-upcoming-feature -Xswiftc StrictConcurrency -Xswiftc -enable-upcoming-feature -Xswiftc DisableOutwardActorInference -Xswiftc -enable-upcoming-feature -Xswiftc GlobalActorIsolatedTypesUsability -Xswiftc -enable-upcoming-feature -Xswiftc InferSendableFromCaptures 2>&1
basic-6.1-latest: Pulling from saguaro1/spi-images
Digest: sha256:0f094b998e61bb35b7a666f42e392cfb12929ea8fa9160622b1badd8b73d5c87
Status: Image is up to date for registry.gitlab.com/saguaro1/spi-images:basic-6.1-latest
Building for debugging...
[0/2] Write sources
[1/2] Write swift-version-24593BA9C3E375BF.txt
error: emit-module command failed with exit code 1 (use -v to see invocation)
[3/4] Emitting module SimpleSwiftUIStarRating
<unknown>:0: warning: upcoming feature 'InferSendableFromCaptures' is already enabled as of Swift version 6
<unknown>:0: warning: upcoming feature 'GlobalActorIsolatedTypesUsability' is already enabled as of Swift version 6
<unknown>:0: warning: upcoming feature 'DisableOutwardActorInference' is already enabled as of Swift version 6
/host/spi-builder-workspace/Sources/SimpleSwiftUIStarRating.swift:10:8: error: no such module 'SwiftUI'
8 | //
9 |
10 | import SwiftUI
| `- error: no such module 'SwiftUI'
11 |
12 | @available(iOS 14.0, macOS 11.0, watchOS 7, tvOS 14.0, *)
[4/4] Compiling SimpleSwiftUIStarRating SimpleSwiftUIStarRating.swift
<unknown>:0: warning: upcoming feature 'InferSendableFromCaptures' is already enabled as of Swift version 6
<unknown>:0: warning: upcoming feature 'GlobalActorIsolatedTypesUsability' is already enabled as of Swift version 6
<unknown>:0: warning: upcoming feature 'DisableOutwardActorInference' is already enabled as of Swift version 6
/host/spi-builder-workspace/Sources/SimpleSwiftUIStarRating.swift:10:8: error: no such module 'SwiftUI'
8 | //
9 |
10 | import SwiftUI
| `- error: no such module 'SwiftUI'
11 |
12 | @available(iOS 14.0, macOS 11.0, watchOS 7, tvOS 14.0, *)
Running build ...
bash -c docker run --pull=always --rm -v "checkouts-53886770-0":/host -w "$PWD" -e JAVA_HOME="/root/.sdkman/candidates/java/current" -e SPI_BUILD="1" -e SPI_PROCESSING="1" registry.gitlab.com/saguaro1/spi-images:basic-6.1-latest swift build --triple x86_64-unknown-linux-gnu 2>&1
basic-6.1-latest: Pulling from saguaro1/spi-images
Digest: sha256:0f094b998e61bb35b7a666f42e392cfb12929ea8fa9160622b1badd8b73d5c87
Status: Image is up to date for registry.gitlab.com/saguaro1/spi-images:basic-6.1-latest
[0/1] Planning build
Building for debugging...
[0/1] Write swift-version-24593BA9C3E375BF.txt
error: emit-module command failed with exit code 1 (use -v to see invocation)
[2/3] Emitting module SimpleSwiftUIStarRating
/host/spi-builder-workspace/Sources/SimpleSwiftUIStarRating.swift:10:8: error: no such module 'SwiftUI'
8 | //
9 |
10 | import SwiftUI
| `- error: no such module 'SwiftUI'
11 |
12 | @available(iOS 14.0, macOS 11.0, watchOS 7, tvOS 14.0, *)
[3/3] Compiling SimpleSwiftUIStarRating SimpleSwiftUIStarRating.swift
/host/spi-builder-workspace/Sources/SimpleSwiftUIStarRating.swift:10:8: error: no such module 'SwiftUI'
8 | //
9 |
10 | import SwiftUI
| `- error: no such module 'SwiftUI'
11 |
12 | @available(iOS 14.0, macOS 11.0, watchOS 7, tvOS 14.0, *)
BUILD FAILURE 6.1 linux