The Swift Package Index logo.Swift Package Index

Build Information

Failed to build swift-webdriver, reference master (46c055), with Swift 6.1 for Wasm on 18 Jul 2026 23:31:54 UTC.

Build Command

bash -c docker run --pull=always --rm -v "checkouts-54344849-2":/host -w "$PWD" -e JAVA_HOME="/root/.sdkman/candidates/java/current" -e SPI_BUILD="1" -e SPI_PROCESSING="1" registry.gitlab.com/saguaro1/spi-images:wasm-6.1-latest swift build --swift-sdk wasm32-unknown-wasi 2>&1

Build Log

========================================
RunAll
========================================
Builder version: 333316120c8b89ed7d21f1b34865290794301d91
Interrupt handler set up.
========================================
Checkout
========================================
Clone URL: https://github.com/GetAutomaApp/SwiftWebDriver.git
Reference: master
Initialized empty Git repository in /host/spi-builder-workspace/.git/
hint: Using 'master' as the name for the initial branch. This default branch name
hint: is subject to change. To configure the initial branch name to use in all
hint: of your new repositories, which will suppress this warning, call:
hint:
hint: 	git config --global init.defaultBranch <name>
hint:
hint: Names commonly chosen instead of 'master' are 'main', 'trunk' and
hint: 'development'. The just-created branch can be renamed via this command:
hint:
hint: 	git branch -m <name>
From https://github.com/GetAutomaApp/SwiftWebDriver
 * branch            master     -> FETCH_HEAD
 * [new branch]      master     -> origin/master
HEAD is now at 46c055b fix: make firefoxargs hashable
Submodule path '.dotfiles': checked out 'b9e67aa29dd6f69a719295f30935bbee00544847'
Submodule 'dotfiles' (https://github.com/GetAutomaApp/dotfiles.git) registered for path '.dotfiles'
Cloning into '/host/spi-builder-workspace/.dotfiles'...
Cloned https://github.com/GetAutomaApp/SwiftWebDriver.git
Revision (git rev-parse @):
46c055bae699b43cc5f0e14bf4bcfb163b426f74
SUCCESS checkout https://github.com/GetAutomaApp/SwiftWebDriver.git at master
========================================
Build
========================================
Selected platform:         wasm
Swift version:             6.1
Building package at path:  $PWD
https://github.com/GetAutomaApp/SwiftWebDriver.git
https://github.com/GetAutomaApp/SwiftWebDriver.git
WARNING: environment variable SUPPRESS_SWIFT_6_FLAGS is not set
Running build ...
bash -c docker run --pull=always --rm -v "checkouts-54344849-2":/host -w "$PWD" -e JAVA_HOME="/root/.sdkman/candidates/java/current" -e SPI_BUILD="1" -e SPI_PROCESSING="1" registry.gitlab.com/saguaro1/spi-images:wasm-6.1-latest swift build --swift-sdk wasm32-unknown-wasi -Xswiftc -Xfrontend -Xswiftc -stats-output-dir -Xswiftc -Xfrontend -Xswiftc .stats -Xswiftc -strict-concurrency=complete -Xswiftc -enable-upcoming-feature -Xswiftc StrictConcurrency -Xswiftc -enable-upcoming-feature -Xswiftc DisableOutwardActorInference -Xswiftc -enable-upcoming-feature -Xswiftc GlobalActorIsolatedTypesUsability -Xswiftc -enable-upcoming-feature -Xswiftc InferSendableFromCaptures 2>&1
wasm-6.1-latest: Pulling from saguaro1/spi-images
Digest: sha256:1ad245dad3d2ae0004e1afbc92334bd39884ed9ca587cf04d0a8d5f640fb02e9
Status: Image is up to date for registry.gitlab.com/saguaro1/spi-images:wasm-6.1-latest
Fetching https://github.com/apple/swift-nio.git
Fetching https://github.com/GetAutomaApp/swift-any-codable.git
Fetching https://github.com/swift-server/async-http-client.git
[1/259] Fetching swift-any-codable
Fetched https://github.com/GetAutomaApp/swift-any-codable.git from cache (0.35s)
[1/16021] Fetching async-http-client
[322/100619] Fetching async-http-client, swift-nio
Fetched https://github.com/swift-server/async-http-client.git from cache (2.94s)
Fetched https://github.com/apple/swift-nio.git from cache (2.97s)
Computing version for https://github.com/GetAutomaApp/swift-any-codable.git
Computed https://github.com/GetAutomaApp/swift-any-codable.git at 1.0.3 (3.19s)
Computing version for https://github.com/apple/swift-nio.git
Computed https://github.com/apple/swift-nio.git at 2.101.3 (0.42s)
Fetching https://github.com/apple/swift-collections.git
Fetching https://github.com/apple/swift-atomics.git
Fetching https://github.com/apple/swift-system.git
[1/1868] Fetching swift-atomics
[1869/8104] Fetching swift-atomics, swift-system
[4302/34217] Fetching swift-atomics, swift-system, swift-collections
Fetched https://github.com/apple/swift-atomics.git from cache (1.02s)
Fetched https://github.com/apple/swift-system.git from cache (1.02s)
Fetched https://github.com/apple/swift-collections.git from cache (1.03s)
Computing version for https://github.com/apple/swift-atomics.git
Computed https://github.com/apple/swift-atomics.git at 1.3.1 (1.27s)
Computing version for https://github.com/apple/swift-collections.git
Computed https://github.com/apple/swift-collections.git at 1.6.0 (0.31s)
Computing version for https://github.com/apple/swift-system.git
Computed https://github.com/apple/swift-system.git at 1.7.4 (0.25s)
Computing version for https://github.com/swift-server/async-http-client.git
Computed https://github.com/swift-server/async-http-client.git at 1.35.0 (0.23s)
Fetching https://github.com/apple/swift-nio-http2.git
Fetching https://github.com/apple/swift-nio-extras.git
Fetching https://github.com/apple/swift-log.git
Fetching https://github.com/apple/swift-nio-transport-services.git
Fetching https://github.com/apple/swift-algorithms.git
Fetching https://github.com/apple/swift-distributed-tracing.git
[1/7785] Fetching swift-log
[1792/10645] Fetching swift-log, swift-nio-transport-services
[2071/16510] Fetching swift-log, swift-nio-transport-services, swift-distributed-tracing
[2542/23115] Fetching swift-log, swift-nio-transport-services, swift-distributed-tracing, swift-nio-extras
[5321/29191] Fetching swift-log, swift-nio-transport-services, swift-distributed-tracing, swift-nio-extras, swift-algorithms
[29192/41374] Fetching swift-log, swift-nio-transport-services, swift-distributed-tracing, swift-nio-extras, swift-algorithms, swift-nio-http2
Fetched https://github.com/apple/swift-nio-extras.git from cache (0.53s)
Fetched https://github.com/apple/swift-log.git from cache (0.53s)
Fetching https://github.com/apple/swift-nio-ssl.git
[15411/26984] Fetching swift-nio-transport-services, swift-distributed-tracing, swift-algorithms, swift-nio-http2
Fetched https://github.com/apple/swift-nio-transport-services.git from cache (0.53s)
Fetched https://github.com/apple/swift-algorithms.git from cache (0.54s)
Fetched https://github.com/apple/swift-distributed-tracing.git from cache (0.54s)
[1097/12183] Fetching swift-nio-http2
Fetched https://github.com/apple/swift-nio-http2.git from cache (0.87s)
[1/15597] Fetching swift-nio-ssl
Fetched https://github.com/apple/swift-nio-ssl.git from cache (1.08s)
Computing version for https://github.com/apple/swift-distributed-tracing.git
Computed https://github.com/apple/swift-distributed-tracing.git at 1.4.1 (1.83s)
Fetching https://github.com/apple/swift-service-context.git
[1/1307] Fetching swift-service-context
Fetched https://github.com/apple/swift-service-context.git from cache (0.36s)
Computing version for https://github.com/apple/swift-algorithms.git
Computed https://github.com/apple/swift-algorithms.git at 1.2.1 (1.50s)
Fetching https://github.com/apple/swift-numerics.git
[1/6441] Fetching swift-numerics
Fetched https://github.com/apple/swift-numerics.git from cache (0.54s)
Computing version for https://github.com/apple/swift-service-context.git
Computed https://github.com/apple/swift-service-context.git at 1.3.0 (0.91s)
Computing version for https://github.com/apple/swift-numerics.git
Computed https://github.com/apple/swift-numerics.git at 1.1.1 (0.22s)
Computing version for https://github.com/apple/swift-nio-transport-services.git
Computed https://github.com/apple/swift-nio-transport-services.git at 1.28.0 (0.28s)
Computing version for https://github.com/apple/swift-nio-http2.git
Computed https://github.com/apple/swift-nio-http2.git at 1.44.0 (0.28s)
Computing version for https://github.com/apple/swift-nio-ssl.git
Computed https://github.com/apple/swift-nio-ssl.git at 2.37.2 (0.36s)
Computing version for https://github.com/apple/swift-log.git
Computed https://github.com/apple/swift-log.git at 1.14.0 (0.38s)
Computing version for https://github.com/apple/swift-nio-extras.git
Computed https://github.com/apple/swift-nio-extras.git at 1.34.3 (1.62s)
Fetching https://github.com/swift-server/swift-service-lifecycle.git
Fetching https://github.com/apple/swift-http-types.git
Fetching https://github.com/apple/swift-certificates.git
Fetching https://github.com/apple/swift-http-structured-headers.git
Fetching https://github.com/apple/swift-async-algorithms.git
Fetching https://github.com/apple/swift-asn1.git
[1/1249] Fetching swift-http-structured-headers
[251/4024] Fetching swift-http-structured-headers, swift-service-lifecycle
[1105/5243] Fetching swift-http-structured-headers, swift-service-lifecycle, swift-http-types
[5244/12664] Fetching swift-http-structured-headers, swift-service-lifecycle, swift-http-types, swift-certificates
[5245/19263] Fetching swift-http-structured-headers, swift-service-lifecycle, swift-http-types, swift-certificates, swift-async-algorithms
[5246/21177] Fetching swift-http-structured-headers, swift-service-lifecycle, swift-http-types, swift-certificates, swift-async-algorithms, swift-asn1
Fetched https://github.com/apple/swift-http-types.git from cache (0.89s)
Fetched https://github.com/apple/swift-http-structured-headers.git from cache (0.89s)
Fetched https://github.com/apple/swift-asn1.git from cache (0.89s)
Fetched https://github.com/apple/swift-certificates.git from cache (0.89s)
Fetched https://github.com/swift-server/swift-service-lifecycle.git from cache (0.90s)
Fetched https://github.com/apple/swift-async-algorithms.git from cache (0.90s)
Computing version for https://github.com/swift-server/swift-service-lifecycle.git
Computed https://github.com/swift-server/swift-service-lifecycle.git at 2.11.0 (1.41s)
Computing version for https://github.com/apple/swift-async-algorithms.git
Computed https://github.com/apple/swift-async-algorithms.git at 1.1.5 (0.27s)
Computing version for https://github.com/apple/swift-http-types.git
Computed https://github.com/apple/swift-http-types.git at 1.6.0 (0.22s)
Computing version for https://github.com/apple/swift-asn1.git
Computed https://github.com/apple/swift-asn1.git at 1.7.1 (0.24s)
Computing version for https://github.com/apple/swift-http-structured-headers.git
Computed https://github.com/apple/swift-http-structured-headers.git at 1.7.0 (0.21s)
Computing version for https://github.com/apple/swift-certificates.git
Computed https://github.com/apple/swift-certificates.git at 1.19.3 (0.26s)
Fetching https://github.com/apple/swift-crypto.git
[1/17803] Fetching swift-crypto
Fetched https://github.com/apple/swift-crypto.git from cache (1.25s)
Computing version for https://github.com/apple/swift-crypto.git
Computed https://github.com/apple/swift-crypto.git at 4.5.1 (2.02s)
Creating working copy for https://github.com/apple/swift-nio-http2.git
Working copy of https://github.com/apple/swift-nio-http2.git resolved at 1.44.0
Creating working copy for https://github.com/apple/swift-collections.git
Working copy of https://github.com/apple/swift-collections.git resolved at 1.6.0
Creating working copy for https://github.com/apple/swift-service-context.git
Working copy of https://github.com/apple/swift-service-context.git resolved at 1.3.0
Creating working copy for https://github.com/swift-server/swift-service-lifecycle.git
Working copy of https://github.com/swift-server/swift-service-lifecycle.git resolved at 2.11.0
Creating working copy for https://github.com/apple/swift-atomics.git
Working copy of https://github.com/apple/swift-atomics.git resolved at 1.3.1
Creating working copy for https://github.com/apple/swift-http-types.git
Working copy of https://github.com/apple/swift-http-types.git resolved at 1.6.0
Creating working copy for https://github.com/apple/swift-nio-extras.git
Working copy of https://github.com/apple/swift-nio-extras.git resolved at 1.34.3
Creating working copy for https://github.com/apple/swift-crypto.git
Working copy of https://github.com/apple/swift-crypto.git resolved at 4.5.1
Creating working copy for https://github.com/apple/swift-system.git
Working copy of https://github.com/apple/swift-system.git resolved at 1.7.4
Creating working copy for https://github.com/apple/swift-distributed-tracing.git
Working copy of https://github.com/apple/swift-distributed-tracing.git resolved at 1.4.1
Creating working copy for https://github.com/apple/swift-nio-transport-services.git
Working copy of https://github.com/apple/swift-nio-transport-services.git resolved at 1.28.0
Creating working copy for https://github.com/swift-server/async-http-client.git
Working copy of https://github.com/swift-server/async-http-client.git resolved at 1.35.0
Creating working copy for https://github.com/apple/swift-nio.git
Working copy of https://github.com/apple/swift-nio.git resolved at 2.101.3
Creating working copy for https://github.com/apple/swift-algorithms.git
Working copy of https://github.com/apple/swift-algorithms.git resolved at 1.2.1
Creating working copy for https://github.com/apple/swift-http-structured-headers.git
Working copy of https://github.com/apple/swift-http-structured-headers.git resolved at 1.7.0
Creating working copy for https://github.com/apple/swift-asn1.git
Working copy of https://github.com/apple/swift-asn1.git resolved at 1.7.1
Creating working copy for https://github.com/apple/swift-numerics.git
Working copy of https://github.com/apple/swift-numerics.git resolved at 1.1.1
Creating working copy for https://github.com/apple/swift-nio-ssl.git
Working copy of https://github.com/apple/swift-nio-ssl.git resolved at 2.37.2
Creating working copy for https://github.com/GetAutomaApp/swift-any-codable.git
Working copy of https://github.com/GetAutomaApp/swift-any-codable.git resolved at 1.0.3
Creating working copy for https://github.com/apple/swift-async-algorithms.git
Working copy of https://github.com/apple/swift-async-algorithms.git resolved at 1.1.5
Creating working copy for https://github.com/apple/swift-certificates.git
Working copy of https://github.com/apple/swift-certificates.git resolved at 1.19.3
Creating working copy for https://github.com/apple/swift-log.git
Working copy of https://github.com/apple/swift-log.git resolved at 1.14.0
Building for debugging...
[0/457] Write sources
[26/457] Compiling CNIOWASI CNIOWASI.c
[27/457] Compiling _CWASI _CWASI.c
[28/457] Compiling CNIOWindows WSAStartup.c
[29/457] Compiling CNIOWindows shim.c
[30/457] Compiling _NumericsShims _NumericsShims.c
[30/457] Compiling CNIOPosix event_loop_id.c
[30/457] Compiling _AtomicsShims.c
[33/457] Compiling CNIOLinux shim.c
[34/457] Compiling CNIOOpenBSD shim.c
[34/457] Compiling CNIOLinux liburing_shims.c
[36/457] Compiling CNIOFreeBSD shim.c
[37/457] Compiling CNIOLLHTTP c_nio_http.c
[38/457] Compiling CNIOExtrasZlib inftrees.c
[39/457] Compiling CNIOExtrasZlib inffast.c
[40/457] Compiling CNIOLLHTTP c_nio_api.c
[41/457] Compiling CNIOExtrasZlib zutil.c
[42/457] Compiling CNIOExtrasZlib trees.c
[43/457] Compiling CNIODarwin shim.c
[44/457] Compiling CNIOExtrasZlib adler32.c
[45/457] Compiling CNIOExtrasZlib crc32.c
[46/457] Compiling fiat_p256_adx_sqr.S
[47/457] Compiling CNIOExtrasZlib inflate.c
[48/457] Compiling fiat_p256_adx_mul.S
[48/457] Compiling fiat_curve25519_adx_square.S
[50/457] Compiling fiat_curve25519_adx_mul.S
[51/457] Write swift-version-24593BA9C3E375BF.txt
[52/457] Compiling CNIOExtrasZlib deflate.c
[53/461] Compiling CNIOBoringSSLShims shims.c
[55/463] Emitting module _NIOBase64
<unknown>:0: warning: upcoming feature 'InferSendableFromCaptures' is already enabled as of Swift version 6
<unknown>:0: warning: upcoming feature 'GlobalActorIsolatedTypesUsability' is already enabled as of Swift version 6
<unknown>:0: warning: upcoming feature 'DisableOutwardActorInference' is already enabled as of Swift version 6
[55/463] Compiling CNIOLLHTTP c_nio_llhttp.c
In file included from /host/spi-builder-workspace/.build/checkouts/swift-nio-ssl/Sources/CNIOBoringSSL/ssl/tls13_client.cc:30:
/host/spi-builder-workspace/.build/checkouts/swift-nio-ssl/Sources/CNIOBoringSSL/ssl/../crypto/internal.h:32:10: fatal error: 'pthread.h' file not found
   32 | #include <pthread.h>
      |          ^~~~~~~~~~~
1 error generated.
[56/463] Compiling tls13_client.cc
In file included from /host/spi-builder-workspace/.build/checkouts/swift-nio-ssl/Sources/CNIOBoringSSL/ssl/tls_method.cc:17:
/host/spi-builder-workspace/.build/checkouts/swift-nio-ssl/Sources/CNIOBoringSSL/ssl/../crypto/internal.h:32:10: fatal error: 'pthread.h' file not found
   32 | #include <pthread.h>
      |          ^~~~~~~~~~~
1 error generated.
[56/463] Compiling tls_method.cc
In file included from /host/spi-builder-workspace/.build/checkouts/swift-nio-ssl/Sources/CNIOBoringSSL/ssl/tls13_enc.cc:34:
/host/spi-builder-workspace/.build/checkouts/swift-nio-ssl/Sources/CNIOBoringSSL/ssl/../crypto/internal.h:32:10: fatal error: 'pthread.h' file not found
   32 | #include <pthread.h>
      |          ^~~~~~~~~~~
1 error generated.
[56/466] Compiling tls13_enc.cc
In file included from /host/spi-builder-workspace/.build/checkouts/swift-nio-ssl/Sources/CNIOBoringSSL/ssl/tls_record.cc:19:
/host/spi-builder-workspace/.build/checkouts/swift-nio-ssl/Sources/CNIOBoringSSL/ssl/../crypto/internal.h:32:10: fatal error: 'pthread.h' file not found
   32 | #include <pthread.h>
      |          ^~~~~~~~~~~
1 error generated.
[56/466] Compiling tls_record.cc
In file included from /host/spi-builder-workspace/.build/checkouts/swift-nio-ssl/Sources/CNIOBoringSSL/ssl/tls13_server.cc:32:
/host/spi-builder-workspace/.build/checkouts/swift-nio-ssl/Sources/CNIOBoringSSL/ssl/../crypto/internal.h:32:10: fatal error: 'pthread.h' file not found
   32 | #include <pthread.h>
      |          ^~~~~~~~~~~
[56/466] Compiling tls13_server.cc
<unknown>:0: warning: upcoming feature 'InferSendableFromCaptures' is already enabled as of Swift version 6
<unknown>:0: warning: upcoming feature 'GlobalActorIsolatedTypesUsability' is already enabled as of Swift version 6
<unknown>:0: warning: upcoming feature 'DisableOutwardActorInference' is already enabled as of Swift version 6
[57/466] Emitting module _NIODataStructures
<unknown>:0: warning: upcoming feature 'InferSendableFromCaptures' is already enabled as of Swift version 6
<unknown>:0: warning: upcoming feature 'GlobalActorIsolatedTypesUsability' is already enabled as of Swift version 6
<unknown>:0: warning: upcoming feature 'DisableOutwardActorInference' is already enabled as of Swift version 6
<unknown>:0: warning: upcoming feature 'InferSendableFromCaptures' is already enabled as of Swift version 6
<unknown>:0: warning: upcoming feature 'GlobalActorIsolatedTypesUsability' is already enabled as of Swift version 6
<unknown>:0: warning: upcoming feature 'DisableOutwardActorInference' is already enabled as of Swift version 6
Running build ...
bash -c docker run --pull=always --rm -v "checkouts-54344849-2":/host -w "$PWD" -e JAVA_HOME="/root/.sdkman/candidates/java/current" -e SPI_BUILD="1" -e SPI_PROCESSING="1" registry.gitlab.com/saguaro1/spi-images:wasm-6.1-latest swift build --swift-sdk wasm32-unknown-wasi 2>&1
wasm-6.1-latest: Pulling from saguaro1/spi-images
Digest: sha256:1ad245dad3d2ae0004e1afbc92334bd39884ed9ca587cf04d0a8d5f640fb02e9
Status: Image is up to date for registry.gitlab.com/saguaro1/spi-images:wasm-6.1-latest
[0/1] Planning build
Building for debugging...
In file included from /host/spi-builder-workspace/.build/checkouts/swift-nio-ssl/Sources/CNIOBoringSSL/ssl/tls13_server.cc:32:
/host/spi-builder-workspace/.build/checkouts/swift-nio-ssl/Sources/CNIOBoringSSL/ssl/../crypto/internal.h:32:10: fatal error: 'pthread.h' file not found
   32 | #include <pthread.h>
      |          ^~~~~~~~~~~
1 error generated.
[0/403] Compiling tls13_server.cc
In file included from /host/spi-builder-workspace/.build/checkouts/swift-nio-ssl/Sources/CNIOBoringSSL/ssl/ssl_x509.cc:23:
/host/spi-builder-workspace/.build/checkouts/swift-nio-ssl/Sources/CNIOBoringSSL/ssl/../crypto/internal.h:32:10: fatal error: 'pthread.h' file not found
   32 | #include <pthread.h>
      |          ^~~~~~~~~~~
[0/403] Compiling ssl_x509.cc
In file included from /host/spi-builder-workspace/.build/checkouts/swift-nio-ssl/Sources/CNIOBoringSSL/ssl/tls_method.cc:17:
/host/spi-builder-workspace/.build/checkouts/swift-nio-ssl/Sources/CNIOBoringSSL/ssl/../crypto/internal.h:32:10: fatal error: 'pthread.h' file not found
   32 | #include <pthread.h>
      |          ^~~~~~~~~~~
1 error generated.
[0/403] Compiling tls_method.cc
In file included from /host/spi-builder-workspace/.build/checkouts/swift-nio-ssl/Sources/CNIOBoringSSL/ssl/tls_record.cc:19:
/host/spi-builder-workspace/.build/checkouts/swift-nio-ssl/Sources/CNIOBoringSSL/ssl/../crypto/internal.h:32:10: fatal error: 'pthread.h' file not found
   32 | #include <pthread.h>
      |          ^~~~~~~~~~~
1 error generated.
[0/403] Compiling tls_record.cc
In file included from /host/spi-builder-workspace/.build/checkouts/swift-nio-ssl/Sources/CNIOBoringSSL/ssl/tls13_enc.cc:34:
/host/spi-builder-workspace/.build/checkouts/swift-nio-ssl/Sources/CNIOBoringSSL/ssl/../crypto/internal.h:32:10: fatal error: 'pthread.h' file not found
   32 | #include <pthread.h>
      |          ^~~~~~~~~~~
[0/403] Compiling tls13_enc.cc
In file included from /host/spi-builder-workspace/.build/checkouts/swift-nio-ssl/Sources/CNIOBoringSSL/ssl/tls13_client.cc:30:
/host/spi-builder-workspace/.build/checkouts/swift-nio-ssl/Sources/CNIOBoringSSL/ssl/../crypto/internal.h:32:10: fatal error: 'pthread.h' file not found
   32 | #include <pthread.h>
      |          ^~~~~~~~~~~
[0/403] Compiling tls13_client.cc
In file included from /host/spi-builder-workspace/.build/checkouts/swift-nio-ssl/Sources/CNIOBoringSSL/ssl/tls13_both.cc:29:
/host/spi-builder-workspace/.build/checkouts/swift-nio-ssl/Sources/CNIOBoringSSL/ssl/../crypto/internal.h:32:10: fatal error: 'pthread.h' file not found
   32 | #include <pthread.h>
      |          ^~~~~~~~~~~
[0/403] Compiling tls13_both.cc
In file included from /host/spi-builder-workspace/.build/checkouts/swift-nio-ssl/Sources/CNIOBoringSSL/ssl/t1_enc.cc:28:
/host/spi-builder-workspace/.build/checkouts/swift-nio-ssl/Sources/CNIOBoringSSL/ssl/../crypto/internal.h:32:10: fatal error: 'pthread.h' file not found
   32 | #include <pthread.h>
      |          ^~~~~~~~~~~
[0/403] Compiling t1_enc.cc
BUILD FAILURE 6.1 wasm