The Swift Package Index logo.Swift Package Index

Build Information

Failed to build GoogleCloudTasksV2, reference main (65a437), with Swift 6.2 for Android on 11 Oct 2026 22:12:40 UTC.

Build Command

bash -c docker run --pull=always --rm -v "checkouts-54344847-3":/host -w "$PWD" -e JAVA_HOME="/root/.sdkman/candidates/java/current" -e SPI_BUILD="1" -e SPI_PROCESSING="1" registry.gitlab.com/saguaro1/spi-images:android-6.2-latest swift build --swift-sdk aarch64-unknown-linux-android28 2>&1

Build Log

========================================
RunAll
========================================
Builder version: 5.1.1
Interrupt handler set up.
========================================
Checkout
========================================
Clone URL: https://github.com/googleapis/swift-google-cloud-tasks-v2.git
Reference: main
Initialized empty Git repository in /host/spi-builder-workspace/.git/
hint: Using 'master' as the name for the initial branch. This default branch name
hint: is subject to change. To configure the initial branch name to use in all
hint: of your new repositories, which will suppress this warning, call:
hint:
hint: 	git config --global init.defaultBranch <name>
hint:
hint: Names commonly chosen instead of 'master' are 'main', 'trunk' and
hint: 'development'. The just-created branch can be renamed via this command:
hint:
hint: 	git branch -m <name>
From https://github.com/googleapis/swift-google-cloud-tasks-v2
 * branch            main       -> FETCH_HEAD
 * [new branch]      main       -> origin/main
HEAD is now at 65a4372 chore: release circa 2026-10-07 (#1382)
Cloned https://github.com/googleapis/swift-google-cloud-tasks-v2.git
Revision (git rev-parse @):
65a437237008fe8ce4919de5241084dfa5a3c387
SPI manifest file found: $PWD/.spi.yml
SUCCESS checkout https://github.com/googleapis/swift-google-cloud-tasks-v2.git at main
========================================
Build
========================================
Selected platform:         android
Swift version:             6.2
Building package at path:  $PWD
https://github.com/googleapis/swift-google-cloud-tasks-v2.git
Running build ...
bash -c docker run --pull=always --rm -v "checkouts-54344847-3":/host -w "$PWD" -e JAVA_HOME="/root/.sdkman/candidates/java/current" -e SPI_BUILD="1" -e SPI_PROCESSING="1" registry.gitlab.com/saguaro1/spi-images:android-6.2-latest swift build --swift-sdk aarch64-unknown-linux-android28 2>&1
android-6.2-latest: Pulling from saguaro1/spi-images
Digest: sha256:a839c9ce201f1dacc8eb056626ec7ab0a1c6d53d7b77c83feda395f4507c51be
Status: Image is up to date for registry.gitlab.com/saguaro1/spi-images:android-6.2-latest
Fetching https://github.com/googleapis/swift-google-wkt
Fetching https://github.com/apple/swift-log
Fetching https://github.com/googleapis/swift-google-rpc
Fetching https://github.com/googleapis/swift-google-gax
Fetching https://github.com/googleapis/swift-google-iam-v1
Fetching https://github.com/googleapis/swift-google-longrunning
[1/422] Fetching swift-google-rpc
[423/1128] Fetching swift-google-rpc, swift-google-iam-v1
[473/1747] Fetching swift-google-rpc, swift-google-iam-v1, swift-google-longrunning
[754/10004] Fetching swift-google-rpc, swift-google-iam-v1, swift-google-longrunning, swift-log
[783/11752] Fetching swift-google-rpc, swift-google-iam-v1, swift-google-longrunning, swift-log, swift-google-gax
Fetched https://github.com/googleapis/swift-google-longrunning from cache (0.50s)
[2875/11133] Fetching swift-google-rpc, swift-google-iam-v1, swift-log, swift-google-gax
Fetching https://github.com/googleapis/swift-google-auth
[11134/12156] Fetching swift-google-rpc, swift-google-iam-v1, swift-log, swift-google-gax, swift-google-wkt
[12157/13179] Fetching swift-google-rpc, swift-google-iam-v1, swift-log, swift-google-gax, swift-google-wkt, swift-google-auth
Fetched https://github.com/googleapis/swift-google-iam-v1 from cache (0.87s)
Fetched https://github.com/googleapis/swift-google-gax from cache (0.87s)
Fetched https://github.com/googleapis/swift-google-rpc from cache (0.87s)
Fetched https://github.com/googleapis/swift-google-wkt from cache (0.87s)
[8595/9280] Fetching swift-log, swift-google-auth
Fetching https://github.com/googleapis/swift-google-cloud-location
Fetched https://github.com/apple/swift-log from cache (0.87s)
[399/1023] Fetching swift-google-auth
Fetched https://github.com/googleapis/swift-google-auth from cache (0.40s)
[1/552] Fetching swift-google-cloud-location
Fetched https://github.com/googleapis/swift-google-cloud-location from cache (0.58s)
Computing version for https://github.com/googleapis/swift-google-wkt
Computed https://github.com/googleapis/swift-google-wkt at 0.5.0 (1.61s)
Fetching https://github.com/swift-extras/swift-extras-base64
[1/954] Fetching swift-extras-base64
Fetched https://github.com/swift-extras/swift-extras-base64 from cache (0.55s)
Computing version for https://github.com/googleapis/swift-google-rpc
Computed https://github.com/googleapis/swift-google-rpc at 0.5.0 (0.75s)
Computing version for https://github.com/googleapis/swift-google-longrunning
Computed https://github.com/googleapis/swift-google-longrunning at 0.5.0 (0.16s)
Computing version for https://github.com/googleapis/swift-google-iam-v1
Computed https://github.com/googleapis/swift-google-iam-v1 at 0.5.0 (0.15s)
Fetching https://github.com/googleapis/swift-google-type
[1/437] Fetching swift-google-type
Fetched https://github.com/googleapis/swift-google-type from cache (0.39s)
Computing version for https://github.com/googleapis/swift-google-gax
Computed https://github.com/googleapis/swift-google-gax at 0.5.0 (0.57s)
Fetching https://github.com/apple/swift-nio
[1/86374] Fetching swift-nio
Fetching https://github.com/swift-server/async-http-client.git
Fetched https://github.com/apple/swift-nio from cache (4.11s)
[1/16464] Fetching async-http-client
Fetched https://github.com/swift-server/async-http-client.git from cache (0.94s)
Computing version for https://github.com/googleapis/swift-google-cloud-location
Computed https://github.com/googleapis/swift-google-cloud-location at 0.5.0 (5.19s)
Computing version for https://github.com/googleapis/swift-google-auth
Computed https://github.com/googleapis/swift-google-auth at 0.5.0 (0.15s)
Fetching https://github.com/vapor/jwt-kit.git
Fetching https://github.com/apple/swift-system.git
[1/7241] Fetching swift-system
[1160/17495] Fetching swift-system, jwt-kit
Fetched https://github.com/apple/swift-system.git from cache (1.09s)
Fetched https://github.com/vapor/jwt-kit.git from cache (1.09s)
Computing version for https://github.com/googleapis/swift-google-type
Computed https://github.com/googleapis/swift-google-type at 0.5.0 (1.25s)
Computing version for https://github.com/swift-extras/swift-extras-base64
Computed https://github.com/swift-extras/swift-extras-base64 at 1.2.0 (0.14s)
Computing version for https://github.com/swift-server/async-http-client.git
Computed https://github.com/swift-server/async-http-client.git at 1.36.2 (0.18s)
Fetching https://github.com/apple/swift-service-context.git
Fetching https://github.com/apple/swift-nio-transport-services.git
Fetching https://github.com/apple/swift-configuration.git
Fetching https://github.com/apple/swift-nio-extras.git
Fetching https://github.com/apple/swift-distributed-tracing.git
Fetching https://github.com/apple/swift-nio-http2.git
[1/1501] Fetching swift-service-context
[242/5429] Fetching swift-service-context, swift-configuration
[942/8296] Fetching swift-service-context, swift-configuration, swift-nio-transport-services
[5069/14999] Fetching swift-service-context, swift-configuration, swift-nio-transport-services, swift-nio-extras
[5405/21550] Fetching swift-service-context, swift-configuration, swift-nio-transport-services, swift-nio-extras, swift-distributed-tracing
Fetched https://github.com/apple/swift-nio-transport-services.git from cache (0.48s)
[5728/18683] Fetching swift-service-context, swift-configuration, swift-nio-extras, swift-distributed-tracing
Fetching https://github.com/apple/swift-algorithms.git
Fetched https://github.com/apple/swift-service-context.git from cache (0.51s)
Fetching https://github.com/apple/swift-nio-ssl.git
[6477/17182] Fetching swift-configuration, swift-nio-extras, swift-distributed-tracing
[12074/29476] Fetching swift-configuration, swift-nio-extras, swift-distributed-tracing, swift-nio-http2
[19888/35640] Fetching swift-configuration, swift-nio-extras, swift-distributed-tracing, swift-nio-http2, swift-algorithms
Fetched https://github.com/apple/swift-distributed-tracing.git from cache (0.95s)
[18697/29089] Fetching swift-configuration, swift-nio-extras, swift-nio-http2, swift-algorithms
Fetching https://github.com/apple/swift-atomics.git
[23312/45969] Fetching swift-configuration, swift-nio-extras, swift-nio-http2, swift-algorithms, swift-nio-ssl
Fetched https://github.com/apple/swift-algorithms.git from cache (0.53s)
[20528/39805] Fetching swift-configuration, swift-nio-extras, swift-nio-http2, swift-nio-ssl
[29341/41694] Fetching swift-configuration, swift-nio-extras, swift-nio-http2, swift-nio-ssl, swift-atomics
Fetched https://github.com/apple/swift-configuration.git from cache (1.33s)
[27159/37766] Fetching swift-nio-extras, swift-nio-http2, swift-nio-ssl, swift-atomics
Fetched https://github.com/apple/swift-nio-extras.git from cache (1.33s)
[20739/31063] Fetching swift-nio-http2, swift-nio-ssl, swift-atomics
Fetched https://github.com/apple/swift-nio-http2.git from cache (1.33s)
[8858/18769] Fetching swift-nio-ssl, swift-atomics
Fetched https://github.com/apple/swift-atomics.git from cache (0.45s)
[15868/16880] Fetching swift-nio-ssl
Fetched https://github.com/apple/swift-nio-ssl.git from cache (1.33s)
Computing version for https://github.com/apple/swift-service-context.git
Computed https://github.com/apple/swift-service-context.git at 1.3.0 (2.00s)
Computing version for https://github.com/apple/swift-algorithms.git
Computed https://github.com/apple/swift-algorithms.git at 1.2.1 (0.99s)
Fetching https://github.com/apple/swift-numerics.git
[1/6742] Fetching swift-numerics
Fetched https://github.com/apple/swift-numerics.git from cache (0.54s)
Computing version for https://github.com/apple/swift-log
Computed https://github.com/apple/swift-log at 1.16.1 (0.69s)
Computing version for https://github.com/apple/swift-distributed-tracing.git
Computed https://github.com/apple/swift-distributed-tracing.git at 1.5.0 (0.14s)
Computing version for https://github.com/apple/swift-atomics.git
Computed https://github.com/apple/swift-atomics.git at 1.3.1 (0.14s)
Computing version for https://github.com/apple/swift-numerics.git
Computed https://github.com/apple/swift-numerics.git at 1.1.1 (0.13s)
Computing version for https://github.com/apple/swift-nio
Computed https://github.com/apple/swift-nio at 2.104.0 (0.36s)
Fetching https://github.com/apple/swift-collections.git
[1/28703] Fetching swift-collections
Fetched https://github.com/apple/swift-collections.git from cache (1.75s)
Computing version for https://github.com/apple/swift-configuration.git
Computed https://github.com/apple/swift-configuration.git at 1.2.2 (2.59s)
Fetching https://github.com/swift-server/swift-service-lifecycle
[1/2867] Fetching swift-service-lifecycle
Fetched https://github.com/swift-server/swift-service-lifecycle from cache (0.47s)
Computing version for https://github.com/apple/swift-nio-transport-services.git
Computed https://github.com/apple/swift-nio-transport-services.git at 1.28.0 (0.64s)
Computing version for https://github.com/swift-server/swift-service-lifecycle
Computed https://github.com/swift-server/swift-service-lifecycle at 2.12.1 (0.18s)
Fetching https://github.com/apple/swift-async-algorithms.git
[1/6820] Fetching swift-async-algorithms
Fetched https://github.com/apple/swift-async-algorithms.git from cache (1.03s)
Computing version for https://github.com/apple/swift-async-algorithms.git
Computed https://github.com/apple/swift-async-algorithms.git at 1.1.7 (1.26s)
Computing version for https://github.com/apple/swift-collections.git
Computed https://github.com/apple/swift-collections.git at 1.7.2 (0.25s)
Computing version for https://github.com/apple/swift-nio-http2.git
Computed https://github.com/apple/swift-nio-http2.git at 1.46.0 (0.17s)
Computing version for https://github.com/vapor/jwt-kit.git
Computed https://github.com/vapor/jwt-kit.git at 5.7.1 (0.14s)
Fetching https://github.com/apple/swift-certificates.git
Fetching https://github.com/apple/swift-crypto.git
[1/7613] Fetching swift-certificates
[2/26242] Fetching swift-certificates, swift-crypto
Fetched https://github.com/apple/swift-certificates.git from cache (1.33s)
Fetched https://github.com/apple/swift-crypto.git from cache (1.34s)
Computing version for https://github.com/apple/swift-crypto.git
Computed https://github.com/apple/swift-crypto.git at 4.5.2 (1.99s)
Fetching https://github.com/apple/swift-asn1.git
[1/2009] Fetching swift-asn1
Fetched https://github.com/apple/swift-asn1.git from cache (0.48s)
Computing version for https://github.com/apple/swift-asn1.git
Computed https://github.com/apple/swift-asn1.git at 1.7.3 (0.68s)
Computing version for https://github.com/apple/swift-certificates.git
Computed https://github.com/apple/swift-certificates.git at 1.21.0 (0.22s)
Computing version for https://github.com/apple/swift-nio-ssl.git
Computed https://github.com/apple/swift-nio-ssl.git at 2.37.5 (0.30s)
Computing version for https://github.com/apple/swift-system.git
Computed https://github.com/apple/swift-system.git at 1.8.1 (0.26s)
Computing version for https://github.com/apple/swift-nio-extras.git
Computed https://github.com/apple/swift-nio-extras.git at 1.35.1 (0.27s)
Fetching https://github.com/apple/swift-http-structured-headers.git
Fetching https://github.com/apple/swift-http-types.git
[1/1253] Fetching swift-http-structured-headers
[1041/3192] Fetching swift-http-structured-headers, swift-http-types
Fetched https://github.com/apple/swift-http-structured-headers.git from cache (0.46s)
Fetched https://github.com/apple/swift-http-types.git from cache (0.46s)
Computing version for https://github.com/apple/swift-http-structured-headers.git
Computed https://github.com/apple/swift-http-structured-headers.git at 1.7.0 (0.74s)
Computing version for https://github.com/apple/swift-http-types.git
Computed https://github.com/apple/swift-http-types.git at 1.8.0 (0.25s)
Creating working copy for https://github.com/swift-extras/swift-extras-base64
Working copy of https://github.com/swift-extras/swift-extras-base64 resolved at 1.2.0
Creating working copy for https://github.com/apple/swift-configuration.git
Working copy of https://github.com/apple/swift-configuration.git resolved at 1.2.2
Creating working copy for https://github.com/apple/swift-algorithms.git
Working copy of https://github.com/apple/swift-algorithms.git resolved at 1.2.1
Creating working copy for https://github.com/googleapis/swift-google-cloud-location
Working copy of https://github.com/googleapis/swift-google-cloud-location resolved at 0.5.0
Creating working copy for https://github.com/googleapis/swift-google-longrunning
Working copy of https://github.com/googleapis/swift-google-longrunning resolved at 0.5.0
Creating working copy for https://github.com/googleapis/swift-google-gax
Working copy of https://github.com/googleapis/swift-google-gax resolved at 0.5.0
Creating working copy for https://github.com/apple/swift-nio-ssl.git
Working copy of https://github.com/apple/swift-nio-ssl.git resolved at 2.37.5
Creating working copy for https://github.com/apple/swift-service-context.git
Working copy of https://github.com/apple/swift-service-context.git resolved at 1.3.0
Creating working copy for https://github.com/swift-server/swift-service-lifecycle
Working copy of https://github.com/swift-server/swift-service-lifecycle resolved at 2.12.1
Creating working copy for https://github.com/apple/swift-nio-transport-services.git
Working copy of https://github.com/apple/swift-nio-transport-services.git resolved at 1.28.0
Creating working copy for https://github.com/apple/swift-collections.git
Working copy of https://github.com/apple/swift-collections.git resolved at 1.7.2
Creating working copy for https://github.com/vapor/jwt-kit.git
Working copy of https://github.com/vapor/jwt-kit.git resolved at 5.7.1
Creating working copy for https://github.com/apple/swift-crypto.git
Working copy of https://github.com/apple/swift-crypto.git resolved at 4.5.2
Creating working copy for https://github.com/apple/swift-system.git
Working copy of https://github.com/apple/swift-system.git resolved at 1.8.1
Creating working copy for https://github.com/googleapis/swift-google-type
Working copy of https://github.com/googleapis/swift-google-type resolved at 0.5.0
Creating working copy for https://github.com/apple/swift-nio
Working copy of https://github.com/apple/swift-nio resolved at 2.104.0
Creating working copy for https://github.com/apple/swift-asn1.git
Working copy of https://github.com/apple/swift-asn1.git resolved at 1.7.3
Creating working copy for https://github.com/googleapis/swift-google-wkt
Working copy of https://github.com/googleapis/swift-google-wkt resolved at 0.5.0
Creating working copy for https://github.com/googleapis/swift-google-auth
Working copy of https://github.com/googleapis/swift-google-auth resolved at 0.5.0
Creating working copy for https://github.com/apple/swift-certificates.git
Working copy of https://github.com/apple/swift-certificates.git resolved at 1.21.0
Creating working copy for https://github.com/apple/swift-nio-extras.git
Working copy of https://github.com/apple/swift-nio-extras.git resolved at 1.35.1
Creating working copy for https://github.com/googleapis/swift-google-rpc
Working copy of https://github.com/googleapis/swift-google-rpc resolved at 0.5.0
Creating working copy for https://github.com/googleapis/swift-google-iam-v1
Working copy of https://github.com/googleapis/swift-google-iam-v1 resolved at 0.5.0
Creating working copy for https://github.com/apple/swift-distributed-tracing.git
Working copy of https://github.com/apple/swift-distributed-tracing.git resolved at 1.5.0
Creating working copy for https://github.com/apple/swift-atomics.git
Working copy of https://github.com/apple/swift-atomics.git resolved at 1.3.1
Creating working copy for https://github.com/apple/swift-http-types.git
Working copy of https://github.com/apple/swift-http-types.git resolved at 1.8.0
Creating working copy for https://github.com/apple/swift-async-algorithms.git
Working copy of https://github.com/apple/swift-async-algorithms.git resolved at 1.1.7
Creating working copy for https://github.com/swift-server/async-http-client.git
Working copy of https://github.com/swift-server/async-http-client.git resolved at 1.36.2
Creating working copy for https://github.com/apple/swift-numerics.git
Working copy of https://github.com/apple/swift-numerics.git resolved at 1.1.1
Creating working copy for https://github.com/apple/swift-log
Working copy of https://github.com/apple/swift-log resolved at 1.16.1
Creating working copy for https://github.com/apple/swift-http-structured-headers.git
Working copy of https://github.com/apple/swift-http-structured-headers.git resolved at 1.7.0
Creating working copy for https://github.com/apple/swift-nio-http2.git
Working copy of https://github.com/apple/swift-nio-http2.git resolved at 1.46.0
Building for debugging...
[0/986] Write swift-version--11D90AFD9DD3AB2.txt
[1/986] Compiling _NumericsShims _NumericsShims.c
[1/986] Write sources
[6/986] Compiling _AtomicsShims.c
[7/990] Compiling asn_pack.cc
[8/990] Compiling ios.cc
[9/990] Compiling a_d2i_fp.cc
[9/990] Write sources
[16/1011] Compiling a_bool.cc
[17/1011] Compiling tasn_dec.cc
[17/1011] Write sources
[17/1011] Compiling a_gentm.cc
[17/1011] Write sources
[76/1011] Compiling CXKCPShims shims.c
[77/1014] Compiling spake2plus.cc
[79/1064] Emitting module _NIODataStructures
[80/1064] Compiling _NIODataStructures PriorityQueue.swift
[81/1064] Compiling InternalCollectionsUtilities UnsafeMutablePointer+Extras.swift
[82/1064] Compiling InternalCollectionsUtilities UnsafeMutableRawBufferPointer+Extras.swift
[83/1064] Compiling InternalCollectionsUtilities UnsafePointer+Extras.swift
[84/1067] Compiling InternalCollectionsUtilities MutableSpan+Extras.swift
[85/1067] Compiling InternalCollectionsUtilities OutputSpan+Extras.swift
[86/1067] Compiling InternalCollectionsUtilities RandomAccessCollection+Offsets.swift
[87/1067] Compiling InternalCollectionsUtilities Span+Extras.swift
[88/1067] Compiling Logging SwiftLogNoOpLogHandler.swift
[89/1067] Compiling Logging Locks.swift
[90/1067] Compiling Logging MultiplexLogHandler.swift
[91/1067] Compiling Logging StreamLogHandler.swift
[92/1067] Compiling InternalCollectionsUtilities Iterable+CopyContents.swift
[93/1067] Compiling InternalCollectionsUtilities Iterable+Equality.swift
[94/1067] Compiling InternalCollectionsUtilities LifetimeOverride.swift
[95/1067] Compiling InternalCollectionsUtilities MutableRef.swift
[97/1067] Compiling Logging LogEvent.swift
[98/1069] Compiling InternalCollectionsUtilities _UnsafeBitSet+_Word.swift
[99/1069] Compiling InternalCollectionsUtilities _UnsafeBitSet.swift
[100/1069] Compiling InternalCollectionsUtilities UnsafeBufferPointer+Extras.swift
[101/1069] Compiling InternalCollectionsUtilities UnsafeMutableBufferPointer+Extras.swift
[102/1069] Compiling SwiftASN1 DER.swift
[103/1069] Compiling SwiftASN1 Errors.swift
[104/1069] Compiling InternalCollectionsUtilities TemporaryAllocation.swift
[105/1069] Compiling InternalCollectionsUtilities _UnsafeBitSet+Index.swift
[114/1069] Compiling Logging LogHandler.swift
[115/1069] Compiling InternalCollectionsUtilities Debugging.swift
[116/1069] Compiling InternalCollectionsUtilities Descriptions.swift
[117/1070] Emitting module InternalCollectionsUtilities
[118/1070] Compiling RealModule RealFunctions.swift
[119/1070] Compiling _NIODataStructures Heap.swift
[120/1070] Compiling RealModule Real.swift
[121/1070] Compiling RealModule Float80+Real.swift
[124/1070] Compiling _NIOBase64 Base64.swift
[125/1070] Emitting module _NIOBase64
[128/1072] Compiling ServiceContextModule ServiceContextKey.swift
[131/1072] Compiling ServiceContextModule ServiceContext.swift
[132/1072] Compiling RealModule Float16+Real.swift
[137/1072] Emitting module RealModule
[141/1072] Emitting module ServiceContextModule
[142/1072] Compiling InternalCollectionsUtilities UnsafeRawBufferPointer+Extras.swift
[143/1072] Compiling InternalCollectionsUtilities _SortedCollection.swift
[144/1072] Compiling InternalCollectionsUtilities _UniqueCollection.swift
[145/1073] Compiling RealModule RelaxedArithmetic.swift
[148/1075] Emitting module _CertificateInternals
[149/1075] Compiling _CertificateInternals _TinyArray.swift
[151/1076] Wrapping AST for _NIOBase64 for debugging
[153/1081] Wrapping AST for InternalCollectionsUtilities for debugging
[155/1087] Compiling _NIODataStructures _TinyArray.swift
[157/1092] Compiling Logging LoggingSystem.swift
[158/1092] Compiling Logging Logger.swift
[159/1092] Compiling Logging Logger+Attributes.swift
[160/1092] Compiling Logging Logger+With.swift
[160/1092] Wrapping AST for ServiceContextModule for debugging
[161/1092] Wrapping AST for _CertificateInternals for debugging
[163/1092] Emitting module SpanPreview
[164/1092] Compiling Instrumentation NoOpInstrument.swift
[164/1092] Compiling KeccakSponge.c
[166/1092] Compiling SpanPreview InputSpan.swift
[167/1092] Compiling SpanPreview OutputSpan+InputSpanHelpers.swift
[168/1092] Compiling SpanPreview MutableSpan+InputSpanHelpers.swift
[168/1092] Compiling SimpleFIPS202.c
[169/1093] Wrapping AST for RealModule for debugging
[170/1093] Wrapping AST for _NIODataStructures for debugging
[173/1093] Emitting module Instrumentation
[173/1093] Compiling KeccakHash.c
[175/1093] Compiling Instrumentation MultiplexInstrument.swift
[175/1093] Compiling CNIOWindows shim.c
[176/1093] Compiling CSystem shims.c
[177/1093] Compiling CNIOWindows WSAStartup.c
[178/1093] Wrapping AST for SpanPreview for debugging
[179/1093] Compiling CNIOWASI CNIOWASI.c
[181/1135] Compiling Instrumentation Instrument.swift
[181/1135] Compiling CNIOPosix event_loop_id.c
[183/1135] Emitting module SwiftASN1
[183/1148] Compiling CNIOOpenBSD shim.c
[184/1172] Compiling CNIOLinux shim.c
[185/1172] Compiling CNIOLinux liburing_shims.c
[187/1172] Compiling SystemPackage IOCompletion.swift
[188/1172] Compiling SystemPackage IORequest.swift
[189/1172] Compiling SystemPackage IORing+Util.swift
[190/1172] Compiling SystemPackage IORing.swift
[191/1172] Compiling SystemPackage RawIORequest.swift
[191/1177] Compiling KeccakP-1600-opt64.c
[192/1177] Compiling CNIOLLHTTP c_nio_http.c
[194/1177] Compiling SystemPackage Mocking.swift
[195/1177] Compiling SystemPackage RawBuffer.swift
[196/1177] Compiling SystemPackage Syscalls.swift
[197/1177] Compiling SystemPackage WindowsSyscallAdapters.swift
[198/1177] Compiling SystemPackage MachPort.swift
[199/1177] Compiling SystemPackage PlatformString.swift
[200/1177] Compiling SystemPackage SystemString.swift
[201/1177] Compiling SystemPackage Util+StringArray.swift
[202/1177] Compiling SystemPackage Util.swift
[203/1177] Compiling SystemPackage UtilConsumers.swift
[204/1177] Compiling SystemPackage WinSDK+Overlay.swift
[204/1177] Compiling CNIOLLHTTP c_nio_api.c
[205/1182] Compiling CNIOLLHTTP c_nio_llhttp.c
[206/1182] Compiling CNIOFreeBSD shim.c
[208/1182] Compiling SystemPackage ErrnoWindows.swift
[209/1182] Compiling SystemPackage FileDescriptor.swift
[209/1182] Compiling CNIOExtrasZlib zutil.c
[210/1182] Compiling CNIOExtrasZlib inftrees.c
[211/1182] Compiling CNIOExtrasZlib trees.c
[213/1182] Compiling SystemPackage FileType.swift
[214/1182] Compiling SystemPackage Identifiers.swift
[215/1182] Compiling SystemPackage Stat.swift
[216/1182] Compiling SystemPackage Errno.swift
[221/1182] Compiling SystemPackage Backcompat.swift
[222/1182] Compiling SystemPackage CInterop.swift
[223/1182] Compiling SystemPackage Constants.swift
[224/1182] Compiling SystemPackage Exports.swift
[225/1182] Compiling SystemPackage FileHelpers.swift
[226/1182] Compiling SystemPackage FileOperations.swift
[227/1182] Compiling SystemPackage FilePath.swift
[230/1182] Compiling CNIOExtrasZlib inflate.c
[231/1182] Compiling CNIOExtrasZlib inffast.c
[232/1182] Compiling CNIOExtrasZlib crc32.c
[233/1182] Compiling CNIOExtrasZlib deflate.c
[234/1182] Compiling CNIODarwin shim.c
[235/1182] Compiling CNIOExtrasZlib adler32.c
[236/1182] Compiling fiat_p256_adx_sqr.S
[237/1182] Compiling fiat_p256_adx_mul.S
[238/1182] Compiling fiat_curve25519_adx_square.S
[239/1182] Compiling fiat_curve25519_adx_mul.S
[241/1182] Compiling SystemPackage FilePathComponentView.swift
[242/1182] Compiling SystemPackage FilePathComponents.swift
[243/1182] Compiling SystemPackage FilePathParsing.swift
[244/1182] Compiling SystemPackage FilePathString.swift
[245/1182] Compiling SystemPackage FilePathSyntax.swift
[246/1182] Compiling SystemPackage FilePathTemp.swift
[247/1182] Compiling SystemPackage FilePathTempPosix.swift
[248/1182] Compiling SystemPackage FilePathTempWindows.swift
[249/1182] Compiling SystemPackage FilePathWindows.swift
[250/1182] Compiling SystemPackage FilePermissions.swift
[251/1182] Compiling SystemPackage FileFlags.swift
[252/1182] Compiling SystemPackage FileMode.swift
[260/1182] Compiling Logging MetadataProvider.swift
[260/1182] Compiling CNIOBoringSSLShims shims.c
[274/1182] Emitting module Logging
[275/1183] Compiling Instrumentation InstrumentationSystem.swift
[276/1183] Compiling Instrumentation Locks.swift
[281/1185] Wrapping AST for Logging for debugging
[282/1185] Wrapping AST for SwiftASN1 for debugging
[293/1193] Wrapping AST for Instrumentation for debugging
[295/1193] Compiling Tracing NoOpTracer.swift
[296/1193] Compiling Tracing InstrumentationSystem+Tracing.swift
[297/1194] Compiling Tracing TracingTime.swift
[298/1194] Compiling Tracing TracerProtocol.swift
[299/1194] Emitting module Tracing
[300/1194] Compiling Tracing WithTracer.swift
[301/1194] Compiling Tracing TracerProtocol+Legacy.swift
[302/1194] Compiling Tracing Tracer.swift
[309/1194] Emitting module SystemPackage
[316/1195] Compiling Tracing SpanProtocol.swift
[316/1196] Wrapping AST for SystemPackage for debugging
[318/1196] Compiling tls_record.cc
[319/1196] Wrapping AST for Tracing for debugging
[320/1196] Compiling tls_method.cc
[321/1196] Compiling tls13_server.cc
[322/1196] Compiling tls13_enc.cc
[324/1196] Emitting module DequeModule
[324/1196] Compiling tls13_client.cc
[325/1196] Compiling tls13_both.cc
[326/1196] Compiling t1_enc.cc
[328/1196] Compiling DequeModule UniqueDeque+Replacements.swift
[329/1196] Compiling DequeModule UniqueDeque.swift
[330/1196] Compiling DequeModule _DequeSlot.swift
[331/1196] Compiling DequeModule _UnsafeDequeHandle.swift
[332/1196] Compiling DequeModule _UnsafeDequeSegments.swift
[333/1197] Compiling ssl_transcript.cc
[334/1197] Compiling ssl_x509.cc
[335/1197] Wrapping AST for DequeModule for debugging
[336/1240] Compiling ssl_versions.cc
[338/1240] Compiling Configuration JSONSnapshot.swift
[339/1240] Compiling Configuration PropertyListSnapshot.swift
[340/1240] Compiling Configuration ReloadingFileProvider.swift
[341/1240] Compiling Configuration ReloadingFileProviderMetrics.swift
[342/1240] Compiling Configuration YAMLSnapshot.swift
[343/1240] Compiling Configuration InMemoryProvider.swift
[344/1245] Emitting module Configuration
[344/1245] Compiling ssl_stat.cc
[345/1245] Compiling ssl_privkey.cc
[346/1245] Compiling ssl_key_share.cc
[348/1245] Compiling Configuration EnvironmentKeyEncoder.swift
[349/1245] Compiling Configuration EnvironmentVariablesProvider.swift
[350/1245] Compiling Configuration CommonProviderFileSystem.swift
[351/1245] Compiling Configuration DirectoryFilesProvider.swift
[352/1245] Compiling Configuration FileProvider.swift
[353/1245] Compiling Configuration FileProviderSnapshot.swift
[354/1245] Emitting module ExtrasBase64
[354/1245] Compiling ssl_session.cc
[355/1245] Compiling ssl_lib.cc
[356/1245] Compiling ssl_file.cc
[357/1245] Compiling ssl_credential.cc
[358/1245] Compiling ssl_cipher.cc
[359/1245] Compiling ssl_aead_ctx.cc
[360/1245] Compiling ssl_cert.cc
[362/1245] Compiling ExtrasBase64 Base32+Span.swift
[363/1245] Compiling ExtrasBase64 Base64.swift
[364/1245] Compiling ExtrasBase64 Base32.swift
[365/1245] Compiling ExtrasBase64 Base64+Span.swift
[366/1277] Compiling ssl_buffer.cc
[367/1277] Wrapping AST for ExtrasBase64 for debugging
[368/1277] Compiling ssl_asn1.cc
[370/1277] Compiling Configuration CombineLatestManyStorage.swift
[371/1277] Compiling Configuration AsyncSequences.swift
[372/1277] Compiling Configuration FoundationExtensions.swift
[373/1277] Compiling Configuration Span.swift
[374/1277] Compiling Configuration ConfigBytesFromStringDecoder.swift
[375/1277] Compiling GoogleWKT WKTEnum.swift
[376/1277] Compiling GoogleWKT WKTEnumValue.swift
[377/1277] Compiling GoogleWKT WKTField.swift
[378/1277] Compiling GoogleWKT WKTMethod.swift
[379/1277] Compiling GoogleWKT WKTMixin.swift
[380/1277] Compiling GoogleWKT WKTOption.swift
[381/1277] Compiling GoogleWKT WKTInt64Value.swift
[382/1277] Compiling GoogleWKT WKTRecursive.swift
[383/1277] Compiling GoogleWKT WKTDoubleValue.swift
[384/1277] Compiling GoogleWKT WKTDuration.swift
[385/1277] Compiling GoogleWKT WKTEmpty.swift
[386/1277] Compiling GoogleWKT WKTFieldMask.swift
[386/1277] Compiling s3_lib.cc
[388/1277] Compiling Configuration MutableInMemoryProvider.swift
[389/1277] Compiling Configuration ConfigProvider+Operators.swift
[390/1277] Compiling Configuration KeyMappingProvider.swift
[391/1277] Compiling Configuration SecretsSpecifier.swift
[392/1277] Compiling Configuration AsyncCombineLatestManySequence.swift
[393/1277] Compiling Configuration CombineLatestManyStateMachine.swift
[393/1277] Compiling s3_pkt.cc
[394/1277] Compiling s3_both.cc
[396/1277] Compiling GoogleWKT WKTStringValue.swift
[397/1277] Compiling GoogleWKT WKTTimestamp.swift
[398/1277] Compiling GoogleWKT WKTUInt32Value.swift
[399/1277] Compiling GoogleWKT WKTUInt64Value.swift
[400/1277] Compiling GoogleWKT WKTFloatValue.swift
[401/1277] Compiling GoogleWKT WKTInt32Value.swift
[403/1281] Compiling handshake_server.cc
[405/1281] Compiling GoogleWKT UnknownFields.swift
[406/1281] Compiling GoogleWKT WKTAny.swift
[407/1281] Compiling GoogleWKT WKTAnyError.swift
[408/1281] Compiling GoogleWKT WKTBoolValue.swift
[409/1281] Compiling GoogleWKT WKTBytesValue.swift
[414/1281] Compiling GoogleWKT WKTValue.swift
[415/1281] Compiling GoogleWKT WKTApi.swift
[421/1281] Compiling handoff.cc
[423/1281] Compiling GoogleWKT WKTSourceContext.swift
[424/1281] Compiling GoogleWKT WKTSyntax.swift
[425/1281] Compiling GoogleWKT WKTType.swift
[426/1281] Compiling GoogleWKT PackageVersion.swift
[426/1281] Compiling handshake.cc
[434/1281] Compiling GoogleWKT AnyPackable.swift
[435/1281] Compiling GoogleWKT DecodeToDefault.swift
[436/1281] Compiling GoogleWKT DiscoveryBase64.swift
[437/1281] Compiling GoogleWKT ProtoJSONDecoder.swift
[438/1281] Compiling GoogleWKT ProtoJSONEncoder.swift
[440/1282] Compiling handshake_client.cc
[441/1282] Emitting module GoogleWKT
[448/1283] Wrapping AST for Configuration for debugging
[449/1301] Compiling extensions.cc
[451/1316] Compiling GoogleRpc HttpRequest.swift
[452/1316] Compiling GoogleRpc HttpResponse.swift
[453/1316] Compiling GoogleRpc LocalizedMessage.swift
[453/1316] Compiling encrypted_client_hello.cc
[454/1318] Compiling dtls_record.cc
[455/1318] Wrapping AST for GoogleWKT for debugging
[457/1318] Compiling GoogleRpc PackageVersion.swift
[458/1318] Compiling GoogleRpc PreconditionFailure.swift
[459/1318] Emitting module GoogleType
[462/1318] Compiling GoogleType Money.swift
[463/1318] Compiling GoogleType Month.swift
[464/1318] Compiling GoogleRpc QuotaFailure.swift
[465/1318] Compiling GoogleRpc RequestInfo.swift
[466/1318] Compiling GoogleRpc ResourceInfo.swift
[467/1318] Compiling GoogleType Quaternion.swift
[468/1320] Compiling GoogleRpc DebugInfo.swift
[469/1320] Compiling GoogleRpc ErrorInfo.swift
[471/1320] Compiling GoogleRpc Help.swift
[472/1320] Compiling GoogleRpc HttpHeader.swift
[473/1320] Compiling GoogleRpc BadRequest.swift
[474/1320] Compiling GoogleRpc Code.swift
[476/1320] Emitting module GoogleRpc
[484/1320] Compiling dtls_method.cc
[486/1320] Compiling GoogleType TimeOfDay.swift
[487/1320] Compiling GoogleType TimeZone.swift
[487/1321] Compiling md5-x86_64-linux.S
[489/1321] Compiling md5-x86_64-apple.S
[490/1321] Compiling md5-586-linux.S
[491/1321] Compiling md5-586-apple.S
[492/1321] Wrapping AST for GoogleType for debugging
[493/1321] Compiling d1_srtp.cc
[494/1321] Compiling chacha20_poly1305_x86_64-apple.S
[495/1321] Compiling chacha20_poly1305_x86_64-linux.S
[497/1321] Compiling GoogleRpc RetryInfo.swift
[498/1321] Compiling GoogleRpc Status.swift
[500/1322] Compiling chacha20_poly1305_armv8-win.S
[502/1322] Compiling chacha20_poly1305_armv8-linux.S
[503/1322] Compiling d1_pkt.cc
[504/1322] Compiling chacha20_poly1305_armv8-apple.S
[505/1322] Compiling chacha-x86_64-linux.S
[506/1322] Compiling chacha-x86_64-apple.S
[507/1322] Wrapping AST for GoogleRpc for debugging
[508/1322] Compiling chacha-x86-linux.S
[509/1322] Compiling chacha-x86-apple.S
[510/1322] Compiling chacha-armv8-win.S
[511/1322] Compiling chacha-armv8-apple.S
[512/1322] Compiling chacha-armv8-linux.S
[513/1322] Compiling chacha-armv4-linux.S
[514/1322] Compiling aes128gcmsiv-x86_64-apple.S
[515/1322] Compiling x86_64-mont5-linux.S
[516/1322] Compiling aes128gcmsiv-x86_64-linux.S
[517/1322] Compiling x86_64-mont-linux.S
[518/1322] Compiling x86-mont-linux.S
[519/1322] Compiling x86_64-mont5-apple.S
[520/1322] Compiling x86_64-mont-apple.S
[521/1322] Compiling x86-mont-apple.S
[522/1322] Compiling vpaes-x86_64-linux.S
[523/1322] Compiling vpaes-x86_64-apple.S
[524/1322] Compiling vpaes-x86-linux.S
[525/1322] Compiling d1_lib.cc
[525/1322] Compiling vpaes-x86-apple.S
[527/1322] Compiling vpaes-armv8-win.S
[528/1322] Compiling vpaes-armv8-linux.S
[529/1322] Compiling vpaes-armv8-apple.S
[530/1322] Compiling sha512-x86_64-apple.S
[531/1322] Compiling vpaes-armv7-linux.S
[532/1322] Compiling sha512-x86_64-linux.S
[533/1322] Compiling sha512-armv8-linux.S
[534/1322] Compiling sha512-armv8-win.S
[535/1322] Compiling sha512-armv4-linux.S
[536/1322] Compiling sha512-armv8-apple.S
[537/1322] Compiling sha512-586-apple.S
[538/1322] Compiling sha512-586-linux.S
[539/1322] Compiling sha256-x86_64-linux.S
[540/1322] Compiling sha256-x86_64-apple.S
[541/1322] Compiling sha256-armv8-win.S
[542/1322] Compiling sha256-586-linux.S
[543/1322] Compiling sha256-armv8-linux.S
[543/1322] Compiling sha256-armv4-linux.S
[545/1322] Compiling sha256-armv8-apple.S
[546/1322] Compiling sha256-586-apple.S
[547/1322] Compiling sha1-x86_64-linux.S
[548/1322] Compiling err_data.cc
[549/1322] Compiling sha1-x86_64-apple.S
[550/1322] Compiling sha1-armv8-linux.S
[551/1322] Compiling sha1-armv4-large-linux.S
[552/1322] Compiling sha1-armv8-win.S
[553/1322] Compiling sha1-armv8-apple.S
[554/1322] Compiling sha1-586-apple.S
[555/1322] Compiling sha1-586-linux.S
[556/1322] Compiling rsaz-avx2-linux.S
[557/1322] Compiling rdrand-x86_64-linux.S
[558/1322] Compiling rdrand-x86_64-apple.S
[559/1322] Compiling p256_beeu-x86_64-asm-linux.S
[560/1322] Compiling p256_beeu-x86_64-asm-apple.S
[561/1322] Compiling rsaz-avx2-apple.S
[562/1322] Compiling p256_beeu-armv8-asm-apple.S
[563/1322] Compiling p256_beeu-armv8-asm-win.S
[564/1322] Compiling p256_beeu-armv8-asm-linux.S
[565/1322] Compiling p256-x86_64-asm-apple.S
[565/1322] Compiling p256-armv8-asm-win.S
[567/1322] Compiling p256-x86_64-asm-linux.S
[568/1322] Compiling p256-armv8-asm-apple.S
[569/1322] Compiling bio_ssl.cc
[570/1322] Compiling ghashv8-armv8-apple.S
[571/1322] Compiling ghashv8-armv7-linux.S
[572/1322] Compiling p256-armv8-asm-linux.S
[572/1322] Compiling ghashv8-armv8-win.S
[574/1322] Compiling ghashv8-armv8-linux.S
[575/1322] Compiling ghash-x86_64-linux.S
[576/1322] Compiling ghash-x86-linux.S
[577/1322] Compiling ghash-ssse3-x86_64-apple.S
[578/1322] Compiling ghash-x86_64-apple.S
[579/1322] Compiling ghash-x86-apple.S
[580/1322] Compiling ghash-ssse3-x86_64-linux.S
[581/1322] Compiling ghash-ssse3-x86-linux.S
[582/1322] Compiling ghash-ssse3-x86-apple.S
[583/1322] Compiling ghash-neon-armv8-win.S
[584/1322] Compiling ghash-neon-armv8-linux.S
[585/1322] Compiling ghash-neon-armv8-apple.S
[586/1322] Compiling co-586-linux.S
[587/1322] Compiling ghash-armv4-linux.S
[588/1322] Compiling bn-armv8-win.S
[589/1322] Compiling co-586-apple.S
[590/1322] Compiling bsaes-armv7-linux.S
[591/1322] Compiling bn-armv8-apple.S
[592/1322] Compiling bn-armv8-linux.S
[593/1322] Compiling bn-586-apple.S
[594/1322] Compiling bn-586-linux.S
[595/1322] Compiling d1_both.cc
[596/1322] Compiling armv8-mont-win.S
[597/1322] Compiling aesv8-gcm-armv8-apple.S
[598/1322] Compiling armv8-mont-apple.S
[599/1322] Compiling armv8-mont-linux.S
[600/1322] Compiling armv4-mont-linux.S
[601/1322] Compiling aesv8-gcm-armv8-linux.S
[602/1322] Compiling aesv8-armv8-linux.S
[603/1322] Compiling aesv8-armv8-win.S
[604/1322] Compiling aesv8-gcm-armv8-win.S
[605/1322] Compiling aesv8-armv8-apple.S
[606/1322] Compiling aesni-x86_64-linux.S
[607/1322] Compiling aesv8-armv7-linux.S
[608/1322] Compiling aesni-x86_64-apple.S
[608/1322] Compiling aesni-gcm-x86_64-apple.S
[610/1322] Compiling aesni-x86-linux.S
[611/1322] Compiling aesni-gcm-x86_64-linux.S
[612/1322] Compiling aes-gcm-avx2-x86_64-linux.S
[613/1322] Compiling aesni-x86-apple.S
[614/1322] Compiling aes-gcm-avx2-x86_64-apple.S
[615/1322] Compiling aes-gcm-avx10-x86_64-apple.S
[615/1322] Compiling aes-gcm-avx10-x86_64-linux.S
[617/1322] Compiling x_x509.cc
[618/1322] Compiling x_val.cc
[619/1322] Compiling x_x509a.cc
[620/1322] Compiling x_sig.cc
[621/1322] Compiling x_spki.cc
[622/1322] Compiling x_name.cc
[623/1322] Compiling x_pubkey.cc
[624/1322] Compiling x_req.cc
[625/1322] Compiling x_exten.cc
[626/1322] Compiling x_algor.cc
[627/1322] Compiling x_attrib.cc
[628/1322] Compiling x_crl.cc
[629/1322] Compiling x509rset.cc
[630/1322] Compiling x509spki.cc
[631/1322] Compiling x_all.cc
[632/1322] Compiling x509name.cc
[633/1322] Compiling x509cset.cc
[634/1322] Compiling x509_vpm.cc
[635/1322] Compiling x509_txt.cc
[636/1322] Compiling x509_vfy.cc
[637/1322] Compiling x509_trs.cc
[638/1322] Compiling x509_set.cc
[639/1322] Compiling x509_v3.cc
[640/1322] Compiling x509_req.cc
[641/1322] Compiling x509_obj.cc
[642/1322] Compiling x509_ext.cc
[643/1322] Compiling x509_def.cc
[644/1322] Compiling x509_lu.cc
[645/1322] Compiling x509_d2.cc
[646/1322] Compiling x509_cmp.cc
[647/1322] Compiling x509_att.cc
[648/1322] Compiling x509.cc
[649/1322] Compiling v3_utl.cc
[650/1322] Compiling v3_skey.cc
[651/1322] Compiling v3_pcons.cc
[651/1322] Compiling v3_pmaps.cc
[653/1322] Compiling v3_purp.cc
[654/1322] Compiling v3_prn.cc
[655/1322] Compiling v3_ocsp.cc
[656/1322] Compiling v3_ncons.cc
[657/1322] Compiling v3_lib.cc
[658/1322] Compiling v3_int.cc
[659/1322] Compiling v3_info.cc
[660/1322] Compiling v3_ia5.cc
[661/1322] Compiling v3_extku.cc
[662/1322] Compiling v3_genn.cc
[663/1322] Compiling v3_enum.cc
[664/1322] Compiling v3_crld.cc
[665/1322] Compiling v3_cpols.cc
[666/1322] Compiling v3_akey.cc
[667/1322] Compiling v3_conf.cc
[668/1322] Compiling v3_akeya.cc
[669/1322] Compiling v3_bitst.cc
[670/1322] Compiling v3_bcons.cc
[671/1322] Compiling v3_alt.cc
[672/1322] Compiling t_x509a.cc
[673/1322] Compiling i2d_pr.cc
[674/1322] Compiling t_req.cc
[675/1322] Compiling name_print.cc
[676/1322] Compiling rsa_pss.cc
[677/1322] Compiling t_x509.cc
[678/1322] Compiling t_crl.cc
[679/1322] Compiling policy.cc
[680/1322] Compiling by_file.cc
[681/1322] Compiling by_dir.cc
[682/1322] Compiling algorithm.cc
[683/1322] Compiling asn1_gen.cc
[684/1322] Compiling a_verify.cc
[685/1322] Compiling a_digest.cc
[686/1322] Compiling voprf.cc
[687/1322] Compiling a_sign.cc
[688/1322] Compiling trust_token.cc
[689/1322] Compiling thread_win.cc
[690/1322] Compiling thread_none.cc
[691/1322] Compiling thread_pthread.cc
[692/1322] Compiling thread.cc
[693/1322] Compiling stack.cc
[694/1322] Compiling pmbtoken.cc
[695/1322] Compiling siphash.cc
[696/1322] Compiling sha512.cc
[697/1322] Compiling spake2plus.cc
[698/1322] Compiling sha1.cc
[699/1322] Compiling sha256.cc
[700/1322] Compiling slhdsa.cc
[701/1322] Compiling rsa_print.cc
[702/1322] Compiling rsa_extra.cc
[703/1322] Compiling rsa_crypt.cc
[704/1322] Compiling rc4.cc
[705/1322] Compiling refcount.cc
[706/1322] Compiling windows.cc
[707/1322] Compiling rsa_asn1.cc
[708/1322] Compiling trusty.cc
[709/1322] Compiling urandom.cc
[710/1322] Compiling rand.cc
[711/1322] Compiling ios.cc
[712/1322] Compiling getentropy.cc
[713/1322] Compiling passive.cc
[714/1322] Compiling poly1305_arm_asm.S
[715/1322] Compiling forkunsafe.cc
[716/1322] Compiling deterministic.cc
[717/1322] Compiling fork_detect.cc
[718/1322] Compiling poly1305_vec.cc
[719/1322] Compiling pool.cc
[720/1322] Compiling poly1305_arm.cc
[721/1322] Compiling poly1305.cc
[722/1322] Compiling pkcs8_x509.cc
[723/1322] Compiling pkcs8.cc
[724/1322] Compiling p5_pbev2.cc
[725/1322] Compiling pkcs7.cc
[726/1322] Compiling pkcs7_x509.cc
[727/1322] Compiling pem_x509.cc
[728/1322] Compiling pem_pkey.cc
[729/1322] Compiling pem_xaux.cc
[730/1322] Compiling pem_pk8.cc
[731/1322] Compiling pem_oth.cc
[732/1322] Compiling mlkem.cc
[733/1322] Compiling obj_xref.cc
[734/1322] Compiling pem_info.cc
[735/1322] Compiling pem_all.cc
[736/1322] Compiling pem_lib.cc
[737/1322] Compiling obj.cc
[738/1322] Compiling poly_rq_mul.S
[739/1322] Compiling mldsa.cc
[740/1322] Compiling fips_shared_support.cc
[741/1322] Compiling md5.cc
[742/1322] Compiling mem.cc
[743/1322] Compiling lhash.cc
[744/1322] Compiling md4.cc
[745/1322] Compiling kyber.cc
[746/1322] Compiling ex_data.cc
[747/1322] Compiling sign.cc
[748/1322] Compiling hrss.cc
[749/1322] Compiling hpke.cc
[750/1322] Compiling scrypt.cc
[751/1322] Compiling print.cc
[752/1322] Compiling pbkdf.cc
[753/1322] Compiling p_x25519.cc
[754/1322] Compiling p_x25519_asn1.cc
[755/1322] Compiling p_rsa.cc
[756/1322] Compiling p_hkdf.cc
[757/1322] Compiling p_rsa_asn1.cc
[758/1322] Compiling p_ed25519.cc
[759/1322] Compiling p_ed25519_asn1.cc
[760/1322] Compiling p_ec.cc
[761/1322] Compiling p_dh_asn1.cc
[762/1322] Compiling p_ec_asn1.cc
[763/1322] Compiling p_dh.cc
[764/1322] Compiling p_dsa_asn1.cc
[765/1322] Compiling evp_ctx.cc
[766/1322] Compiling err.cc
[767/1322] Compiling evp.cc
[768/1322] Compiling evp_asn1.cc
[769/1322] Compiling engine.cc
[770/1322] Compiling ecdh.cc
[771/1322] Compiling hash_to_curve.cc
[772/1322] Compiling ecdsa_asn1.cc
[773/1322] Compiling ec_derive.cc
[774/1322] Compiling dsa.cc
[775/1322] Compiling dsa_asn1.cc
[775/1322] Compiling bcm.cc
[777/1322] Compiling ec_asn1.cc
[778/1322] Compiling x25519-asm-arm.S
[779/1322] Compiling params.cc
[780/1322] Compiling des.cc
[781/1322] Compiling digest_extra.cc
[782/1322] Compiling dh_asn1.cc
[783/1322] Compiling curve25519_64_adx.cc
[784/1322] Compiling crypto.cc
[785/1322] Compiling spake25519.cc
[786/1322] Compiling cpu_intel.cc
[787/1322] Compiling cpu_arm_linux.cc
[788/1322] Compiling curve25519.cc
[789/1322] Compiling cpu_arm_freebsd.cc
[790/1322] Compiling cpu_aarch64_win.cc
[791/1322] Compiling cpu_aarch64_sysreg.cc
[792/1322] Compiling cpu_aarch64_openbsd.cc
[793/1322] Compiling cpu_aarch64_linux.cc
[794/1322] Compiling cpu_aarch64_fuchsia.cc
[795/1322] Compiling cpu_aarch64_apple.cc
[796/1322] Compiling tls_cbc.cc
[797/1322] Compiling conf.cc
[798/1322] Compiling get_cipher.cc
[799/1322] Compiling e_tls.cc
[800/1322] Compiling e_rc4.cc
[801/1322] Compiling e_des.cc
[802/1322] Compiling e_null.cc
[803/1322] Compiling e_rc2.cc
[804/1322] Compiling e_chacha20poly1305.cc
[805/1322] Compiling e_aesctrhmac.cc
[806/1322] Compiling e_aesgcmsiv.cc
[807/1322] Compiling chacha.cc
[808/1322] Compiling derive_key.cc
[809/1322] Compiling buf.cc
[810/1322] Compiling unicode.cc
[811/1322] Compiling cbs.cc
[812/1322] Compiling asn1_compat.cc
[813/1322] Compiling ber.cc
[814/1322] Compiling cbb.cc
[815/1322] Compiling blake2.cc
[816/1322] Compiling convert.cc
[817/1322] Compiling bn_asn1.cc
[818/1322] Compiling socket.cc
[819/1322] Compiling socket_helper.cc
[820/1322] Compiling printf.cc
[821/1322] Compiling pair.cc
[822/1322] Compiling hexdump.cc
[823/1322] Compiling file.cc
[824/1322] Compiling fd.cc
[825/1322] Compiling errno.cc
[826/1322] Compiling connect.cc
[827/1322] Compiling bio_mem.cc
[828/1322] Compiling base64.cc
[829/1322] Compiling bio.cc
[830/1322] Compiling tasn_typ.cc
[831/1322] Compiling tasn_utl.cc
[832/1322] Compiling tasn_fre.cc
[833/1322] Compiling tasn_new.cc
[834/1322] Compiling tasn_enc.cc
[835/1322] Compiling posix_time.cc
[836/1322] Compiling f_string.cc
[837/1322] Compiling tasn_dec.cc
[838/1322] Compiling asn1_par.cc
[839/1322] Compiling f_int.cc
[840/1322] Compiling asn_pack.cc
[841/1322] Compiling asn1_lib.cc
[842/1322] Compiling a_octet.cc
[843/1322] Compiling a_time.cc
[843/1322] Compiling a_utctm.cc
[845/1322] Compiling a_type.cc
[846/1322] Compiling a_strnid.cc
[847/1322] Compiling a_strex.cc
[848/1322] Compiling a_object.cc
[849/1322] Compiling a_i2d_fp.cc
[850/1322] Compiling a_dup.cc
[851/1322] Compiling a_mbstr.cc
[852/1322] Compiling a_d2i_fp.cc
[853/1322] Compiling a_int.cc
[854/1322] Compiling CGoogleGaxCRC32C CGoogleGaxCRC32C.c
[855/1322] Compiling fiat_p256_adx_sqr.S
[856/1322] Compiling fiat_p256_adx_mul.S
[857/1322] Compiling fiat_curve25519_adx_square.S
[858/1322] Compiling a_gentm.cc
[859/1322] Compiling fiat_curve25519_adx_mul.S
[860/1322] Compiling md5-x86_64-linux.S
[861/1322] Compiling md5-586-linux.S
[862/1322] Compiling md5-x86_64-apple.S
[863/1322] Compiling md5-586-apple.S
[864/1322] Compiling chacha20_poly1305_x86_64-linux.S
[865/1322] Compiling chacha20_poly1305_x86_64-apple.S
[866/1322] Compiling a_bitstr.cc
[867/1322] Compiling CCryptoBoringSSLShims shims.c
[868/1322] Compiling chacha20_poly1305_armv8-win.S
[868/1322] Compiling chacha20_poly1305_armv8-apple.S
[870/1322] Compiling chacha-x86_64-linux.S
[871/1322] Compiling chacha-x86-linux.S
[872/1322] Compiling chacha-x86_64-apple.S
[873/1322] Compiling chacha20_poly1305_armv8-linux.S
[874/1322] Compiling chacha-x86-apple.S
[875/1322] Compiling chacha-armv8-apple.S
[876/1322] Compiling chacha-armv8-win.S
[877/1322] Compiling aes128gcmsiv-x86_64-linux.S
[878/1322] Compiling chacha-armv4-linux.S
[879/1322] Compiling a_bool.cc
[880/1322] Compiling chacha-armv8-linux.S
[881/1322] Compiling x86_64-mont5-apple.S
[882/1322] Compiling aes128gcmsiv-x86_64-apple.S
[883/1322] Compiling x86_64-mont5-linux.S
[884/1322] Compiling x86-mont-apple.S
[885/1322] Compiling x86_64-mont-linux.S
[886/1322] Compiling x86_64-mont-apple.S
[887/1322] Compiling vpaes-x86_64-linux.S
[888/1322] Compiling x86-mont-linux.S
[889/1322] Compiling vpaes-x86_64-apple.S
[890/1322] Compiling vpaes-x86-apple.S
[891/1322] Compiling vpaes-x86-linux.S
[892/1322] Compiling vpaes-armv8-linux.S
[893/1322] Compiling vpaes-armv8-win.S
[894/1322] Compiling vpaes-armv8-apple.S
[895/1322] Compiling vpaes-armv7-linux.S
[896/1322] Compiling sha512-x86_64-apple.S
[897/1322] Compiling sha512-x86_64-linux.S
[898/1322] Compiling sha512-armv8-win.S
[899/1322] Compiling sha512-armv8-apple.S
[900/1322] Compiling sha512-586-apple.S
[901/1322] Compiling sha512-armv8-linux.S
[902/1322] Compiling sha512-586-linux.S
[903/1322] Compiling sha256-x86_64-linux.S
[904/1322] Compiling sha512-armv4-linux.S
[905/1322] Compiling err_data.cc
[906/1322] Compiling sha256-armv8-win.S
[907/1322] Compiling sha256-armv4-linux.S
[908/1322] Compiling sha256-x86_64-apple.S
[909/1322] Compiling sha256-armv8-apple.S
[910/1322] Compiling sha256-586-linux.S
[911/1322] Compiling sha256-armv8-linux.S
[912/1322] Compiling sha256-586-apple.S
[913/1322] Compiling sha1-x86_64-linux.S
[914/1322] Compiling sha1-x86_64-apple.S
[915/1322] Compiling sha1-armv8-win.S
[916/1322] Compiling sha1-armv8-apple.S
[917/1322] Compiling sha1-586-linux.S
[918/1322] Compiling sha1-armv4-large-linux.S
[919/1322] Compiling sha1-armv8-linux.S
[920/1322] Compiling sha1-586-apple.S
[921/1322] Compiling rsaz-avx2-apple.S
[922/1322] Compiling rdrand-x86_64-linux.S
[923/1322] Compiling rsaz-avx2-linux.S
[924/1322] Compiling p256_beeu-x86_64-asm-apple.S
[925/1322] Compiling p256_beeu-x86_64-asm-linux.S
[926/1322] Compiling rdrand-x86_64-apple.S
[927/1322] Compiling p256_beeu-armv8-asm-win.S
[928/1322] Compiling p256-x86_64-asm-linux.S
[928/1322] Compiling p256_beeu-armv8-asm-linux.S
[930/1322] Compiling p256-x86_64-asm-apple.S
[931/1322] Compiling p256-armv8-asm-win.S
[932/1322] Compiling p256_beeu-armv8-asm-apple.S
[933/1322] Compiling p256-armv8-asm-linux.S
[934/1322] Compiling p256-armv8-asm-apple.S
[935/1322] Compiling ghashv8-armv8-win.S
[936/1322] Compiling ghashv8-armv8-apple.S
[937/1322] Compiling ghashv8-armv8-linux.S
[938/1322] Compiling ghashv8-armv7-linux.S
[939/1322] Compiling ghash-x86_64-apple.S
[940/1322] Compiling ghash-ssse3-x86_64-linux.S
[941/1322] Compiling ghash-x86-linux.S
[942/1322] Compiling ghash-x86_64-linux.S
[943/1322] Compiling ghash-x86-apple.S
[944/1322] Compiling ghash-ssse3-x86-apple.S
[945/1322] Compiling ghash-ssse3-x86_64-apple.S
[946/1322] Compiling ghash-ssse3-x86-linux.S
[947/1322] Compiling ghash-neon-armv8-win.S
[948/1322] Compiling ghash-neon-armv8-linux.S
[949/1322] Compiling ghash-neon-armv8-apple.S
[950/1322] Compiling co-586-linux.S
[951/1322] Compiling bn-armv8-win.S
[952/1322] Compiling co-586-apple.S
[953/1322] Compiling bsaes-armv7-linux.S
[954/1322] Compiling ghash-armv4-linux.S
[955/1322] Compiling bn-armv8-linux.S
[956/1322] Compiling armv8-mont-win.S
[957/1322] Compiling bn-586-linux.S
[958/1322] Compiling bn-armv8-apple.S
[959/1322] Compiling bn-586-apple.S
[960/1322] Compiling armv8-mont-apple.S
[961/1322] Compiling aesv8-gcm-armv8-apple.S
[962/1322] Compiling aesv8-gcm-armv8-win.S
[963/1322] Compiling armv8-mont-linux.S
[964/1322] Compiling armv4-mont-linux.S
[965/1322] Compiling aesv8-armv8-win.S
[966/1322] Compiling aesv8-armv7-linux.S
[967/1322] Compiling aesv8-gcm-armv8-linux.S
[968/1322] Compiling aesv8-armv8-apple.S
[969/1322] Compiling aesv8-armv8-linux.S
[970/1322] Compiling aesni-x86_64-linux.S
[971/1322] Compiling aesni-x86-linux.S
[972/1322] Compiling aesni-x86_64-apple.S
[973/1322] Compiling aesni-x86-apple.S
[974/1322] Compiling aesni-gcm-x86_64-apple.S
[975/1322] Compiling aesni-gcm-x86_64-linux.S
[976/1322] Compiling aes-gcm-avx512-x86_64-linux.S
[977/1322] Compiling aes-gcm-avx512-x86_64-apple.S
[978/1322] Compiling aes-gcm-avx2-x86_64-apple.S
[979/1322] Compiling aes-gcm-avx2-x86_64-linux.S
[980/1322] Compiling xwing.cc
[981/1322] Compiling x_sig.cc
[982/1322] Compiling x_x509.cc
[983/1322] Compiling x_spki.cc
[984/1322] Compiling x_x509a.cc
[985/1322] Compiling x_req.cc
[986/1322] Compiling c-nioatomics.c
[987/1322] Compiling x_pubkey.cc
[988/1322] Compiling x_exten.cc
[989/1322] Compiling x_crl.cc
[990/1322] Compiling x_name.cc
[991/1322] Compiling x_attrib.cc
[992/1322] Compiling x_all.cc
[993/1322] Compiling c-atomics.c
[994/1322] Compiling x_algor.cc
[996/1329] Compiling NIOConcurrencyHelpers NIOLockedValueBox.swift
[996/1329] Compiling x509spki.cc
[997/1329] Compiling x509rset.cc
[998/1329] Compiling x509name.cc
[1000/1329] Compiling NIOConcurrencyHelpers lock.swift
[1000/1329] Compiling x509_vpm.cc
[1002/1329] Compiling NIOConcurrencyHelpers NIOThreadPoolWorkAvailable.swift
[1003/1329] Compiling NIOConcurrencyHelpers NIOLock.swift
[1004/1329] Compiling NIOConcurrencyHelpers atomics.swift
[1004/1329] Compiling x509cset.cc
[1006/1329] Compiling NIOConcurrencyHelpers NIOAtomic.swift
[1007/1329] Emitting module NIOConcurrencyHelpers
[1008/1330] Compiling x509_v3.cc
[1009/1330] Compiling x509_vfy.cc
[1010/1330] Wrapping AST for NIOConcurrencyHelpers for debugging
[1011/1330] Compiling x509_txt.cc
[1012/1330] Compiling x509_set.cc
[1013/1330] Compiling x509_trs.cc
[1014/1330] Compiling x509_d2.cc
[1015/1330] Compiling x509_obj.cc
[1016/1330] Compiling x509_def.cc
[1017/1330] Compiling x509_lu.cc
[1018/1330] Compiling x509_req.cc
[1019/1330] Compiling x509_ext.cc
[1020/1330] Compiling x509_cmp.cc
[1021/1330] Compiling x509_att.cc
[1022/1330] Compiling x509.cc
[1023/1330] Compiling v3_skey.cc
[1024/1330] Compiling v3_purp.cc
[1025/1330] Compiling v3_utl.cc
[1026/1330] Compiling v3_prn.cc
[1027/1330] Compiling v3_pmaps.cc
[1028/1330] Compiling v3_pcons.cc
[1029/1330] Compiling v3_ocsp.cc
[1030/1330] Compiling v3_int.cc
[1031/1330] Compiling v3_ncons.cc
[1032/1330] Compiling v3_lib.cc
[1033/1330] Compiling v3_ia5.cc
[1034/1330] Compiling v3_info.cc
[1035/1330] Compiling v3_genn.cc
[1036/1330] Compiling v3_extku.cc
[1037/1330] Compiling v3_enum.cc
[1038/1330] Compiling v3_crld.cc
[1039/1330] Compiling v3_bcons.cc
[1040/1330] Compiling v3_conf.cc
[1041/1330] Compiling v3_cpols.cc
[1042/1330] Compiling v3_alt.cc
[1043/1330] Compiling v3_bitst.cc
[1044/1330] Compiling v3_akeya.cc
[1045/1330] Compiling t_x509.cc
[1046/1330] Compiling v3_akey.cc
[1047/1330] Compiling t_x509a.cc
[1048/1330] Compiling t_req.cc
[1049/1330] Compiling t_crl.cc
[1050/1330] Compiling i2d_pr.cc
[1051/1330] Compiling policy.cc
[1052/1330] Compiling rsa_pss.cc
[1052/1330] Compiling by_file.cc
[1054/1330] Compiling name_print.cc
[1055/1330] Compiling by_dir.cc
[1056/1330] Compiling algorithm.cc
[1057/1330] Compiling a_verify.cc
[1058/1330] Compiling asn1_gen.cc
[1059/1330] Compiling a_sign.cc
[1060/1330] Compiling trust_token.cc
[1061/1330] Compiling thread_win.cc
[1062/1330] Compiling voprf.cc
[1063/1330] Compiling a_digest.cc
[1064/1330] Compiling thread_pthread.cc
[1065/1330] Compiling pmbtoken.cc
[1066/1330] Compiling thread_none.cc
[1067/1330] Compiling thread.cc
[1068/1330] Compiling siphash.cc
[1069/1330] Compiling stack.cc
[1070/1330] Compiling sha1.cc
[1071/1330] Compiling sha512.cc
[1072/1330] Compiling sha256.cc
[1073/1330] Compiling slhdsa.cc
[1074/1330] Compiling rsa_print.cc
[1075/1330] Compiling rsa_extra.cc
[1076/1330] Compiling rc4.cc
[1077/1330] Compiling rsa_crypt.cc
[1078/1330] Compiling refcount.cc
[1079/1330] Compiling windows.cc
[1080/1330] Compiling trusty.cc
[1081/1330] Compiling urandom.cc
[1082/1330] Compiling rand.cc
[1083/1330] Compiling passive.cc
[1084/1330] Compiling getentropy.cc
[1085/1330] Compiling rsa_asn1.cc
[1086/1330] Compiling poly1305_arm_asm.S
[1087/1330] Compiling forkunsafe.cc
[1088/1330] Compiling fork_detect.cc
[1089/1330] Compiling deterministic.cc
[1090/1330] Compiling pool.cc
[1091/1330] Compiling poly1305_vec.cc
[1092/1330] Compiling poly1305_arm.cc
[1093/1330] Compiling poly1305.cc
[1094/1330] Compiling pem_xaux.cc
[1095/1330] Compiling p5_pbev2.cc
[1096/1330] Compiling pkcs8_x509.cc
[1097/1330] Compiling pkcs8.cc
[1098/1330] Compiling pkcs7.cc
[1099/1330] Compiling pkcs7_x509.cc
[1100/1330] Compiling pem_x509.cc
[1101/1330] Compiling pem_pkey.cc
[1102/1330] Compiling pem_pk8.cc
[1103/1330] Compiling pem_oth.cc
[1104/1330] Compiling mlkem.cc
[1105/1330] Compiling obj_xref.cc
[1106/1330] Compiling pem_info.cc
[1107/1330] Compiling pem_lib.cc
[1108/1330] Compiling mldsa.cc
[1109/1330] Compiling pem_all.cc
[1110/1330] Compiling poly_rq_mul.S
[1111/1330] Compiling mem.cc
[1112/1330] Compiling obj.cc
[1113/1330] Compiling fips_shared_support.cc
[1114/1330] Compiling md5.cc
[1115/1330] Compiling lhash.cc
[1116/1330] Compiling md4.cc
[1117/1330] Compiling fuzzer_mode.cc
[1118/1330] Compiling kyber.cc
[1119/1330] Compiling hpke.cc
[1120/1330] Compiling hrss.cc
[1121/1330] Compiling ex_data.cc
[1122/1330] Compiling scrypt.cc
[1123/1330] Compiling sign.cc
[1124/1330] Compiling print.cc
[1125/1330] Compiling pbkdf.cc
[1126/1330] Compiling p_x25519_asn1.cc
[1127/1330] Compiling p_x25519.cc
[1128/1330] Compiling p_rsa_asn1.cc
[1129/1330] Compiling p_hkdf.cc
[1130/1330] Compiling p_rsa.cc
[1131/1330] Compiling p_ed25519.cc
[1132/1330] Compiling p_ed25519_asn1.cc
[1133/1330] Compiling p_ec.cc
[1134/1330] Compiling p_ec_asn1.cc
[1135/1330] Compiling p_dsa_asn1.cc
[1136/1330] Compiling p_dh.cc
[1137/1330] Compiling p_dh_asn1.cc
[1138/1330] Compiling evp_ctx.cc
[1139/1330] Compiling err.cc
[1140/1330] Compiling evp.cc
[1141/1330] Compiling evp_asn1.cc
[1142/1330] Compiling engine.cc
[1143/1330] Compiling ecdsa_p1363.cc
[1144/1330] Compiling ecdh.cc
[1145/1330] Compiling ecdsa_asn1.cc
[1146/1330] Compiling ec_derive.cc
[1147/1330] Compiling hash_to_curve.cc
[1148/1330] Compiling dsa.cc
[1149/1330] Compiling dsa_asn1.cc
[1150/1330] Compiling ec_asn1.cc
[1151/1330] Compiling params.cc
[1152/1330] Compiling des.cc
[1153/1330] Compiling x25519-asm-arm.S
[1154/1330] Compiling digest_extra.cc
[1155/1330] Compiling dh_asn1.cc
[1156/1330] Compiling curve25519_64_adx.cc
[1157/1330] Compiling spake25519.cc
[1158/1330] Compiling crypto.cc
[1159/1330] Compiling curve25519.cc
[1160/1330] Compiling cpu_arm_freebsd.cc
[1161/1330] Compiling cpu_intel.cc
[1162/1330] Compiling cpu_arm_linux.cc
[1163/1330] Compiling cpu_aarch64_win.cc
[1164/1330] Compiling cpu_aarch64_sysreg.cc
[1165/1330] Compiling cpu_aarch64_fuchsia.cc
[1166/1330] Compiling cpu_aarch64_openbsd.cc
[1167/1330] Compiling cpu_aarch64_linux.cc
[1168/1330] Compiling cpu_aarch64_apple.cc
[1169/1330] Compiling conf.cc
[1170/1330] Compiling get_cipher.cc
[1171/1330] Compiling tls_cbc.cc
[1172/1330] Compiling e_rc4.cc
[1173/1330] Compiling e_tls.cc
[1174/1330] Compiling e_rc2.cc
[1175/1330] Compiling e_null.cc
[1176/1330] Compiling cms.cc
[1177/1330] Compiling e_des.cc
[1178/1330] Compiling e_chacha20poly1305.cc
[1179/1330] Compiling e_aesgcmsiv.cc
[1180/1330] Compiling derive_key.cc
[1181/1330] Compiling e_aesctrhmac.cc
[1182/1330] Compiling e_aeseax.cc
[1183/1330] Compiling chacha.cc
[1184/1330] Compiling buf.cc
[1185/1330] Compiling unicode.cc
[1186/1330] Compiling cbs.cc
[1187/1330] Compiling sqrt.cc
[1188/1330] Compiling cbb.cc
[1189/1330] Compiling ber.cc
[1190/1330] Compiling asn1_compat.cc
[1191/1330] Compiling exponentiation.cc
[1192/1330] Compiling div.cc
[1193/1330] Compiling blake2.cc
[1194/1330] Compiling printf.cc
[1195/1330] Compiling bn_asn1.cc
[1196/1330] Compiling hexdump.cc
[1197/1330] Compiling pair.cc
[1198/1330] Compiling convert.cc
[1199/1330] Compiling file.cc
[1200/1330] Compiling fd.cc
[1201/1330] Compiling errno.cc
[1202/1330] Compiling bio_mem.cc
[1203/1330] Compiling base64.cc
[1204/1330] Compiling bio.cc
[1205/1330] Compiling tasn_typ.cc
[1206/1330] Compiling tasn_fre.cc
[1207/1330] Compiling tasn_utl.cc
[1208/1330] Compiling posix_time.cc
[1209/1330] Compiling tasn_enc.cc
[1210/1330] Compiling tasn_new.cc
[1211/1330] Compiling f_string.cc
[1212/1330] Compiling f_int.cc
[1213/1330] Compiling bcm.cc
[1214/1330] Compiling asn1_par.cc
[1215/1330] Compiling a_utctm.cc
[1216/1330] Compiling asn1_lib.cc
[1217/1330] Compiling a_type.cc
[1218/1330] Compiling a_time.cc
[1219/1330] Compiling a_strex.cc
[1220/1330] Compiling a_strnid.cc
[1221/1330] Compiling a_octet.cc
[1222/1330] Compiling CAsyncHTTPClient CAsyncHTTPClient.c
[1222/1330] Write sources
[1226/1348] Compiling a_object.cc
[1227/1348] Compiling a_i2d_fp.cc
[1228/1373] Compiling a_dup.cc
[1230/1373] Compiling Algorithms Cycle.swift
[1231/1373] Compiling Algorithms EitherSequence.swift
[1232/1373] Compiling Algorithms Permutations.swift
[1233/1373] Compiling Algorithms Product.swift
[1234/1373] Compiling Algorithms FirstNonNil.swift
[1235/1373] Compiling Algorithms Partition.swift
[1235/1375] Compiling aes.cc
[1236/1375] Compiling a_mbstr.cc
[1237/1375] Compiling a_int.cc
[1239/1375] Compiling Algorithms AdjacentPairs.swift
[1240/1375] Compiling Algorithms Chain.swift
[1241/1375] Compiling Algorithms Chunked.swift
[1241/1375] Compiling a_bitstr.cc
[1243/1375] Compiling Atomics IntegerOperations.swift
[1244/1375] Compiling Atomics Unmanaged extensions.swift
[1245/1383] Compiling Algorithms Split.swift
[1246/1383] Compiling Algorithms Stride.swift
[1247/1383] Compiling Algorithms Suffix.swift
[1248/1386] Compiling Algorithms RandomSample.swift
[1249/1386] Compiling Algorithms Reductions.swift
[1250/1386] Compiling Algorithms Rotate.swift
[1251/1386] Compiling CryptoBoringWrapper RandomBytes.swift
[1252/1386] Compiling Algorithms Joined.swift
[1253/1386] Compiling Algorithms Keyed.swift
[1254/1386] Compiling Algorithms MinMax.swift
[1255/1386] Compiling CryptoBoringWrapper FiniteFieldArithmeticContext.swift
[1256/1386] Compiling Algorithms Trim.swift
[1257/1386] Compiling Algorithms Unique.swift
[1258/1386] Compiling Algorithms Windows.swift
[1259/1386] Compiling Algorithms Compacted.swift
[1265/1386] Compiling Algorithms Indexed.swift
[1266/1386] Compiling Algorithms Intersperse.swift
[1270/1386] Compiling CryptoBoringWrapper BoringSSLAEAD.swift
[1271/1386] Emitting module CryptoBoringWrapper
[1275/1386] Compiling Algorithms Combinations.swift
[1276/1386] Compiling CryptoBoringWrapper EllipticCurve.swift
[1277/1386] Compiling CryptoBoringWrapper ArbitraryPrecisionInteger.swift
[1278/1386] Compiling CryptoBoringWrapper EllipticCurvePoint.swift
[1279/1386] Compiling CryptoBoringWrapper CryptoKitErrors_boring.swift
[1280/1387] Wrapping AST for CryptoBoringWrapper for debugging
[1281/1387] Emitting module Atomics
[1291/1472] Wrapping AST for Atomics for debugging
[1293/1536] Emitting module Algorithms
[1294/1537] Wrapping AST for Algorithms for debugging
[1296/1537] Compiling NIOCore Interfaces.swift
[1297/1537] Compiling NIOCore Linux.swift
[1298/1537] Compiling NIOCore MarkedCircularBuffer.swift
[1299/1537] Compiling NIOCore MulticastChannel.swift
[1300/1537] Compiling NIOCore NIOAny.swift
[1301/1537] Compiling NIOCore NIOCloseOnErrorHandler.swift
[1302/1537] Compiling NIOCore NIOCoreSendableMetatype.swift
[1303/1537] Compiling NIOCore NIODecodedAsyncSequence.swift
[1304/1537] Compiling NIOCore NIOLoopBound.swift
[1305/1537] Compiling NIOCore NIOPooledRecvBufferAllocator.swift
[1306/1537] Compiling NIOCore NIOScheduledCallback.swift
[1307/1537] Compiling NIOCore NIOSendable.swift
[1308/1548] Compiling NIOCore AddressedEnvelope.swift
[1309/1548] Compiling NIOCore AsyncAwaitSupport.swift
[1310/1548] Compiling NIOCore AsyncChannel.swift
[1311/1548] Compiling NIOCore AsyncChannelHandler.swift
[1312/1548] Compiling NIOCore AsyncChannelInboundStream.swift
[1313/1548] Compiling NIOCore AsyncChannelOutboundWriter.swift
[1314/1548] Compiling NIOCore NIOAsyncSequenceProducer.swift
[1315/1548] Compiling NIOCore NIOAsyncSequenceProducerStrategies.swift
[1316/1548] Compiling NIOCore NIOAsyncWriter.swift
[1317/1548] Compiling NIOCore NIOThrowingAsyncSequenceProducer.swift
[1318/1548] Compiling NIOCore BSDSocketAPI.swift
[1319/1548] Compiling NIOCore ByteBuffer-aux.swift
[1320/1548] Emitting module Crypto
[1321/1548] Compiling NIOCore IPProtocol.swift
[1322/1548] Compiling NIOCore IntegerBitPacking.swift
[1323/1548] Compiling NIOCore IntegerTypes.swift
[1336/1548] Compiling NIOCore NIOSplitLinesMessageDecoder.swift
[1337/1548] Compiling NIOCore NIOTransportAccessibleChannelCore.swift
[1338/1548] Compiling NIOCore RecvByteBufferAllocator.swift
[1339/1556] Compiling NIOCore ChannelInvoker.swift
[1340/1556] Compiling NIOCore ChannelOption.swift
[1341/1556] Compiling NIOCore ChannelPipeline.swift
[1342/1556] Compiling NIOCore CircularBuffer.swift
[1343/1556] Compiling NIOCore Codec.swift
[1344/1556] Compiling NIOCore ConvenienceOptionSupport.swift
[1345/1556] Compiling NIOCore DeadChannel.swift
[1346/1556] Compiling NIOCore DispatchQueue+WithFuture.swift
[1347/1556] Compiling NIOCore EventLoop+Deprecated.swift
[1348/1556] Compiling NIOCore EventLoop+SerialExecutor.swift
[1349/1556] Compiling NIOCore EventLoop.swift
[1350/1556] Compiling NIOCore EventLoopFuture+AssumeIsolated.swift
[1351/1556] Compiling NIOCore EventLoopFuture+Deprecated.swift
[1352/1556] Compiling NIOCore EventLoopFuture+WithEventLoop.swift
[1353/1556] Compiling NIOCore EventLoopFuture.swift
[1354/1556] Compiling NIOCore FileDescriptor.swift
[1355/1556] Compiling NIOCore FileHandle.swift
[1356/1556] Compiling NIOCore FileRegion.swift
[1357/1556] Compiling NIOCore GlobalSingletons.swift
[1358/1556] Compiling NIOCore IO.swift
[1359/1556] Compiling NIOCore IOData.swift
[1360/1556] Compiling Crypto Signature.swift
[1361/1556] Compiling Crypto CryptoKitErrors_boring.swift
[1362/1556] Compiling Crypto Optional+withUnsafeBytes_boring.swift
[1363/1556] Compiling Crypto RNG_boring.swift
[1364/1556] Compiling Crypto SafeCompare_boring.swift
[1365/1556] Compiling Crypto Zeroization_boring.swift
[1366/1556] Compiling Crypto _CryptoModuleAnchor.swift
[1367/1556] Compiling Crypto PrettyBytes.swift
[1368/1556] Compiling Crypto SafeCompare.swift
[1369/1556] Compiling Crypto SecureBytes.swift
[1370/1556] Compiling Crypto Zeroization.swift
[1371/1556] Compiling Crypto MACFunctions.swift
[1372/1556] Compiling Crypto MessageAuthenticationCode.swift
[1373/1556] Compiling Crypto AES.swift
[1374/1556] Compiling Crypto ECDSASignature_boring.swift
[1375/1556] Compiling Crypto ECDSA_boring.swift
[1376/1556] Compiling Crypto EdDSA_boring.swift
[1377/1556] Compiling Crypto MLDSA_boring.swift
[1378/1556] Compiling Crypto MLDSA_wrapper.swift
[1379/1556] Compiling Crypto ECDSA.swift
[1380/1556] Compiling Crypto Ed25519.swift
[1381/1556] Compiling Crypto MLDSA.swift
[1397/1556] Compiling NIOCore SingleStepByteToMessageDecoder.swift
[1398/1556] Compiling NIOCore SocketAddresses.swift
[1399/1556] Compiling NIOCore SocketOptionProvider.swift
[1400/1556] Compiling NIOCore SystemCallHelpers.swift
[1401/1556] Compiling NIOCore TimeAmount+Duration.swift
[1402/1556] Compiling NIOCore TypeAssistedChannelHandler.swift
[1403/1556] Compiling NIOCore UniversalBootstrapSupport.swift
[1404/1556] Compiling NIOCore Utilities.swift
[1405/1556] Compiling Crypto ANSIx963.swift
[1406/1556] Compiling NIOCore ByteBuffer-binaryEncodedLengthPrefix.swift
[1407/1556] Compiling NIOCore ByteBuffer-conversions.swift
[1408/1556] Compiling NIOCore ByteBuffer-core.swift
[1409/1556] Compiling NIOCore ByteBuffer-hex.swift
[1410/1556] Compiling NIOCore ByteBuffer-int.swift
[1411/1556] Compiling NIOCore ByteBuffer-lengthPrefix.swift
[1412/1556] Compiling NIOCore ByteBuffer-multi-int.swift
[1413/1556] Compiling NIOCore ByteBuffer-quicBinaryEncodingStrategy.swift
[1414/1556] Compiling NIOCore ByteBuffer-views.swift
[1415/1556] Compiling NIOCore Channel.swift
[1416/1556] Compiling NIOCore ChannelHandler.swift
[1417/1556] Compiling NIOCore ChannelHandlers.swift
[1427/1557] Wrapping AST for Crypto for debugging
[1429/1619] Compiling CryptoExtras Data+Extensions.swift
[1430/1619] Compiling CryptoExtras DigestType.swift
[1431/1619] Compiling CryptoExtras Error.swift
[1432/1619] Compiling CryptoExtras I2OSP.swift
[1433/1619] Compiling CryptoExtras IntegerEncoding.swift
[1434/1619] Compiling CryptoExtras PEMDocument.swift
[1435/1619] Compiling CryptoExtras PrettyBytes.swift
[1436/1619] Compiling CryptoExtras SubjectPublicKeyInfo.swift
[1437/1627] Compiling CryptoExtras ThreadSpecific.swift
[1438/1627] Compiling CryptoExtras ThreadWindows.swift
[1439/1627] Compiling CryptoExtras DLEQ.swift
[1440/1627] Compiling CryptoExtras Prover.swift
[1441/1627] Compiling CryptoExtras Verifier.swift
[1442/1627] Compiling CryptoExtras ZKPToolbox.swift
[1445/1627] Emitting module CryptoExtras
[1446/1627] Compiling CryptoExtras ARCServer.swift
[1447/1627] Compiling CryptoExtras ChaCha20CTR_boring.swift
[1448/1627] Compiling CryptoExtras ChaCha20CTR.swift
[1449/1627] Compiling CryptoExtras BoringSSLSHA512256Context.swift
[1450/1627] Compiling CryptoExtras BoringSSLSHA512256HashFunction.swift
[1451/1627] Compiling CryptoExtras SHA512256.swift
[1452/1627] Compiling CryptoExtras SHA512256Digest.swift
[1453/1627] Compiling CryptoExtras Curve25519+PEM.swift
[1454/1627] Compiling CryptoExtras ObjectIdentifier.swift
[1455/1627] Compiling CryptoExtras PKCS8DERRepresentation.swift
[1456/1627] Compiling CryptoExtras PKCS8PrivateKey.swift
[1457/1627] Compiling CryptoExtras RFC8410AlgorithmIdentifier.swift
[1458/1627] Compiling CryptoExtras ECToolbox_boring.swift
[1459/1627] Compiling CryptoExtras ECToolbox.swift
[1460/1627] Compiling CryptoExtras HashToField.swift
[1461/1627] Compiling CryptoExtras KDF.swift
[1462/1627] Compiling CryptoExtras PBKDF2_boring.swift
[1463/1627] Compiling CryptoExtras PBKDF2_commoncrypto.swift
[1464/1627] Compiling CryptoExtras ThreadOps.swift
[1465/1627] Compiling CryptoExtras ThreadPosix.swift
[1472/1627] Compiling CryptoExtras PBKDF2.swift
[1473/1627] Compiling CryptoExtras Scrypt_boring.swift
[1474/1627] Compiling CryptoExtras Scrypt.swift
[1475/1627] Compiling CryptoExtras OPRF.swift
[1476/1627] Compiling CryptoExtras OPRFClient.swift
[1477/1627] Compiling CryptoExtras OPRFServer.swift
[1478/1627] Compiling CryptoExtras VOPRF+API.swift
[1479/1627] Compiling CryptoExtras VOPRFClient.swift
[1480/1627] Compiling CryptoExtras VOPRFServer.swift
[1481/1627] Compiling CryptoExtras BoringSSLPassphraseCallbackManager.swift
[1482/1627] Compiling CryptoExtras RSA+BlindSigning.swift
[1483/1627] Compiling CryptoExtras RSA.swift
[1484/1627] Compiling CryptoExtras RSA_boring.swift
[1485/1627] Compiling CryptoExtras Reexport.swift
[1486/1627] Compiling CryptoExtras Zeroization_boring.swift
[1487/1627] Compiling CryptoExtras BoringSSLHelpers.swift
[1488/1627] Compiling CryptoExtras CryptoKitErrors_boring.swift
[1489/1627] Compiling CryptoExtras CMAC.swift
[1490/1627] Compiling CryptoExtras ARC+API.swift
[1491/1627] Compiling CryptoExtras ARC.swift
[1492/1627] Compiling CryptoExtras ARCCredential.swift
[1493/1627] Compiling CryptoExtras ARCEncoding.swift
[1494/1627] Compiling CryptoExtras ARCPrecredential.swift
[1495/1627] Compiling CryptoExtras ARCPresentation.swift
[1496/1627] Compiling CryptoExtras ARCRequest.swift
[1497/1627] Compiling CryptoExtras ARCResponse.swift
[1498/1627] Compiling CryptoExtras AES_CBC.swift
[1499/1627] Compiling CryptoExtras AES_CFB.swift
[1500/1627] Compiling CryptoExtras AES_CTR.swift
[1501/1627] Compiling CryptoExtras AES_GCM_SIV.swift
[1502/1627] Compiling CryptoExtras Block Function.swift
[1503/1627] Compiling CryptoExtras AES_CBC_boring.swift
[1504/1627] Compiling CryptoExtras AES_CFB_boring.swift
[1505/1627] Compiling CryptoExtras AES_CTR_boring.swift
[1506/1627] Compiling CryptoExtras AES_GCM_SIV_boring.swift
[1507/1629] Wrapping AST for CryptoExtras for debugging
[1509/1630] Emitting module _CryptoExtras
[1510/1630] Compiling _CryptoExtras Exports.swift
[1511/1631] Wrapping AST for _CryptoExtras for debugging
[1513/1726] Compiling X509 CertificateSerialNumber.swift
[1514/1726] Compiling X509 CertificateVersion.swift
[1515/1726] Compiling X509 CMSAttribute.swift
[1516/1726] Compiling X509 CMSContentInfo.swift
[1517/1726] Compiling X509 CMSEncapsulatedContentInfo.swift
[1518/1726] Compiling X509 CMSIssuerAndSerialNumber.swift
[1519/1726] Compiling X509 CMSOperations.swift
[1520/1726] Compiling X509 CMSSignature.swift
[1521/1726] Compiling X509 CMSSignedData.swift
[1522/1726] Compiling X509 CSRAttribute.swift
[1523/1726] Compiling X509 CSRAttributes.swift
[1524/1726] Compiling X509 CSRVersion.swift
[1525/1726] Compiling X509 CertificateSigningRequest.swift
[1526/1726] Compiling X509 CertificationRequestInfo.swift
[1527/1726] Compiling X509 ExtensionRequest.swift
[1528/1726] Compiling X509 Certificate.swift
[1529/1726] Compiling X509 CertificatePrivateKey.swift
[1530/1726] Compiling X509 CertificatePublicKey.swift
[1531/1726] Compiling X509 CMSSignerIdentifier.swift
[1532/1726] Compiling X509 CMSSignerInfo.swift
[1533/1726] Compiling X509 CMSVersion.swift
[1534/1726] Compiling X509 Curve25519+DER.swift
[1535/1726] Compiling X509 CustomPrivateKey.swift
[1536/1726] Compiling X509 Digests.swift
[1537/1726] Compiling X509 DistinguishedName.swift
[1538/1726] Compiling X509 CommonName.swift
[1539/1726] Compiling X509 CountryName.swift
[1540/1726] Emitting module NIOCore
[1541/1727] Wrapping AST for NIOCore for debugging
[1543/1784] Compiling NIOEmbedded AsyncTestingChannel.swift
[1544/1784] Emitting module NIOEmbedded
[1545/1784] Compiling NIOFoundationEssentialsCompat Codable+ByteBuffer.swift
[1546/1784] Emitting module NIOFoundationEssentialsCompat
[1547/1784] Compiling NIOFoundationEssentialsCompat ByteBuffer-foundation.swift
[1549/1785] Compiling NIOEmbedded Embedded.swift
[1550/1785] Compiling NIOEmbedded AsyncTestingEventLoop.swift
[1550/1786] Wrapping AST for NIOFoundationEssentialsCompat for debugging
[1552/1786] Wrapping AST for NIOEmbedded for debugging
[1554/1786] Compiling NIOPosix PipeChannel.swift
[1555/1786] Compiling NIOPosix PipePair.swift
[1556/1786] Compiling NIOPosix Pool.swift
[1557/1786] Compiling NIOPosix PosixSingletons+ConcurrencyTakeOver.swift
[1558/1786] Compiling NIOPosix PosixSingletons.swift
[1559/1786] Compiling NIOPosix RawSocketBootstrap.swift
[1560/1786] Compiling NIOPosix Resolver.swift
[1561/1793] Compiling NIOPosix BSDSocketAPICommon.swift
[1562/1793] Compiling NIOPosix BSDSocketAPIPosix.swift
[1563/1793] Compiling NIOPosix BSDSocketAPIWindows.swift
[1564/1793] Compiling NIOPosix BaseSocket.swift
[1565/1793] Compiling NIOPosix BaseSocketChannel+AccessibleTransport.swift
[1566/1793] Compiling NIOPosix BaseSocketChannel+SocketOptionProvider.swift
[1567/1793] Compiling NIOPosix BaseSocketChannel.swift
[1568/1793] Compiling NIOPosix HappyEyeballs.swift
[1569/1793] Compiling NIOPosix IO.swift
[1570/1793] Compiling NIOPosix IntegerBitPacking.swift
[1571/1793] Compiling NIOPosix IntegerTypes.swift
[1572/1793] Compiling NIOPosix Linux.swift
[1573/1793] Compiling NIOPosix LinuxCPUSet.swift
[1574/1793] Compiling NIOPosix LinuxUring.swift
[1575/1806] Compiling NIOPosix Windows.swift
[1576/1806] Compiling X509 OCSPNonce.swift
[1577/1806] Compiling X509 OCSPPolicy.swift
[1578/1806] Compiling X509 OCSPRequest.swift
[1579/1806] Compiling X509 OCSPResponse.swift
[1580/1806] Compiling X509 OCSPResponseBytes.swift
[1581/1806] Compiling X509 OCSPResponseData.swift
[1582/1806] Compiling X509 OCSPResponseStatus.swift
[1583/1806] Compiling X509 OCSPSignature.swift
[1584/1806] Compiling X509 OCSPSingleRequest.swift
[1585/1806] Compiling X509 OCSPSingleResponse.swift
[1586/1806] Compiling X509 OCSPTBSRequest.swift
[1587/1806] Compiling X509 OCSPVersion.swift
[1588/1806] Compiling X509 PKCS8PrivateKey.swift
[1589/1806] Compiling X509 PromiseAndFuture.swift
[1590/1806] Compiling X509 RDNAttribute.swift
[1591/1806] Compiling X509 RandomNumberGenerator+bytes.swift
[1592/1806] Compiling X509 RelativeDistinguishedName.swift
[1593/1806] Compiling X509 SEC1PrivateKey.swift
[1594/1806] Compiling X509 SecKeyWrapper.swift
[1595/1806] Compiling X509 Signature.swift
[1596/1806] Compiling X509 SignatureAlgorithm.swift
[1597/1806] Compiling X509 AllOfPolicies.swift
[1598/1806] Compiling X509 AnyPolicy.swift
[1599/1806] Compiling X509 CertificateStore.swift
[1600/1806] Compiling X509 CustomCertificateStore.swift
[1601/1806] Compiling X509 OneOfPolicies.swift
[1602/1806] Compiling X509 PolicyBuilder.swift
[1603/1806] Compiling X509 BasicConstraintsPolicy.swift
[1604/1806] Compiling X509 DNSNames.swift
[1605/1806] Compiling X509 ExpiryPolicy.swift
[1606/1806] Compiling X509 IPConstraints.swift
[1607/1806] Compiling X509 NameConstraintsPolicy.swift
[1608/1806] Compiling X509 RFC5280Policy.swift
[1609/1806] Compiling X509 URIConstraints.swift
[1610/1806] Compiling X509 VersionPolicy.swift
[1611/1806] Compiling X509 ServerIdentityPolicy.swift
[1612/1806] Compiling X509 TrustRootLoading.swift
[1613/1806] Compiling X509 UnverifiedChain.swift
[1614/1806] Compiling NIOPosix SelectorWSAPoll.swift
[1615/1806] Compiling NIOPosix ServerSocket.swift
[1616/1806] Compiling NIOPosix Socket.swift
[1617/1806] Compiling NIOPosix Thread.swift
[1618/1806] Compiling NIOPosix ThreadPosix.swift
[1619/1806] Compiling NIOPosix ThreadWindows.swift
[1620/1806] Compiling NIOPosix Utilities.swift
[1621/1806] Compiling NIOPosix VsockAddress.swift
[1622/1806] Compiling NIOPosix VsockChannelEvents.swift
[1624/1806] Compiling NIOPosix SocketChannel.swift
[1625/1806] Compiling NIOPosix SocketProtocols.swift
[1626/1806] Compiling NIOPosix StructuredConcurrencyHelpers.swift
[1627/1806] Compiling NIOPosix System.swift
[1628/1806] Compiling NIOPosix Selectable.swift
[1629/1806] Compiling NIOPosix SelectableChannel.swift
[1630/1806] Compiling NIOPosix SelectableEventLoop.swift
[1631/1806] Compiling NIOPosix SelectorEpoll.swift
[1632/1806] Compiling NIOPosix SelectorGeneric.swift
[1633/1806] Compiling NIOPosix SelectorKqueue.swift
[1634/1806] Compiling NIOPosix SelectorUring.swift
[1635/1806] Compiling NIOPosix BaseStreamSocketChannel.swift
[1636/1806] Compiling NIOPosix Bootstrap.swift
[1637/1806] Compiling NIOPosix ControlMessage.swift
[1638/1806] Compiling NIOPosix DatagramVectorReadManager.swift
[1639/1806] Compiling NIOPosix Errors+Any.swift
[1640/1806] Compiling NIOPosix FileDescriptor.swift
[1641/1806] Compiling NIOPosix GetaddrinfoResolver.swift
[1663/1806] Compiling NIOPosix MultiThreadedEventLoopGroup.swift
[1664/1806] Compiling NIOPosix NIOPosixSendableMetatype.swift
[1665/1806] Compiling NIOPosix NIORandomizedDNSResolver.swift
[1666/1806] Compiling NIOPosix NIOThreadPool.swift
[1667/1806] Compiling NIOPosix NonBlockingFileIO.swift
[1668/1806] Compiling NIOPosix PendingDatagramWritesManager.swift
[1669/1806] Compiling NIOPosix PendingWritesManager.swift
[1683/1806] Emitting module X509
[1698/1806] Emitting module NIOPosix
[1706/1809] Wrapping AST for NIOPosix for debugging
[1708/1809] Emitting module NIO
[1709/1809] Compiling NIO Exports.swift
[1710/1810] Wrapping AST for NIO for debugging
[1712/1849] Emitting module NIOFoundationCompat
[1713/1849] Compiling NIOFoundationCompat WaitSpinningRunLoop.swift
[1714/1849] Compiling NIOFoundationCompat Exports.swift
[1715/1849] Compiling NIOFoundationCompat JSONSerialization+ByteBuffer.swift
[1716/1849] Compiling NIOTLS TLSEvents.swift
[1717/1849] Compiling NIOSOCKS SelectedAuthenticationMethod.swift
[1719/1851] Compiling NIOTLS NIOTypedApplicationProtocolNegotiationHandler.swift
[1720/1851] Compiling NIOSOCKS ClientStateMachine.swift
[1721/1851] Compiling NIOHTTP1 ByteCollectionUtils.swift
[1722/1851] Compiling NIOHTTP1 HTTPDecoder.swift
[1722/1851] Wrapping AST for NIOFoundationCompat for debugging
[1724/1851] Compiling NIOSOCKS ServerStateMachine.swift
[1725/1851] Compiling NIOHTTP1 NIOTypedHTTPClientUpgradeHandler.swift
[1726/1851] Compiling NIOHTTP1 NIOTypedHTTPClientUpgraderStateMachine.swift
[1727/1853] Emitting module NIOSOCKS
[1728/1853] Compiling NIOHTTP1 HTTPHeaders+Validation.swift
[1729/1853] Compiling NIOHTTP1 HTTPPipelineSetup.swift
[1730/1853] Compiling NIOHTTP1 HTTPEncoder.swift
[1731/1853] Compiling NIOHTTP1 HTTPHeaderValidator.swift
[1732/1853] Compiling NIOHTTP1 HTTPServerPipelineHandler.swift
[1733/1853] Compiling NIOHTTP1 HTTPServerProtocolErrorHandler.swift
[1734/1853] Compiling NIOSOCKS SOCKSResponse.swift
[1735/1854] Compiling NIOHTTP1 NIOHTTPClientUpgradeHandler.swift
[1736/1854] Compiling NIOHTTP1 NIOHTTPObjectAggregator.swift
[1738/1854] Compiling NIOTLS ApplicationProtocolNegotiationHandler.swift
[1739/1854] Emitting module NIOTLS
[1740/1854] Compiling NIOTLS ProtocolNegotiationHandlerStateMachine.swift
[1741/1854] Compiling NIOTLS SNIHandler.swift
[1746/1855] Wrapping AST for NIOSOCKS for debugging
[1748/1855] Wrapping AST for NIOTLS for debugging
[1750/1885] Compiling NIOSSL SSLContext.swift
[1751/1885] Compiling NIOSSL SSLErrors.swift
[1752/1885] Compiling NIOSSL SSLCertificateName.swift
[1753/1885] Compiling NIOSSL SSLConnection.swift
[1754/1885] Compiling X509 ValidatedCertificateChain.swift
[1755/1885] Compiling X509 VerificationDiagnostic.swift
[1756/1885] Compiling X509 Verifier.swift
[1757/1885] Compiling X509 VerifierPolicy.swift
[1758/1885] Compiling X509 AlgorithmIdentifier.swift
[1759/1885] Compiling X509 ECDSASignature.swift
[1760/1885] Compiling X509 RSAPKCS1PublicKey.swift
[1761/1885] Compiling X509 SubjectPublicKeyInfo.swift
[1762/1885] Compiling X509 TBSCertificate.swift
[1763/1885] Compiling X509 Time.swift
[1764/1885] Compiling X509 TimeCalculations.swift
[1765/1885] Compiling X509 Validity.swift
[1766/1885] Compiling X509 X509SendableMetatype.swift
[1767/1886] Compiling NIOSSL AndroidCABundle.swift
[1768/1886] Compiling NIOSSL ByteBufferBIO.swift
[1769/1886] Wrapping AST for X509 for debugging
[1771/1953] Compiling JWTKit LocaleClaim.swift
[1772/1953] Compiling JWTKit NotBeforeClaim.swift
[1773/1953] Compiling JWTKit SubjectClaim.swift
[1774/1953] Emitting module NIOHTTP1
[1775/1954] Wrapping AST for NIOHTTP1 for debugging
[1777/1971] Compiling JWTKit AudienceClaim.swift
[1778/1971] Compiling JWTKit BoolClaim.swift
[1779/1971] Compiling JWTKit ExpirationClaim.swift
[1780/1971] Compiling JWTKit GoogleHostedDomainClaim.swift
[1781/1971] Compiling JWTKit IDClaim.swift
[1782/1971] Compiling JWTKit IssuedAtClaim.swift
[1783/1971] Compiling JWTKit IssuerClaim.swift
[1784/1971] Compiling JWTKit JWTClaim.swift
[1785/1971] Compiling JWTKit JWTMultiValueClaim.swift
[1786/1971] Compiling JWTKit JWTUnixEpochClaim.swift
[1787/1980] Compiling JWTKit MLDSAType.swift
[1788/1980] Compiling JWTKit JWTKeyCollection+UnsecuredNone.swift
[1789/1980] Compiling JWTKit UnsecuredNoneSigner.swift
[1790/1980] Compiling JWTKit JWTKeyCollection+RSA.swift
[1791/1980] Compiling JWTKit RSA.swift
[1792/1980] Compiling JWTKit RSAError.swift
[1793/1980] Compiling JWTKit RSASigner.swift
[1794/1980] Compiling JWTKit Base64URL.swift
[1795/1980] Compiling JWTKit CryptoSigner.swift
[1796/1980] Compiling JWTKit JWTSerializer.swift
[1797/1980] Compiling JWTKit JWTSigner.swift
[1798/1980] Compiling JWTKit JWTKeyCollection+MLDSA.swift
[1799/1980] Compiling JWTKit MLDSA.swift
[1800/1980] Compiling JWTKit MLDSA65+MLDSAKey.swift
[1801/1980] Compiling JWTKit MLDSA87+MLDSAKey.swift
[1802/1980] Compiling JWTKit MLDSAError.swift
[1803/1980] Compiling JWTKit MLDSAKey.swift
[1804/1980] Compiling JWTKit MLDSASigner.swift
[1805/1980] Compiling JWTKit ECDSASigningAlgorithm.swift
[1806/1980] Compiling JWTKit JWTKeyCollection+ECDSA.swift
[1807/1980] Compiling JWTKit P256+CurveType.swift
[1808/1980] Compiling JWTKit P384+CurveType.swift
[1809/1980] Compiling JWTKit P521+CurveType.swift
[1810/1980] Compiling JWTKit EdDSA.swift
[1811/1980] Compiling JWTKit EdDSACurve.swift
[1812/1980] Compiling JWTKit EdDSAError.swift
[1813/1980] Compiling JWTKit EdDSASigner.swift
[1814/1980] Compiling JWTKit JWTKeyCollection+EdDSA.swift
[1815/1980] Compiling NIOHPACK IntegerCoding.swift
[1816/1980] Compiling NIOHPACK IndexedHeaderTable.swift
[1817/1981] Compiling NIOHTTPCompression HTTPCompression.swift
[1818/1981] Compiling NIOHTTPCompression HTTPDecompression.swift
[1819/1981] Emitting module NIOHTTPCompression
[1820/1981] Compiling NIOHTTPCompression HTTPDecompressor.swift
[1821/1981] Compiling NIOHTTPCompression HTTPRequestCompressor.swift
[1822/1981] Compiling NIOHTTPCompression HTTPResponseCompressor.swift
[1823/1981] Emitting module NIOHPACK
[1824/1982] Emitting module JWTKit
[1825/1982] Compiling NIOHPACK HPACKEncoder.swift
[1826/1982] Compiling NIOHPACK HPACKErrors.swift
[1827/1982] Compiling NIOHPACK DynamicHeaderTable.swift
[1828/1982] Compiling NIOHPACK HPACKDecoder.swift
[1829/1982] Compiling NIOHPACK HuffmanCoding.swift
[1830/1982] Compiling NIOHPACK HuffmanTables.swift
[1831/1982] Compiling NIOHPACK HPACKHeader.swift
[1832/1982] Compiling NIOHPACK HeaderTables.swift
[1834/1982] Compiling NIOHPACK StaticHeaderTable.swift
[1839/1987] Wrapping AST for NIOHTTPCompression for debugging
[1841/1987] Compiling JWTKit ECDSAKeyTypes.swift
[1842/1987] Compiling JWTKit ECDSASigner.swift
[1843/1987] Compiling JWTKit HMAC.swift
[1844/1987] Compiling JWTKit HMACError.swift
[1845/1987] Compiling JWTKit JWTParser+MandatoryVerificationFields.swift
[1846/1987] Compiling JWTKit JWTParser.swift
[1847/1987] Compiling JWTKit JWTPayload.swift
[1849/1987] Compiling JWTKit JWTHeader+CommonFields.swift
[1850/1987] Compiling JWTKit JWTHeader.swift
[1851/1987] Compiling JWTKit JWTHeaderField.swift
[1852/1987] Compiling JWTKit JWTKeyCollection.swift
[1855/1987] Compiling JWTKit ECDSACurveType.swift
[1856/1987] Compiling JWTKit ECDSAError.swift
[1857/1987] Compiling JWTKit HMACSigner.swift
[1858/1987] Compiling JWTKit JWTKeyCollection+HMAC.swift
[1859/1987] Compiling JWTKit Insecure.swift
[1860/1987] Compiling JWTKit JWK.swift
[1861/1987] Emitting module NIOSSL
[1862/1987] Compiling JWTKit JWKIdentifier.swift
[1863/1987] Compiling JWTKit JWKS.swift
[1864/1987] Compiling JWTKit JWKSigner.swift
[1865/1987] Compiling JWTKit JWTAlgorithm.swift
[1866/1987] Compiling JWTKit JWTError.swift
[1866/1987] Wrapping AST for NIOHPACK for debugging
[1896/2050] Compiling JWTKit CustomizedJSONCoders.swift
[1897/2050] Compiling JWTKit Utilities.swift
[1898/2050] Compiling JWTKit AppleIdentityToken.swift
[1899/2050] Compiling JWTKit FirebaseAuthIdentityToken.swift
[1900/2050] Compiling JWTKit GoogleIdentityToken.swift
[1901/2050] Compiling JWTKit MicrosoftIdentityToken.swift
[1902/2050] Compiling JWTKit EmptyPolicy.swift
[1903/2050] Compiling JWTKit ValidationTimePayload.swift
[1904/2050] Compiling JWTKit X5CVerifier.swift
[1905/2051] Wrapping AST for JWTKit for debugging
[1907/2051] Compiling NIOHTTP2 HasFlowControlWindows.swift
[1908/2051] Compiling NIOHTTP2 HasLocalSettings.swift
[1909/2051] Compiling NIOHTTP2 HasRemoteSettings.swift
[1910/2051] Compiling NIOHTTP2 LocallyQuiescingState.swift
[1911/2051] Compiling NIOHTTP2 QuiescingState.swift
[1912/2051] Compiling NIOHTTP2 RemotelyQuiescingState.swift
[1913/2051] Compiling NIOHTTP2 SendAndReceiveGoawayState.swift
[1914/2051] Compiling NIOHTTP2 StateMachineResult.swift
[1915/2051] Compiling NIOHTTP2 ContentLengthVerifier.swift
[1916/2059] Compiling NIOHTTP2 MayReceiveFrames.swift
[1917/2059] Compiling NIOHTTP2 ReceivingDataState.swift
[1918/2059] Compiling NIOHTTP2 ReceivingGoAwayState.swift
[1919/2059] Compiling NIOHTTP2 ReceivingHeadersState.swift
[1921/2060] Emitting module NIOHTTP2
[1921/2060] Wrapping AST for NIOSSL for debugging
[1923/2060] Compiling NIOHTTP2 HTTP2StreamMultiplexer.swift
[1924/2060] Compiling NIOHTTP2 HTTP2ToHTTP1Codec.swift
[1925/2060] Compiling NIOHTTP2 HTTP2UserEvents.swift
[1926/2060] Compiling NIOHTTP2 InboundEventBuffer.swift
[1927/2060] Compiling NIOHTTP2 InboundWindowManager.swift
[1928/2060] Compiling NIOHTTP2 MultiplexerAbstractChannel.swift
[1929/2060] Compiling NIOHTTP2 NIOHTTP2FrameDelegate.swift
[1930/2060] Compiling NIOHTTP2 NIOHTTP2ServerConnectionManagementHandler+StateMachine.swift
[1931/2060] Compiling NIOHTTP2 NIOHTTP2ServerConnectionManagementHandler.swift
[1932/2060] Compiling NIOHTTP2 StreamChannelFlowController.swift
[1933/2060] Compiling NIOHTTP2 StreamChannelList.swift
[1934/2060] Compiling NIOHTTP2 StreamMap.swift
[1935/2060] Compiling NIOHTTP2 StreamStateMachine.swift
[1936/2060] Compiling NIOHTTP2 Timer.swift
[1937/2060] Compiling NIOHTTP2 UnsafeTransfer.swift
[1938/2060] Compiling NIOHTTP2 WatermarkedFlowController.swift
[1939/2060] Compiling NIOHTTP2 HTTP2FrameParser.swift
[1940/2060] Compiling NIOHTTP2 HTTP2PingData.swift
[1941/2060] Compiling NIOHTTP2 HTTP2PipelineHelpers.swift
[1942/2060] Compiling NIOHTTP2 HTTP2Settings.swift
[1943/2060] Compiling NIOHTTP2 HTTP2Stream.swift
[1944/2060] Compiling NIOHTTP2 HTTP2StreamChannel+OutboundStreamMultiplexer.swift
[1945/2060] Compiling NIOHTTP2 HTTP2StreamChannel.swift
[1946/2060] Compiling NIOHTTP2 HTTP2StreamDelegate.swift
[1947/2060] Compiling NIOHTTP2 HTTP2StreamID.swift
[1948/2060] Compiling NIOHTTP2 DOSHeuristics.swift
[1949/2060] Compiling NIOHTTP2 Error+Any.swift
[1950/2060] Compiling NIOHTTP2 ConcurrentStreamBuffer.swift
[1951/2060] Compiling NIOHTTP2 ControlFrameBuffer.swift
[1952/2060] Compiling NIOHTTP2 OutboundFlowControlBuffer.swift
[1953/2060] Compiling NIOHTTP2 OutboundFrameBuffer.swift
[1954/2060] Compiling NIOHTTP2 GlitchesMonitor.swift
[1955/2060] Compiling NIOHTTP2 HPACKHeaders+Validation.swift
[1956/2060] Compiling NIOHTTP2 HTTP2ChannelHandler+InboundStreamMultiplexer.swift
[1957/2060] Compiling NIOHTTP2 HTTP2ChannelHandler+InlineStreamMultiplexer.swift
[1958/2060] Compiling NIOHTTP2 HTTP2ChannelHandler.swift
[1959/2060] Compiling NIOHTTP2 HTTP2CommonInboundStreamMultiplexer.swift
[1960/2060] Compiling NIOHTTP2 HTTP2ConnectionStateChange.swift
[1961/2060] Compiling NIOHTTP2 HTTP2Error.swift
[1962/2060] Compiling NIOHTTP2 HTTP2ErrorCode.swift
[1963/2060] Compiling NIOHTTP2 HTTP2FlowControlWindow.swift
[1964/2060] Compiling NIOHTTP2 HTTP2Frame.swift
[1965/2060] Compiling NIOHTTP2 HTTP2FrameEncoder.swift
[1966/2060] Compiling NIOHTTP2 MaySendFrames.swift
[1967/2060] Compiling NIOHTTP2 SendingDataState.swift
[1968/2060] Compiling NIOHTTP2 SendingGoawayState.swift
[1969/2060] Compiling NIOHTTP2 SendingHeadersState.swift
[1970/2060] Compiling NIOHTTP2 SendingPushPromiseState.swift
[1971/2060] Compiling NIOHTTP2 SendingRstStreamState.swift
[1972/2060] Compiling NIOHTTP2 SendingWindowUpdateState.swift
[1973/2060] Compiling NIOHTTP2 HTTP2SettingsState.swift
[1974/2060] Compiling NIOHTTP2 HasExtendedConnectSettings.swift
[1975/2060] Compiling NIOHTTP2 ConnectionStateMachine.swift
[1976/2060] Compiling NIOHTTP2 ConnectionStreamsState.swift
[1981/2060] Compiling NIOHTTP2 ReceivingPushPromiseState.swift
[1982/2060] Compiling NIOHTTP2 ReceivingRstStreamState.swift
[1983/2060] Compiling NIOHTTP2 ReceivingWindowUpdateState.swift
[1984/2061] Wrapping AST for NIOHTTP2 for debugging
[1986/2125] Compiling AsyncHTTPClient AnyAsyncSequence.swift
[1987/2125] Compiling AsyncHTTPClient AnyAsyncSequenceProucerDelete.swift
[1988/2125] Compiling AsyncHTTPClient AsyncLazySequence.swift
[1989/2125] Compiling AsyncHTTPClient HTTPClient+execute.swift
[1990/2125] Compiling AsyncHTTPClient HTTPClient+shutdown.swift
[1991/2125] Compiling AsyncHTTPClient HTTPClient+tracing.swift
[1992/2125] Compiling AsyncHTTPClient HTTPClientRequest+Prepared.swift
[1993/2125] Compiling AsyncHTTPClient HTTPClientRequest+auth.swift
[1994/2125] Compiling AsyncHTTPClient HTTPClientRequest.swift
[1995/2133] Emitting module AsyncHTTPClient
[1996/2133] Compiling AsyncHTTPClient HTTP1ProxyConnectHandler.swift
[1997/2133] Compiling AsyncHTTPClient SOCKSEventsHandler.swift
[1998/2133] Compiling AsyncHTTPClient TLSEventsHandler.swift
[1999/2133] Compiling AsyncHTTPClient HTTP1ClientChannelHandler.swift
[2000/2133] Compiling AsyncHTTPClient HTTP1Connection.swift
[2001/2133] Compiling AsyncHTTPClient HTTP1ConnectionStateMachine.swift
[2002/2133] Compiling AsyncHTTPClient HTTP2ClientRequestHandler.swift
[2003/2133] Compiling AsyncHTTPClient HTTP2Connection.swift
[2004/2133] Compiling AsyncHTTPClient HTTP2IdleHandler.swift
[2005/2133] Compiling AsyncHTTPClient RequestValidation.swift
[2006/2133] Compiling AsyncHTTPClient SSLContextCache.swift
[2007/2133] Compiling AsyncHTTPClient Scheme.swift
[2008/2133] Compiling AsyncHTTPClient Singleton.swift
[2009/2133] Compiling AsyncHTTPClient StringConvertibleInstances.swift
[2010/2133] Compiling AsyncHTTPClient StructuredConcurrencyHelpers.swift
[2011/2133] Compiling AsyncHTTPClient TracingSupport.swift
[2012/2133] Compiling AsyncHTTPClient Utils.swift
[2013/2133] Compiling AsyncHTTPClient HTTPConnectionEvent.swift
[2014/2133] Compiling AsyncHTTPClient HTTPConnectionPool+Factory.swift
[2015/2133] Compiling AsyncHTTPClient HTTPConnectionPool+Manager.swift
[2016/2133] Compiling AsyncHTTPClient HTTPConnectionPool.swift
[2017/2133] Compiling AsyncHTTPClient HTTPExecutableRequest.swift
[2018/2133] Compiling AsyncHTTPClient HTTPRequestStateMachine+Demand.swift
[2019/2133] Compiling AsyncHTTPClient HTTPRequestStateMachine.swift
[2020/2133] Compiling AsyncHTTPClient RequestBodyLength.swift
[2021/2133] Compiling AsyncHTTPClient RequestFramingMetadata.swift
[2022/2133] Compiling AsyncHTTPClient HTTPClientResponse.swift
[2023/2133] Compiling AsyncHTTPClient SingleIteratorPrecondition.swift
[2024/2133] Compiling AsyncHTTPClient Transaction+StateMachine.swift
[2025/2133] Compiling AsyncHTTPClient Transaction.swift
[2026/2133] Compiling AsyncHTTPClient Base64.swift
[2027/2133] Compiling AsyncHTTPClient BasicAuth.swift
[2028/2133] Compiling AsyncHTTPClient BestEffortHashableTLSConfiguration.swift
[2029/2133] Compiling AsyncHTTPClient Configuration+BrowserLike.swift
[2030/2133] Compiling AsyncHTTPClient ConnectionPool.swift
[2031/2133] Compiling AsyncHTTPClient LRUCache.swift
[2032/2133] Compiling AsyncHTTPClient NIOLoopBound+Execute.swift
[2033/2133] Compiling AsyncHTTPClient NWErrorHandler.swift
[2034/2133] Compiling AsyncHTTPClient NWWaitingHandler.swift
[2035/2133] Compiling AsyncHTTPClient TLSConfiguration.swift
[2036/2133] Compiling AsyncHTTPClient RedirectState.swift
[2037/2133] Compiling AsyncHTTPClient RequestBag+StateMachine.swift
[2038/2133] Compiling AsyncHTTPClient RequestBag+Tracing.swift
[2039/2133] Compiling AsyncHTTPClient RequestBag.swift
[2040/2133] Compiling AsyncHTTPClient RequestOptions.swift
[2041/2133] Compiling AsyncHTTPClient HTTPConnectionPool+Backoff.swift
[2042/2133] Compiling AsyncHTTPClient HTTPConnectionPool+HTTP1Connections.swift
[2043/2133] Compiling AsyncHTTPClient HTTPConnectionPool+HTTP1StateMachine.swift
[2044/2133] Compiling AsyncHTTPClient HTTPConnectionPool+HTTP2Connections.swift
[2045/2133] Compiling AsyncHTTPClient HTTPConnectionPool+HTTP2StateMachine.swift
[2046/2133] Compiling AsyncHTTPClient HTTPConnectionPool+RequestQueue.swift
[2047/2133] Compiling AsyncHTTPClient HTTPConnectionPool+StateMachine.swift
[2048/2133] Compiling AsyncHTTPClient ConnectionTarget.swift
[2049/2133] Compiling AsyncHTTPClient DeconstructedURL.swift
[2050/2133] Compiling AsyncHTTPClient FileDownloadDelegate.swift
[2051/2133] Compiling AsyncHTTPClient FoundationExtensions.swift
[2052/2133] Compiling AsyncHTTPClient HTTPClient+HTTPCookie.swift
[2053/2133] Compiling AsyncHTTPClient HTTPClient+Proxy.swift
[2054/2133] Compiling AsyncHTTPClient HTTPClient+StructuredConcurrency.swift
[2055/2133] Compiling AsyncHTTPClient HTTPClient.swift
[2056/2133] Compiling AsyncHTTPClient HTTPClientConfiguration+SwiftConfiguration.swift
[2057/2133] Compiling AsyncHTTPClient HTTPHandler.swift
[2058/2134] Wrapping AST for AsyncHTTPClient for debugging
[2060/2157] Emitting module GoogleAuth
[2061/2160] Compiling GoogleAuth ADC.swift
[2062/2160] Compiling GoogleAuth ADCPath.swift
[2063/2160] Compiling GoogleAuth ADCResolver.swift
[2064/2160] Compiling GoogleAuth AuthHeaders.swift
[2065/2160] Compiling GoogleAuth CredentialParserRegistry.swift
[2066/2160] Compiling GoogleAuth Credentials.swift
[2067/2160] Compiling GoogleAuth CredentialsError.swift
[2068/2160] Compiling GoogleAuth AnonymousCredentials.swift
[2069/2160] Compiling GoogleAuth ApiKeyCredentials.swift
[2070/2160] Compiling GoogleAuth ExternalAccountCredentials.swift
[2071/2160] Compiling GoogleAuth ServiceAccountCredentials.swift
[2072/2160] Compiling GoogleAuth ServiceAccountData.swift
[2073/2160] Compiling GoogleAuth ServiceAccountTokenProvider.swift
[2074/2160] Compiling GoogleAuth UserAccountData.swift
[2075/2160] Compiling GoogleAuth UserAccountTokenProvider.swift
[2076/2160] Compiling GoogleAuth UserCredentials.swift
[2077/2160] Compiling GoogleAuth AuthHTTPClient.swift
[2078/2160] Compiling GoogleAuth AuthHTTPError.swift
[2079/2160] Compiling GoogleAuth RetryEngine.swift
[2080/2160] Compiling GoogleAuth SubjectTokenProvider.swift
[2081/2160] Compiling GoogleAuth MDSAccessTokenProvider.swift
[2082/2160] Compiling GoogleAuth MDSCredentials.swift
[2083/2160] Compiling GoogleAuth STSHandler.swift
[2084/2160] Compiling GoogleAuth TokenCache.swift
[2085/2160] Compiling GoogleAuth PackageVersion.swift
[2086/2161] Wrapping AST for GoogleAuth for debugging
[2088/2219] Emitting module GoogleGax
[2089/2227] Compiling GoogleGax LimitedAttemptCount+PollingErrorPolicy.swift
[2090/2227] Compiling GoogleGax LimitedAttemptCount+RetryPolicy.swift
[2091/2227] Compiling GoogleGax LimitedAttemptCount.swift
[2092/2227] Compiling GoogleGax LimitedElapsedTime+PollingErrorPolicy.swift
[2093/2227] Compiling GoogleGax LimitedElapsedTime+RetryPolicy.swift
[2094/2227] Compiling GoogleGax LimitedElapsedTime.swift
[2095/2227] Compiling GoogleGax LongRunningOperations.swift
[2096/2227] Compiling GoogleGax NeverRetry.swift
[2097/2227] Compiling GoogleGax RequestOptions.swift
[2098/2227] Compiling GoogleGax RetryLoop.swift
[2099/2227] Compiling GoogleGax RetryPolicy.swift
[2100/2227] Compiling GoogleGax RetryResult.swift
[2101/2227] Compiling GoogleGax RetryState.swift
[2102/2227] Compiling GoogleGax RetryThrottler.swift
[2103/2227] Compiling GoogleGax RetryThrottlerError.swift
[2104/2227] Compiling GoogleGax RoutingMatcher.swift
[2105/2227] Compiling GoogleGax AIP194+PollingErrorPolicy.swift
[2106/2227] Compiling GoogleGax AIP194+RetryPolicy.swift
[2107/2227] Compiling GoogleGax AIP194.swift
[2108/2227] Compiling GoogleGax AdaptiveThrottler.swift
[2109/2227] Compiling GoogleGax AlwaysPoll.swift
[2110/2227] Compiling GoogleGax AlwaysRetry.swift
[2111/2227] Compiling GoogleGax ApiClientHeader.swift
[2112/2227] Compiling GoogleGax BackoffPolicy.swift
[2113/2227] Compiling GoogleGax BasePollingErrorPolicy.swift
[2114/2227] Compiling GoogleGax ContinueOnIO.swift
[2115/2227] Compiling GoogleGax CredentialsProtocol.swift
[2116/2227] Compiling GoogleGax ErrorWrapper.swift
[2117/2227] Compiling GoogleGax ExponentialBackoff+BackoffPolicy.swift
[2118/2227] Compiling GoogleGax ExponentialBackoff+PollingBackoffPolicy.swift
[2119/2227] Compiling GoogleGax ExponentialBackoff.swift
[2120/2227] Compiling GoogleGax HTTPClient.swift
[2121/2227] Compiling GoogleGax HTTPClientHolder.swift
[2122/2227] Compiling GoogleGax BaseRetryPolicy.swift
[2123/2227] Compiling GoogleGax BindingError.swift
[2124/2227] Compiling GoogleGax CRC32C.swift
[2125/2227] Compiling GoogleGax CircuitBreaker.swift
[2126/2227] Compiling GoogleGax ClientError.swift
[2127/2227] Compiling GoogleGax ClientOptions.swift
[2128/2227] Compiling GoogleGax ContinueOnIO+PollingErrorPolicy.swift
[2129/2227] Compiling GoogleGax ContinueOnIO+RetryPolicy.swift
[2130/2227] Compiling GoogleGax Pagination.swift
/host/spi-builder-workspace/.build/checkouts/swift-google-gax/Sources/GoogleGax/Pagination.swift:44:22: error: cannot convert '@Sendable (String) async throws -> (response: ResponseType, items: [Item], nextToken: String)' to 'nonisolated(nonsending) @Sendable (String) async throws -> (response: ResponseType, items: [Item], nextToken: String)' because crossing of an isolation boundary requires parameter and result types to conform to 'Sendable' protocol
 42 |   ) where ResponseType: _PaginatedResponse<Item> {
 43 |     self.initialPageToken = initialPageToken ?? ""
 44 |     self.fetchPage = { token in
    |                      |- error: cannot convert '@Sendable (String) async throws -> (response: ResponseType, items: [Item], nextToken: String)' to 'nonisolated(nonsending) @Sendable (String) async throws -> (response: ResponseType, items: [Item], nextToken: String)' because crossing of an isolation boundary requires parameter and result types to conform to 'Sendable' protocol
    |                      `- note: type 'Item' does not conform to 'Sendable' protocol
 45 |       let response = try await listRpc(token)
 46 |       return (response, response._getPaginatedItems(), response._nextPageToken())
[2131/2227] Compiling GoogleGax PollingBackoffPolicy.swift
/host/spi-builder-workspace/.build/checkouts/swift-google-gax/Sources/GoogleGax/Pagination.swift:44:22: error: cannot convert '@Sendable (String) async throws -> (response: ResponseType, items: [Item], nextToken: String)' to 'nonisolated(nonsending) @Sendable (String) async throws -> (response: ResponseType, items: [Item], nextToken: String)' because crossing of an isolation boundary requires parameter and result types to conform to 'Sendable' protocol
 42 |   ) where ResponseType: _PaginatedResponse<Item> {
 43 |     self.initialPageToken = initialPageToken ?? ""
 44 |     self.fetchPage = { token in
    |                      |- error: cannot convert '@Sendable (String) async throws -> (response: ResponseType, items: [Item], nextToken: String)' to 'nonisolated(nonsending) @Sendable (String) async throws -> (response: ResponseType, items: [Item], nextToken: String)' because crossing of an isolation boundary requires parameter and result types to conform to 'Sendable' protocol
    |                      `- note: type 'Item' does not conform to 'Sendable' protocol
 45 |       let response = try await listRpc(token)
 46 |       return (response, response._getPaginatedItems(), response._nextPageToken())
[2132/2227] Compiling GoogleGax PollingErrorPolicy.swift
/host/spi-builder-workspace/.build/checkouts/swift-google-gax/Sources/GoogleGax/Pagination.swift:44:22: error: cannot convert '@Sendable (String) async throws -> (response: ResponseType, items: [Item], nextToken: String)' to 'nonisolated(nonsending) @Sendable (String) async throws -> (response: ResponseType, items: [Item], nextToken: String)' because crossing of an isolation boundary requires parameter and result types to conform to 'Sendable' protocol
 42 |   ) where ResponseType: _PaginatedResponse<Item> {
 43 |     self.initialPageToken = initialPageToken ?? ""
 44 |     self.fetchPage = { token in
    |                      |- error: cannot convert '@Sendable (String) async throws -> (response: ResponseType, items: [Item], nextToken: String)' to 'nonisolated(nonsending) @Sendable (String) async throws -> (response: ResponseType, items: [Item], nextToken: String)' because crossing of an isolation boundary requires parameter and result types to conform to 'Sendable' protocol
    |                      `- note: type 'Item' does not conform to 'Sendable' protocol
 45 |       let response = try await listRpc(token)
 46 |       return (response, response._getPaginatedItems(), response._nextPageToken())
[2133/2227] Compiling GoogleGax PollingResult.swift
/host/spi-builder-workspace/.build/checkouts/swift-google-gax/Sources/GoogleGax/Pagination.swift:44:22: error: cannot convert '@Sendable (String) async throws -> (response: ResponseType, items: [Item], nextToken: String)' to 'nonisolated(nonsending) @Sendable (String) async throws -> (response: ResponseType, items: [Item], nextToken: String)' because crossing of an isolation boundary requires parameter and result types to conform to 'Sendable' protocol
 42 |   ) where ResponseType: _PaginatedResponse<Item> {
 43 |     self.initialPageToken = initialPageToken ?? ""
 44 |     self.fetchPage = { token in
    |                      |- error: cannot convert '@Sendable (String) async throws -> (response: ResponseType, items: [Item], nextToken: String)' to 'nonisolated(nonsending) @Sendable (String) async throws -> (response: ResponseType, items: [Item], nextToken: String)' because crossing of an isolation boundary requires parameter and result types to conform to 'Sendable' protocol
    |                      `- note: type 'Item' does not conform to 'Sendable' protocol
 45 |       let response = try await listRpc(token)
 46 |       return (response, response._getPaginatedItems(), response._nextPageToken())
[2134/2227] Compiling GoogleGax PollingState.swift
/host/spi-builder-workspace/.build/checkouts/swift-google-gax/Sources/GoogleGax/Pagination.swift:44:22: error: cannot convert '@Sendable (String) async throws -> (response: ResponseType, items: [Item], nextToken: String)' to 'nonisolated(nonsending) @Sendable (String) async throws -> (response: ResponseType, items: [Item], nextToken: String)' because crossing of an isolation boundary requires parameter and result types to conform to 'Sendable' protocol
 42 |   ) where ResponseType: _PaginatedResponse<Item> {
 43 |     self.initialPageToken = initialPageToken ?? ""
 44 |     self.fetchPage = { token in
    |                      |- error: cannot convert '@Sendable (String) async throws -> (response: ResponseType, items: [Item], nextToken: String)' to 'nonisolated(nonsending) @Sendable (String) async throws -> (response: ResponseType, items: [Item], nextToken: String)' because crossing of an isolation boundary requires parameter and result types to conform to 'Sendable' protocol
    |                      `- note: type 'Item' does not conform to 'Sendable' protocol
 45 |       let response = try await listRpc(token)
 46 |       return (response, response._getPaginatedItems(), response._nextPageToken())
[2135/2227] Compiling GoogleGax ProtobufConversionError.swift
/host/spi-builder-workspace/.build/checkouts/swift-google-gax/Sources/GoogleGax/Pagination.swift:44:22: error: cannot convert '@Sendable (String) async throws -> (response: ResponseType, items: [Item], nextToken: String)' to 'nonisolated(nonsending) @Sendable (String) async throws -> (response: ResponseType, items: [Item], nextToken: String)' because crossing of an isolation boundary requires parameter and result types to conform to 'Sendable' protocol
 42 |   ) where ResponseType: _PaginatedResponse<Item> {
 43 |     self.initialPageToken = initialPageToken ?? ""
 44 |     self.fetchPage = { token in
    |                      |- error: cannot convert '@Sendable (String) async throws -> (response: ResponseType, items: [Item], nextToken: String)' to 'nonisolated(nonsending) @Sendable (String) async throws -> (response: ResponseType, items: [Item], nextToken: String)' because crossing of an isolation boundary requires parameter and result types to conform to 'Sendable' protocol
    |                      `- note: type 'Item' does not conform to 'Sendable' protocol
 45 |       let response = try await listRpc(token)
 46 |       return (response, response._getPaginatedItems(), response._nextPageToken())
[2136/2227] Compiling GoogleGax QueryParameter.swift
/host/spi-builder-workspace/.build/checkouts/swift-google-gax/Sources/GoogleGax/Pagination.swift:44:22: error: cannot convert '@Sendable (String) async throws -> (response: ResponseType, items: [Item], nextToken: String)' to 'nonisolated(nonsending) @Sendable (String) async throws -> (response: ResponseType, items: [Item], nextToken: String)' because crossing of an isolation boundary requires parameter and result types to conform to 'Sendable' protocol
 42 |   ) where ResponseType: _PaginatedResponse<Item> {
 43 |     self.initialPageToken = initialPageToken ?? ""
 44 |     self.fetchPage = { token in
    |                      |- error: cannot convert '@Sendable (String) async throws -> (response: ResponseType, items: [Item], nextToken: String)' to 'nonisolated(nonsending) @Sendable (String) async throws -> (response: ResponseType, items: [Item], nextToken: String)' because crossing of an isolation boundary requires parameter and result types to conform to 'Sendable' protocol
    |                      `- note: type 'Item' does not conform to 'Sendable' protocol
 45 |       let response = try await listRpc(token)
 46 |       return (response, response._getPaginatedItems(), response._nextPageToken())
[2137/2227] Compiling GoogleGax RequestError.swift
/host/spi-builder-workspace/.build/checkouts/swift-google-gax/Sources/GoogleGax/Pagination.swift:44:22: error: cannot convert '@Sendable (String) async throws -> (response: ResponseType, items: [Item], nextToken: String)' to 'nonisolated(nonsending) @Sendable (String) async throws -> (response: ResponseType, items: [Item], nextToken: String)' because crossing of an isolation boundary requires parameter and result types to conform to 'Sendable' protocol
 42 |   ) where ResponseType: _PaginatedResponse<Item> {
 43 |     self.initialPageToken = initialPageToken ?? ""
 44 |     self.fetchPage = { token in
    |                      |- error: cannot convert '@Sendable (String) async throws -> (response: ResponseType, items: [Item], nextToken: String)' to 'nonisolated(nonsending) @Sendable (String) async throws -> (response: ResponseType, items: [Item], nextToken: String)' because crossing of an isolation boundary requires parameter and result types to conform to 'Sendable' protocol
    |                      `- note: type 'Item' does not conform to 'Sendable' protocol
 45 |       let response = try await listRpc(token)
 46 |       return (response, response._getPaginatedItems(), response._nextPageToken())
[2138/2227] Compiling GoogleGax HTTPClientProtocol.swift
[2139/2227] Compiling GoogleGax HTTPClientRequest.swift
[2140/2227] Compiling GoogleGax HTTPClientResponse.swift
[2141/2227] Compiling GoogleGax HTTPHeaders.swift
[2142/2227] Compiling GoogleGax HTTPResponseBody.swift
[2143/2227] Compiling GoogleGax HeaderNames.swift
[2144/2227] Compiling GoogleGax Host.swift
[2145/2227] Compiling GoogleGax InProgressResult.swift
[2146/2227] Compiling GoogleGax ServiceError.swift
[2147/2227] Compiling GoogleGax StatusDetail.swift
[2148/2227] Compiling GoogleGax StrictIdempotency.swift
[2149/2227] Compiling GoogleGax ThrottleResult.swift
[2150/2227] Compiling GoogleGax TooManyRequests+PollingErrorPolicy.swift
[2151/2227] Compiling GoogleGax TooManyRequests+RetryPolicy.swift
[2152/2227] Compiling GoogleGax TooManyRequests.swift
[2153/2227] Compiling GoogleGax PackageVersion.swift
BUILD FAILURE 6.2 android