Build Information
Failed to build Konkyo, reference 0.7.0 (57a78a), with Swift 6.4 for watchOS using Xcode 27.0 on 5 Oct 2026 10:19:16 UTC.
Build Command
env DEVELOPER_DIR=/Applications/Xcode-27.0.0-Release.Candidate.app xcrun xcodebuild -IDEClonedSourcePackagesDirPathOverride=$PWD/.dependencies -skipMacroValidation -skipPackagePluginValidation -derivedDataPath $PWD/.derivedData build -scheme Konkyo -destination generic/platform=watchOSBuild Log
========================================
RunAll
========================================
Builder version: 5.1.1
Interrupt handler set up.
========================================
Checkout
========================================
Clone URL: https://github.com/Machx/Konkyo.git
Reference: 0.7.0
Initialized empty Git repository in /Users/admin/builder/spi-builder-workspace/.git/
From https://github.com/Machx/Konkyo
* tag 0.7.0 -> FETCH_HEAD
HEAD is now at 57a78a4 traceable error doc
Cloned https://github.com/Machx/Konkyo.git
Revision (git rev-parse @):
57a78a4191982a63f877b3cfaa09f0979885c1c3
SUCCESS checkout https://github.com/Machx/Konkyo.git at 0.7.0
========================================
Build
========================================
Selected platform: watchOS
Swift version: 6.4
Building package at path: $PWD
https://github.com/Machx/Konkyo.git
Command line invocation:
/Applications/Xcode-27.0.0.app/Contents/Developer/usr/bin/xcodebuild -IDEClonedSourcePackagesDirPathOverride=/Users/admin/builder/spi-builder-workspace/.dependencies -resolvePackageDependencies
Resolve Package Graph
Fetching from https://github.com/Machx/LoggingKit.git
Creating working copy of package ‘LoggingKit’
Checking out main (294ac48) of package ‘LoggingKit’
Resolve Package Graph
Resolved source packages:
LoggingKit: https://github.com/Machx/LoggingKit.git @ main (294ac48)
Konkyo: /Users/admin/builder/spi-builder-workspace
resolved source packages: LoggingKit, Konkyo
2026-10-05 06:18:30.493 xcodebuild[527:2988] [MT] IDERunDestination: Supported platforms for the buildables in the current scheme is empty.
{
"dependencies" : [
{
"identity" : "loggingkit",
"requirement" : {
"branch" : [
"main"
]
},
"type" : "sourceControl",
"url" : "https://github.com/Machx/LoggingKit.git"
}
],
"manifest_display_name" : "Konkyo",
"name" : "Konkyo",
"path" : "/Users/admin/builder/spi-builder-workspace",
"platforms" : [
{
"name" : "macos",
"version" : "15.0"
},
{
"name" : "ios",
"version" : "18.0"
}
],
"products" : [
{
"name" : "Konkyo",
"targets" : [
"Konkyo"
],
"type" : {
"library" : [
"automatic"
]
}
}
],
"swift_languages_versions" : [
"6"
],
"targets" : [
{
"c99name" : "KonkyoTests",
"module_type" : "SwiftTarget",
"name" : "KonkyoTests",
"path" : "Tests/KonkyoTests",
"sources" : [
"Data Structures/RollingDictionaryTests.swift",
"DebouncerTests.swift",
"ErrorsTests.swift",
"Extensions/NSLockExtensionTests.swift",
"Extensions/ResultTests.swift",
"Extensions/UIApplicationExtensionsTests.swift",
"InitializationTests.swift",
"MVVM/ViewModelTests.swift",
"Networking/NetworkingExtensionsTests.swift",
"PropertyWrappers/SettingsTests.swift",
"SwiftUI/ViewExtensionTests.swift",
"System Info/CPUInfoTests.swift",
"Threading/AsynchronousOperationBaseTests.swift",
"Threading/AtomicTests.swift",
"Threading/ConditionTests.swift",
"Threading/MutexTests.swift",
"Threading/OperationTests.swift"
],
"target_dependencies" : [
"Konkyo"
],
"type" : "test"
},
{
"c99name" : "Konkyo",
"module_type" : "SwiftTarget",
"name" : "Konkyo",
"path" : "Sources/Konkyo",
"product_dependencies" : [
"LoggingKit"
],
"product_memberships" : [
"Konkyo"
],
"sources" : [
"Data Structures/RollingDictionary.swift",
"Debouncer.swift",
"Errors.swift",
"Extensions/NSLockExtensions.swift",
"Extensions/ResultExtensions.swift",
"Extensions/UIApplicationExtensions.swift",
"Initialization.swift",
"MVVM/ViewModel.swift",
"Networking/NetworkingExtensions.swift",
"PropertyWrappers/Settings.swift",
"SwiftUI/ViewExtension.swift",
"System Info/CPUInfo.swift",
"Threading/AsynchronousOperationBase.swift",
"Threading/Atomic.swift",
"Threading/Condition.swift",
"Threading/Mutex.swift"
],
"type" : "library"
}
],
"tools_version" : "6.0"
}
{
"workspace" : {
"name" : "Konkyo",
"schemes" : [
"Konkyo"
]
}
}
2026-10-05 06:19:03.187 xcodebuild[659:3950] [MT] IDERunDestination: Supported platforms for the buildables in the current scheme is empty.
Running build ...
env DEVELOPER_DIR=/Applications/Xcode-27.0.0-Release.Candidate.app xcrun xcodebuild -IDEClonedSourcePackagesDirPathOverride=$PWD/.dependencies -skipMacroValidation -skipPackagePluginValidation -derivedDataPath $PWD/.derivedData build -scheme Konkyo -destination generic/platform=watchOS
Command line invocation:
/Applications/Xcode-27.0.0.app/Contents/Developer/usr/bin/xcodebuild -IDEClonedSourcePackagesDirPathOverride=/Users/admin/builder/spi-builder-workspace/.dependencies -skipMacroValidation -skipPackagePluginValidation -derivedDataPath /Users/admin/builder/spi-builder-workspace/.derivedData build -scheme Konkyo -destination generic/platform=watchOS
Resolve Package Graph
Resolve Package Graph
Resolved source packages:
Konkyo: /Users/admin/builder/spi-builder-workspace
LoggingKit: https://github.com/Machx/LoggingKit.git @ main (294ac48)
ComputePackagePrebuildTargetDependencyGraph
Prepare packages
CreateBuildRequest
SendProjectDescription
CreateBuildOperation
ComputeTargetDependencyGraph
note: Building targets in dependency order
note: Target dependency graph (4 targets)
Target 'Konkyo-product' in project 'Konkyo'
➜ Explicit dependency on target 'Konkyo' in project 'Konkyo'
➜ Explicit dependency on target 'LoggingKit-product' in project 'LoggingKit'
Target 'Konkyo' in project 'Konkyo'
➜ Explicit dependency on target 'LoggingKit-product' in project 'LoggingKit'
Target 'LoggingKit-product' in project 'LoggingKit'
➜ Explicit dependency on target 'LoggingKit' in project 'LoggingKit'
Target 'LoggingKit' in project 'LoggingKit' (no dependencies)
GatherProvisioningInputs
CreateBuildDescription
ExecuteExternalTool /Applications/Xcode-27.0.0.app/Contents/Developer/Toolchains/XcodeDefault.xctoolchain/usr/bin/clang -v -E -dM -isysroot /Applications/Xcode-27.0.0.app/Contents/Developer/Platforms/WatchOS.platform/Developer/SDKs/WatchOS27.0.sdk -x c -c /dev/null
ExecuteExternalTool /Applications/Xcode-27.0.0.app/Contents/Developer/Toolchains/XcodeDefault.xctoolchain/usr/bin/swiftc --version
ExecuteExternalTool /Applications/Xcode-27.0.0.app/Contents/Developer/Toolchains/XcodeDefault.xctoolchain/usr/bin/ld -version_details
Build description signature: 000f8c6ed3d4770fc6bc55a3bf5d9730
Build description path: /Users/admin/builder/spi-builder-workspace/.derivedData/Build/Intermediates.noindex/XCBuildData/000f8c6ed3d4770fc6bc55a3bf5d9730.xcbuilddata
CreateBuildDirectory /Users/admin/builder/spi-builder-workspace/.derivedData/ModuleCache.noindex
cd /Users/admin/builder/spi-builder-workspace/.swiftpm/xcode
builtin-create-build-directory /Users/admin/builder/spi-builder-workspace/.derivedData/ModuleCache.noindex
CreateBuildDirectory /Users/admin/builder/spi-builder-workspace/.derivedData/CompilationCache.noindex
cd /Users/admin/builder/spi-builder-workspace/.swiftpm/xcode
builtin-create-build-directory /Users/admin/builder/spi-builder-workspace/.derivedData/CompilationCache.noindex
CreateBuildDirectory /Users/admin/builder/spi-builder-workspace/.derivedData/SDKExplicitPrecompiledModules
cd /Users/admin/builder/spi-builder-workspace/.swiftpm/xcode
builtin-create-build-directory /Users/admin/builder/spi-builder-workspace/.derivedData/SDKExplicitPrecompiledModules
ClangStatCache /Applications/Xcode-27.0.0.app/Contents/Developer/Toolchains/XcodeDefault.xctoolchain/usr/bin/clang-stat-cache /Applications/Xcode-27.0.0.app/Contents/Developer/Platforms/WatchOS.platform/Developer/SDKs/WatchOS27.0.sdk /Users/admin/builder/spi-builder-workspace/.derivedData/SDKStatCaches.noindex/watchos27.0-24R360-e829b21a6f8c9b70876ba0858053c044b9db9bc9c079ee3c7b5f3373b13d10bc.sdkstatcache
cd /Users/admin/builder/spi-builder-workspace/.swiftpm/xcode
/Applications/Xcode-27.0.0.app/Contents/Developer/Toolchains/XcodeDefault.xctoolchain/usr/bin/clang-stat-cache /Applications/Xcode-27.0.0.app/Contents/Developer/Platforms/WatchOS.platform/Developer/SDKs/WatchOS27.0.sdk -o /Users/admin/builder/spi-builder-workspace/.derivedData/SDKStatCaches.noindex/watchos27.0-24R360-e829b21a6f8c9b70876ba0858053c044b9db9bc9c079ee3c7b5f3373b13d10bc.sdkstatcache
CreateBuildDirectory /Users/admin/builder/spi-builder-workspace/.derivedData/Build/Products
cd /Users/admin/builder/spi-builder-workspace/.swiftpm/xcode
builtin-create-build-directory /Users/admin/builder/spi-builder-workspace/.derivedData/Build/Products
CreateBuildDirectory /Users/admin/builder/spi-builder-workspace/.derivedData/Build/Intermediates.noindex
cd /Users/admin/builder/spi-builder-workspace/.swiftpm/xcode
builtin-create-build-directory /Users/admin/builder/spi-builder-workspace/.derivedData/Build/Intermediates.noindex
CreateBuildDirectory /Users/admin/builder/spi-builder-workspace/.derivedData/Build/Intermediates.noindex/SwiftExplicitPrecompiledModules
cd /Users/admin/builder/spi-builder-workspace/.swiftpm/xcode
builtin-create-build-directory /Users/admin/builder/spi-builder-workspace/.derivedData/Build/Intermediates.noindex/SwiftExplicitPrecompiledModules
CreateBuildDirectory /Users/admin/builder/spi-builder-workspace/.derivedData/Build/Intermediates.noindex/PrecompiledHeaders
cd /Users/admin/builder/spi-builder-workspace/.swiftpm/xcode
builtin-create-build-directory /Users/admin/builder/spi-builder-workspace/.derivedData/Build/Intermediates.noindex/PrecompiledHeaders
CreateBuildDirectory /Users/admin/builder/spi-builder-workspace/.derivedData/Build/Intermediates.noindex/ExplicitPrecompiledModules
cd /Users/admin/builder/spi-builder-workspace/.swiftpm/xcode
builtin-create-build-directory /Users/admin/builder/spi-builder-workspace/.derivedData/Build/Intermediates.noindex/ExplicitPrecompiledModules
CreateBuildDirectory /Users/admin/builder/spi-builder-workspace/.derivedData/Build/Intermediates.noindex/EagerLinkingTBDs/Debug-watchos
cd /Users/admin/builder/spi-builder-workspace/.swiftpm/xcode
builtin-create-build-directory /Users/admin/builder/spi-builder-workspace/.derivedData/Build/Intermediates.noindex/EagerLinkingTBDs/Debug-watchos
CreateBuildDirectory /Users/admin/builder/spi-builder-workspace/.derivedData/Build/Products/Debug-watchos
cd /Users/admin/builder/spi-builder-workspace/.swiftpm/xcode
builtin-create-build-directory /Users/admin/builder/spi-builder-workspace/.derivedData/Build/Products/Debug-watchos
CreateBuildDirectory /Users/admin/builder/spi-builder-workspace/.derivedData/Build/Products/Debug-watchos/PackageFrameworks
cd /Users/admin/builder/spi-builder-workspace/.swiftpm/xcode
builtin-create-build-directory /Users/admin/builder/spi-builder-workspace/.derivedData/Build/Products/Debug-watchos/PackageFrameworks
WriteAuxiliaryFile /Users/admin/builder/spi-builder-workspace/.derivedData/Build/Intermediates.noindex/LoggingKit.build/Debug-watchos/LoggingKit-t.build/Objects-normal/arm64_32/LoggingKit.LinkFileList (in target 'LoggingKit' from project 'LoggingKit')
cd /Users/admin/builder/spi-builder-workspace/.dependencies/checkouts/LoggingKit
write-file /Users/admin/builder/spi-builder-workspace/.derivedData/Build/Intermediates.noindex/LoggingKit.build/Debug-watchos/LoggingKit-t.build/Objects-normal/arm64_32/LoggingKit.LinkFileList
WriteAuxiliaryFile /Users/admin/builder/spi-builder-workspace/.derivedData/Build/Intermediates.noindex/LoggingKit.build/Debug-watchos/LoggingKit-t.build/Objects-normal/arm64_32/LoggingKit_const_extract_protocols.json (in target 'LoggingKit' from project 'LoggingKit')
cd /Users/admin/builder/spi-builder-workspace/.dependencies/checkouts/LoggingKit
write-file /Users/admin/builder/spi-builder-workspace/.derivedData/Build/Intermediates.noindex/LoggingKit.build/Debug-watchos/LoggingKit-t.build/Objects-normal/arm64_32/LoggingKit_const_extract_protocols.json
WriteAuxiliaryFile /Users/admin/builder/spi-builder-workspace/.derivedData/Build/Intermediates.noindex/LoggingKit.build/Debug-watchos/LoggingKit-t.build/Objects-normal/arm64/LoggingKit_const_extract_protocols.json (in target 'LoggingKit' from project 'LoggingKit')
cd /Users/admin/builder/spi-builder-workspace/.dependencies/checkouts/LoggingKit
write-file /Users/admin/builder/spi-builder-workspace/.derivedData/Build/Intermediates.noindex/LoggingKit.build/Debug-watchos/LoggingKit-t.build/Objects-normal/arm64/LoggingKit_const_extract_protocols.json
WriteAuxiliaryFile /Users/admin/builder/spi-builder-workspace/.derivedData/Build/Intermediates.noindex/LoggingKit.build/Debug-watchos/LoggingKit-t.build/Objects-normal/arm64/LoggingKit.SwiftConstValuesFileList (in target 'LoggingKit' from project 'LoggingKit')
cd /Users/admin/builder/spi-builder-workspace/.dependencies/checkouts/LoggingKit
write-file /Users/admin/builder/spi-builder-workspace/.derivedData/Build/Intermediates.noindex/LoggingKit.build/Debug-watchos/LoggingKit-t.build/Objects-normal/arm64/LoggingKit.SwiftConstValuesFileList
WriteAuxiliaryFile /Users/admin/builder/spi-builder-workspace/.derivedData/Build/Intermediates.noindex/LoggingKit.build/Debug-watchos/LoggingKit-t.build/Objects-normal/arm64_32/LoggingKit-OutputFileMap.json (in target 'LoggingKit' from project 'LoggingKit')
cd /Users/admin/builder/spi-builder-workspace/.dependencies/checkouts/LoggingKit
write-file /Users/admin/builder/spi-builder-workspace/.derivedData/Build/Intermediates.noindex/LoggingKit.build/Debug-watchos/LoggingKit-t.build/Objects-normal/arm64_32/LoggingKit-OutputFileMap.json
WriteAuxiliaryFile /Users/admin/builder/spi-builder-workspace/.derivedData/Build/Intermediates.noindex/LoggingKit.build/Debug-watchos/LoggingKit-t.build/Objects-normal/arm64_32/LoggingKit.SwiftConstValuesFileList (in target 'LoggingKit' from project 'LoggingKit')
cd /Users/admin/builder/spi-builder-workspace/.dependencies/checkouts/LoggingKit
write-file /Users/admin/builder/spi-builder-workspace/.derivedData/Build/Intermediates.noindex/LoggingKit.build/Debug-watchos/LoggingKit-t.build/Objects-normal/arm64_32/LoggingKit.SwiftConstValuesFileList
WriteAuxiliaryFile /Users/admin/builder/spi-builder-workspace/.derivedData/Build/Intermediates.noindex/LoggingKit.build/Debug-watchos/LoggingKit-t.build/Objects-normal/arm64/LoggingKit.SwiftFileList (in target 'LoggingKit' from project 'LoggingKit')
cd /Users/admin/builder/spi-builder-workspace/.dependencies/checkouts/LoggingKit
write-file /Users/admin/builder/spi-builder-workspace/.derivedData/Build/Intermediates.noindex/LoggingKit.build/Debug-watchos/LoggingKit-t.build/Objects-normal/arm64/LoggingKit.SwiftFileList
WriteAuxiliaryFile /Users/admin/builder/spi-builder-workspace/.derivedData/Build/Intermediates.noindex/LoggingKit.build/Debug-watchos/LoggingKit-t.build/Objects-normal/arm64/LoggingKit.LinkFileList (in target 'LoggingKit' from project 'LoggingKit')
cd /Users/admin/builder/spi-builder-workspace/.dependencies/checkouts/LoggingKit
write-file /Users/admin/builder/spi-builder-workspace/.derivedData/Build/Intermediates.noindex/LoggingKit.build/Debug-watchos/LoggingKit-t.build/Objects-normal/arm64/LoggingKit.LinkFileList
WriteAuxiliaryFile /Users/admin/builder/spi-builder-workspace/.derivedData/Build/Intermediates.noindex/LoggingKit.build/Debug-watchos/LoggingKit-t.build/Objects-normal/arm64_32/LoggingKit.SwiftFileList (in target 'LoggingKit' from project 'LoggingKit')
cd /Users/admin/builder/spi-builder-workspace/.dependencies/checkouts/LoggingKit
write-file /Users/admin/builder/spi-builder-workspace/.derivedData/Build/Intermediates.noindex/LoggingKit.build/Debug-watchos/LoggingKit-t.build/Objects-normal/arm64_32/LoggingKit.SwiftFileList
WriteAuxiliaryFile /Users/admin/builder/spi-builder-workspace/.derivedData/Build/Intermediates.noindex/LoggingKit.build/Debug-watchos/LoggingKit-t.build/LoggingKit.modulemap (in target 'LoggingKit' from project 'LoggingKit')
cd /Users/admin/builder/spi-builder-workspace/.dependencies/checkouts/LoggingKit
write-file /Users/admin/builder/spi-builder-workspace/.derivedData/Build/Intermediates.noindex/LoggingKit.build/Debug-watchos/LoggingKit-t.build/LoggingKit.modulemap
WriteAuxiliaryFile /Users/admin/builder/spi-builder-workspace/.derivedData/Build/Intermediates.noindex/LoggingKit.build/Debug-watchos/LoggingKit-t.build/Objects-normal/arm64/LoggingKit-OutputFileMap.json (in target 'LoggingKit' from project 'LoggingKit')
cd /Users/admin/builder/spi-builder-workspace/.dependencies/checkouts/LoggingKit
write-file /Users/admin/builder/spi-builder-workspace/.derivedData/Build/Intermediates.noindex/LoggingKit.build/Debug-watchos/LoggingKit-t.build/Objects-normal/arm64/LoggingKit-OutputFileMap.json
WriteAuxiliaryFile /Users/admin/builder/spi-builder-workspace/.derivedData/Build/Intermediates.noindex/LoggingKit.build/Debug-watchos/LoggingKit-t.build/LoggingKit.DependencyStaticMetadataFileList (in target 'LoggingKit' from project 'LoggingKit')
cd /Users/admin/builder/spi-builder-workspace/.dependencies/checkouts/LoggingKit
write-file /Users/admin/builder/spi-builder-workspace/.derivedData/Build/Intermediates.noindex/LoggingKit.build/Debug-watchos/LoggingKit-t.build/LoggingKit.DependencyStaticMetadataFileList
WriteAuxiliaryFile /Users/admin/builder/spi-builder-workspace/.derivedData/Build/Intermediates.noindex/LoggingKit.build/Debug-watchos/LoggingKit-t.build/LoggingKit.DependencyMetadataFileList (in target 'LoggingKit' from project 'LoggingKit')
cd /Users/admin/builder/spi-builder-workspace/.dependencies/checkouts/LoggingKit
write-file /Users/admin/builder/spi-builder-workspace/.derivedData/Build/Intermediates.noindex/LoggingKit.build/Debug-watchos/LoggingKit-t.build/LoggingKit.DependencyMetadataFileList
WriteAuxiliaryFile /Users/admin/builder/spi-builder-workspace/.derivedData/Build/Intermediates.noindex/Konkyo.build/Debug-watchos/Konkyo-t.build/Objects-normal/arm64_32/Konkyo_const_extract_protocols.json (in target 'Konkyo' from project 'Konkyo')
cd /Users/admin/builder/spi-builder-workspace
write-file /Users/admin/builder/spi-builder-workspace/.derivedData/Build/Intermediates.noindex/Konkyo.build/Debug-watchos/Konkyo-t.build/Objects-normal/arm64_32/Konkyo_const_extract_protocols.json
WriteAuxiliaryFile /Users/admin/builder/spi-builder-workspace/.derivedData/Build/Intermediates.noindex/Konkyo.build/Debug-watchos/Konkyo-t.build/Objects-normal/arm64_32/Konkyo.SwiftFileList (in target 'Konkyo' from project 'Konkyo')
cd /Users/admin/builder/spi-builder-workspace
write-file /Users/admin/builder/spi-builder-workspace/.derivedData/Build/Intermediates.noindex/Konkyo.build/Debug-watchos/Konkyo-t.build/Objects-normal/arm64_32/Konkyo.SwiftFileList
WriteAuxiliaryFile /Users/admin/builder/spi-builder-workspace/.derivedData/Build/Intermediates.noindex/Konkyo.build/Debug-watchos/Konkyo-t.build/Objects-normal/arm64_32/Konkyo.SwiftConstValuesFileList (in target 'Konkyo' from project 'Konkyo')
cd /Users/admin/builder/spi-builder-workspace
write-file /Users/admin/builder/spi-builder-workspace/.derivedData/Build/Intermediates.noindex/Konkyo.build/Debug-watchos/Konkyo-t.build/Objects-normal/arm64_32/Konkyo.SwiftConstValuesFileList
WriteAuxiliaryFile /Users/admin/builder/spi-builder-workspace/.derivedData/Build/Intermediates.noindex/Konkyo.build/Debug-watchos/Konkyo-t.build/Objects-normal/arm64_32/Konkyo.LinkFileList (in target 'Konkyo' from project 'Konkyo')
cd /Users/admin/builder/spi-builder-workspace
write-file /Users/admin/builder/spi-builder-workspace/.derivedData/Build/Intermediates.noindex/Konkyo.build/Debug-watchos/Konkyo-t.build/Objects-normal/arm64_32/Konkyo.LinkFileList
WriteAuxiliaryFile /Users/admin/builder/spi-builder-workspace/.derivedData/Build/Intermediates.noindex/Konkyo.build/Debug-watchos/Konkyo-t.build/Objects-normal/arm64_32/Konkyo-OutputFileMap.json (in target 'Konkyo' from project 'Konkyo')
cd /Users/admin/builder/spi-builder-workspace
write-file /Users/admin/builder/spi-builder-workspace/.derivedData/Build/Intermediates.noindex/Konkyo.build/Debug-watchos/Konkyo-t.build/Objects-normal/arm64_32/Konkyo-OutputFileMap.json
WriteAuxiliaryFile /Users/admin/builder/spi-builder-workspace/.derivedData/Build/Intermediates.noindex/Konkyo.build/Debug-watchos/Konkyo-t.build/Konkyo.modulemap (in target 'Konkyo' from project 'Konkyo')
cd /Users/admin/builder/spi-builder-workspace
write-file /Users/admin/builder/spi-builder-workspace/.derivedData/Build/Intermediates.noindex/Konkyo.build/Debug-watchos/Konkyo-t.build/Konkyo.modulemap
WriteAuxiliaryFile /Users/admin/builder/spi-builder-workspace/.derivedData/Build/Intermediates.noindex/Konkyo.build/Debug-watchos/Konkyo-t.build/Objects-normal/arm64/Konkyo-OutputFileMap.json (in target 'Konkyo' from project 'Konkyo')
cd /Users/admin/builder/spi-builder-workspace
write-file /Users/admin/builder/spi-builder-workspace/.derivedData/Build/Intermediates.noindex/Konkyo.build/Debug-watchos/Konkyo-t.build/Objects-normal/arm64/Konkyo-OutputFileMap.json
WriteAuxiliaryFile /Users/admin/builder/spi-builder-workspace/.derivedData/Build/Intermediates.noindex/Konkyo.build/Debug-watchos/Konkyo-t.build/Objects-normal/arm64/Konkyo.SwiftFileList (in target 'Konkyo' from project 'Konkyo')
cd /Users/admin/builder/spi-builder-workspace
write-file /Users/admin/builder/spi-builder-workspace/.derivedData/Build/Intermediates.noindex/Konkyo.build/Debug-watchos/Konkyo-t.build/Objects-normal/arm64/Konkyo.SwiftFileList
WriteAuxiliaryFile /Users/admin/builder/spi-builder-workspace/.derivedData/Build/Intermediates.noindex/Konkyo.build/Debug-watchos/Konkyo-t.build/Objects-normal/arm64/Konkyo.LinkFileList (in target 'Konkyo' from project 'Konkyo')
cd /Users/admin/builder/spi-builder-workspace
write-file /Users/admin/builder/spi-builder-workspace/.derivedData/Build/Intermediates.noindex/Konkyo.build/Debug-watchos/Konkyo-t.build/Objects-normal/arm64/Konkyo.LinkFileList
WriteAuxiliaryFile /Users/admin/builder/spi-builder-workspace/.derivedData/Build/Intermediates.noindex/Konkyo.build/Debug-watchos/Konkyo-t.build/Objects-normal/arm64/Konkyo_const_extract_protocols.json (in target 'Konkyo' from project 'Konkyo')
cd /Users/admin/builder/spi-builder-workspace
write-file /Users/admin/builder/spi-builder-workspace/.derivedData/Build/Intermediates.noindex/Konkyo.build/Debug-watchos/Konkyo-t.build/Objects-normal/arm64/Konkyo_const_extract_protocols.json
WriteAuxiliaryFile /Users/admin/builder/spi-builder-workspace/.derivedData/Build/Intermediates.noindex/Konkyo.build/Debug-watchos/Konkyo-t.build/Objects-normal/arm64/Konkyo.SwiftConstValuesFileList (in target 'Konkyo' from project 'Konkyo')
cd /Users/admin/builder/spi-builder-workspace
write-file /Users/admin/builder/spi-builder-workspace/.derivedData/Build/Intermediates.noindex/Konkyo.build/Debug-watchos/Konkyo-t.build/Objects-normal/arm64/Konkyo.SwiftConstValuesFileList
WriteAuxiliaryFile /Users/admin/builder/spi-builder-workspace/.derivedData/Build/Intermediates.noindex/Konkyo.build/Debug-watchos/Konkyo-t.build/Konkyo.DependencyStaticMetadataFileList (in target 'Konkyo' from project 'Konkyo')
cd /Users/admin/builder/spi-builder-workspace
write-file /Users/admin/builder/spi-builder-workspace/.derivedData/Build/Intermediates.noindex/Konkyo.build/Debug-watchos/Konkyo-t.build/Konkyo.DependencyStaticMetadataFileList
Copy /Users/admin/builder/spi-builder-workspace/.derivedData/Build/Intermediates.noindex/GeneratedModuleMaps-watchos/LoggingKit.modulemap /Users/admin/builder/spi-builder-workspace/.derivedData/Build/Intermediates.noindex/LoggingKit.build/Debug-watchos/LoggingKit-t.build/LoggingKit.modulemap (in target 'LoggingKit' from project 'LoggingKit')
cd /Users/admin/builder/spi-builder-workspace/.dependencies/checkouts/LoggingKit
builtin-copy -exclude .DS_Store -exclude CVS -exclude .svn -exclude .git -exclude .hg -resolve-src-symlinks /Users/admin/builder/spi-builder-workspace/.derivedData/Build/Intermediates.noindex/LoggingKit.build/Debug-watchos/LoggingKit-t.build/LoggingKit.modulemap /Users/admin/builder/spi-builder-workspace/.derivedData/Build/Intermediates.noindex/GeneratedModuleMaps-watchos
WriteAuxiliaryFile /Users/admin/builder/spi-builder-workspace/.derivedData/Build/Intermediates.noindex/Konkyo.build/Debug-watchos/Konkyo-t.build/Konkyo.DependencyMetadataFileList (in target 'Konkyo' from project 'Konkyo')
cd /Users/admin/builder/spi-builder-workspace
write-file /Users/admin/builder/spi-builder-workspace/.derivedData/Build/Intermediates.noindex/Konkyo.build/Debug-watchos/Konkyo-t.build/Konkyo.DependencyMetadataFileList
Copy /Users/admin/builder/spi-builder-workspace/.derivedData/Build/Intermediates.noindex/GeneratedModuleMaps-watchos/Konkyo.modulemap /Users/admin/builder/spi-builder-workspace/.derivedData/Build/Intermediates.noindex/Konkyo.build/Debug-watchos/Konkyo-t.build/Konkyo.modulemap (in target 'Konkyo' from project 'Konkyo')
cd /Users/admin/builder/spi-builder-workspace
builtin-copy -exclude .DS_Store -exclude CVS -exclude .svn -exclude .git -exclude .hg -resolve-src-symlinks /Users/admin/builder/spi-builder-workspace/.derivedData/Build/Intermediates.noindex/Konkyo.build/Debug-watchos/Konkyo-t.build/Konkyo.modulemap /Users/admin/builder/spi-builder-workspace/.derivedData/Build/Intermediates.noindex/GeneratedModuleMaps-watchos
SwiftDriver LoggingKit normal arm64_32 com.apple.xcode.tools.swift.compiler (in target 'LoggingKit' from project 'LoggingKit')
cd /Users/admin/builder/spi-builder-workspace/.swiftpm/xcode
builtin-SwiftDriver -- /Applications/Xcode-27.0.0.app/Contents/Developer/Toolchains/XcodeDefault.xctoolchain/usr/bin/swiftc -parse-as-library -module-name LoggingKit -Onone @/Users/admin/builder/spi-builder-workspace/.derivedData/Build/Intermediates.noindex/LoggingKit.build/Debug-watchos/LoggingKit-t.build/Objects-normal/arm64_32/LoggingKit.SwiftFileList -DSWIFT_PACKAGE -DDEBUG -DSWIFT_MODULE_RESOURCE_BUNDLE_UNAVAILABLE -DXcode -plugin-path /Applications/Xcode-27.0.0.app/Contents/Developer/Toolchains/XcodeDefault.xctoolchain/usr/lib/swift/host/plugins/testing -enable-experimental-feature DebugDescriptionMacro -sdk /Applications/Xcode-27.0.0.app/Contents/Developer/Platforms/WatchOS.platform/Developer/SDKs/WatchOS27.0.sdk -target arm64_32-apple-watchos9.0 -g -module-cache-path /Users/admin/builder/spi-builder-workspace/.derivedData/ModuleCache.noindex -Xfrontend -serialize-debugging-options -profile-coverage-mapping -profile-generate -enable-testing -suppress-warnings -index-store-path /Users/admin/builder/spi-builder-workspace/.derivedData/Index.noindex/DataStore -Xcc -D_LIBCPP_HARDENING_MODE\=_LIBCPP_HARDENING_MODE_DEBUG -swift-version 6 -I /Users/admin/builder/spi-builder-workspace/.derivedData/Build/Products/Debug-watchos -Isystem /Applications/Xcode-27.0.0.app/Contents/Developer/Platforms/WatchOS.platform/Developer/usr/lib -F /Users/admin/builder/spi-builder-workspace/.derivedData/Build/Products/Debug-watchos -F /Applications/Xcode-27.0.0.app/Contents/Developer/Platforms/WatchOS.platform/Developer/Library/Frameworks -F /Applications/Xcode-27.0.0.app/Contents/Developer/Platforms/WatchOS.platform/Developer/SDKs/WatchOS27.0.sdk/Developer/Library/Frameworks -c -j10 -enable-batch-mode -incremental -Xcc -ivfsstatcache -Xcc /Users/admin/builder/spi-builder-workspace/.derivedData/SDKStatCaches.noindex/watchos27.0-24R360-e829b21a6f8c9b70876ba0858053c044b9db9bc9c079ee3c7b5f3373b13d10bc.sdkstatcache -output-file-map /Users/admin/builder/spi-builder-workspace/.derivedData/Build/Intermediates.noindex/LoggingKit.build/Debug-watchos/LoggingKit-t.build/Objects-normal/arm64_32/LoggingKit-OutputFileMap.json -save-temps -no-color-diagnostics -explicit-module-build -module-cache-path /Users/admin/builder/spi-builder-workspace/.derivedData/Build/Intermediates.noindex/SwiftExplicitPrecompiledModules -clang-scanner-module-cache-path /Users/admin/builder/spi-builder-workspace/.derivedData/ModuleCache.noindex -sdk-module-cache-path /Users/admin/builder/spi-builder-workspace/.derivedData/SDKExplicitPrecompiledModules -emit-dependencies -emit-module -emit-module-path /Users/admin/builder/spi-builder-workspace/.derivedData/Build/Intermediates.noindex/LoggingKit.build/Debug-watchos/LoggingKit-t.build/Objects-normal/arm64_32/LoggingKit.swiftmodule -serialize-diagnostics -dependency-scan-serialize-diagnostics-path /Users/admin/builder/spi-builder-workspace/.derivedData/Build/Intermediates.noindex/LoggingKit.build/Debug-watchos/LoggingKit-t.build/Objects-normal/arm64_32/LoggingKit-dependency-scan.dia -validate-clang-modules-once -clang-build-session-file /Users/admin/builder/spi-builder-workspace/.derivedData/ModuleCache.noindex/Session.modulevalidation -Xcc -fmodules-prune-interval\=86400 -Xcc -fmodules-prune-after\=345600 -package-name loggingkit -emit-const-values -const-gather-protocols-list /Users/admin/builder/spi-builder-workspace/.derivedData/Build/Intermediates.noindex/LoggingKit.build/Debug-watchos/LoggingKit-t.build/Objects-normal/arm64_32/LoggingKit_const_extract_protocols.json -Xcc -I/Users/admin/builder/spi-builder-workspace/.derivedData/Build/Products/Debug-watchos/include -Xcc -I/Users/admin/builder/spi-builder-workspace/.derivedData/Build/Intermediates.noindex/LoggingKit.build/Debug-watchos/LoggingKit-t.build/DerivedSources-normal/arm64_32 -Xcc -I/Users/admin/builder/spi-builder-workspace/.derivedData/Build/Intermediates.noindex/LoggingKit.build/Debug-watchos/LoggingKit-t.build/DerivedSources/arm64_32 -Xcc -I/Users/admin/builder/spi-builder-workspace/.derivedData/Build/Intermediates.noindex/LoggingKit.build/Debug-watchos/LoggingKit-t.build/DerivedSources -Xcc -DSWIFT_PACKAGE -Xcc -DDEBUG\=1 -emit-objc-header -emit-objc-header-path /Users/admin/builder/spi-builder-workspace/.derivedData/Build/Intermediates.noindex/LoggingKit.build/Debug-watchos/LoggingKit-t.build/Objects-normal/arm64_32/LoggingKit-Swift.h -working-directory /Users/admin/builder/spi-builder-workspace/.swiftpm/xcode -experimental-emit-module-separately -disable-cmo
SwiftDriver LoggingKit normal arm64 com.apple.xcode.tools.swift.compiler (in target 'LoggingKit' from project 'LoggingKit')
cd /Users/admin/builder/spi-builder-workspace/.swiftpm/xcode
builtin-SwiftDriver -- /Applications/Xcode-27.0.0.app/Contents/Developer/Toolchains/XcodeDefault.xctoolchain/usr/bin/swiftc -parse-as-library -module-name LoggingKit -Onone @/Users/admin/builder/spi-builder-workspace/.derivedData/Build/Intermediates.noindex/LoggingKit.build/Debug-watchos/LoggingKit-t.build/Objects-normal/arm64/LoggingKit.SwiftFileList -DSWIFT_PACKAGE -DDEBUG -DSWIFT_MODULE_RESOURCE_BUNDLE_UNAVAILABLE -DXcode -plugin-path /Applications/Xcode-27.0.0.app/Contents/Developer/Toolchains/XcodeDefault.xctoolchain/usr/lib/swift/host/plugins/testing -enable-experimental-feature DebugDescriptionMacro -sdk /Applications/Xcode-27.0.0.app/Contents/Developer/Platforms/WatchOS.platform/Developer/SDKs/WatchOS27.0.sdk -target arm64-apple-watchos9.0 -g -module-cache-path /Users/admin/builder/spi-builder-workspace/.derivedData/ModuleCache.noindex -Xfrontend -serialize-debugging-options -profile-coverage-mapping -profile-generate -enable-testing -suppress-warnings -index-store-path /Users/admin/builder/spi-builder-workspace/.derivedData/Index.noindex/DataStore -Xcc -D_LIBCPP_HARDENING_MODE\=_LIBCPP_HARDENING_MODE_DEBUG -swift-version 6 -I /Users/admin/builder/spi-builder-workspace/.derivedData/Build/Products/Debug-watchos -Isystem /Applications/Xcode-27.0.0.app/Contents/Developer/Platforms/WatchOS.platform/Developer/usr/lib -F /Users/admin/builder/spi-builder-workspace/.derivedData/Build/Products/Debug-watchos -F /Applications/Xcode-27.0.0.app/Contents/Developer/Platforms/WatchOS.platform/Developer/Library/Frameworks -F /Applications/Xcode-27.0.0.app/Contents/Developer/Platforms/WatchOS.platform/Developer/SDKs/WatchOS27.0.sdk/Developer/Library/Frameworks -c -j10 -enable-batch-mode -incremental -Xcc -ivfsstatcache -Xcc /Users/admin/builder/spi-builder-workspace/.derivedData/SDKStatCaches.noindex/watchos27.0-24R360-e829b21a6f8c9b70876ba0858053c044b9db9bc9c079ee3c7b5f3373b13d10bc.sdkstatcache -output-file-map /Users/admin/builder/spi-builder-workspace/.derivedData/Build/Intermediates.noindex/LoggingKit.build/Debug-watchos/LoggingKit-t.build/Objects-normal/arm64/LoggingKit-OutputFileMap.json -save-temps -no-color-diagnostics -explicit-module-build -module-cache-path /Users/admin/builder/spi-builder-workspace/.derivedData/Build/Intermediates.noindex/SwiftExplicitPrecompiledModules -clang-scanner-module-cache-path /Users/admin/builder/spi-builder-workspace/.derivedData/ModuleCache.noindex -sdk-module-cache-path /Users/admin/builder/spi-builder-workspace/.derivedData/SDKExplicitPrecompiledModules -emit-dependencies -emit-module -emit-module-path /Users/admin/builder/spi-builder-workspace/.derivedData/Build/Intermediates.noindex/LoggingKit.build/Debug-watchos/LoggingKit-t.build/Objects-normal/arm64/LoggingKit.swiftmodule -serialize-diagnostics -dependency-scan-serialize-diagnostics-path /Users/admin/builder/spi-builder-workspace/.derivedData/Build/Intermediates.noindex/LoggingKit.build/Debug-watchos/LoggingKit-t.build/Objects-normal/arm64/LoggingKit-dependency-scan.dia -validate-clang-modules-once -clang-build-session-file /Users/admin/builder/spi-builder-workspace/.derivedData/ModuleCache.noindex/Session.modulevalidation -Xcc -fmodules-prune-interval\=86400 -Xcc -fmodules-prune-after\=345600 -package-name loggingkit -emit-const-values -const-gather-protocols-list /Users/admin/builder/spi-builder-workspace/.derivedData/Build/Intermediates.noindex/LoggingKit.build/Debug-watchos/LoggingKit-t.build/Objects-normal/arm64/LoggingKit_const_extract_protocols.json -Xcc -I/Users/admin/builder/spi-builder-workspace/.derivedData/Build/Products/Debug-watchos/include -Xcc -I/Users/admin/builder/spi-builder-workspace/.derivedData/Build/Intermediates.noindex/LoggingKit.build/Debug-watchos/LoggingKit-t.build/DerivedSources-normal/arm64 -Xcc -I/Users/admin/builder/spi-builder-workspace/.derivedData/Build/Intermediates.noindex/LoggingKit.build/Debug-watchos/LoggingKit-t.build/DerivedSources/arm64 -Xcc -I/Users/admin/builder/spi-builder-workspace/.derivedData/Build/Intermediates.noindex/LoggingKit.build/Debug-watchos/LoggingKit-t.build/DerivedSources -Xcc -DSWIFT_PACKAGE -Xcc -DDEBUG\=1 -emit-objc-header -emit-objc-header-path /Users/admin/builder/spi-builder-workspace/.derivedData/Build/Intermediates.noindex/LoggingKit.build/Debug-watchos/LoggingKit-t.build/Objects-normal/arm64/LoggingKit-Swift.h -working-directory /Users/admin/builder/spi-builder-workspace/.swiftpm/xcode -experimental-emit-module-separately -disable-cmo
SwiftExplicitDependencyGeneratePcm arm64 /Users/admin/builder/spi-builder-workspace/.derivedData/SDKExplicitPrecompiledModules/_Builtin_float-5MBXF8DKVHQBRUJNM16KVMIQC.pcm
SwiftExplicitDependencyGeneratePcm arm64 /Users/admin/builder/spi-builder-workspace/.derivedData/SDKExplicitPrecompiledModules/_AvailabilityInternal-F1LNUT9MK1HRUMT1GHZHQ1RLU.pcm
SwiftExplicitDependencyGeneratePcm arm64 /Users/admin/builder/spi-builder-workspace/.derivedData/SDKExplicitPrecompiledModules/_Builtin_stdbool-EIIY79CJBKY0CNDO2RQTENME.pcm
SwiftExplicitDependencyGeneratePcm arm64 /Users/admin/builder/spi-builder-workspace/.derivedData/SDKExplicitPrecompiledModules/SwiftShims-D5RMRWG63RILSKWQ5872PCQT2.pcm
SwiftExplicitDependencyGeneratePcm arm64 /Users/admin/builder/spi-builder-workspace/.derivedData/SDKExplicitPrecompiledModules/_SwiftConcurrencyShims-2Q4BGBV41YFU7T8ZZ1LYOHHM8.pcm
SwiftExplicitDependencyGeneratePcm arm64_32 /Users/admin/builder/spi-builder-workspace/.derivedData/SDKExplicitPrecompiledModules/_Builtin_stdbool-DHPYJAMN6KTVWD1S31Z90I6C9.pcm
SwiftExplicitDependencyGeneratePcm arm64 /Users/admin/builder/spi-builder-workspace/.derivedData/SDKExplicitPrecompiledModules/ptrcheck-2FDVY6UR0H40GBA6U2HDPB8SM.pcm
SwiftExplicitDependencyGeneratePcm arm64_32 /Users/admin/builder/spi-builder-workspace/.derivedData/SDKExplicitPrecompiledModules/_AvailabilityInternal-BQQUK8V8SWJHTHJSVFJK2AKWW.pcm
SwiftExplicitDependencyGeneratePcm arm64_32 /Users/admin/builder/spi-builder-workspace/.derivedData/SDKExplicitPrecompiledModules/ptrauth-88RK1G9DAGJXQFP1AN1WL17RR.pcm
SwiftExplicitDependencyGeneratePcm arm64_32 /Users/admin/builder/spi-builder-workspace/.derivedData/SDKExplicitPrecompiledModules/ptrcheck-D11ZNSDYZRFEJJA53KWXZ702P.pcm
SwiftExplicitDependencyGeneratePcm arm64_32 /Users/admin/builder/spi-builder-workspace/.derivedData/SDKExplicitPrecompiledModules/SwiftShims-4MNCVKZ1HKINJ0ZSNUCRO6CZ8.pcm
SwiftExplicitDependencyGeneratePcm arm64_32 /Users/admin/builder/spi-builder-workspace/.derivedData/SDKExplicitPrecompiledModules/_Builtin_float-BJZXUCJSIX9PRVEKM14BGMJVY.pcm
SwiftExplicitDependencyGeneratePcm arm64_32 /Users/admin/builder/spi-builder-workspace/.derivedData/SDKExplicitPrecompiledModules/_Builtin_stdarg-102WX5NAUESOXIXJSPGYHVM9S.pcm
SwiftExplicitDependencyGeneratePcm arm64 /Users/admin/builder/spi-builder-workspace/.derivedData/SDKExplicitPrecompiledModules/_Builtin_stdarg-ES3WE6BADGYLJ1IBGV298L0ED.pcm
SwiftExplicitDependencyGeneratePcm arm64_32 /Users/admin/builder/spi-builder-workspace/.derivedData/SDKExplicitPrecompiledModules/_SwiftConcurrencyShims-AOFF2AEQJRI8DA66TEQ347NE7.pcm
SwiftExplicitDependencyGeneratePcm arm64 /Users/admin/builder/spi-builder-workspace/.derivedData/SDKExplicitPrecompiledModules/_Builtin_stddef-8XIMPUPOCEKW43OJT6UFVW8YW.pcm
SwiftExplicitDependencyGeneratePcm arm64_32 /Users/admin/builder/spi-builder-workspace/.derivedData/SDKExplicitPrecompiledModules/_Builtin_stddef-8VT85WZQKGACA68JZ07TP0Y0J.pcm
SwiftExplicitDependencyGeneratePcm arm64 /Users/admin/builder/spi-builder-workspace/.derivedData/SDKExplicitPrecompiledModules/ptrauth-75D2Q69SEU6TW661FC9T39G5T.pcm
SwiftExplicitDependencyGeneratePcm arm64 /Users/admin/builder/spi-builder-workspace/.derivedData/SDKExplicitPrecompiledModules/_DarwinFoundation1-C5AXMEYDFVMWI0AXBXZS13K0J.pcm
SwiftExplicitDependencyGeneratePcm arm64_32 /Users/admin/builder/spi-builder-workspace/.derivedData/SDKExplicitPrecompiledModules/_DarwinFoundation1-88RVECTIWIA3ZONBBWQIW1DJZ.pcm
SwiftExplicitDependencyGeneratePcm arm64 /Users/admin/builder/spi-builder-workspace/.derivedData/SDKExplicitPrecompiledModules/_Builtin_limits-D5KOXTTAIGWXE3DL0Q1NI089X.pcm
SwiftExplicitDependencyGeneratePcm arm64 /Users/admin/builder/spi-builder-workspace/.derivedData/SDKExplicitPrecompiledModules/_DarwinFoundation2-NYVMEQYGHBE0ZIL3ZJZSOEY1.pcm
SwiftExplicitDependencyGeneratePcm arm64_32 /Users/admin/builder/spi-builder-workspace/.derivedData/SDKExplicitPrecompiledModules/_DarwinFoundation2-44ZJFO85HR0BJ749M999B8LPA.pcm
SwiftExplicitDependencyGeneratePcm arm64_32 /Users/admin/builder/spi-builder-workspace/.derivedData/SDKExplicitPrecompiledModules/_Builtin_limits-C136SD3CEQ3KB0CFUK32YJB19.pcm
SwiftExplicitDependencyGeneratePcm arm64 /Users/admin/builder/spi-builder-workspace/.derivedData/SDKExplicitPrecompiledModules/sys_types-ASTFSZ1DRYRY331XT4Z9KV73D.pcm
SwiftExplicitDependencyGeneratePcm arm64 /Users/admin/builder/spi-builder-workspace/.derivedData/SDKExplicitPrecompiledModules/string_h-4CSQOUX7AGTYYYGKC8M276OI9.pcm
SwiftExplicitDependencyGeneratePcm arm64 /Users/admin/builder/spi-builder-workspace/.derivedData/SDKExplicitPrecompiledModules/_Builtin_stdint-74NMYF5YUKK9X44SQHE76VBIQ.pcm
SwiftExplicitDependencyGeneratePcm arm64_32 /Users/admin/builder/spi-builder-workspace/.derivedData/SDKExplicitPrecompiledModules/_Builtin_stdint-2Z10U0EB6591SMUSD1HCK6PI.pcm
SwiftExplicitDependencyGeneratePcm arm64_32 /Users/admin/builder/spi-builder-workspace/.derivedData/SDKExplicitPrecompiledModules/sys_types-C3M5EX2O95KRM34PBYN44HPBI.pcm
SwiftExplicitDependencyGeneratePcm arm64_32 /Users/admin/builder/spi-builder-workspace/.derivedData/SDKExplicitPrecompiledModules/string_h-5JIQF7F6QR5PADS6CIIQIXRFW.pcm
SwiftExplicitDependencyGeneratePcm arm64 /Users/admin/builder/spi-builder-workspace/.derivedData/SDKExplicitPrecompiledModules/_DarwinFoundation3-ANTW1ITQ0J9JQTH8BRFBZWI1Q.pcm
SwiftExplicitDependencyGeneratePcm arm64 /Users/admin/builder/spi-builder-workspace/.derivedData/SDKExplicitPrecompiledModules/_Builtin_stdatomic-DFKZ8ZOUW5YM8P1GLT1U424GY.pcm
SwiftExplicitDependencyGeneratePcm arm64_32 /Users/admin/builder/spi-builder-workspace/.derivedData/SDKExplicitPrecompiledModules/_Builtin_stdatomic-70890TXYRZ5DZ1JPU2XCV4YSX.pcm
SwiftExplicitDependencyGeneratePcm arm64_32 /Users/admin/builder/spi-builder-workspace/.derivedData/SDKExplicitPrecompiledModules/_DarwinFoundation3-F4AQTMWJJP4FVAZ08SHRNZXAM.pcm
SwiftExplicitDependencyGeneratePcm arm64 /Users/admin/builder/spi-builder-workspace/.derivedData/SDKExplicitPrecompiledModules/_Builtin_inttypes-6I92U55H5N26FLV9VYV8R3I6O.pcm
SwiftExplicitDependencyGeneratePcm arm64_32 /Users/admin/builder/spi-builder-workspace/.derivedData/SDKExplicitPrecompiledModules/_Builtin_inttypes-BMQHYJQS69SCBJY3RFS64DBTV.pcm
SwiftExplicitDependencyGeneratePcm arm64 /Users/admin/builder/spi-builder-workspace/.derivedData/SDKExplicitPrecompiledModules/Darwin-98ESD9QN5COC9NNCABFONVFP8.pcm
SwiftExplicitDependencyGeneratePcm arm64_32 /Users/admin/builder/spi-builder-workspace/.derivedData/SDKExplicitPrecompiledModules/Darwin-7UEVD02CQP1PVIKBVFQ49O3SD.pcm
SwiftExplicitDependencyGeneratePcm arm64 /Users/admin/builder/spi-builder-workspace/.derivedData/SDKExplicitPrecompiledModules/ObjectiveC-DV0JE3OUNWO3O3UE1N347RY55.pcm
SwiftExplicitDependencyGeneratePcm arm64 /Users/admin/builder/spi-builder-workspace/.derivedData/SDKExplicitPrecompiledModules/MachO-15FQ9M0VC0V1FL7TPT2R7Q0R4.pcm
SwiftExplicitDependencyGeneratePcm arm64_32 /Users/admin/builder/spi-builder-workspace/.derivedData/SDKExplicitPrecompiledModules/ObjectiveC-AJI1K6ZMESMAXDSQ8OKHJ72H7.pcm
SwiftExplicitDependencyGeneratePcm arm64_32 /Users/admin/builder/spi-builder-workspace/.derivedData/SDKExplicitPrecompiledModules/MachO-ACR45N7ZFEL35O7PB2TVKQT6F.pcm
SwiftExplicitDependencyGeneratePcm arm64 /Users/admin/builder/spi-builder-workspace/.derivedData/SDKExplicitPrecompiledModules/os_object-1JFESJBLQUD4RS3VL4N1KYEDU.pcm
SwiftExplicitDependencyGeneratePcm arm64_32 /Users/admin/builder/spi-builder-workspace/.derivedData/SDKExplicitPrecompiledModules/os_object-5TY9JM8WCIDWZD1H148JEBV2F.pcm
SwiftExplicitDependencyGeneratePcm arm64 /Users/admin/builder/spi-builder-workspace/.derivedData/SDKExplicitPrecompiledModules/os_workgroup-65XNBX18CBCXC0KTSN0M6UNVT.pcm
SwiftExplicitDependencyGeneratePcm arm64_32 /Users/admin/builder/spi-builder-workspace/.derivedData/SDKExplicitPrecompiledModules/os_workgroup-LKX7LZYC1IUZO27QQLWUANJE.pcm
SwiftExplicitDependencyGeneratePcm arm64 /Users/admin/builder/spi-builder-workspace/.derivedData/SDKExplicitPrecompiledModules/Dispatch-6D65D6EIW4AHX08JGF4J74MV9.pcm
SwiftExplicitDependencyGeneratePcm arm64_32 /Users/admin/builder/spi-builder-workspace/.derivedData/SDKExplicitPrecompiledModules/Dispatch-7K60THHWK3C851QMSWUUEEC2Q.pcm
SwiftExplicitDependencyGeneratePcm arm64 /Users/admin/builder/spi-builder-workspace/.derivedData/SDKExplicitPrecompiledModules/CoreFoundation-8MLEPC68IRDBIK6YTJL7DNZH.pcm
SwiftExplicitDependencyGeneratePcm arm64 /Users/admin/builder/spi-builder-workspace/.derivedData/SDKExplicitPrecompiledModules/XPC-46U120GB61ZMOBIJJ669AYIXF.pcm
SwiftExplicitDependencyGeneratePcm arm64_32 /Users/admin/builder/spi-builder-workspace/.derivedData/SDKExplicitPrecompiledModules/XPC-CZIZYD8A7DCOUWGZRQ4DKZKSL.pcm
SwiftExplicitDependencyGeneratePcm arm64_32 /Users/admin/builder/spi-builder-workspace/.derivedData/SDKExplicitPrecompiledModules/CoreFoundation-89G5WX03B78NXYKER48PGSMVI.pcm
SwiftExplicitDependencyGeneratePcm arm64 /Users/admin/builder/spi-builder-workspace/.derivedData/SDKExplicitPrecompiledModules/os-2GDYECRIKV7Q8I9SYTO8ZHGYP.pcm
SwiftExplicitDependencyGeneratePcm arm64 /Users/admin/builder/spi-builder-workspace/.derivedData/SDKExplicitPrecompiledModules/Security-B8EWSEMP4Z3IE155A3ILBKM2V.pcm
SwiftExplicitDependencyGeneratePcm arm64 /Users/admin/builder/spi-builder-workspace/.derivedData/SDKExplicitPrecompiledModules/CoreGraphics-5PBZKZGKBP8I3OSEUDR963CHA.pcm
SwiftExplicitDependencyGeneratePcm arm64_32 /Users/admin/builder/spi-builder-workspace/.derivedData/SDKExplicitPrecompiledModules/os-3K8UZAZIRDUH91EOFIWCRRSEM.pcm
SwiftExplicitDependencyGeneratePcm arm64_32 /Users/admin/builder/spi-builder-workspace/.derivedData/SDKExplicitPrecompiledModules/Security-C9W0029I4749M0FMG9UVPZUKU.pcm
SwiftExplicitDependencyGeneratePcm arm64_32 /Users/admin/builder/spi-builder-workspace/.derivedData/SDKExplicitPrecompiledModules/CoreGraphics-46XFDT15OA1UMAVA4P068AUXB.pcm
SwiftExplicitDependencyGeneratePcm arm64 /Users/admin/builder/spi-builder-workspace/.derivedData/SDKExplicitPrecompiledModules/Foundation-93OAIR4R5IDN1SU1A5KNY63PA.pcm
SwiftExplicitDependencyGeneratePcm arm64_32 /Users/admin/builder/spi-builder-workspace/.derivedData/SDKExplicitPrecompiledModules/Foundation-63KC4JQT5I8XAZ72WSG0A8C35.pcm
SwiftCompile normal arm64 Compiling\ LoggingExtensions.swift /Users/admin/builder/spi-builder-workspace/.dependencies/checkouts/LoggingKit/Sources/LoggingKit/LoggingExtensions.swift (in target 'LoggingKit' from project 'LoggingKit')
SwiftCompile normal arm64 /Users/admin/builder/spi-builder-workspace/.dependencies/checkouts/LoggingKit/Sources/LoggingKit/LoggingExtensions.swift (in target 'LoggingKit' from project 'LoggingKit')
cd /Users/admin/builder/spi-builder-workspace/.swiftpm/xcode
builtin-SwiftPerFileCompile LoggingExtensions.swift
SwiftEmitModule normal arm64 Emitting\ module\ for\ LoggingKit (in target 'LoggingKit' from project 'LoggingKit')
SwiftCompile normal arm64 (in target 'LoggingKit' from project 'LoggingKit')
cd /Users/admin/builder/spi-builder-workspace/.swiftpm/xcode
SwiftCompile normal arm64 Compiling\ Log.swift /Users/admin/builder/spi-builder-workspace/.dependencies/checkouts/LoggingKit/Sources/LoggingKit/Log.swift (in target 'LoggingKit' from project 'LoggingKit')
SwiftCompile normal arm64 /Users/admin/builder/spi-builder-workspace/.dependencies/checkouts/LoggingKit/Sources/LoggingKit/Log.swift (in target 'LoggingKit' from project 'LoggingKit')
cd /Users/admin/builder/spi-builder-workspace/.swiftpm/xcode
builtin-SwiftPerFileCompile Log.swift
SwiftCompile normal arm64_32 Compiling\ Log.swift /Users/admin/builder/spi-builder-workspace/.dependencies/checkouts/LoggingKit/Sources/LoggingKit/Log.swift (in target 'LoggingKit' from project 'LoggingKit')
SwiftCompile normal arm64_32 /Users/admin/builder/spi-builder-workspace/.dependencies/checkouts/LoggingKit/Sources/LoggingKit/Log.swift (in target 'LoggingKit' from project 'LoggingKit')
cd /Users/admin/builder/spi-builder-workspace/.swiftpm/xcode
builtin-SwiftPerFileCompile Log.swift
SwiftEmitModule normal arm64_32 Emitting\ module\ for\ LoggingKit (in target 'LoggingKit' from project 'LoggingKit')
SwiftCompile normal arm64_32 (in target 'LoggingKit' from project 'LoggingKit')
cd /Users/admin/builder/spi-builder-workspace/.swiftpm/xcode
SwiftCompile normal arm64_32 Compiling\ LoggingExtensions.swift /Users/admin/builder/spi-builder-workspace/.dependencies/checkouts/LoggingKit/Sources/LoggingKit/LoggingExtensions.swift (in target 'LoggingKit' from project 'LoggingKit')
SwiftCompile normal arm64_32 /Users/admin/builder/spi-builder-workspace/.dependencies/checkouts/LoggingKit/Sources/LoggingKit/LoggingExtensions.swift (in target 'LoggingKit' from project 'LoggingKit')
cd /Users/admin/builder/spi-builder-workspace/.swiftpm/xcode
builtin-SwiftPerFileCompile LoggingExtensions.swift
SwiftDriverJobDiscovery normal arm64 Emitting module for LoggingKit (in target 'LoggingKit' from project 'LoggingKit')
SwiftDriver\ Compilation\ Requirements LoggingKit normal arm64 com.apple.xcode.tools.swift.compiler (in target 'LoggingKit' from project 'LoggingKit')
cd /Users/admin/builder/spi-builder-workspace/.swiftpm/xcode
builtin-Swift-Compilation-Requirements -- /Applications/Xcode-27.0.0.app/Contents/Developer/Toolchains/XcodeDefault.xctoolchain/usr/bin/swiftc -parse-as-library -module-name LoggingKit -Onone @/Users/admin/builder/spi-builder-workspace/.derivedData/Build/Intermediates.noindex/LoggingKit.build/Debug-watchos/LoggingKit-t.build/Objects-normal/arm64/LoggingKit.SwiftFileList -DSWIFT_PACKAGE -DDEBUG -DSWIFT_MODULE_RESOURCE_BUNDLE_UNAVAILABLE -DXcode -plugin-path /Applications/Xcode-27.0.0.app/Contents/Developer/Toolchains/XcodeDefault.xctoolchain/usr/lib/swift/host/plugins/testing -enable-experimental-feature DebugDescriptionMacro -sdk /Applications/Xcode-27.0.0.app/Contents/Developer/Platforms/WatchOS.platform/Developer/SDKs/WatchOS27.0.sdk -target arm64-apple-watchos9.0 -g -module-cache-path /Users/admin/builder/spi-builder-workspace/.derivedData/ModuleCache.noindex -Xfrontend -serialize-debugging-options -profile-coverage-mapping -profile-generate -enable-testing -suppress-warnings -index-store-path /Users/admin/builder/spi-builder-workspace/.derivedData/Index.noindex/DataStore -Xcc -D_LIBCPP_HARDENING_MODE\=_LIBCPP_HARDENING_MODE_DEBUG -swift-version 6 -I /Users/admin/builder/spi-builder-workspace/.derivedData/Build/Products/Debug-watchos -Isystem /Applications/Xcode-27.0.0.app/Contents/Developer/Platforms/WatchOS.platform/Developer/usr/lib -F /Users/admin/builder/spi-builder-workspace/.derivedData/Build/Products/Debug-watchos -F /Applications/Xcode-27.0.0.app/Contents/Developer/Platforms/WatchOS.platform/Developer/Library/Frameworks -F /Applications/Xcode-27.0.0.app/Contents/Developer/Platforms/WatchOS.platform/Developer/SDKs/WatchOS27.0.sdk/Developer/Library/Frameworks -c -j10 -enable-batch-mode -incremental -Xcc -ivfsstatcache -Xcc /Users/admin/builder/spi-builder-workspace/.derivedData/SDKStatCaches.noindex/watchos27.0-24R360-e829b21a6f8c9b70876ba0858053c044b9db9bc9c079ee3c7b5f3373b13d10bc.sdkstatcache -output-file-map /Users/admin/builder/spi-builder-workspace/.derivedData/Build/Intermediates.noindex/LoggingKit.build/Debug-watchos/LoggingKit-t.build/Objects-normal/arm64/LoggingKit-OutputFileMap.json -save-temps -no-color-diagnostics -explicit-module-build -module-cache-path /Users/admin/builder/spi-builder-workspace/.derivedData/Build/Intermediates.noindex/SwiftExplicitPrecompiledModules -clang-scanner-module-cache-path /Users/admin/builder/spi-builder-workspace/.derivedData/ModuleCache.noindex -sdk-module-cache-path /Users/admin/builder/spi-builder-workspace/.derivedData/SDKExplicitPrecompiledModules -emit-dependencies -emit-module -emit-module-path /Users/admin/builder/spi-builder-workspace/.derivedData/Build/Intermediates.noindex/LoggingKit.build/Debug-watchos/LoggingKit-t.build/Objects-normal/arm64/LoggingKit.swiftmodule -serialize-diagnostics -dependency-scan-serialize-diagnostics-path /Users/admin/builder/spi-builder-workspace/.derivedData/Build/Intermediates.noindex/LoggingKit.build/Debug-watchos/LoggingKit-t.build/Objects-normal/arm64/LoggingKit-dependency-scan.dia -validate-clang-modules-once -clang-build-session-file /Users/admin/builder/spi-builder-workspace/.derivedData/ModuleCache.noindex/Session.modulevalidation -Xcc -fmodules-prune-interval\=86400 -Xcc -fmodules-prune-after\=345600 -package-name loggingkit -emit-const-values -const-gather-protocols-list /Users/admin/builder/spi-builder-workspace/.derivedData/Build/Intermediates.noindex/LoggingKit.build/Debug-watchos/LoggingKit-t.build/Objects-normal/arm64/LoggingKit_const_extract_protocols.json -Xcc -I/Users/admin/builder/spi-builder-workspace/.derivedData/Build/Products/Debug-watchos/include -Xcc -I/Users/admin/builder/spi-builder-workspace/.derivedData/Build/Intermediates.noindex/LoggingKit.build/Debug-watchos/LoggingKit-t.build/DerivedSources-normal/arm64 -Xcc -I/Users/admin/builder/spi-builder-workspace/.derivedData/Build/Intermediates.noindex/LoggingKit.build/Debug-watchos/LoggingKit-t.build/DerivedSources/arm64 -Xcc -I/Users/admin/builder/spi-builder-workspace/.derivedData/Build/Intermediates.noindex/LoggingKit.build/Debug-watchos/LoggingKit-t.build/DerivedSources -Xcc -DSWIFT_PACKAGE -Xcc -DDEBUG\=1 -emit-objc-header -emit-objc-header-path /Users/admin/builder/spi-builder-workspace/.derivedData/Build/Intermediates.noindex/LoggingKit.build/Debug-watchos/LoggingKit-t.build/Objects-normal/arm64/LoggingKit-Swift.h -working-directory /Users/admin/builder/spi-builder-workspace/.swiftpm/xcode -experimental-emit-module-separately -disable-cmo
Copy /Users/admin/builder/spi-builder-workspace/.derivedData/Build/Products/Debug-watchos/LoggingKit.swiftmodule/arm64-apple-watchos.swiftmodule /Users/admin/builder/spi-builder-workspace/.derivedData/Build/Intermediates.noindex/LoggingKit.build/Debug-watchos/LoggingKit-t.build/Objects-normal/arm64/LoggingKit.swiftmodule (in target 'LoggingKit' from project 'LoggingKit')
cd /Users/admin/builder/spi-builder-workspace/.dependencies/checkouts/LoggingKit
builtin-copy -exclude .DS_Store -exclude CVS -exclude .svn -exclude .git -exclude .hg -resolve-src-symlinks -rename /Users/admin/builder/spi-builder-workspace/.derivedData/Build/Intermediates.noindex/LoggingKit.build/Debug-watchos/LoggingKit-t.build/Objects-normal/arm64/LoggingKit.swiftmodule /Users/admin/builder/spi-builder-workspace/.derivedData/Build/Products/Debug-watchos/LoggingKit.swiftmodule/arm64-apple-watchos.swiftmodule
Copy /Users/admin/builder/spi-builder-workspace/.derivedData/Build/Products/Debug-watchos/LoggingKit.swiftmodule/arm64-apple-watchos.swiftdoc /Users/admin/builder/spi-builder-workspace/.derivedData/Build/Intermediates.noindex/LoggingKit.build/Debug-watchos/LoggingKit-t.build/Objects-normal/arm64/LoggingKit.swiftdoc (in target 'LoggingKit' from project 'LoggingKit')
cd /Users/admin/builder/spi-builder-workspace/.dependencies/checkouts/LoggingKit
builtin-copy -exclude .DS_Store -exclude CVS -exclude .svn -exclude .git -exclude .hg -resolve-src-symlinks -rename /Users/admin/builder/spi-builder-workspace/.derivedData/Build/Intermediates.noindex/LoggingKit.build/Debug-watchos/LoggingKit-t.build/Objects-normal/arm64/LoggingKit.swiftdoc /Users/admin/builder/spi-builder-workspace/.derivedData/Build/Products/Debug-watchos/LoggingKit.swiftmodule/arm64-apple-watchos.swiftdoc
Copy /Users/admin/builder/spi-builder-workspace/.derivedData/Build/Products/Debug-watchos/LoggingKit.swiftmodule/arm64-apple-watchos.abi.json /Users/admin/builder/spi-builder-workspace/.derivedData/Build/Intermediates.noindex/LoggingKit.build/Debug-watchos/LoggingKit-t.build/Objects-normal/arm64/LoggingKit.abi.json (in target 'LoggingKit' from project 'LoggingKit')
cd /Users/admin/builder/spi-builder-workspace/.dependencies/checkouts/LoggingKit
builtin-copy -exclude .DS_Store -exclude CVS -exclude .svn -exclude .git -exclude .hg -resolve-src-symlinks -rename /Users/admin/builder/spi-builder-workspace/.derivedData/Build/Intermediates.noindex/LoggingKit.build/Debug-watchos/LoggingKit-t.build/Objects-normal/arm64/LoggingKit.abi.json /Users/admin/builder/spi-builder-workspace/.derivedData/Build/Products/Debug-watchos/LoggingKit.swiftmodule/arm64-apple-watchos.abi.json
Copy /Users/admin/builder/spi-builder-workspace/.derivedData/Build/Products/Debug-watchos/LoggingKit.swiftmodule/Project/arm64-apple-watchos.swiftsourceinfo /Users/admin/builder/spi-builder-workspace/.derivedData/Build/Intermediates.noindex/LoggingKit.build/Debug-watchos/LoggingKit-t.build/Objects-normal/arm64/LoggingKit.swiftsourceinfo (in target 'LoggingKit' from project 'LoggingKit')
cd /Users/admin/builder/spi-builder-workspace/.dependencies/checkouts/LoggingKit
builtin-copy -exclude .DS_Store -exclude CVS -exclude .svn -exclude .git -exclude .hg -resolve-src-symlinks -rename /Users/admin/builder/spi-builder-workspace/.derivedData/Build/Intermediates.noindex/LoggingKit.build/Debug-watchos/LoggingKit-t.build/Objects-normal/arm64/LoggingKit.swiftsourceinfo /Users/admin/builder/spi-builder-workspace/.derivedData/Build/Products/Debug-watchos/LoggingKit.swiftmodule/Project/arm64-apple-watchos.swiftsourceinfo
SwiftDriverJobDiscovery normal arm64_32 Emitting module for LoggingKit (in target 'LoggingKit' from project 'LoggingKit')
SwiftDriver\ Compilation\ Requirements LoggingKit normal arm64_32 com.apple.xcode.tools.swift.compiler (in target 'LoggingKit' from project 'LoggingKit')
cd /Users/admin/builder/spi-builder-workspace/.swiftpm/xcode
builtin-Swift-Compilation-Requirements -- /Applications/Xcode-27.0.0.app/Contents/Developer/Toolchains/XcodeDefault.xctoolchain/usr/bin/swiftc -parse-as-library -module-name LoggingKit -Onone @/Users/admin/builder/spi-builder-workspace/.derivedData/Build/Intermediates.noindex/LoggingKit.build/Debug-watchos/LoggingKit-t.build/Objects-normal/arm64_32/LoggingKit.SwiftFileList -DSWIFT_PACKAGE -DDEBUG -DSWIFT_MODULE_RESOURCE_BUNDLE_UNAVAILABLE -DXcode -plugin-path /Applications/Xcode-27.0.0.app/Contents/Developer/Toolchains/XcodeDefault.xctoolchain/usr/lib/swift/host/plugins/testing -enable-experimental-feature DebugDescriptionMacro -sdk /Applications/Xcode-27.0.0.app/Contents/Developer/Platforms/WatchOS.platform/Developer/SDKs/WatchOS27.0.sdk -target arm64_32-apple-watchos9.0 -g -module-cache-path /Users/admin/builder/spi-builder-workspace/.derivedData/ModuleCache.noindex -Xfrontend -serialize-debugging-options -profile-coverage-mapping -profile-generate -enable-testing -suppress-warnings -index-store-path /Users/admin/builder/spi-builder-workspace/.derivedData/Index.noindex/DataStore -Xcc -D_LIBCPP_HARDENING_MODE\=_LIBCPP_HARDENING_MODE_DEBUG -swift-version 6 -I /Users/admin/builder/spi-builder-workspace/.derivedData/Build/Products/Debug-watchos -Isystem /Applications/Xcode-27.0.0.app/Contents/Developer/Platforms/WatchOS.platform/Developer/usr/lib -F /Users/admin/builder/spi-builder-workspace/.derivedData/Build/Products/Debug-watchos -F /Applications/Xcode-27.0.0.app/Contents/Developer/Platforms/WatchOS.platform/Developer/Library/Frameworks -F /Applications/Xcode-27.0.0.app/Contents/Developer/Platforms/WatchOS.platform/Developer/SDKs/WatchOS27.0.sdk/Developer/Library/Frameworks -c -j10 -enable-batch-mode -incremental -Xcc -ivfsstatcache -Xcc /Users/admin/builder/spi-builder-workspace/.derivedData/SDKStatCaches.noindex/watchos27.0-24R360-e829b21a6f8c9b70876ba0858053c044b9db9bc9c079ee3c7b5f3373b13d10bc.sdkstatcache -output-file-map /Users/admin/builder/spi-builder-workspace/.derivedData/Build/Intermediates.noindex/LoggingKit.build/Debug-watchos/LoggingKit-t.build/Objects-normal/arm64_32/LoggingKit-OutputFileMap.json -save-temps -no-color-diagnostics -explicit-module-build -module-cache-path /Users/admin/builder/spi-builder-workspace/.derivedData/Build/Intermediates.noindex/SwiftExplicitPrecompiledModules -clang-scanner-module-cache-path /Users/admin/builder/spi-builder-workspace/.derivedData/ModuleCache.noindex -sdk-module-cache-path /Users/admin/builder/spi-builder-workspace/.derivedData/SDKExplicitPrecompiledModules -emit-dependencies -emit-module -emit-module-path /Users/admin/builder/spi-builder-workspace/.derivedData/Build/Intermediates.noindex/LoggingKit.build/Debug-watchos/LoggingKit-t.build/Objects-normal/arm64_32/LoggingKit.swiftmodule -serialize-diagnostics -dependency-scan-serialize-diagnostics-path /Users/admin/builder/spi-builder-workspace/.derivedData/Build/Intermediates.noindex/LoggingKit.build/Debug-watchos/LoggingKit-t.build/Objects-normal/arm64_32/LoggingKit-dependency-scan.dia -validate-clang-modules-once -clang-build-session-file /Users/admin/builder/spi-builder-workspace/.derivedData/ModuleCache.noindex/Session.modulevalidation -Xcc -fmodules-prune-interval\=86400 -Xcc -fmodules-prune-after\=345600 -package-name loggingkit -emit-const-values -const-gather-protocols-list /Users/admin/builder/spi-builder-workspace/.derivedData/Build/Intermediates.noindex/LoggingKit.build/Debug-watchos/LoggingKit-t.build/Objects-normal/arm64_32/LoggingKit_const_extract_protocols.json -Xcc -I/Users/admin/builder/spi-builder-workspace/.derivedData/Build/Products/Debug-watchos/include -Xcc -I/Users/admin/builder/spi-builder-workspace/.derivedData/Build/Intermediates.noindex/LoggingKit.build/Debug-watchos/LoggingKit-t.build/DerivedSources-normal/arm64_32 -Xcc -I/Users/admin/builder/spi-builder-workspace/.derivedData/Build/Intermediates.noindex/LoggingKit.build/Debug-watchos/LoggingKit-t.build/DerivedSources/arm64_32 -Xcc -I/Users/admin/builder/spi-builder-workspace/.derivedData/Build/Intermediates.noindex/LoggingKit.build/Debug-watchos/LoggingKit-t.build/DerivedSources -Xcc -DSWIFT_PACKAGE -Xcc -DDEBUG\=1 -emit-objc-header -emit-objc-header-path /Users/admin/builder/spi-builder-workspace/.derivedData/Build/Intermediates.noindex/LoggingKit.build/Debug-watchos/LoggingKit-t.build/Objects-normal/arm64_32/LoggingKit-Swift.h -working-directory /Users/admin/builder/spi-builder-workspace/.swiftpm/xcode -experimental-emit-module-separately -disable-cmo
SwiftMergeGeneratedHeaders /Users/admin/builder/spi-builder-workspace/.derivedData/Build/Intermediates.noindex/GeneratedModuleMaps-watchos/LoggingKit-Swift.h /Users/admin/builder/spi-builder-workspace/.derivedData/Build/Intermediates.noindex/LoggingKit.build/Debug-watchos/LoggingKit-t.build/Objects-normal/arm64/LoggingKit-Swift.h /Users/admin/builder/spi-builder-workspace/.derivedData/Build/Intermediates.noindex/LoggingKit.build/Debug-watchos/LoggingKit-t.build/Objects-normal/arm64_32/LoggingKit-Swift.h (in target 'LoggingKit' from project 'LoggingKit')
cd /Users/admin/builder/spi-builder-workspace/.dependencies/checkouts/LoggingKit
builtin-swiftHeaderTool -arch arm64 /Users/admin/builder/spi-builder-workspace/.derivedData/Build/Intermediates.noindex/LoggingKit.build/Debug-watchos/LoggingKit-t.build/Objects-normal/arm64/LoggingKit-Swift.h -arch arm64_32 /Users/admin/builder/spi-builder-workspace/.derivedData/Build/Intermediates.noindex/LoggingKit.build/Debug-watchos/LoggingKit-t.build/Objects-normal/arm64_32/LoggingKit-Swift.h -o /Users/admin/builder/spi-builder-workspace/.derivedData/Build/Intermediates.noindex/GeneratedModuleMaps-watchos/LoggingKit-Swift.h
Copy /Users/admin/builder/spi-builder-workspace/.derivedData/Build/Products/Debug-watchos/LoggingKit.swiftmodule/arm64_32-apple-watchos.swiftdoc /Users/admin/builder/spi-builder-workspace/.derivedData/Build/Intermediates.noindex/LoggingKit.build/Debug-watchos/LoggingKit-t.build/Objects-normal/arm64_32/LoggingKit.swiftdoc (in target 'LoggingKit' from project 'LoggingKit')
cd /Users/admin/builder/spi-builder-workspace/.dependencies/checkouts/LoggingKit
builtin-copy -exclude .DS_Store -exclude CVS -exclude .svn -exclude .git -exclude .hg -resolve-src-symlinks -rename /Users/admin/builder/spi-builder-workspace/.derivedData/Build/Intermediates.noindex/LoggingKit.build/Debug-watchos/LoggingKit-t.build/Objects-normal/arm64_32/LoggingKit.swiftdoc /Users/admin/builder/spi-builder-workspace/.derivedData/Build/Products/Debug-watchos/LoggingKit.swiftmodule/arm64_32-apple-watchos.swiftdoc
Copy /Users/admin/builder/spi-builder-workspace/.derivedData/Build/Products/Debug-watchos/LoggingKit.swiftmodule/arm64_32-apple-watchos.abi.json /Users/admin/builder/spi-builder-workspace/.derivedData/Build/Intermediates.noindex/LoggingKit.build/Debug-watchos/LoggingKit-t.build/Objects-normal/arm64_32/LoggingKit.abi.json (in target 'LoggingKit' from project 'LoggingKit')
cd /Users/admin/builder/spi-builder-workspace/.dependencies/checkouts/LoggingKit
builtin-copy -exclude .DS_Store -exclude CVS -exclude .svn -exclude .git -exclude .hg -resolve-src-symlinks -rename /Users/admin/builder/spi-builder-workspace/.derivedData/Build/Intermediates.noindex/LoggingKit.build/Debug-watchos/LoggingKit-t.build/Objects-normal/arm64_32/LoggingKit.abi.json /Users/admin/builder/spi-builder-workspace/.derivedData/Build/Products/Debug-watchos/LoggingKit.swiftmodule/arm64_32-apple-watchos.abi.json
Copy /Users/admin/builder/spi-builder-workspace/.derivedData/Build/Products/Debug-watchos/LoggingKit.swiftmodule/Project/arm64_32-apple-watchos.swiftsourceinfo /Users/admin/builder/spi-builder-workspace/.derivedData/Build/Intermediates.noindex/LoggingKit.build/Debug-watchos/LoggingKit-t.build/Objects-normal/arm64_32/LoggingKit.swiftsourceinfo (in target 'LoggingKit' from project 'LoggingKit')
cd /Users/admin/builder/spi-builder-workspace/.dependencies/checkouts/LoggingKit
builtin-copy -exclude .DS_Store -exclude CVS -exclude .svn -exclude .git -exclude .hg -resolve-src-symlinks -rename /Users/admin/builder/spi-builder-workspace/.derivedData/Build/Intermediates.noindex/LoggingKit.build/Debug-watchos/LoggingKit-t.build/Objects-normal/arm64_32/LoggingKit.swiftsourceinfo /Users/admin/builder/spi-builder-workspace/.derivedData/Build/Products/Debug-watchos/LoggingKit.swiftmodule/Project/arm64_32-apple-watchos.swiftsourceinfo
Copy /Users/admin/builder/spi-builder-workspace/.derivedData/Build/Products/Debug-watchos/LoggingKit.swiftmodule/arm64_32-apple-watchos.swiftmodule /Users/admin/builder/spi-builder-workspace/.derivedData/Build/Intermediates.noindex/LoggingKit.build/Debug-watchos/LoggingKit-t.build/Objects-normal/arm64_32/LoggingKit.swiftmodule (in target 'LoggingKit' from project 'LoggingKit')
cd /Users/admin/builder/spi-builder-workspace/.dependencies/checkouts/LoggingKit
builtin-copy -exclude .DS_Store -exclude CVS -exclude .svn -exclude .git -exclude .hg -resolve-src-symlinks -rename /Users/admin/builder/spi-builder-workspace/.derivedData/Build/Intermediates.noindex/LoggingKit.build/Debug-watchos/LoggingKit-t.build/Objects-normal/arm64_32/LoggingKit.swiftmodule /Users/admin/builder/spi-builder-workspace/.derivedData/Build/Products/Debug-watchos/LoggingKit.swiftmodule/arm64_32-apple-watchos.swiftmodule
SwiftDriver Konkyo normal arm64_32 com.apple.xcode.tools.swift.compiler (in target 'Konkyo' from project 'Konkyo')
cd /Users/admin/builder/spi-builder-workspace/.swiftpm/xcode
builtin-SwiftDriver -- /Applications/Xcode-27.0.0.app/Contents/Developer/Toolchains/XcodeDefault.xctoolchain/usr/bin/swiftc -parse-as-library -module-name Konkyo -Onone @/Users/admin/builder/spi-builder-workspace/.derivedData/Build/Intermediates.noindex/Konkyo.build/Debug-watchos/Konkyo-t.build/Objects-normal/arm64_32/Konkyo.SwiftFileList -DSWIFT_PACKAGE -DDEBUG -DSWIFT_MODULE_RESOURCE_BUNDLE_UNAVAILABLE -DXcode -plugin-path /Applications/Xcode-27.0.0.app/Contents/Developer/Toolchains/XcodeDefault.xctoolchain/usr/lib/swift/host/plugins/testing -enable-experimental-feature DebugDescriptionMacro -sdk /Applications/Xcode-27.0.0.app/Contents/Developer/Platforms/WatchOS.platform/Developer/SDKs/WatchOS27.0.sdk -target arm64_32-apple-watchos11.0 -g -module-cache-path /Users/admin/builder/spi-builder-workspace/.derivedData/ModuleCache.noindex -Xfrontend -serialize-debugging-options -profile-coverage-mapping -profile-generate -enable-testing -index-store-path /Users/admin/builder/spi-builder-workspace/.derivedData/Index.noindex/DataStore -Xcc -D_LIBCPP_HARDENING_MODE\=_LIBCPP_HARDENING_MODE_DEBUG -swift-version 6 -I /Users/admin/builder/spi-builder-workspace/.derivedData/Build/Products/Debug-watchos -Isystem /Applications/Xcode-27.0.0.app/Contents/Developer/Platforms/WatchOS.platform/Developer/usr/lib -F /Users/admin/builder/spi-builder-workspace/.derivedData/Build/Products/Debug-watchos/PackageFrameworks -F /Users/admin/builder/spi-builder-workspace/.derivedData/Build/Products/Debug-watchos -F /Applications/Xcode-27.0.0.app/Contents/Developer/Platforms/WatchOS.platform/Developer/Library/Frameworks -F /Applications/Xcode-27.0.0.app/Contents/Developer/Platforms/WatchOS.platform/Developer/SDKs/WatchOS27.0.sdk/Developer/Library/Frameworks -c -j10 -enable-batch-mode -incremental -Xcc -ivfsstatcache -Xcc /Users/admin/builder/spi-builder-workspace/.derivedData/SDKStatCaches.noindex/watchos27.0-24R360-e829b21a6f8c9b70876ba0858053c044b9db9bc9c079ee3c7b5f3373b13d10bc.sdkstatcache -output-file-map /Users/admin/builder/spi-builder-workspace/.derivedData/Build/Intermediates.noindex/Konkyo.build/Debug-watchos/Konkyo-t.build/Objects-normal/arm64_32/Konkyo-OutputFileMap.json -save-temps -no-color-diagnostics -explicit-module-build -module-cache-path /Users/admin/builder/spi-builder-workspace/.derivedData/Build/Intermediates.noindex/SwiftExplicitPrecompiledModules -clang-scanner-module-cache-path /Users/admin/builder/spi-builder-workspace/.derivedData/ModuleCache.noindex -sdk-module-cache-path /Users/admin/builder/spi-builder-workspace/.derivedData/SDKExplicitPrecompiledModules -emit-dependencies -emit-module -emit-module-path /Users/admin/builder/spi-builder-workspace/.derivedData/Build/Intermediates.noindex/Konkyo.build/Debug-watchos/Konkyo-t.build/Objects-normal/arm64_32/Konkyo.swiftmodule -serialize-diagnostics -dependency-scan-serialize-diagnostics-path /Users/admin/builder/spi-builder-workspace/.derivedData/Build/Intermediates.noindex/Konkyo.build/Debug-watchos/Konkyo-t.build/Objects-normal/arm64_32/Konkyo-dependency-scan.dia -validate-clang-modules-once -clang-build-session-file /Users/admin/builder/spi-builder-workspace/.derivedData/ModuleCache.noindex/Session.modulevalidation -Xcc -fmodules-prune-interval\=86400 -Xcc -fmodules-prune-after\=345600 -package-name spi_builder_workspace -emit-const-values -const-gather-protocols-list /Users/admin/builder/spi-builder-workspace/.derivedData/Build/Intermediates.noindex/Konkyo.build/Debug-watchos/Konkyo-t.build/Objects-normal/arm64_32/Konkyo_const_extract_protocols.json -Xcc -I/Users/admin/builder/spi-builder-workspace/.derivedData/Build/Products/Debug-watchos/include -Xcc -I/Users/admin/builder/spi-builder-workspace/.derivedData/Build/Intermediates.noindex/Konkyo.build/Debug-watchos/Konkyo-t.build/DerivedSources-normal/arm64_32 -Xcc -I/Users/admin/builder/spi-builder-workspace/.derivedData/Build/Intermediates.noindex/Konkyo.build/Debug-watchos/Konkyo-t.build/DerivedSources/arm64_32 -Xcc -I/Users/admin/builder/spi-builder-workspace/.derivedData/Build/Intermediates.noindex/Konkyo.build/Debug-watchos/Konkyo-t.build/DerivedSources -Xcc -DSWIFT_PACKAGE -Xcc -DDEBUG\=1 -emit-objc-header -emit-objc-header-path /Users/admin/builder/spi-builder-workspace/.derivedData/Build/Intermediates.noindex/Konkyo.build/Debug-watchos/Konkyo-t.build/Objects-normal/arm64_32/Konkyo-Swift.h -working-directory /Users/admin/builder/spi-builder-workspace/.swiftpm/xcode -experimental-emit-module-separately -disable-cmo
SwiftDriver Konkyo normal arm64 com.apple.xcode.tools.swift.compiler (in target 'Konkyo' from project 'Konkyo')
cd /Users/admin/builder/spi-builder-workspace/.swiftpm/xcode
builtin-SwiftDriver -- /Applications/Xcode-27.0.0.app/Contents/Developer/Toolchains/XcodeDefault.xctoolchain/usr/bin/swiftc -parse-as-library -module-name Konkyo -Onone @/Users/admin/builder/spi-builder-workspace/.derivedData/Build/Intermediates.noindex/Konkyo.build/Debug-watchos/Konkyo-t.build/Objects-normal/arm64/Konkyo.SwiftFileList -DSWIFT_PACKAGE -DDEBUG -DSWIFT_MODULE_RESOURCE_BUNDLE_UNAVAILABLE -DXcode -plugin-path /Applications/Xcode-27.0.0.app/Contents/Developer/Toolchains/XcodeDefault.xctoolchain/usr/lib/swift/host/plugins/testing -enable-experimental-feature DebugDescriptionMacro -sdk /Applications/Xcode-27.0.0.app/Contents/Developer/Platforms/WatchOS.platform/Developer/SDKs/WatchOS27.0.sdk -target arm64-apple-watchos11.0 -g -module-cache-path /Users/admin/builder/spi-builder-workspace/.derivedData/ModuleCache.noindex -Xfrontend -serialize-debugging-options -profile-coverage-mapping -profile-generate -enable-testing -index-store-path /Users/admin/builder/spi-builder-workspace/.derivedData/Index.noindex/DataStore -Xcc -D_LIBCPP_HARDENING_MODE\=_LIBCPP_HARDENING_MODE_DEBUG -swift-version 6 -I /Users/admin/builder/spi-builder-workspace/.derivedData/Build/Products/Debug-watchos -Isystem /Applications/Xcode-27.0.0.app/Contents/Developer/Platforms/WatchOS.platform/Developer/usr/lib -F /Users/admin/builder/spi-builder-workspace/.derivedData/Build/Products/Debug-watchos/PackageFrameworks -F /Users/admin/builder/spi-builder-workspace/.derivedData/Build/Products/Debug-watchos -F /Applications/Xcode-27.0.0.app/Contents/Developer/Platforms/WatchOS.platform/Developer/Library/Frameworks -F /Applications/Xcode-27.0.0.app/Contents/Developer/Platforms/WatchOS.platform/Developer/SDKs/WatchOS27.0.sdk/Developer/Library/Frameworks -c -j10 -enable-batch-mode -incremental -Xcc -ivfsstatcache -Xcc /Users/admin/builder/spi-builder-workspace/.derivedData/SDKStatCaches.noindex/watchos27.0-24R360-e829b21a6f8c9b70876ba0858053c044b9db9bc9c079ee3c7b5f3373b13d10bc.sdkstatcache -output-file-map /Users/admin/builder/spi-builder-workspace/.derivedData/Build/Intermediates.noindex/Konkyo.build/Debug-watchos/Konkyo-t.build/Objects-normal/arm64/Konkyo-OutputFileMap.json -save-temps -no-color-diagnostics -explicit-module-build -module-cache-path /Users/admin/builder/spi-builder-workspace/.derivedData/Build/Intermediates.noindex/SwiftExplicitPrecompiledModules -clang-scanner-module-cache-path /Users/admin/builder/spi-builder-workspace/.derivedData/ModuleCache.noindex -sdk-module-cache-path /Users/admin/builder/spi-builder-workspace/.derivedData/SDKExplicitPrecompiledModules -emit-dependencies -emit-module -emit-module-path /Users/admin/builder/spi-builder-workspace/.derivedData/Build/Intermediates.noindex/Konkyo.build/Debug-watchos/Konkyo-t.build/Objects-normal/arm64/Konkyo.swiftmodule -serialize-diagnostics -dependency-scan-serialize-diagnostics-path /Users/admin/builder/spi-builder-workspace/.derivedData/Build/Intermediates.noindex/Konkyo.build/Debug-watchos/Konkyo-t.build/Objects-normal/arm64/Konkyo-dependency-scan.dia -validate-clang-modules-once -clang-build-session-file /Users/admin/builder/spi-builder-workspace/.derivedData/ModuleCache.noindex/Session.modulevalidation -Xcc -fmodules-prune-interval\=86400 -Xcc -fmodules-prune-after\=345600 -package-name spi_builder_workspace -emit-const-values -const-gather-protocols-list /Users/admin/builder/spi-builder-workspace/.derivedData/Build/Intermediates.noindex/Konkyo.build/Debug-watchos/Konkyo-t.build/Objects-normal/arm64/Konkyo_const_extract_protocols.json -Xcc -I/Users/admin/builder/spi-builder-workspace/.derivedData/Build/Products/Debug-watchos/include -Xcc -I/Users/admin/builder/spi-builder-workspace/.derivedData/Build/Intermediates.noindex/Konkyo.build/Debug-watchos/Konkyo-t.build/DerivedSources-normal/arm64 -Xcc -I/Users/admin/builder/spi-builder-workspace/.derivedData/Build/Intermediates.noindex/Konkyo.build/Debug-watchos/Konkyo-t.build/DerivedSources/arm64 -Xcc -I/Users/admin/builder/spi-builder-workspace/.derivedData/Build/Intermediates.noindex/Konkyo.build/Debug-watchos/Konkyo-t.build/DerivedSources -Xcc -DSWIFT_PACKAGE -Xcc -DDEBUG\=1 -emit-objc-header -emit-objc-header-path /Users/admin/builder/spi-builder-workspace/.derivedData/Build/Intermediates.noindex/Konkyo.build/Debug-watchos/Konkyo-t.build/Objects-normal/arm64/Konkyo-Swift.h -working-directory /Users/admin/builder/spi-builder-workspace/.swiftpm/xcode -experimental-emit-module-separately -disable-cmo
SwiftExplicitDependencyGeneratePcm arm64_32 /Users/admin/builder/spi-builder-workspace/.derivedData/SDKExplicitPrecompiledModules/UserNotifications-1PEWVA01YZLKTDUKQR5CHG2WA.pcm
SwiftExplicitDependencyGeneratePcm arm64_32 /Users/admin/builder/spi-builder-workspace/.derivedData/SDKExplicitPrecompiledModules/CoreVideo-982R0MIIT4QZ7CNNYJRWDCVJZ.pcm
SwiftExplicitDependencyGeneratePcm arm64_32 /Users/admin/builder/spi-builder-workspace/.derivedData/SDKExplicitPrecompiledModules/CoreData-6Y9HVIU7TWJCVTQD1ZWWIXODI.pcm
SwiftExplicitDependencyGeneratePcm arm64_32 /Users/admin/builder/spi-builder-workspace/.derivedData/SDKExplicitPrecompiledModules/CoreTransferable-1U3A73F7D5AKXVOWIDJ9BE6E5.pcm
SwiftExplicitDependencyGeneratePcm arm64_32 /Users/admin/builder/spi-builder-workspace/.derivedData/SDKExplicitPrecompiledModules/DataDetection-2T8L1HB9S7KDCI3ZEAASNGW3.pcm
SwiftExplicitDependencyGeneratePcm arm64_32 /Users/admin/builder/spi-builder-workspace/.derivedData/SDKExplicitPrecompiledModules/OSLog-9Y6C28FUSEHZ0VUUKF2HBOUOC.pcm
SwiftExplicitDependencyGeneratePcm arm64 /Users/admin/builder/spi-builder-workspace/.derivedData/SDKExplicitPrecompiledModules/UserNotifications-2AO17R2GNRDA2OMZ5W8PY02MP.pcm
SwiftExplicitDependencyGeneratePcm arm64 /Users/admin/builder/spi-builder-workspace/.derivedData/SDKExplicitPrecompiledModules/UniformTypeIdentifiers-3ROI8ZFKQNP9FEJCLTAB3G3S6.pcm
SwiftExplicitDependencyGeneratePcm arm64 /Users/admin/builder/spi-builder-workspace/.derivedData/SDKExplicitPrecompiledModules/Symbols-9X6U62JAYVGTYK6610D3S514E.pcm
SwiftExplicitDependencyGeneratePcm arm64 /Users/admin/builder/spi-builder-workspace/.derivedData/SDKExplicitPrecompiledModules/Accessibility-3TNHG64JB39D1D5QZ377QJNC6.pcm
SwiftExplicitDependencyGeneratePcm arm64_32 /Users/admin/builder/spi-builder-workspace/.derivedData/SDKExplicitPrecompiledModules/_Builtin_intrinsics-959O5MVSMXRGS5ARHGPSM2J7C.pcm
SwiftExplicitDependencyGeneratePcm arm64 /Users/admin/builder/spi-builder-workspace/.derivedData/SDKExplicitPrecompiledModules/_LocationEssentials-AC3H2STDUT9P96FJO6DV48PNP.pcm
SwiftExplicitDependencyGeneratePcm arm64_32 /Users/admin/builder/spi-builder-workspace/.derivedData/SDKExplicitPrecompiledModules/CoreAudioTypes-EH46BW0N9TQAFAM658KAXI2HK.pcm
SwiftExplicitDependencyGeneratePcm arm64_32 /Users/admin/builder/spi-builder-workspace/.derivedData/SDKExplicitPrecompiledModules/Symbols-2ENRG72YSQC7AWU0CD2G85VCR.pcm
SwiftExplicitDependencyGeneratePcm arm64 /Users/admin/builder/spi-builder-workspace/.derivedData/SDKExplicitPrecompiledModules/CoreText-C2OMK34E5UWXOOMMXM462Q23U.pcm
SwiftExplicitDependencyGeneratePcm arm64_32 /Users/admin/builder/spi-builder-workspace/.derivedData/SDKExplicitPrecompiledModules/_Builtin_tgmath-9EIX6C0B946AJ5BO3J3W0E8YL.pcm
SwiftExplicitDependencyGeneratePcm arm64_32 /Users/admin/builder/spi-builder-workspace/.derivedData/SDKExplicitPrecompiledModules/Accessibility-DIBKN45VPPKZ23QP6RIRRS0J.pcm
SwiftExplicitDependencyGeneratePcm arm64 /Users/admin/builder/spi-builder-workspace/.derivedData/SDKExplicitPrecompiledModules/CoreLocation-CT7IO6D7J2ZQGMTWKD2YA5BLV.pcm
SwiftExplicitDependencyGeneratePcm arm64 /Users/admin/builder/spi-builder-workspace/.derivedData/SDKExplicitPrecompiledModules/_Builtin_intrinsics-AQBT3I3HZ6WQLHM0XJXAYR4R2.pcm
SwiftExplicitDependencyGeneratePcm arm64 /Users/admin/builder/spi-builder-workspace/.derivedData/SDKExplicitPrecompiledModules/OSLog-BTXJQEK6BKB6NQOIYRYP0MQYB.pcm
SwiftExplicitDependencyGeneratePcm arm64_32 /Users/admin/builder/spi-builder-workspace/.derivedData/SDKExplicitPrecompiledModules/CoreAudio-1D85LQBU32G9DAVFVJDRIIKVU.pcm
SwiftExplicitDependencyGeneratePcm arm64_32 /Users/admin/builder/spi-builder-workspace/.derivedData/SDKExplicitPrecompiledModules/UIUtilities-CGRQYRG51XDGM33ZVEWF0FZ35.pcm
SwiftExplicitDependencyGeneratePcm arm64 /Users/admin/builder/spi-builder-workspace/.derivedData/SDKExplicitPrecompiledModules/DataDetection-BU5I7ELEWG639KG0N6MNLXFNO.pcm
SwiftExplicitDependencyGeneratePcm arm64_32 /Users/admin/builder/spi-builder-workspace/.derivedData/SDKExplicitPrecompiledModules/_LocationEssentials-BCQ50OBW7GBDX1MPTAFKD09AZ.pcm
SwiftExplicitDependencyGeneratePcm arm64 /Users/admin/builder/spi-builder-workspace/.derivedData/SDKExplicitPrecompiledModules/_Builtin_tgmath-1OJ1CVZRD1MGSKTENEG2SEKB2.pcm
SwiftExplicitDependencyGeneratePcm arm64 /Users/admin/builder/spi-builder-workspace/.derivedData/SDKExplicitPrecompiledModules/CoreMotion-2LM13SKZR55U3ZSU2B92ETH7E.pcm
SwiftExplicitDependencyGeneratePcm arm64_32 /Users/admin/builder/spi-builder-workspace/.derivedData/SDKExplicitPrecompiledModules/CoreMedia-DIRRX6DLEO5M2R4N3ZWIHNQD4.pcm
SwiftDriverJobDiscovery normal arm64 Compiling Log.swift (in target 'LoggingKit' from project 'LoggingKit')
SwiftExplicitDependencyGeneratePcm arm64 /Users/admin/builder/spi-builder-workspace/.derivedData/SDKExplicitPrecompiledModules/CoreVideo-44ANF38Y9COF9WNQ4Z4TVH3HT.pcm
SwiftExplicitDependencyGeneratePcm arm64_32 /Users/admin/builder/spi-builder-workspace/.derivedData/SDKExplicitPrecompiledModules/DeveloperToolsSupport-2SDLA0C7KKCYWP8CD7XVQTHPR.pcm
SwiftDriverJobDiscovery normal arm64_32 Compiling Log.swift (in target 'LoggingKit' from project 'LoggingKit')
SwiftExplicitDependencyGeneratePcm arm64 /Users/admin/builder/spi-builder-workspace/.derivedData/SDKExplicitPrecompiledModules/CoreAudioTypes-6S9P9W0OZSKT9SWE5WTT2ZKG7.pcm
SwiftDriverJobDiscovery normal arm64 Compiling LoggingExtensions.swift (in target 'LoggingKit' from project 'LoggingKit')
SwiftExplicitDependencyGeneratePcm arm64_32 /Users/admin/builder/spi-builder-workspace/.derivedData/SDKExplicitPrecompiledModules/CoreText-9SR0QSHMJLFSEX1SQHTJKGSL5.pcm
SwiftDriverJobDiscovery normal arm64_32 Compiling LoggingExtensions.swift (in target 'LoggingKit' from project 'LoggingKit')
SwiftExplicitDependencyGeneratePcm arm64_32 /Users/admin/builder/spi-builder-workspace/.derivedData/SDKExplicitPrecompiledModules/simd-AF64M5Z1H71R1EGNAU05UY87.pcm
SwiftExplicitDependencyGeneratePcm arm64 /Users/admin/builder/spi-builder-workspace/.derivedData/SDKExplicitPrecompiledModules/UIUtilities-7ZIMMCI52YM1PP54E6HPMAX8Z.pcm
SwiftExplicitDependencyGeneratePcm arm64 /Users/admin/builder/spi-builder-workspace/.derivedData/SDKExplicitPrecompiledModules/DeveloperToolsSupport-3A24UJC4NRK1KTKOC3ZZKBC85.pcm
SwiftExplicitDependencyGeneratePcm arm64_32 /Users/admin/builder/spi-builder-workspace/.derivedData/SDKExplicitPrecompiledModules/CoreLocation-9AQCUG84MXK7QRA19UHUZ7COW.pcm
SwiftExplicitDependencyGeneratePcm arm64 /Users/admin/builder/spi-builder-workspace/.derivedData/SDKExplicitPrecompiledModules/CoreTransferable-CUPPADLUY13ZK3BQZ1IYC67D4.pcm
SwiftExplicitDependencyGeneratePcm arm64_32 /Users/admin/builder/spi-builder-workspace/.derivedData/SDKExplicitPrecompiledModules/QuartzCore-B38JYPKZ9JJSZZH09PD93UYGH.pcm
SwiftExplicitDependencyGeneratePcm arm64 /Users/admin/builder/spi-builder-workspace/.derivedData/SDKExplicitPrecompiledModules/QuartzCore-3NILGGAZ5TSVKY4F7DWF68I34.pcm
SwiftExplicitDependencyGeneratePcm arm64 /Users/admin/builder/spi-builder-workspace/.derivedData/SDKExplicitPrecompiledModules/CoreAudio-AG4UGUIQ2S3L92SD9AJ5MTPM6.pcm
SwiftExplicitDependencyGeneratePcm arm64 /Users/admin/builder/spi-builder-workspace/.derivedData/SDKExplicitPrecompiledModules/CoreData-3CN8KB1YOLM0QLFHRWY1TM0I4.pcm
SwiftExplicitDependencyGeneratePcm arm64_32 /Users/admin/builder/spi-builder-workspace/.derivedData/SDKExplicitPrecompiledModules/UniformTypeIdentifiers-7HPV1K0BFGWF49HRB05L12Y0G.pcm
SwiftDriver\ Compilation LoggingKit normal arm64_32 com.apple.xcode.tools.swift.compiler (in target 'LoggingKit' from project 'LoggingKit')
cd /Users/admin/builder/spi-builder-workspace/.swiftpm/xcode
builtin-Swift-Compilation -- /Applications/Xcode-27.0.0.app/Contents/Developer/Toolchains/XcodeDefault.xctoolchain/usr/bin/swiftc -parse-as-library -module-name LoggingKit -Onone @/Users/admin/builder/spi-builder-workspace/.derivedData/Build/Intermediates.noindex/LoggingKit.build/Debug-watchos/LoggingKit-t.build/Objects-normal/arm64_32/LoggingKit.SwiftFileList -DSWIFT_PACKAGE -DDEBUG -DSWIFT_MODULE_RESOURCE_BUNDLE_UNAVAILABLE -DXcode -plugin-path /Applications/Xcode-27.0.0.app/Contents/Developer/Toolchains/XcodeDefault.xctoolchain/usr/lib/swift/host/plugins/testing -enable-experimental-feature DebugDescriptionMacro -sdk /Applications/Xcode-27.0.0.app/Contents/Developer/Platforms/WatchOS.platform/Developer/SDKs/WatchOS27.0.sdk -target arm64_32-apple-watchos9.0 -g -module-cache-path /Users/admin/builder/spi-builder-workspace/.derivedData/ModuleCache.noindex -Xfrontend -serialize-debugging-options -profile-coverage-mapping -profile-generate -enable-testing -suppress-warnings -index-store-path /Users/admin/builder/spi-builder-workspace/.derivedData/Index.noindex/DataStore -Xcc -D_LIBCPP_HARDENING_MODE\=_LIBCPP_HARDENING_MODE_DEBUG -swift-version 6 -I /Users/admin/builder/spi-builder-workspace/.derivedData/Build/Products/Debug-watchos -Isystem /Applications/Xcode-27.0.0.app/Contents/Developer/Platforms/WatchOS.platform/Developer/usr/lib -F /Users/admin/builder/spi-builder-workspace/.derivedData/Build/Products/Debug-watchos -F /Applications/Xcode-27.0.0.app/Contents/Developer/Platforms/WatchOS.platform/Developer/Library/Frameworks -F /Applications/Xcode-27.0.0.app/Contents/Developer/Platforms/WatchOS.platform/Developer/SDKs/WatchOS27.0.sdk/Developer/Library/Frameworks -c -j10 -enable-batch-mode -incremental -Xcc -ivfsstatcache -Xcc /Users/admin/builder/spi-builder-workspace/.derivedData/SDKStatCaches.noindex/watchos27.0-24R360-e829b21a6f8c9b70876ba0858053c044b9db9bc9c079ee3c7b5f3373b13d10bc.sdkstatcache -output-file-map /Users/admin/builder/spi-builder-workspace/.derivedData/Build/Intermediates.noindex/LoggingKit.build/Debug-watchos/LoggingKit-t.build/Objects-normal/arm64_32/LoggingKit-OutputFileMap.json -save-temps -no-color-diagnostics -explicit-module-build -module-cache-path /Users/admin/builder/spi-builder-workspace/.derivedData/Build/Intermediates.noindex/SwiftExplicitPrecompiledModules -clang-scanner-module-cache-path /Users/admin/builder/spi-builder-workspace/.derivedData/ModuleCache.noindex -sdk-module-cache-path /Users/admin/builder/spi-builder-workspace/.derivedData/SDKExplicitPrecompiledModules -emit-dependencies -emit-module -emit-module-path /Users/admin/builder/spi-builder-workspace/.derivedData/Build/Intermediates.noindex/LoggingKit.build/Debug-watchos/LoggingKit-t.build/Objects-normal/arm64_32/LoggingKit.swiftmodule -serialize-diagnostics -dependency-scan-serialize-diagnostics-path /Users/admin/builder/spi-builder-workspace/.derivedData/Build/Intermediates.noindex/LoggingKit.build/Debug-watchos/LoggingKit-t.build/Objects-normal/arm64_32/LoggingKit-dependency-scan.dia -validate-clang-modules-once -clang-build-session-file /Users/admin/builder/spi-builder-workspace/.derivedData/ModuleCache.noindex/Session.modulevalidation -Xcc -fmodules-prune-interval\=86400 -Xcc -fmodules-prune-after\=345600 -package-name loggingkit -emit-const-values -const-gather-protocols-list /Users/admin/builder/spi-builder-workspace/.derivedData/Build/Intermediates.noindex/LoggingKit.build/Debug-watchos/LoggingKit-t.build/Objects-normal/arm64_32/LoggingKit_const_extract_protocols.json -Xcc -I/Users/admin/builder/spi-builder-workspace/.derivedData/Build/Products/Debug-watchos/include -Xcc -I/Users/admin/builder/spi-builder-workspace/.derivedData/Build/Intermediates.noindex/LoggingKit.build/Debug-watchos/LoggingKit-t.build/DerivedSources-normal/arm64_32 -Xcc -I/Users/admin/builder/spi-builder-workspace/.derivedData/Build/Intermediates.noindex/LoggingKit.build/Debug-watchos/LoggingKit-t.build/DerivedSources/arm64_32 -Xcc -I/Users/admin/builder/spi-builder-workspace/.derivedData/Build/Intermediates.noindex/LoggingKit.build/Debug-watchos/LoggingKit-t.build/DerivedSources -Xcc -DSWIFT_PACKAGE -Xcc -DDEBUG\=1 -emit-objc-header -emit-objc-header-path /Users/admin/builder/spi-builder-workspace/.derivedData/Build/Intermediates.noindex/LoggingKit.build/Debug-watchos/LoggingKit-t.build/Objects-normal/arm64_32/LoggingKit-Swift.h -working-directory /Users/admin/builder/spi-builder-workspace/.swiftpm/xcode -experimental-emit-module-separately -disable-cmo
SwiftExplicitDependencyGeneratePcm arm64 /Users/admin/builder/spi-builder-workspace/.derivedData/SDKExplicitPrecompiledModules/simd-528GTDMDKZMZXSDX30KY5IDV3.pcm
Ld /Users/admin/builder/spi-builder-workspace/.derivedData/Build/Intermediates.noindex/LoggingKit.build/Debug-watchos/LoggingKit-t.build/Objects-normal/arm64_32/Binary/LoggingKit.o normal arm64_32 (in target 'LoggingKit' from project 'LoggingKit')
cd /Users/admin/builder/spi-builder-workspace/.dependencies/checkouts/LoggingKit
/Applications/Xcode-27.0.0.app/Contents/Developer/Toolchains/XcodeDefault.xctoolchain/usr/bin/clang -Xlinker -reproducible -target arm64_32-apple-watchos9.0 -r -isysroot /Applications/Xcode-27.0.0.app/Contents/Developer/Platforms/WatchOS.platform/Developer/SDKs/WatchOS27.0.sdk -O0 -w -Xlinker -no_warn_duplicate_libraries -F/Users/admin/builder/spi-builder-workspace/.derivedData/Build/Intermediates.noindex/EagerLinkingTBDs/Debug-watchos -F/Users/admin/builder/spi-builder-workspace/.derivedData/Build/Products/Debug-watchos -iframework /Applications/Xcode-27.0.0.app/Contents/Developer/Platforms/WatchOS.platform/Developer/Library/Frameworks -iframework /Applications/Xcode-27.0.0.app/Contents/Developer/Platforms/WatchOS.platform/Developer/SDKs/WatchOS27.0.sdk/Developer/Library/Frameworks -filelist /Users/admin/builder/spi-builder-workspace/.derivedData/Build/Intermediates.noindex/LoggingKit.build/Debug-watchos/LoggingKit-t.build/Objects-normal/arm64_32/LoggingKit.LinkFileList -nostdlib -Xlinker -object_path_lto -Xlinker /Users/admin/builder/spi-builder-workspace/.derivedData/Build/Intermediates.noindex/LoggingKit.build/Debug-watchos/LoggingKit-t.build/Objects-normal/arm64_32/LoggingKit_lto.o -Xlinker -no_deduplicate -Xlinker -debug_variant -Xlinker -dependency_info -Xlinker /Users/admin/builder/spi-builder-workspace/.derivedData/Build/Intermediates.noindex/LoggingKit.build/Debug-watchos/LoggingKit-t.build/Objects-normal/arm64_32/LoggingKit_dependency_info.dat -fobjc-link-runtime -L/Applications/Xcode-27.0.0.app/Contents/Developer/Toolchains/XcodeDefault.xctoolchain/usr/lib/swift/watchos -L/usr/lib/swift -Xlinker -add_ast_path -Xlinker /Users/admin/builder/spi-builder-workspace/.derivedData/Build/Intermediates.noindex/LoggingKit.build/Debug-watchos/LoggingKit-t.build/Objects-normal/arm64_32/LoggingKit.swiftmodule -o /Users/admin/builder/spi-builder-workspace/.derivedData/Build/Intermediates.noindex/LoggingKit.build/Debug-watchos/LoggingKit-t.build/Objects-normal/arm64_32/Binary/LoggingKit.o
SwiftDriver\ Compilation LoggingKit normal arm64 com.apple.xcode.tools.swift.compiler (in target 'LoggingKit' from project 'LoggingKit')
cd /Users/admin/builder/spi-builder-workspace/.swiftpm/xcode
builtin-Swift-Compilation -- /Applications/Xcode-27.0.0.app/Contents/Developer/Toolchains/XcodeDefault.xctoolchain/usr/bin/swiftc -parse-as-library -module-name LoggingKit -Onone @/Users/admin/builder/spi-builder-workspace/.derivedData/Build/Intermediates.noindex/LoggingKit.build/Debug-watchos/LoggingKit-t.build/Objects-normal/arm64/LoggingKit.SwiftFileList -DSWIFT_PACKAGE -DDEBUG -DSWIFT_MODULE_RESOURCE_BUNDLE_UNAVAILABLE -DXcode -plugin-path /Applications/Xcode-27.0.0.app/Contents/Developer/Toolchains/XcodeDefault.xctoolchain/usr/lib/swift/host/plugins/testing -enable-experimental-feature DebugDescriptionMacro -sdk /Applications/Xcode-27.0.0.app/Contents/Developer/Platforms/WatchOS.platform/Developer/SDKs/WatchOS27.0.sdk -target arm64-apple-watchos9.0 -g -module-cache-path /Users/admin/builder/spi-builder-workspace/.derivedData/ModuleCache.noindex -Xfrontend -serialize-debugging-options -profile-coverage-mapping -profile-generate -enable-testing -suppress-warnings -index-store-path /Users/admin/builder/spi-builder-workspace/.derivedData/Index.noindex/DataStore -Xcc -D_LIBCPP_HARDENING_MODE\=_LIBCPP_HARDENING_MODE_DEBUG -swift-version 6 -I /Users/admin/builder/spi-builder-workspace/.derivedData/Build/Products/Debug-watchos -Isystem /Applications/Xcode-27.0.0.app/Contents/Developer/Platforms/WatchOS.platform/Developer/usr/lib -F /Users/admin/builder/spi-builder-workspace/.derivedData/Build/Products/Debug-watchos -F /Applications/Xcode-27.0.0.app/Contents/Developer/Platforms/WatchOS.platform/Developer/Library/Frameworks -F /Applications/Xcode-27.0.0.app/Contents/Developer/Platforms/WatchOS.platform/Developer/SDKs/WatchOS27.0.sdk/Developer/Library/Frameworks -c -j10 -enable-batch-mode -incremental -Xcc -ivfsstatcache -Xcc /Users/admin/builder/spi-builder-workspace/.derivedData/SDKStatCaches.noindex/watchos27.0-24R360-e829b21a6f8c9b70876ba0858053c044b9db9bc9c079ee3c7b5f3373b13d10bc.sdkstatcache -output-file-map /Users/admin/builder/spi-builder-workspace/.derivedData/Build/Intermediates.noindex/LoggingKit.build/Debug-watchos/LoggingKit-t.build/Objects-normal/arm64/LoggingKit-OutputFileMap.json -save-temps -no-color-diagnostics -explicit-module-build -module-cache-path /Users/admin/builder/spi-builder-workspace/.derivedData/Build/Intermediates.noindex/SwiftExplicitPrecompiledModules -clang-scanner-module-cache-path /Users/admin/builder/spi-builder-workspace/.derivedData/ModuleCache.noindex -sdk-module-cache-path /Users/admin/builder/spi-builder-workspace/.derivedData/SDKExplicitPrecompiledModules -emit-dependencies -emit-module -emit-module-path /Users/admin/builder/spi-builder-workspace/.derivedData/Build/Intermediates.noindex/LoggingKit.build/Debug-watchos/LoggingKit-t.build/Objects-normal/arm64/LoggingKit.swiftmodule -serialize-diagnostics -dependency-scan-serialize-diagnostics-path /Users/admin/builder/spi-builder-workspace/.derivedData/Build/Intermediates.noindex/LoggingKit.build/Debug-watchos/LoggingKit-t.build/Objects-normal/arm64/LoggingKit-dependency-scan.dia -validate-clang-modules-once -clang-build-session-file /Users/admin/builder/spi-builder-workspace/.derivedData/ModuleCache.noindex/Session.modulevalidation -Xcc -fmodules-prune-interval\=86400 -Xcc -fmodules-prune-after\=345600 -package-name loggingkit -emit-const-values -const-gather-protocols-list /Users/admin/builder/spi-builder-workspace/.derivedData/Build/Intermediates.noindex/LoggingKit.build/Debug-watchos/LoggingKit-t.build/Objects-normal/arm64/LoggingKit_const_extract_protocols.json -Xcc -I/Users/admin/builder/spi-builder-workspace/.derivedData/Build/Products/Debug-watchos/include -Xcc -I/Users/admin/builder/spi-builder-workspace/.derivedData/Build/Intermediates.noindex/LoggingKit.build/Debug-watchos/LoggingKit-t.build/DerivedSources-normal/arm64 -Xcc -I/Users/admin/builder/spi-builder-workspace/.derivedData/Build/Intermediates.noindex/LoggingKit.build/Debug-watchos/LoggingKit-t.build/DerivedSources/arm64 -Xcc -I/Users/admin/builder/spi-builder-workspace/.derivedData/Build/Intermediates.noindex/LoggingKit.build/Debug-watchos/LoggingKit-t.build/DerivedSources -Xcc -DSWIFT_PACKAGE -Xcc -DDEBUG\=1 -emit-objc-header -emit-objc-header-path /Users/admin/builder/spi-builder-workspace/.derivedData/Build/Intermediates.noindex/LoggingKit.build/Debug-watchos/LoggingKit-t.build/Objects-normal/arm64/LoggingKit-Swift.h -working-directory /Users/admin/builder/spi-builder-workspace/.swiftpm/xcode -experimental-emit-module-separately -disable-cmo
Ld /Users/admin/builder/spi-builder-workspace/.derivedData/Build/Intermediates.noindex/LoggingKit.build/Debug-watchos/LoggingKit-t.build/Objects-normal/arm64/Binary/LoggingKit.o normal arm64 (in target 'LoggingKit' from project 'LoggingKit')
cd /Users/admin/builder/spi-builder-workspace/.dependencies/checkouts/LoggingKit
/Applications/Xcode-27.0.0.app/Contents/Developer/Toolchains/XcodeDefault.xctoolchain/usr/bin/clang -Xlinker -reproducible -target arm64-apple-watchos9.0 -r -isysroot /Applications/Xcode-27.0.0.app/Contents/Developer/Platforms/WatchOS.platform/Developer/SDKs/WatchOS27.0.sdk -O0 -w -Xlinker -no_warn_duplicate_libraries -F/Users/admin/builder/spi-builder-workspace/.derivedData/Build/Intermediates.noindex/EagerLinkingTBDs/Debug-watchos -F/Users/admin/builder/spi-builder-workspace/.derivedData/Build/Products/Debug-watchos -iframework /Applications/Xcode-27.0.0.app/Contents/Developer/Platforms/WatchOS.platform/Developer/Library/Frameworks -iframework /Applications/Xcode-27.0.0.app/Contents/Developer/Platforms/WatchOS.platform/Developer/SDKs/WatchOS27.0.sdk/Developer/Library/Frameworks -filelist /Users/admin/builder/spi-builder-workspace/.derivedData/Build/Intermediates.noindex/LoggingKit.build/Debug-watchos/LoggingKit-t.build/Objects-normal/arm64/LoggingKit.LinkFileList -nostdlib -Xlinker -object_path_lto -Xlinker /Users/admin/builder/spi-builder-workspace/.derivedData/Build/Intermediates.noindex/LoggingKit.build/Debug-watchos/LoggingKit-t.build/Objects-normal/arm64/LoggingKit_lto.o -Xlinker -no_deduplicate -Xlinker -debug_variant -Xlinker -dependency_info -Xlinker /Users/admin/builder/spi-builder-workspace/.derivedData/Build/Intermediates.noindex/LoggingKit.build/Debug-watchos/LoggingKit-t.build/Objects-normal/arm64/LoggingKit_dependency_info.dat -fobjc-link-runtime -L/Applications/Xcode-27.0.0.app/Contents/Developer/Toolchains/XcodeDefault.xctoolchain/usr/lib/swift/watchos -L/usr/lib/swift -Xlinker -add_ast_path -Xlinker /Users/admin/builder/spi-builder-workspace/.derivedData/Build/Intermediates.noindex/LoggingKit.build/Debug-watchos/LoggingKit-t.build/Objects-normal/arm64/LoggingKit.swiftmodule -o /Users/admin/builder/spi-builder-workspace/.derivedData/Build/Intermediates.noindex/LoggingKit.build/Debug-watchos/LoggingKit-t.build/Objects-normal/arm64/Binary/LoggingKit.o
SwiftExplicitDependencyGeneratePcm arm64_32 /Users/admin/builder/spi-builder-workspace/.derivedData/SDKExplicitPrecompiledModules/CoreMotion-3JCK5DO7QLO4DSQD87NSMN3FO.pcm
SwiftExplicitDependencyGeneratePcm arm64 /Users/admin/builder/spi-builder-workspace/.derivedData/SDKExplicitPrecompiledModules/CoreMedia-67TS8991WTJ4DNEII1DNQ0M3U.pcm
CreateUniversalBinary /Users/admin/builder/spi-builder-workspace/.derivedData/Build/Products/Debug-watchos/LoggingKit.o normal arm64\ arm64_32 (in target 'LoggingKit' from project 'LoggingKit')
cd /Users/admin/builder/spi-builder-workspace/.dependencies/checkouts/LoggingKit
/Applications/Xcode-27.0.0.app/Contents/Developer/Toolchains/XcodeDefault.xctoolchain/usr/bin/lipo -create /Users/admin/builder/spi-builder-workspace/.derivedData/Build/Intermediates.noindex/LoggingKit.build/Debug-watchos/LoggingKit-t.build/Objects-normal/arm64/Binary/LoggingKit.o /Users/admin/builder/spi-builder-workspace/.derivedData/Build/Intermediates.noindex/LoggingKit.build/Debug-watchos/LoggingKit-t.build/Objects-normal/arm64_32/Binary/LoggingKit.o -output /Users/admin/builder/spi-builder-workspace/.derivedData/Build/Products/Debug-watchos/LoggingKit.o
ExtractAppIntentsMetadata (in target 'LoggingKit' from project 'LoggingKit')
cd /Users/admin/builder/spi-builder-workspace/.dependencies/checkouts/LoggingKit
/Applications/Xcode-27.0.0.app/Contents/Developer/Toolchains/XcodeDefault.xctoolchain/usr/bin/appintentsmetadataprocessor --toolchain-dir /var/run/com.apple.security.cryptexd/mnt/com.apple.MobileAsset.MetalToolchain-v27.1.266.1.FeQTSk/Metal.xctoolchain --module-name LoggingKit --sdk-root /Applications/Xcode-27.0.0.app/Contents/Developer/Platforms/WatchOS.platform/Developer/SDKs/WatchOS27.0.sdk --xcode-version 27A266a --platform-family watchOS --deployment-target 9.0 --bundle-identifier loggingkit.LoggingKit --output /Users/admin/builder/spi-builder-workspace/.derivedData/Build/Products/Debug-watchos/LoggingKit.appintents --target-triple arm64-apple-watchos9.0 --target-triple arm64_32-apple-watchos9.0 --binary-file /Users/admin/builder/spi-builder-workspace/.derivedData/Build/Products/Debug-watchos/LoggingKit.o --dependency-file /Users/admin/builder/spi-builder-workspace/.derivedData/Build/Intermediates.noindex/LoggingKit.build/Debug-watchos/LoggingKit-t.build/Objects-normal/arm64/LoggingKit_dependency_info.dat --dependency-file /Users/admin/builder/spi-builder-workspace/.derivedData/Build/Intermediates.noindex/LoggingKit.build/Debug-watchos/LoggingKit-t.build/Objects-normal/arm64_32/LoggingKit_dependency_info.dat --stringsdata-file /Users/admin/builder/spi-builder-workspace/.derivedData/Build/Intermediates.noindex/LoggingKit.build/Debug-watchos/LoggingKit-t.build/Objects-normal/arm64/ExtractedAppShortcutsMetadata.stringsdata --stringsdata-file /Users/admin/builder/spi-builder-workspace/.derivedData/Build/Intermediates.noindex/LoggingKit.build/Debug-watchos/LoggingKit-t.build/Objects-normal/arm64_32/ExtractedAppShortcutsMetadata.stringsdata --source-file-list /Users/admin/builder/spi-builder-workspace/.derivedData/Build/Intermediates.noindex/LoggingKit.build/Debug-watchos/LoggingKit-t.build/Objects-normal/arm64/LoggingKit.SwiftFileList --source-file-list /Users/admin/builder/spi-builder-workspace/.derivedData/Build/Intermediates.noindex/LoggingKit.build/Debug-watchos/LoggingKit-t.build/Objects-normal/arm64_32/LoggingKit.SwiftFileList --metadata-file-list /Users/admin/builder/spi-builder-workspace/.derivedData/Build/Intermediates.noindex/LoggingKit.build/Debug-watchos/LoggingKit-t.build/LoggingKit.DependencyMetadataFileList --static-metadata-file-list /Users/admin/builder/spi-builder-workspace/.derivedData/Build/Intermediates.noindex/LoggingKit.build/Debug-watchos/LoggingKit-t.build/LoggingKit.DependencyStaticMetadataFileList --swift-const-vals-list /Users/admin/builder/spi-builder-workspace/.derivedData/Build/Intermediates.noindex/LoggingKit.build/Debug-watchos/LoggingKit-t.build/Objects-normal/arm64/LoggingKit.SwiftConstValuesFileList --swift-const-vals-list /Users/admin/builder/spi-builder-workspace/.derivedData/Build/Intermediates.noindex/LoggingKit.build/Debug-watchos/LoggingKit-t.build/Objects-normal/arm64_32/LoggingKit.SwiftConstValuesFileList --force --compile-time-extraction --deployment-aware-processing --no-app-shortcuts-localization
2026-10-05 06:19:10.747 appintentsmetadataprocessor[819:4804] Starting appintentsmetadataprocessor export
2026-10-05 06:19:10.847 appintentsmetadataprocessor[819:4804] Extracted no relevant App Intents symbols, skipping writing output
SwiftExplicitDependencyGeneratePcm arm64_32 /Users/admin/builder/spi-builder-workspace/.derivedData/SDKExplicitPrecompiledModules/SwiftUICore-UYWG2UM50SUK6GUT85OJGGGU.pcm
SwiftExplicitDependencyGeneratePcm arm64 /Users/admin/builder/spi-builder-workspace/.derivedData/SDKExplicitPrecompiledModules/SwiftUICore-NS6C80YTAE6CMPAZ003V82QV.pcm
SwiftExplicitDependencyGeneratePcm arm64 /Users/admin/builder/spi-builder-workspace/.derivedData/SDKExplicitPrecompiledModules/UIKit-3NXNXJMGTIGLSPCUMJYECGUT2.pcm
SwiftExplicitDependencyGeneratePcm arm64_32 /Users/admin/builder/spi-builder-workspace/.derivedData/SDKExplicitPrecompiledModules/UIKit-4XONMD0BX0LMIR90AS1OF9IWL.pcm
SwiftExplicitDependencyGeneratePcm arm64_32 /Users/admin/builder/spi-builder-workspace/.derivedData/SDKExplicitPrecompiledModules/SceneKit-8B7HHHTQ2WX4UCJPGYJNHAZXO.pcm
SwiftExplicitDependencyGeneratePcm arm64_32 /Users/admin/builder/spi-builder-workspace/.derivedData/SDKExplicitPrecompiledModules/Spatial-8KUW3XOM48SC4KMH7TC7PGQBL.pcm
SwiftExplicitDependencyGeneratePcm arm64 /Users/admin/builder/spi-builder-workspace/.derivedData/SDKExplicitPrecompiledModules/Spatial-9MID3YIH729B1WBR3BU8WEG1D.pcm
SwiftExplicitDependencyGeneratePcm arm64 /Users/admin/builder/spi-builder-workspace/.derivedData/SDKExplicitPrecompiledModules/SceneKit-3DCWNSWKMHXAPF5B6UTK4HEM0.pcm
SwiftExplicitDependencyGeneratePcm arm64 /Users/admin/builder/spi-builder-workspace/.derivedData/SDKExplicitPrecompiledModules/HomeKit-828DN93JSOQ52ZA4QA4J38CD.pcm
SwiftExplicitDependencyGeneratePcm arm64 /Users/admin/builder/spi-builder-workspace/.derivedData/SDKExplicitPrecompiledModules/MapKit-CY0HYXY78Y7MKX7HHJKLHZHSE.pcm
SwiftExplicitDependencyGeneratePcm arm64_32 /Users/admin/builder/spi-builder-workspace/.derivedData/SDKExplicitPrecompiledModules/HomeKit-3G28JPRBYVFDNVGP3N1AJIRON.pcm
SwiftExplicitDependencyGeneratePcm arm64_32 /Users/admin/builder/spi-builder-workspace/.derivedData/SDKExplicitPrecompiledModules/MapKit-4QHO9971BNK7Z8ZV3IM0Z8JHM.pcm
SwiftExplicitDependencyGeneratePcm arm64 /Users/admin/builder/spi-builder-workspace/.derivedData/SDKExplicitPrecompiledModules/WatchKit-BO78WUD7ZRCBRY95H7ENJBBSS.pcm
SwiftExplicitDependencyGeneratePcm arm64_32 /Users/admin/builder/spi-builder-workspace/.derivedData/SDKExplicitPrecompiledModules/WatchKit-52R8D796YDUMWDJVUEFB445DC.pcm
SwiftExplicitDependencyGeneratePcm arm64 /Users/admin/builder/spi-builder-workspace/.derivedData/SDKExplicitPrecompiledModules/SwiftUI-50RGMSU3855RUN43JPITBT2Y9.pcm
SwiftExplicitDependencyGeneratePcm arm64_32 /Users/admin/builder/spi-builder-workspace/.derivedData/SDKExplicitPrecompiledModules/SwiftUI-1RR011ILX8M637U24HKCUKH2G.pcm
SwiftEmitModule normal arm64 Emitting\ module\ for\ Konkyo (in target 'Konkyo' from project 'Konkyo')
/Users/admin/builder/spi-builder-workspace/Sources/Konkyo/Extensions/UIApplicationExtensions.swift:23:25: error: 'UIWindow' is unavailable in watchOS
21 | ///
22 | /// - Returns: The Key window for a UIKit Application or nil or one could not be found.
23 | func getKeyWindow() -> UIWindow? {
| `- error: 'UIWindow' is unavailable in watchOS
24 | return connectedScenes
25 | .lazy
/Applications/Xcode-27.0.0.app/Contents/Developer/Platforms/WatchOS.platform/Developer/SDKs/WatchOS27.0.sdk/System/Library/Frameworks/UIKit.framework/Headers/UIWindow.h:22:12: note: 'UIWindow' has been explicitly marked unavailable here
20 |
21 | UIKIT_EXTERN API_AVAILABLE(ios(2.0)) API_UNAVAILABLE(watchos) NS_SWIFT_UI_ACTOR
22 | @interface UIWindow : UIView
| `- note: 'UIWindow' has been explicitly marked unavailable here
23 |
24 | // instantiate a UIWindow already associated with a given UIWindowScene instance, with matching frame & interface orientations.
/Users/admin/builder/spi-builder-workspace/Sources/Konkyo/Extensions/UIApplicationExtensions.swift:19:18: error: 'UIApplication' is unavailable in watchOS
17 | import UIKit
18 |
19 | public extension UIApplication {
| `- error: 'UIApplication' is unavailable in watchOS
20 | /// Returns the Key Window for a UIKit application or nil if one could not be found.
21 | ///
/Applications/Xcode-27.0.0.app/Contents/Developer/Platforms/WatchOS.platform/Developer/SDKs/WatchOS27.0.sdk/System/Library/Frameworks/UIKit.framework/Headers/UIApplication.h:85:12: note: 'UIApplication' has been explicitly marked unavailable here
83 |
84 | UIKIT_EXTERN API_AVAILABLE(ios(2.0)) API_UNAVAILABLE(watchos) NS_SWIFT_UI_ACTOR
85 | @interface UIApplication : UIResponder
| `- note: 'UIApplication' has been explicitly marked unavailable here
86 |
87 | @property(class, nonatomic, readonly) UIApplication *sharedApplication NS_EXTENSION_UNAVAILABLE_IOS("Use view controller based solutions where appropriate instead.");
Failed frontend command:
SwiftCompile normal arm64 (in target 'Konkyo' from project 'Konkyo')
cd /Users/admin/builder/spi-builder-workspace/.swiftpm/xcode
/Applications/Xcode-27.0.0.app/Contents/Developer/Toolchains/XcodeDefault.xctoolchain/usr/bin/swift-frontend -frontend -emit-module -experimental-skip-non-inlinable-function-bodies-without-types /Users/admin/builder/spi-builder-workspace/Sources/Konkyo/Data\ Structures/RollingDictionary.swift /Users/admin/builder/spi-builder-workspace/Sources/Konkyo/Debouncer.swift /Users/admin/builder/spi-builder-workspace/Sources/Konkyo/Errors.swift /Users/admin/builder/spi-builder-workspace/Sources/Konkyo/Extensions/NSLockExtensions.swift /Users/admin/builder/spi-builder-workspace/Sources/Konkyo/Extensions/ResultExtensions.swift /Users/admin/builder/spi-builder-workspace/Sources/Konkyo/Extensions/UIApplicationExtensions.swift /Users/admin/builder/spi-builder-workspace/Sources/Konkyo/Initialization.swift /Users/admin/builder/spi-builder-workspace/Sources/Konkyo/MVVM/ViewModel.swift /Users/admin/builder/spi-builder-workspace/Sources/Konkyo/Networking/NetworkingExtensions.swift /Users/admin/builder/spi-builder-workspace/Sources/Konkyo/PropertyWrappers/Settings.swift /Users/admin/builder/spi-builder-workspace/Sources/Konkyo/SwiftUI/ViewExtension.swift /Users/admin/builder/spi-builder-workspace/Sources/Konkyo/System\ Info/CPUInfo.swift /Users/admin/builder/spi-builder-workspace/Sources/Konkyo/Threading/AsynchronousOperationBase.swift /Users/admin/builder/spi-builder-workspace/Sources/Konkyo/Threading/Atomic.swift /Users/admin/builder/spi-builder-workspace/Sources/Konkyo/Threading/Condition.swift /Users/admin/builder/spi-builder-workspace/Sources/Konkyo/Threading/Mutex.swift -target arm64-apple-watchos11.0 -module-can-import-version UIKit 9127.0.84.1 9127.0.84 -disable-cross-import-overlay-search -swift-module-cross-import Darwin /Applications/Xcode-27.0.0.app/Contents/Developer/Platforms/WatchOS.platform/Developer/SDKs/WatchOS.sdk/usr/include/Darwin.swiftcrossimport/xlocale.swiftoverlay -load-resolved-plugin /Applications/Xcode-27.0.0.app/Contents/Developer/Platforms/WatchOS.platform/Developer/usr/lib/swift/host/plugins/libFoundationMacros.dylib\#/Applications/Xcode-27.0.0.app/Contents/Developer/Platforms/WatchOS.platform/Developer/usr/bin/swift-plugin-server\#FoundationMacros -load-resolved-plugin /Applications/Xcode-27.0.0.app/Contents/Developer/Platforms/WatchOS.platform/Developer/usr/lib/swift/host/plugins/libObservationMacros.dylib\#/Applications/Xcode-27.0.0.app/Contents/Developer/Platforms/WatchOS.platform/Developer/usr/bin/swift-plugin-server\#ObservationMacros -load-resolved-plugin /Applications/Xcode-27.0.0.app/Contents/Developer/Platforms/WatchOS.platform/Developer/usr/lib/swift/host/plugins/libPreviewsMacros.dylib\#/Applications/Xcode-27.0.0.app/Contents/Developer/Platforms/WatchOS.platform/Developer/usr/bin/swift-plugin-server\#PreviewsMacros -load-resolved-plugin /Applications/Xcode-27.0.0.app/Contents/Developer/Platforms/WatchOS.platform/Developer/usr/lib/swift/host/plugins/libSwiftMacros.dylib\#/Applications/Xcode-27.0.0.app/Contents/Developer/Platforms/WatchOS.platform/Developer/usr/bin/swift-plugin-server\#SwiftMacros -load-resolved-plugin /Applications/Xcode-27.0.0.app/Contents/Developer/Platforms/WatchOS.platform/Developer/usr/lib/swift/host/plugins/libSwiftUIMacros.dylib\#/Applications/Xcode-27.0.0.app/Contents/Developer/Platforms/WatchOS.platform/Developer/usr/bin/swift-plugin-server\#SwiftUIMacros -disable-implicit-swift-modules -Xcc -fno-implicit-modules -Xcc -fno-implicit-module-maps -explicit-swift-module-map-file /Users/admin/builder/spi-builder-workspace/.derivedData/Build/Intermediates.noindex/Konkyo.build/Debug-watchos/Konkyo-t.build/Objects-normal/arm64/Konkyo-dependencies-2.json -Xllvm -aarch64-use-tbi -enable-objc-interop -stack-check -sdk /Applications/Xcode-27.0.0.app/Contents/Developer/Platforms/WatchOS.platform/Developer/SDKs/WatchOS27.0.sdk -I /Users/admin/builder/spi-builder-workspace/.derivedData/Build/Products/Debug-watchos -Isystem /Applications/Xcode-27.0.0.app/Contents/Developer/Platforms/WatchOS.platform/Developer/usr/lib -F /Users/admin/builder/spi-builder-workspace/.derivedData/Build/Products/Debug-watchos/PackageFrameworks -F /Users/admin/builder/spi-builder-workspace/.derivedData/Build/Products/Debug-watchos -F /Applications/Xcode-27.0.0.app/Contents/Developer/Platforms/WatchOS.platform/Developer/Library/Frameworks -F /Applications/Xcode-27.0.0.app/Contents/Developer/Platforms/WatchOS.platform/Developer/SDKs/WatchOS27.0.sdk/Developer/Library/Frameworks -module-cache-path /Users/admin/builder/spi-builder-workspace/.derivedData/Build/Intermediates.noindex/SwiftExplicitPrecompiledModules -no-color-diagnostics -Xcc -fno-color-diagnostics -enable-testing -g -debug-info-format\=dwarf -dwarf-version\=5 -profile-generate -profile-coverage-mapping -swift-version 6 -Onone -D SWIFT_PACKAGE -D DEBUG -D SWIFT_MODULE_RESOURCE_BUNDLE_UNAVAILABLE -D Xcode -serialize-debugging-options -enable-experimental-feature DebugDescriptionMacro -empty-abi-descriptor -validate-clang-modules-once -clang-build-session-file /Users/admin/builder/spi-builder-workspace/.derivedData/ModuleCache.noindex/Session.modulevalidation -Xcc -working-directory -Xcc /Users/admin/builder/spi-builder-workspace/.swiftpm/xcode -enable-anonymous-context-mangled-names -file-compilation-dir /Users/admin/builder/spi-builder-workspace/.swiftpm/xcode -Xcc -D_LIBCPP_HARDENING_MODE\=_LIBCPP_HARDENING_MODE_DEBUG -Xcc -ivfsstatcache -Xcc /Users/admin/builder/spi-builder-workspace/.derivedData/SDKStatCaches.noindex/watchos27.0-24R360-e829b21a6f8c9b70876ba0858053c044b9db9bc9c079ee3c7b5f3373b13d10bc.sdkstatcache -Xcc -fmodules-prune-interval\=86400 -Xcc -fmodules-prune-after\=345600 -Xcc -I/Users/admin/builder/spi-builder-workspace/.derivedData/Build/Products/Debug-watchos/include -Xcc -I/Users/admin/builder/spi-builder-workspace/.derivedData/Build/Intermediates.noindex/Konkyo.build/Debug-watchos/Konkyo-t.build/DerivedSources-normal/arm64 -Xcc -I/Users/admin/builder/spi-builder-workspace/.derivedData/Build/Intermediates.noindex/Konkyo.build/Debug-watchos/Konkyo-t.build/DerivedSources/arm64 -Xcc -I/Users/admin/builder/spi-builder-workspace/.derivedData/Build/Intermediates.noindex/Konkyo.build/Debug-watchos/Konkyo-t.build/DerivedSources -Xcc -DSWIFT_PACKAGE -Xcc -DDEBUG\=1 -no-auto-bridging-header-chaining -module-name Konkyo -package-name spi_builder_workspace -const-gather-protocols-file /Users/admin/builder/spi-builder-workspace/.derivedData/Build/Intermediates.noindex/Konkyo.build/Debug-watchos/Konkyo-t.build/Objects-normal/arm64/Konkyo_const_extract_protocols.json -disable-clang-spi -clang-target arm64-apple-watchos27.0 -target-sdk-version 27.0 -target-sdk-name watchos27.0 -in-process-plugin-server-path /Applications/Xcode-27.0.0.app/Contents/Developer/Toolchains/XcodeDefault.xctoolchain/usr/lib/swift/host/libSwiftInProcPluginServer.dylib -emit-module-doc-path /Users/admin/builder/spi-builder-workspace/.derivedData/Build/Intermediates.noindex/Konkyo.build/Debug-watchos/Konkyo-t.build/Objects-normal/arm64/Konkyo.swiftdoc -emit-module-source-info-path /Users/admin/builder/spi-builder-workspace/.derivedData/Build/Intermediates.noindex/Konkyo.build/Debug-watchos/Konkyo-t.build/Objects-normal/arm64/Konkyo.swiftsourceinfo -emit-objc-header-path /Users/admin/builder/spi-builder-workspace/.derivedData/Build/Intermediates.noindex/Konkyo.build/Debug-watchos/Konkyo-t.build/Objects-normal/arm64/Konkyo-Swift.h -serialize-diagnostics-path /Users/admin/builder/spi-builder-workspace/.derivedData/Build/Intermediates.noindex/Konkyo.build/Debug-watchos/Konkyo-t.build/Objects-normal/arm64/Konkyo-primary-emit-module.dia -emit-dependencies-path /Users/admin/builder/spi-builder-workspace/.derivedData/Build/Intermediates.noindex/Konkyo.build/Debug-watchos/Konkyo-t.build/Objects-normal/arm64/Konkyo-primary-emit-module.d -parse-as-library -o /Users/admin/builder/spi-builder-workspace/.derivedData/Build/Intermediates.noindex/Konkyo.build/Debug-watchos/Konkyo-t.build/Objects-normal/arm64/Konkyo.swiftmodule -emit-abi-descriptor-path /Users/admin/builder/spi-builder-workspace/.derivedData/Build/Intermediates.noindex/Konkyo.build/Debug-watchos/Konkyo-t.build/Objects-normal/arm64/Konkyo.abi.json
SwiftCompile normal arm64 Compiling\ Atomic.swift /Users/admin/builder/spi-builder-workspace/Sources/Konkyo/Threading/Atomic.swift (in target 'Konkyo' from project 'Konkyo')
SwiftCompile normal arm64 /Users/admin/builder/spi-builder-workspace/Sources/Konkyo/Threading/Atomic.swift (in target 'Konkyo' from project 'Konkyo')
cd /Users/admin/builder/spi-builder-workspace/.swiftpm/xcode
builtin-SwiftPerFileCompile Atomic.swift
SwiftCompile normal arm64 Compiling\ AsynchronousOperationBase.swift /Users/admin/builder/spi-builder-workspace/Sources/Konkyo/Threading/AsynchronousOperationBase.swift (in target 'Konkyo' from project 'Konkyo')
SwiftCompile normal arm64 /Users/admin/builder/spi-builder-workspace/Sources/Konkyo/Threading/AsynchronousOperationBase.swift (in target 'Konkyo' from project 'Konkyo')
cd /Users/admin/builder/spi-builder-workspace/.swiftpm/xcode
builtin-SwiftPerFileCompile AsynchronousOperationBase.swift
SwiftCompile normal arm64 Compiling\ NetworkingExtensions.swift,\ Settings.swift /Users/admin/builder/spi-builder-workspace/Sources/Konkyo/Networking/NetworkingExtensions.swift /Users/admin/builder/spi-builder-workspace/Sources/Konkyo/PropertyWrappers/Settings.swift (in target 'Konkyo' from project 'Konkyo')
SwiftCompile normal arm64 /Users/admin/builder/spi-builder-workspace/Sources/Konkyo/Networking/NetworkingExtensions.swift (in target 'Konkyo' from project 'Konkyo')
cd /Users/admin/builder/spi-builder-workspace/.swiftpm/xcode
builtin-SwiftPerFileCompile NetworkingExtensions.swift
SwiftCompile normal arm64 /Users/admin/builder/spi-builder-workspace/Sources/Konkyo/PropertyWrappers/Settings.swift (in target 'Konkyo' from project 'Konkyo')
cd /Users/admin/builder/spi-builder-workspace/.swiftpm/xcode
builtin-SwiftPerFileCompile Settings.swift
SwiftCompile normal arm64 Compiling\ ResultExtensions.swift,\ UIApplicationExtensions.swift /Users/admin/builder/spi-builder-workspace/Sources/Konkyo/Extensions/ResultExtensions.swift /Users/admin/builder/spi-builder-workspace/Sources/Konkyo/Extensions/UIApplicationExtensions.swift (in target 'Konkyo' from project 'Konkyo')
SwiftCompile normal arm64 /Users/admin/builder/spi-builder-workspace/Sources/Konkyo/Extensions/ResultExtensions.swift (in target 'Konkyo' from project 'Konkyo')
cd /Users/admin/builder/spi-builder-workspace/.swiftpm/xcode
builtin-SwiftPerFileCompile ResultExtensions.swift
SwiftCompile normal arm64 /Users/admin/builder/spi-builder-workspace/Sources/Konkyo/Extensions/UIApplicationExtensions.swift (in target 'Konkyo' from project 'Konkyo')
cd /Users/admin/builder/spi-builder-workspace/.swiftpm/xcode
builtin-SwiftPerFileCompile UIApplicationExtensions.swift
/Users/admin/builder/spi-builder-workspace/Sources/Konkyo/Extensions/UIApplicationExtensions.swift:23:25: error: 'UIWindow' is unavailable in watchOS
21 | ///
22 | /// - Returns: The Key window for a UIKit Application or nil or one could not be found.
23 | func getKeyWindow() -> UIWindow? {
| `- error: 'UIWindow' is unavailable in watchOS
24 | return connectedScenes
25 | .lazy
/Applications/Xcode-27.0.0.app/Contents/Developer/Platforms/WatchOS.platform/Developer/SDKs/WatchOS27.0.sdk/System/Library/Frameworks/UIKit.framework/Headers/UIWindow.h:22:12: note: 'UIWindow' has been explicitly marked unavailable here
20 |
21 | UIKIT_EXTERN API_AVAILABLE(ios(2.0)) API_UNAVAILABLE(watchos) NS_SWIFT_UI_ACTOR
22 | @interface UIWindow : UIView
| `- note: 'UIWindow' has been explicitly marked unavailable here
23 |
24 | // instantiate a UIWindow already associated with a given UIWindowScene instance, with matching frame & interface orientations.
/Users/admin/builder/spi-builder-workspace/Sources/Konkyo/Extensions/UIApplicationExtensions.swift:19:18: error: 'UIApplication' is unavailable in watchOS
17 | import UIKit
18 |
19 | public extension UIApplication {
| `- error: 'UIApplication' is unavailable in watchOS
20 | /// Returns the Key Window for a UIKit application or nil if one could not be found.
21 | ///
/Applications/Xcode-27.0.0.app/Contents/Developer/Platforms/WatchOS.platform/Developer/SDKs/WatchOS27.0.sdk/System/Library/Frameworks/UIKit.framework/Headers/UIApplication.h:85:12: note: 'UIApplication' has been explicitly marked unavailable here
83 |
84 | UIKIT_EXTERN API_AVAILABLE(ios(2.0)) API_UNAVAILABLE(watchos) NS_SWIFT_UI_ACTOR
85 | @interface UIApplication : UIResponder
| `- note: 'UIApplication' has been explicitly marked unavailable here
86 |
87 | @property(class, nonatomic, readonly) UIApplication *sharedApplication NS_EXTENSION_UNAVAILABLE_IOS("Use view controller based solutions where appropriate instead.");
/Users/admin/builder/spi-builder-workspace/Sources/Konkyo/Extensions/UIApplicationExtensions.swift:24:10: error: 'connectedScenes' is unavailable in watchOS
22 | /// - Returns: The Key window for a UIKit Application or nil or one could not be found.
23 | func getKeyWindow() -> UIWindow? {
24 | return connectedScenes
| `- error: 'connectedScenes' is unavailable in watchOS
25 | .lazy
26 | .compactMap { $0 as? UIWindowScene }
/Applications/Xcode-27.0.0.app/Contents/Developer/Platforms/WatchOS.platform/Developer/SDKs/WatchOS27.0.sdk/System/Library/Frameworks/UIKit.framework/Headers/UIApplication.h:189:50: note: 'connectedScenes' has been explicitly marked unavailable here
187 | #pragma mark -- UIScene --
188 | // All of the currently connected UIScene instances
189 | @property(nonatomic, readonly) NSSet<UIScene *> *connectedScenes API_AVAILABLE(ios(13.0)) API_UNAVAILABLE(watchos);
| `- note: 'connectedScenes' has been explicitly marked unavailable here
190 |
191 | // All of the representations that currently have connected UIScene instances or had their sessions persisted by the system (ex: visible in iOS' switcher)
SwiftCompile normal arm64 Compiling\ Initialization.swift,\ ViewModel.swift /Users/admin/builder/spi-builder-workspace/Sources/Konkyo/Initialization.swift /Users/admin/builder/spi-builder-workspace/Sources/Konkyo/MVVM/ViewModel.swift (in target 'Konkyo' from project 'Konkyo')
SwiftCompile normal arm64 /Users/admin/builder/spi-builder-workspace/Sources/Konkyo/Initialization.swift (in target 'Konkyo' from project 'Konkyo')
cd /Users/admin/builder/spi-builder-workspace/.swiftpm/xcode
builtin-SwiftPerFileCompile Initialization.swift
SwiftCompile normal arm64 /Users/admin/builder/spi-builder-workspace/Sources/Konkyo/MVVM/ViewModel.swift (in target 'Konkyo' from project 'Konkyo')
cd /Users/admin/builder/spi-builder-workspace/.swiftpm/xcode
builtin-SwiftPerFileCompile ViewModel.swift
SwiftCompile normal arm64 Compiling\ RollingDictionary.swift,\ Debouncer.swift /Users/admin/builder/spi-builder-workspace/Sources/Konkyo/Data\ Structures/RollingDictionary.swift /Users/admin/builder/spi-builder-workspace/Sources/Konkyo/Debouncer.swift (in target 'Konkyo' from project 'Konkyo')
SwiftCompile normal arm64 /Users/admin/builder/spi-builder-workspace/Sources/Konkyo/Data\ Structures/RollingDictionary.swift (in target 'Konkyo' from project 'Konkyo')
cd /Users/admin/builder/spi-builder-workspace/.swiftpm/xcode
builtin-SwiftPerFileCompile RollingDictionary.swift
SwiftCompile normal arm64 /Users/admin/builder/spi-builder-workspace/Sources/Konkyo/Debouncer.swift (in target 'Konkyo' from project 'Konkyo')
cd /Users/admin/builder/spi-builder-workspace/.swiftpm/xcode
builtin-SwiftPerFileCompile Debouncer.swift
SwiftCompile normal arm64 Compiling\ ViewExtension.swift,\ CPUInfo.swift /Users/admin/builder/spi-builder-workspace/Sources/Konkyo/SwiftUI/ViewExtension.swift /Users/admin/builder/spi-builder-workspace/Sources/Konkyo/System\ Info/CPUInfo.swift (in target 'Konkyo' from project 'Konkyo')
SwiftCompile normal arm64 /Users/admin/builder/spi-builder-workspace/Sources/Konkyo/SwiftUI/ViewExtension.swift (in target 'Konkyo' from project 'Konkyo')
cd /Users/admin/builder/spi-builder-workspace/.swiftpm/xcode
builtin-SwiftPerFileCompile ViewExtension.swift
SwiftCompile normal arm64 /Users/admin/builder/spi-builder-workspace/Sources/Konkyo/System\ Info/CPUInfo.swift (in target 'Konkyo' from project 'Konkyo')
cd /Users/admin/builder/spi-builder-workspace/.swiftpm/xcode
builtin-SwiftPerFileCompile CPUInfo.swift
SwiftCompile normal arm64 Compiling\ Errors.swift,\ NSLockExtensions.swift /Users/admin/builder/spi-builder-workspace/Sources/Konkyo/Errors.swift /Users/admin/builder/spi-builder-workspace/Sources/Konkyo/Extensions/NSLockExtensions.swift (in target 'Konkyo' from project 'Konkyo')
SwiftCompile normal arm64 /Users/admin/builder/spi-builder-workspace/Sources/Konkyo/Errors.swift (in target 'Konkyo' from project 'Konkyo')
cd /Users/admin/builder/spi-builder-workspace/.swiftpm/xcode
builtin-SwiftPerFileCompile Errors.swift
SwiftCompile normal arm64 /Users/admin/builder/spi-builder-workspace/Sources/Konkyo/Extensions/NSLockExtensions.swift (in target 'Konkyo' from project 'Konkyo')
cd /Users/admin/builder/spi-builder-workspace/.swiftpm/xcode
builtin-SwiftPerFileCompile NSLockExtensions.swift
SwiftCompile normal arm64 Compiling\ Mutex.swift /Users/admin/builder/spi-builder-workspace/Sources/Konkyo/Threading/Mutex.swift (in target 'Konkyo' from project 'Konkyo')
SwiftCompile normal arm64 /Users/admin/builder/spi-builder-workspace/Sources/Konkyo/Threading/Mutex.swift (in target 'Konkyo' from project 'Konkyo')
cd /Users/admin/builder/spi-builder-workspace/.swiftpm/xcode
builtin-SwiftPerFileCompile Mutex.swift
SwiftEmitModule normal arm64_32 Emitting\ module\ for\ Konkyo (in target 'Konkyo' from project 'Konkyo')
SwiftCompile normal arm64_32 (in target 'Konkyo' from project 'Konkyo')
cd /Users/admin/builder/spi-builder-workspace/.swiftpm/xcode
SwiftDriverJobDiscovery normal arm64 Compiling Initialization.swift, ViewModel.swift (in target 'Konkyo' from project 'Konkyo')
SwiftCompile normal arm64_32 Compiling\ NetworkingExtensions.swift,\ Settings.swift /Users/admin/builder/spi-builder-workspace/Sources/Konkyo/Networking/NetworkingExtensions.swift /Users/admin/builder/spi-builder-workspace/Sources/Konkyo/PropertyWrappers/Settings.swift (in target 'Konkyo' from project 'Konkyo')
SwiftCompile normal arm64_32 /Users/admin/builder/spi-builder-workspace/Sources/Konkyo/Networking/NetworkingExtensions.swift (in target 'Konkyo' from project 'Konkyo')
cd /Users/admin/builder/spi-builder-workspace/.swiftpm/xcode
builtin-SwiftPerFileCompile NetworkingExtensions.swift
SwiftCompile normal arm64_32 /Users/admin/builder/spi-builder-workspace/Sources/Konkyo/PropertyWrappers/Settings.swift (in target 'Konkyo' from project 'Konkyo')
cd /Users/admin/builder/spi-builder-workspace/.swiftpm/xcode
builtin-SwiftPerFileCompile Settings.swift
SwiftDriverJobDiscovery normal arm64 Compiling Atomic.swift (in target 'Konkyo' from project 'Konkyo')
SwiftCompile normal arm64_32 Compiling\ Mutex.swift /Users/admin/builder/spi-builder-workspace/Sources/Konkyo/Threading/Mutex.swift (in target 'Konkyo' from project 'Konkyo')
SwiftCompile normal arm64_32 /Users/admin/builder/spi-builder-workspace/Sources/Konkyo/Threading/Mutex.swift (in target 'Konkyo' from project 'Konkyo')
cd /Users/admin/builder/spi-builder-workspace/.swiftpm/xcode
builtin-SwiftPerFileCompile Mutex.swift
SwiftDriverJobDiscovery normal arm64 Compiling AsynchronousOperationBase.swift (in target 'Konkyo' from project 'Konkyo')
SwiftCompile normal arm64_32 Compiling\ RollingDictionary.swift,\ Debouncer.swift /Users/admin/builder/spi-builder-workspace/Sources/Konkyo/Data\ Structures/RollingDictionary.swift /Users/admin/builder/spi-builder-workspace/Sources/Konkyo/Debouncer.swift (in target 'Konkyo' from project 'Konkyo')
SwiftCompile normal arm64_32 /Users/admin/builder/spi-builder-workspace/Sources/Konkyo/Data\ Structures/RollingDictionary.swift (in target 'Konkyo' from project 'Konkyo')
cd /Users/admin/builder/spi-builder-workspace/.swiftpm/xcode
builtin-SwiftPerFileCompile RollingDictionary.swift
SwiftCompile normal arm64_32 /Users/admin/builder/spi-builder-workspace/Sources/Konkyo/Debouncer.swift (in target 'Konkyo' from project 'Konkyo')
cd /Users/admin/builder/spi-builder-workspace/.swiftpm/xcode
builtin-SwiftPerFileCompile Debouncer.swift
SwiftDriverJobDiscovery normal arm64 Compiling NetworkingExtensions.swift, Settings.swift (in target 'Konkyo' from project 'Konkyo')
SwiftCompile normal arm64_32 Compiling\ Initialization.swift,\ ViewModel.swift /Users/admin/builder/spi-builder-workspace/Sources/Konkyo/Initialization.swift /Users/admin/builder/spi-builder-workspace/Sources/Konkyo/MVVM/ViewModel.swift (in target 'Konkyo' from project 'Konkyo')
SwiftCompile normal arm64_32 /Users/admin/builder/spi-builder-workspace/Sources/Konkyo/Initialization.swift (in target 'Konkyo' from project 'Konkyo')
cd /Users/admin/builder/spi-builder-workspace/.swiftpm/xcode
builtin-SwiftPerFileCompile Initialization.swift
SwiftCompile normal arm64_32 /Users/admin/builder/spi-builder-workspace/Sources/Konkyo/MVVM/ViewModel.swift (in target 'Konkyo' from project 'Konkyo')
cd /Users/admin/builder/spi-builder-workspace/.swiftpm/xcode
builtin-SwiftPerFileCompile ViewModel.swift
SwiftDriverJobDiscovery normal arm64 Compiling Mutex.swift (in target 'Konkyo' from project 'Konkyo')
SwiftCompile normal arm64_32 Compiling\ AsynchronousOperationBase.swift /Users/admin/builder/spi-builder-workspace/Sources/Konkyo/Threading/AsynchronousOperationBase.swift (in target 'Konkyo' from project 'Konkyo')
SwiftCompile normal arm64_32 /Users/admin/builder/spi-builder-workspace/Sources/Konkyo/Threading/AsynchronousOperationBase.swift (in target 'Konkyo' from project 'Konkyo')
cd /Users/admin/builder/spi-builder-workspace/.swiftpm/xcode
builtin-SwiftPerFileCompile AsynchronousOperationBase.swift
SwiftDriverJobDiscovery normal arm64 Compiling Errors.swift, NSLockExtensions.swift (in target 'Konkyo' from project 'Konkyo')
SwiftCompile normal arm64_32 Compiling\ Errors.swift,\ NSLockExtensions.swift /Users/admin/builder/spi-builder-workspace/Sources/Konkyo/Errors.swift /Users/admin/builder/spi-builder-workspace/Sources/Konkyo/Extensions/NSLockExtensions.swift (in target 'Konkyo' from project 'Konkyo')
SwiftCompile normal arm64_32 /Users/admin/builder/spi-builder-workspace/Sources/Konkyo/Errors.swift (in target 'Konkyo' from project 'Konkyo')
cd /Users/admin/builder/spi-builder-workspace/.swiftpm/xcode
builtin-SwiftPerFileCompile Errors.swift
SwiftCompile normal arm64_32 /Users/admin/builder/spi-builder-workspace/Sources/Konkyo/Extensions/NSLockExtensions.swift (in target 'Konkyo' from project 'Konkyo')
cd /Users/admin/builder/spi-builder-workspace/.swiftpm/xcode
builtin-SwiftPerFileCompile NSLockExtensions.swift
PruneExplicitPrecompiledModules /Users/admin/builder/spi-builder-workspace/.derivedData/Build/Intermediates.noindex/SwiftExplicitPrecompiledModules
PruneExplicitPrecompiledModules /Users/admin/builder/spi-builder-workspace/.derivedData/SDKExplicitPrecompiledModules
PruneExplicitPrecompiledModules /Users/admin/builder/spi-builder-workspace/.derivedData/Build/Intermediates.noindex/ExplicitPrecompiledModules
2026-10-05 06:19:05.534 xcodebuild[661:4025] [MT] IDERunDestination: Supported platforms for the buildables in the current scheme is empty.
** BUILD FAILED **
The following build commands failed:
SwiftCompile normal arm64 (in target 'Konkyo' from project 'Konkyo')
SwiftEmitModule normal arm64 Emitting\ module\ for\ Konkyo (in target 'Konkyo' from project 'Konkyo')
Building workspace Konkyo with scheme Konkyo
(3 failures)
Command line invocation:
/Applications/Xcode-27.0.0.app/Contents/Developer/usr/bin/xcodebuild -IDEClonedSourcePackagesDirPathOverride=/Users/admin/builder/spi-builder-workspace/.dependencies -resolvePackageDependencies
Resolve Package Graph
Resolved source packages:
Konkyo: /Users/admin/builder/spi-builder-workspace
LoggingKit: https://github.com/Machx/LoggingKit.git @ main (294ac48)
resolved source packages: Konkyo, LoggingKit
2026-10-05 06:19:13.007 xcodebuild[853:4917] [MT] IDERunDestination: Supported platforms for the buildables in the current scheme is empty.
{
"dependencies" : [
{
"identity" : "loggingkit",
"requirement" : {
"branch" : [
"main"
]
},
"type" : "sourceControl",
"url" : "https://github.com/Machx/LoggingKit.git"
}
],
"manifest_display_name" : "Konkyo",
"name" : "Konkyo",
"path" : "/Users/admin/builder/spi-builder-workspace",
"platforms" : [
{
"name" : "macos",
"version" : "15.0"
},
{
"name" : "ios",
"version" : "18.0"
}
],
"products" : [
{
"name" : "Konkyo",
"targets" : [
"Konkyo"
],
"type" : {
"library" : [
"automatic"
]
}
}
],
"swift_languages_versions" : [
"6"
],
"targets" : [
{
"c99name" : "KonkyoTests",
"module_type" : "SwiftTarget",
"name" : "KonkyoTests",
"path" : "Tests/KonkyoTests",
"sources" : [
"Data Structures/RollingDictionaryTests.swift",
"DebouncerTests.swift",
"ErrorsTests.swift",
"Extensions/NSLockExtensionTests.swift",
"Extensions/ResultTests.swift",
"Extensions/UIApplicationExtensionsTests.swift",
"InitializationTests.swift",
"MVVM/ViewModelTests.swift",
"Networking/NetworkingExtensionsTests.swift",
"PropertyWrappers/SettingsTests.swift",
"SwiftUI/ViewExtensionTests.swift",
"System Info/CPUInfoTests.swift",
"Threading/AsynchronousOperationBaseTests.swift",
"Threading/AtomicTests.swift",
"Threading/ConditionTests.swift",
"Threading/MutexTests.swift",
"Threading/OperationTests.swift"
],
"target_dependencies" : [
"Konkyo"
],
"type" : "test"
},
{
"c99name" : "Konkyo",
"module_type" : "SwiftTarget",
"name" : "Konkyo",
"path" : "Sources/Konkyo",
"product_dependencies" : [
"LoggingKit"
],
"product_memberships" : [
"Konkyo"
],
"sources" : [
"Data Structures/RollingDictionary.swift",
"Debouncer.swift",
"Errors.swift",
"Extensions/NSLockExtensions.swift",
"Extensions/ResultExtensions.swift",
"Extensions/UIApplicationExtensions.swift",
"Initialization.swift",
"MVVM/ViewModel.swift",
"Networking/NetworkingExtensions.swift",
"PropertyWrappers/Settings.swift",
"SwiftUI/ViewExtension.swift",
"System Info/CPUInfo.swift",
"Threading/AsynchronousOperationBase.swift",
"Threading/Atomic.swift",
"Threading/Condition.swift",
"Threading/Mutex.swift"
],
"type" : "library"
}
],
"tools_version" : "6.0"
}
{
"workspace" : {
"name" : "Konkyo",
"schemes" : [
"Konkyo"
]
}
}
2026-10-05 06:19:14.293 xcodebuild[861:4988] [MT] IDERunDestination: Supported platforms for the buildables in the current scheme is empty.
Running build ...
env DEVELOPER_DIR=/Applications/Xcode-27.0.0-Release.Candidate.app xcrun xcodebuild -IDEClonedSourcePackagesDirPathOverride=$PWD/.dependencies -skipMacroValidation -skipPackagePluginValidation -derivedDataPath $PWD/.derivedData build -scheme Konkyo -destination generic/platform=watchOS
Command line invocation:
/Applications/Xcode-27.0.0.app/Contents/Developer/usr/bin/xcodebuild -IDEClonedSourcePackagesDirPathOverride=/Users/admin/builder/spi-builder-workspace/.dependencies -skipMacroValidation -skipPackagePluginValidation -derivedDataPath /Users/admin/builder/spi-builder-workspace/.derivedData build -scheme Konkyo -destination generic/platform=watchOS
Resolve Package Graph
Resolved source packages:
Konkyo: /Users/admin/builder/spi-builder-workspace
LoggingKit: https://github.com/Machx/LoggingKit.git @ main (294ac48)
ComputePackagePrebuildTargetDependencyGraph
Prepare packages
CreateBuildRequest
SendProjectDescription
CreateBuildOperation
ComputeTargetDependencyGraph
note: Building targets in dependency order
note: Target dependency graph (4 targets)
Target 'Konkyo-product' in project 'Konkyo'
➜ Explicit dependency on target 'Konkyo' in project 'Konkyo'
➜ Explicit dependency on target 'LoggingKit-product' in project 'LoggingKit'
Target 'Konkyo' in project 'Konkyo'
➜ Explicit dependency on target 'LoggingKit-product' in project 'LoggingKit'
Target 'LoggingKit-product' in project 'LoggingKit'
➜ Explicit dependency on target 'LoggingKit' in project 'LoggingKit'
Target 'LoggingKit' in project 'LoggingKit' (no dependencies)
GatherProvisioningInputs
CreateBuildDescription
ClangStatCache /Applications/Xcode-27.0.0.app/Contents/Developer/Toolchains/XcodeDefault.xctoolchain/usr/bin/clang-stat-cache /Applications/Xcode-27.0.0.app/Contents/Developer/Platforms/WatchOS.platform/Developer/SDKs/WatchOS27.0.sdk /Users/admin/builder/spi-builder-workspace/.derivedData/SDKStatCaches.noindex/watchos27.0-24R360-e829b21a6f8c9b70876ba0858053c044b9db9bc9c079ee3c7b5f3373b13d10bc.sdkstatcache
cd /Users/admin/builder/spi-builder-workspace/.swiftpm/xcode
/Applications/Xcode-27.0.0.app/Contents/Developer/Toolchains/XcodeDefault.xctoolchain/usr/bin/clang-stat-cache /Applications/Xcode-27.0.0.app/Contents/Developer/Platforms/WatchOS.platform/Developer/SDKs/WatchOS27.0.sdk -o /Users/admin/builder/spi-builder-workspace/.derivedData/SDKStatCaches.noindex/watchos27.0-24R360-e829b21a6f8c9b70876ba0858053c044b9db9bc9c079ee3c7b5f3373b13d10bc.sdkstatcache
SwiftDriver Konkyo normal arm64_32 com.apple.xcode.tools.swift.compiler (in target 'Konkyo' from project 'Konkyo')
cd /Users/admin/builder/spi-builder-workspace/.swiftpm/xcode
builtin-SwiftDriver -- /Applications/Xcode-27.0.0.app/Contents/Developer/Toolchains/XcodeDefault.xctoolchain/usr/bin/swiftc -parse-as-library -module-name Konkyo -Onone @/Users/admin/builder/spi-builder-workspace/.derivedData/Build/Intermediates.noindex/Konkyo.build/Debug-watchos/Konkyo-t.build/Objects-normal/arm64_32/Konkyo.SwiftFileList -DSWIFT_PACKAGE -DDEBUG -DSWIFT_MODULE_RESOURCE_BUNDLE_UNAVAILABLE -DXcode -plugin-path /Applications/Xcode-27.0.0.app/Contents/Developer/Toolchains/XcodeDefault.xctoolchain/usr/lib/swift/host/plugins/testing -enable-experimental-feature DebugDescriptionMacro -sdk /Applications/Xcode-27.0.0.app/Contents/Developer/Platforms/WatchOS.platform/Developer/SDKs/WatchOS27.0.sdk -target arm64_32-apple-watchos11.0 -g -module-cache-path /Users/admin/builder/spi-builder-workspace/.derivedData/ModuleCache.noindex -Xfrontend -serialize-debugging-options -profile-coverage-mapping -profile-generate -enable-testing -index-store-path /Users/admin/builder/spi-builder-workspace/.derivedData/Index.noindex/DataStore -Xcc -D_LIBCPP_HARDENING_MODE\=_LIBCPP_HARDENING_MODE_DEBUG -swift-version 6 -I /Users/admin/builder/spi-builder-workspace/.derivedData/Build/Products/Debug-watchos -Isystem /Applications/Xcode-27.0.0.app/Contents/Developer/Platforms/WatchOS.platform/Developer/usr/lib -F /Users/admin/builder/spi-builder-workspace/.derivedData/Build/Products/Debug-watchos/PackageFrameworks -F /Users/admin/builder/spi-builder-workspace/.derivedData/Build/Products/Debug-watchos -F /Applications/Xcode-27.0.0.app/Contents/Developer/Platforms/WatchOS.platform/Developer/Library/Frameworks -F /Applications/Xcode-27.0.0.app/Contents/Developer/Platforms/WatchOS.platform/Developer/SDKs/WatchOS27.0.sdk/Developer/Library/Frameworks -c -j10 -enable-batch-mode -incremental -Xcc -ivfsstatcache -Xcc /Users/admin/builder/spi-builder-workspace/.derivedData/SDKStatCaches.noindex/watchos27.0-24R360-e829b21a6f8c9b70876ba0858053c044b9db9bc9c079ee3c7b5f3373b13d10bc.sdkstatcache -output-file-map /Users/admin/builder/spi-builder-workspace/.derivedData/Build/Intermediates.noindex/Konkyo.build/Debug-watchos/Konkyo-t.build/Objects-normal/arm64_32/Konkyo-OutputFileMap.json -save-temps -no-color-diagnostics -explicit-module-build -module-cache-path /Users/admin/builder/spi-builder-workspace/.derivedData/Build/Intermediates.noindex/SwiftExplicitPrecompiledModules -clang-scanner-module-cache-path /Users/admin/builder/spi-builder-workspace/.derivedData/ModuleCache.noindex -sdk-module-cache-path /Users/admin/builder/spi-builder-workspace/.derivedData/SDKExplicitPrecompiledModules -emit-dependencies -emit-module -emit-module-path /Users/admin/builder/spi-builder-workspace/.derivedData/Build/Intermediates.noindex/Konkyo.build/Debug-watchos/Konkyo-t.build/Objects-normal/arm64_32/Konkyo.swiftmodule -serialize-diagnostics -dependency-scan-serialize-diagnostics-path /Users/admin/builder/spi-builder-workspace/.derivedData/Build/Intermediates.noindex/Konkyo.build/Debug-watchos/Konkyo-t.build/Objects-normal/arm64_32/Konkyo-dependency-scan.dia -validate-clang-modules-once -clang-build-session-file /Users/admin/builder/spi-builder-workspace/.derivedData/ModuleCache.noindex/Session.modulevalidation -Xcc -fmodules-prune-interval\=86400 -Xcc -fmodules-prune-after\=345600 -package-name spi_builder_workspace -emit-const-values -const-gather-protocols-list /Users/admin/builder/spi-builder-workspace/.derivedData/Build/Intermediates.noindex/Konkyo.build/Debug-watchos/Konkyo-t.build/Objects-normal/arm64_32/Konkyo_const_extract_protocols.json -Xcc -I/Users/admin/builder/spi-builder-workspace/.derivedData/Build/Products/Debug-watchos/include -Xcc -I/Users/admin/builder/spi-builder-workspace/.derivedData/Build/Intermediates.noindex/Konkyo.build/Debug-watchos/Konkyo-t.build/DerivedSources-normal/arm64_32 -Xcc -I/Users/admin/builder/spi-builder-workspace/.derivedData/Build/Intermediates.noindex/Konkyo.build/Debug-watchos/Konkyo-t.build/DerivedSources/arm64_32 -Xcc -I/Users/admin/builder/spi-builder-workspace/.derivedData/Build/Intermediates.noindex/Konkyo.build/Debug-watchos/Konkyo-t.build/DerivedSources -Xcc -DSWIFT_PACKAGE -Xcc -DDEBUG\=1 -emit-objc-header -emit-objc-header-path /Users/admin/builder/spi-builder-workspace/.derivedData/Build/Intermediates.noindex/Konkyo.build/Debug-watchos/Konkyo-t.build/Objects-normal/arm64_32/Konkyo-Swift.h -working-directory /Users/admin/builder/spi-builder-workspace/.swiftpm/xcode -experimental-emit-module-separately -disable-cmo
SwiftDriver Konkyo normal arm64 com.apple.xcode.tools.swift.compiler (in target 'Konkyo' from project 'Konkyo')
cd /Users/admin/builder/spi-builder-workspace/.swiftpm/xcode
builtin-SwiftDriver -- /Applications/Xcode-27.0.0.app/Contents/Developer/Toolchains/XcodeDefault.xctoolchain/usr/bin/swiftc -parse-as-library -module-name Konkyo -Onone @/Users/admin/builder/spi-builder-workspace/.derivedData/Build/Intermediates.noindex/Konkyo.build/Debug-watchos/Konkyo-t.build/Objects-normal/arm64/Konkyo.SwiftFileList -DSWIFT_PACKAGE -DDEBUG -DSWIFT_MODULE_RESOURCE_BUNDLE_UNAVAILABLE -DXcode -plugin-path /Applications/Xcode-27.0.0.app/Contents/Developer/Toolchains/XcodeDefault.xctoolchain/usr/lib/swift/host/plugins/testing -enable-experimental-feature DebugDescriptionMacro -sdk /Applications/Xcode-27.0.0.app/Contents/Developer/Platforms/WatchOS.platform/Developer/SDKs/WatchOS27.0.sdk -target arm64-apple-watchos11.0 -g -module-cache-path /Users/admin/builder/spi-builder-workspace/.derivedData/ModuleCache.noindex -Xfrontend -serialize-debugging-options -profile-coverage-mapping -profile-generate -enable-testing -index-store-path /Users/admin/builder/spi-builder-workspace/.derivedData/Index.noindex/DataStore -Xcc -D_LIBCPP_HARDENING_MODE\=_LIBCPP_HARDENING_MODE_DEBUG -swift-version 6 -I /Users/admin/builder/spi-builder-workspace/.derivedData/Build/Products/Debug-watchos -Isystem /Applications/Xcode-27.0.0.app/Contents/Developer/Platforms/WatchOS.platform/Developer/usr/lib -F /Users/admin/builder/spi-builder-workspace/.derivedData/Build/Products/Debug-watchos/PackageFrameworks -F /Users/admin/builder/spi-builder-workspace/.derivedData/Build/Products/Debug-watchos -F /Applications/Xcode-27.0.0.app/Contents/Developer/Platforms/WatchOS.platform/Developer/Library/Frameworks -F /Applications/Xcode-27.0.0.app/Contents/Developer/Platforms/WatchOS.platform/Developer/SDKs/WatchOS27.0.sdk/Developer/Library/Frameworks -c -j10 -enable-batch-mode -incremental -Xcc -ivfsstatcache -Xcc /Users/admin/builder/spi-builder-workspace/.derivedData/SDKStatCaches.noindex/watchos27.0-24R360-e829b21a6f8c9b70876ba0858053c044b9db9bc9c079ee3c7b5f3373b13d10bc.sdkstatcache -output-file-map /Users/admin/builder/spi-builder-workspace/.derivedData/Build/Intermediates.noindex/Konkyo.build/Debug-watchos/Konkyo-t.build/Objects-normal/arm64/Konkyo-OutputFileMap.json -save-temps -no-color-diagnostics -explicit-module-build -module-cache-path /Users/admin/builder/spi-builder-workspace/.derivedData/Build/Intermediates.noindex/SwiftExplicitPrecompiledModules -clang-scanner-module-cache-path /Users/admin/builder/spi-builder-workspace/.derivedData/ModuleCache.noindex -sdk-module-cache-path /Users/admin/builder/spi-builder-workspace/.derivedData/SDKExplicitPrecompiledModules -emit-dependencies -emit-module -emit-module-path /Users/admin/builder/spi-builder-workspace/.derivedData/Build/Intermediates.noindex/Konkyo.build/Debug-watchos/Konkyo-t.build/Objects-normal/arm64/Konkyo.swiftmodule -serialize-diagnostics -dependency-scan-serialize-diagnostics-path /Users/admin/builder/spi-builder-workspace/.derivedData/Build/Intermediates.noindex/Konkyo.build/Debug-watchos/Konkyo-t.build/Objects-normal/arm64/Konkyo-dependency-scan.dia -validate-clang-modules-once -clang-build-session-file /Users/admin/builder/spi-builder-workspace/.derivedData/ModuleCache.noindex/Session.modulevalidation -Xcc -fmodules-prune-interval\=86400 -Xcc -fmodules-prune-after\=345600 -package-name spi_builder_workspace -emit-const-values -const-gather-protocols-list /Users/admin/builder/spi-builder-workspace/.derivedData/Build/Intermediates.noindex/Konkyo.build/Debug-watchos/Konkyo-t.build/Objects-normal/arm64/Konkyo_const_extract_protocols.json -Xcc -I/Users/admin/builder/spi-builder-workspace/.derivedData/Build/Products/Debug-watchos/include -Xcc -I/Users/admin/builder/spi-builder-workspace/.derivedData/Build/Intermediates.noindex/Konkyo.build/Debug-watchos/Konkyo-t.build/DerivedSources-normal/arm64 -Xcc -I/Users/admin/builder/spi-builder-workspace/.derivedData/Build/Intermediates.noindex/Konkyo.build/Debug-watchos/Konkyo-t.build/DerivedSources/arm64 -Xcc -I/Users/admin/builder/spi-builder-workspace/.derivedData/Build/Intermediates.noindex/Konkyo.build/Debug-watchos/Konkyo-t.build/DerivedSources -Xcc -DSWIFT_PACKAGE -Xcc -DDEBUG\=1 -emit-objc-header -emit-objc-header-path /Users/admin/builder/spi-builder-workspace/.derivedData/Build/Intermediates.noindex/Konkyo.build/Debug-watchos/Konkyo-t.build/Objects-normal/arm64/Konkyo-Swift.h -working-directory /Users/admin/builder/spi-builder-workspace/.swiftpm/xcode -experimental-emit-module-separately -disable-cmo
SwiftCompile normal arm64 Compiling\ Debouncer.swift /Users/admin/builder/spi-builder-workspace/Sources/Konkyo/Debouncer.swift (in target 'Konkyo' from project 'Konkyo')
SwiftCompile normal arm64 /Users/admin/builder/spi-builder-workspace/Sources/Konkyo/Debouncer.swift (in target 'Konkyo' from project 'Konkyo')
cd /Users/admin/builder/spi-builder-workspace/.swiftpm/xcode
builtin-SwiftPerFileCompile Debouncer.swift
SwiftCompile normal arm64 Compiling\ UIApplicationExtensions.swift /Users/admin/builder/spi-builder-workspace/Sources/Konkyo/Extensions/UIApplicationExtensions.swift (in target 'Konkyo' from project 'Konkyo')
SwiftCompile normal arm64 /Users/admin/builder/spi-builder-workspace/Sources/Konkyo/Extensions/UIApplicationExtensions.swift (in target 'Konkyo' from project 'Konkyo')
cd /Users/admin/builder/spi-builder-workspace/.swiftpm/xcode
builtin-SwiftPerFileCompile UIApplicationExtensions.swift
/Users/admin/builder/spi-builder-workspace/Sources/Konkyo/Extensions/UIApplicationExtensions.swift:23:25: error: 'UIWindow' is unavailable in watchOS
21 | ///
22 | /// - Returns: The Key window for a UIKit Application or nil or one could not be found.
23 | func getKeyWindow() -> UIWindow? {
| `- error: 'UIWindow' is unavailable in watchOS
24 | return connectedScenes
25 | .lazy
/Applications/Xcode-27.0.0.app/Contents/Developer/Platforms/WatchOS.platform/Developer/SDKs/WatchOS27.0.sdk/System/Library/Frameworks/UIKit.framework/Headers/UIWindow.h:22:12: note: 'UIWindow' has been explicitly marked unavailable here
20 |
21 | UIKIT_EXTERN API_AVAILABLE(ios(2.0)) API_UNAVAILABLE(watchos) NS_SWIFT_UI_ACTOR
22 | @interface UIWindow : UIView
| `- note: 'UIWindow' has been explicitly marked unavailable here
23 |
24 | // instantiate a UIWindow already associated with a given UIWindowScene instance, with matching frame & interface orientations.
/Users/admin/builder/spi-builder-workspace/Sources/Konkyo/Extensions/UIApplicationExtensions.swift:19:18: error: 'UIApplication' is unavailable in watchOS
17 | import UIKit
18 |
19 | public extension UIApplication {
| `- error: 'UIApplication' is unavailable in watchOS
20 | /// Returns the Key Window for a UIKit application or nil if one could not be found.
21 | ///
/Applications/Xcode-27.0.0.app/Contents/Developer/Platforms/WatchOS.platform/Developer/SDKs/WatchOS27.0.sdk/System/Library/Frameworks/UIKit.framework/Headers/UIApplication.h:85:12: note: 'UIApplication' has been explicitly marked unavailable here
83 |
84 | UIKIT_EXTERN API_AVAILABLE(ios(2.0)) API_UNAVAILABLE(watchos) NS_SWIFT_UI_ACTOR
85 | @interface UIApplication : UIResponder
| `- note: 'UIApplication' has been explicitly marked unavailable here
86 |
87 | @property(class, nonatomic, readonly) UIApplication *sharedApplication NS_EXTENSION_UNAVAILABLE_IOS("Use view controller based solutions where appropriate instead.");
/Users/admin/builder/spi-builder-workspace/Sources/Konkyo/Extensions/UIApplicationExtensions.swift:24:10: error: 'connectedScenes' is unavailable in watchOS
22 | /// - Returns: The Key window for a UIKit Application or nil or one could not be found.
23 | func getKeyWindow() -> UIWindow? {
24 | return connectedScenes
| `- error: 'connectedScenes' is unavailable in watchOS
25 | .lazy
26 | .compactMap { $0 as? UIWindowScene }
/Applications/Xcode-27.0.0.app/Contents/Developer/Platforms/WatchOS.platform/Developer/SDKs/WatchOS27.0.sdk/System/Library/Frameworks/UIKit.framework/Headers/UIApplication.h:189:50: note: 'connectedScenes' has been explicitly marked unavailable here
187 | #pragma mark -- UIScene --
188 | // All of the currently connected UIScene instances
189 | @property(nonatomic, readonly) NSSet<UIScene *> *connectedScenes API_AVAILABLE(ios(13.0)) API_UNAVAILABLE(watchos);
| `- note: 'connectedScenes' has been explicitly marked unavailable here
190 |
191 | // All of the representations that currently have connected UIScene instances or had their sessions persisted by the system (ex: visible in iOS' switcher)
SwiftCompile normal arm64 Compiling\ ViewExtension.swift /Users/admin/builder/spi-builder-workspace/Sources/Konkyo/SwiftUI/ViewExtension.swift (in target 'Konkyo' from project 'Konkyo')
SwiftCompile normal arm64 /Users/admin/builder/spi-builder-workspace/Sources/Konkyo/SwiftUI/ViewExtension.swift (in target 'Konkyo' from project 'Konkyo')
cd /Users/admin/builder/spi-builder-workspace/.swiftpm/xcode
builtin-SwiftPerFileCompile ViewExtension.swift
SwiftCompile normal arm64 Compiling\ Condition.swift /Users/admin/builder/spi-builder-workspace/Sources/Konkyo/Threading/Condition.swift (in target 'Konkyo' from project 'Konkyo')
/Users/admin/builder/spi-builder-workspace/Sources/Konkyo/Threading/Condition.swift:100:7: warning: initialization of immutable value 'customName' was never used; consider replacing with assignment to '_' or removing it [#NoUsage]
98 | extension Condition: CustomDebugStringConvertible {
99 | public var debugDescription: String {
100 | let customName = uuid.uuidString
| `- warning: initialization of immutable value 'customName' was never used; consider replacing with assignment to '_' or removing it [#NoUsage]
101 | let description = "Condition(\(name ?? uuid.uuidString))"
102 | return description
[#NoUsage]: <https://docs.swift.org/compiler/documentation/diagnostics/no-usage>
SwiftCompile normal arm64 /Users/admin/builder/spi-builder-workspace/Sources/Konkyo/Threading/Condition.swift (in target 'Konkyo' from project 'Konkyo')
cd /Users/admin/builder/spi-builder-workspace/.swiftpm/xcode
builtin-SwiftPerFileCompile Condition.swift
SwiftCompile normal arm64 Compiling\ ResultExtensions.swift /Users/admin/builder/spi-builder-workspace/Sources/Konkyo/Extensions/ResultExtensions.swift (in target 'Konkyo' from project 'Konkyo')
SwiftCompile normal arm64 /Users/admin/builder/spi-builder-workspace/Sources/Konkyo/Extensions/ResultExtensions.swift (in target 'Konkyo' from project 'Konkyo')
cd /Users/admin/builder/spi-builder-workspace/.swiftpm/xcode
builtin-SwiftPerFileCompile ResultExtensions.swift
SwiftCompile normal arm64 Compiling\ CPUInfo.swift /Users/admin/builder/spi-builder-workspace/Sources/Konkyo/System\ Info/CPUInfo.swift (in target 'Konkyo' from project 'Konkyo')
SwiftCompile normal arm64 /Users/admin/builder/spi-builder-workspace/Sources/Konkyo/System\ Info/CPUInfo.swift (in target 'Konkyo' from project 'Konkyo')
cd /Users/admin/builder/spi-builder-workspace/.swiftpm/xcode
builtin-SwiftPerFileCompile CPUInfo.swift
SwiftEmitModule normal arm64 Emitting\ module\ for\ Konkyo (in target 'Konkyo' from project 'Konkyo')
/Users/admin/builder/spi-builder-workspace/Sources/Konkyo/Extensions/UIApplicationExtensions.swift:23:25: error: 'UIWindow' is unavailable in watchOS
21 | ///
22 | /// - Returns: The Key window for a UIKit Application or nil or one could not be found.
23 | func getKeyWindow() -> UIWindow? {
| `- error: 'UIWindow' is unavailable in watchOS
24 | return connectedScenes
25 | .lazy
/Applications/Xcode-27.0.0.app/Contents/Developer/Platforms/WatchOS.platform/Developer/SDKs/WatchOS27.0.sdk/System/Library/Frameworks/UIKit.framework/Headers/UIWindow.h:22:12: note: 'UIWindow' has been explicitly marked unavailable here
20 |
21 | UIKIT_EXTERN API_AVAILABLE(ios(2.0)) API_UNAVAILABLE(watchos) NS_SWIFT_UI_ACTOR
22 | @interface UIWindow : UIView
| `- note: 'UIWindow' has been explicitly marked unavailable here
23 |
24 | // instantiate a UIWindow already associated with a given UIWindowScene instance, with matching frame & interface orientations.
/Users/admin/builder/spi-builder-workspace/Sources/Konkyo/Extensions/UIApplicationExtensions.swift:19:18: error: 'UIApplication' is unavailable in watchOS
17 | import UIKit
18 |
19 | public extension UIApplication {
| `- error: 'UIApplication' is unavailable in watchOS
20 | /// Returns the Key Window for a UIKit application or nil if one could not be found.
21 | ///
/Applications/Xcode-27.0.0.app/Contents/Developer/Platforms/WatchOS.platform/Developer/SDKs/WatchOS27.0.sdk/System/Library/Frameworks/UIKit.framework/Headers/UIApplication.h:85:12: note: 'UIApplication' has been explicitly marked unavailable here
83 |
84 | UIKIT_EXTERN API_AVAILABLE(ios(2.0)) API_UNAVAILABLE(watchos) NS_SWIFT_UI_ACTOR
85 | @interface UIApplication : UIResponder
| `- note: 'UIApplication' has been explicitly marked unavailable here
86 |
87 | @property(class, nonatomic, readonly) UIApplication *sharedApplication NS_EXTENSION_UNAVAILABLE_IOS("Use view controller based solutions where appropriate instead.");
Failed frontend command:
/Applications/Xcode-27.0.0.app/Contents/Developer/Toolchains/XcodeDefault.xctoolchain/usr/bin/swift-frontend -frontend -emit-module -experimental-skip-non-inlinable-function-bodies-without-types /Users/admin/builder/spi-builder-workspace/Sources/Konkyo/Data\ Structures/RollingDictionary.swift /Users/admin/builder/spi-builder-workspace/Sources/Konkyo/Debouncer.swift /Users/admin/builder/spi-builder-workspace/Sources/Konkyo/Errors.swift /Users/admin/builder/spi-builder-workspace/Sources/Konkyo/Extensions/NSLockExtensions.swift /Users/admin/builder/spi-builder-workspace/Sources/Konkyo/Extensions/ResultExtensions.swift /Users/admin/builder/spi-builder-workspace/Sources/Konkyo/Extensions/UIApplicationExtensions.swift /Users/admin/builder/spi-builder-workspace/Sources/Konkyo/Initialization.swift /Users/admin/builder/spi-builder-workspace/Sources/Konkyo/MVVM/ViewModel.swift /Users/admin/builder/spi-builder-workspace/Sources/Konkyo/Networking/NetworkingExtensions.swift /Users/admin/builder/spi-builder-workspace/Sources/Konkyo/PropertyWrappers/Settings.swift /Users/admin/builder/spi-builder-workspace/Sources/Konkyo/SwiftUI/ViewExtension.swift /Users/admin/builder/spi-builder-workspace/Sources/Konkyo/System\ Info/CPUInfo.swift /Users/admin/builder/spi-builder-workspace/Sources/Konkyo/Threading/AsynchronousOperationBase.swift /Users/admin/builder/spi-builder-workspace/Sources/Konkyo/Threading/Atomic.swift /Users/admin/builder/spi-builder-workspace/Sources/Konkyo/Threading/Condition.swift /Users/admin/builder/spi-builder-workspace/Sources/Konkyo/Threading/Mutex.swift -target arm64-apple-watchos11.0 -module-can-import-version UIKit 9127.0.84.1 9127.0.84 -disable-cross-import-overlay-search -swift-module-cross-import Darwin /Applications/Xcode-27.0.0.app/Contents/Developer/Platforms/WatchOS.platform/Developer/SDKs/WatchOS.sdk/usr/include/Darwin.swiftcrossimport/xlocale.swiftoverlay -load-resolved-plugin /Applications/Xcode-27.0.0.app/Contents/Developer/Platforms/WatchOS.platform/Developer/usr/lib/swift/host/plugins/libFoundationMacros.dylib\#/Applications/Xcode-27.0.0.app/Contents/Developer/Platforms/WatchOS.platform/Developer/usr/bin/swift-plugin-server\#FoundationMacros -load-resolved-plugin /Applications/Xcode-27.0.0.app/Contents/Developer/Platforms/WatchOS.platform/Developer/usr/lib/swift/host/plugins/libObservationMacros.dylib\#/Applications/Xcode-27.0.0.app/Contents/Developer/Platforms/WatchOS.platform/Developer/usr/bin/swift-plugin-server\#ObservationMacros -load-resolved-plugin /Applications/Xcode-27.0.0.app/Contents/Developer/Platforms/WatchOS.platform/Developer/usr/lib/swift/host/plugins/libPreviewsMacros.dylib\#/Applications/Xcode-27.0.0.app/Contents/Developer/Platforms/WatchOS.platform/Developer/usr/bin/swift-plugin-server\#PreviewsMacros -load-resolved-plugin /Applications/Xcode-27.0.0.app/Contents/Developer/Platforms/WatchOS.platform/Developer/usr/lib/swift/host/plugins/libSwiftMacros.dylib\#/Applications/Xcode-27.0.0.app/Contents/Developer/Platforms/WatchOS.platform/Developer/usr/bin/swift-plugin-server\#SwiftMacros -load-resolved-plugin /Applications/Xcode-27.0.0.app/Contents/Developer/Platforms/WatchOS.platform/Developer/usr/lib/swift/host/plugins/libSwiftUIMacros.dylib\#/Applications/Xcode-27.0.0.app/Contents/Developer/Platforms/WatchOS.platform/Developer/usr/bin/swift-plugin-server\#SwiftUIMacros -disable-implicit-swift-modules -Xcc -fno-implicit-modules -Xcc -fno-implicit-module-maps -explicit-swift-module-map-file /Users/admin/builder/spi-builder-workspace/.derivedData/Build/Intermediates.noindex/Konkyo.build/Debug-watchos/Konkyo-t.build/Objects-normal/arm64/Konkyo-dependencies-1.json -Xllvm -aarch64-use-tbi -enable-objc-interop -stack-check -sdk /Applications/Xcode-27.0.0.app/Contents/Developer/Platforms/WatchOS.platform/Developer/SDKs/WatchOS27.0.sdk -I /Users/admin/builder/spi-builder-workspace/.derivedData/Build/Products/Debug-watchos -Isystem /Applications/Xcode-27.0.0.app/Contents/Developer/Platforms/WatchOS.platform/Developer/usr/lib -F /Users/admin/builder/spi-builder-workspace/.derivedData/Build/Products/Debug-watchos/PackageFrameworks -F /Users/admin/builder/spi-builder-workspace/.derivedData/Build/Products/Debug-watchos -F /Applications/Xcode-27.0.0.app/Contents/Developer/Platforms/WatchOS.platform/Developer/Library/Frameworks -F /Applications/Xcode-27.0.0.app/Contents/Developer/Platforms/WatchOS.platform/Developer/SDKs/WatchOS27.0.sdk/Developer/Library/Frameworks -module-cache-path /Users/admin/builder/spi-builder-workspace/.derivedData/Build/Intermediates.noindex/SwiftExplicitPrecompiledModules -no-color-diagnostics -Xcc -fno-color-diagnostics -enable-testing -g -debug-info-format\=dwarf -dwarf-version\=5 -profile-generate -profile-coverage-mapping -swift-version 6 -Onone -D SWIFT_PACKAGE -D DEBUG -D SWIFT_MODULE_RESOURCE_BUNDLE_UNAVAILABLE -D Xcode -serialize-debugging-options -enable-experimental-feature DebugDescriptionMacro -empty-abi-descriptor -validate-clang-modules-once -clang-build-session-file /Users/admin/builder/spi-builder-workspace/.derivedData/ModuleCache.noindex/Session.modulevalidation -Xcc -working-directory -Xcc /Users/admin/builder/spi-builder-workspace/.swiftpm/xcode -enable-anonymous-context-mangled-names -file-compilation-dir /Users/admin/builder/spi-builder-workspace/.swiftpm/xcode -Xcc -D_LIBCPP_HARDENING_MODE\=_LIBCPP_HARDENING_MODE_DEBUG -Xcc -ivfsstatcache -Xcc /Users/admin/builder/spi-builder-workspace/.derivedData/SDKStatCaches.noindex/watchos27.0-24R360-e829b21a6f8c9b70876ba0858053c044b9db9bc9c079ee3c7b5f3373b13d10bc.sdkstatcache -Xcc -fmodules-prune-interval\=86400 -Xcc -fmodules-prune-after\=345600 -Xcc -I/Users/admin/builder/spi-builder-workspace/.derivedData/Build/Products/Debug-watchos/include -Xcc -I/Users/admin/builder/spi-builder-workspace/.derivedData/Build/Intermediates.noindex/Konkyo.build/Debug-watchos/Konkyo-t.build/DerivedSources-normal/arm64 -Xcc -I/Users/admin/builder/spi-builder-workspace/.derivedData/Build/Intermediates.noindex/Konkyo.build/Debug-watchos/Konkyo-t.build/DerivedSources/arm64 -Xcc -I/Users/admin/builder/spi-builder-workspace/.derivedData/Build/Intermediates.noindex/Konkyo.build/Debug-watchos/Konkyo-t.build/DerivedSources -Xcc -DSWIFT_PACKAGE -Xcc -DDEBUG\=1 -no-auto-bridging-header-chaining -module-name Konkyo -package-name spi_builder_workspace -const-gather-protocols-file /Users/admin/builder/spi-builder-workspace/.derivedData/Build/Intermediates.noindex/Konkyo.build/Debug-watchos/Konkyo-t.build/Objects-normal/arm64/Konkyo_const_extract_protocols.json -disable-clang-spi -clang-target arm64-apple-watchos27.0 -target-sdk-version 27.0 -target-sdk-name watchos27.0 -in-process-plugin-server-path /Applications/Xcode-27.0.0.app/Contents/Developer/Toolchains/XcodeDefault.xctoolchain/usr/lib/swift/host/libSwiftInProcPluginServer.dylib -emit-module-doc-path /Users/admin/builder/spi-builder-workspace/.derivedData/Build/Intermediates.noindex/Konkyo.build/Debug-watchos/Konkyo-t.build/Objects-normal/arm64/Konkyo.swiftdoc -emit-module-source-info-path /Users/admin/builder/spi-builder-workspace/.derivedData/Build/Intermediates.noindex/Konkyo.build/Debug-watchos/Konkyo-t.build/Objects-normal/arm64/Konkyo.swiftsourceinfo -emit-objc-header-path /Users/admin/builder/spi-builder-workspace/.derivedData/Build/Intermediates.noindex/Konkyo.build/Debug-watchos/Konkyo-t.build/Objects-normal/arm64/Konkyo-Swift.h -serialize-diagnostics-path /Users/admin/builder/spi-builder-workspace/.derivedData/Build/Intermediates.noindex/Konkyo.build/Debug-watchos/Konkyo-t.build/Objects-normal/arm64/Konkyo-primary-emit-module.dia -emit-dependencies-path /Users/admin/builder/spi-builder-workspace/.derivedData/Build/Intermediates.noindex/Konkyo.build/Debug-watchos/Konkyo-t.build/Objects-normal/arm64/Konkyo-primary-emit-module.d -parse-as-library -o /Users/admin/builder/spi-builder-workspace/.derivedData/Build/Intermediates.noindex/Konkyo.build/Debug-watchos/Konkyo-t.build/Objects-normal/arm64/Konkyo.swiftmodule -emit-abi-descriptor-path /Users/admin/builder/spi-builder-workspace/.derivedData/Build/Intermediates.noindex/Konkyo.build/Debug-watchos/Konkyo-t.build/Objects-normal/arm64/Konkyo.abi.json
SwiftCompile normal arm64 (in target 'Konkyo' from project 'Konkyo')
cd /Users/admin/builder/spi-builder-workspace/.swiftpm/xcode
SwiftCompile normal arm64 Compiling\ RollingDictionary.swift /Users/admin/builder/spi-builder-workspace/Sources/Konkyo/Data\ Structures/RollingDictionary.swift (in target 'Konkyo' from project 'Konkyo')
SwiftCompile normal arm64 /Users/admin/builder/spi-builder-workspace/Sources/Konkyo/Data\ Structures/RollingDictionary.swift (in target 'Konkyo' from project 'Konkyo')
cd /Users/admin/builder/spi-builder-workspace/.swiftpm/xcode
builtin-SwiftPerFileCompile RollingDictionary.swift
SwiftEmitModule normal arm64_32 Emitting\ module\ for\ Konkyo (in target 'Konkyo' from project 'Konkyo')
/Users/admin/builder/spi-builder-workspace/Sources/Konkyo/Extensions/UIApplicationExtensions.swift:23:25: error: 'UIWindow' is unavailable in watchOS
21 | ///
22 | /// - Returns: The Key window for a UIKit Application or nil or one could not be found.
23 | func getKeyWindow() -> UIWindow? {
| `- error: 'UIWindow' is unavailable in watchOS
24 | return connectedScenes
25 | .lazy
/Applications/Xcode-27.0.0.app/Contents/Developer/Platforms/WatchOS.platform/Developer/SDKs/WatchOS27.0.sdk/System/Library/Frameworks/UIKit.framework/Headers/UIWindow.h:22:12: note: 'UIWindow' has been explicitly marked unavailable here
20 |
21 | UIKIT_EXTERN API_AVAILABLE(ios(2.0)) API_UNAVAILABLE(watchos) NS_SWIFT_UI_ACTOR
22 | @interface UIWindow : UIView
| `- note: 'UIWindow' has been explicitly marked unavailable here
23 |
24 | // instantiate a UIWindow already associated with a given UIWindowScene instance, with matching frame & interface orientations.
/Users/admin/builder/spi-builder-workspace/Sources/Konkyo/Extensions/UIApplicationExtensions.swift:19:18: error: 'UIApplication' is unavailable in watchOS
17 | import UIKit
18 |
19 | public extension UIApplication {
| `- error: 'UIApplication' is unavailable in watchOS
20 | /// Returns the Key Window for a UIKit application or nil if one could not be found.
21 | ///
/Applications/Xcode-27.0.0.app/Contents/Developer/Platforms/WatchOS.platform/Developer/SDKs/WatchOS27.0.sdk/System/Library/Frameworks/UIKit.framework/Headers/UIApplication.h:85:12: note: 'UIApplication' has been explicitly marked unavailable here
83 |
84 | UIKIT_EXTERN API_AVAILABLE(ios(2.0)) API_UNAVAILABLE(watchos) NS_SWIFT_UI_ACTOR
85 | @interface UIApplication : UIResponder
| `- note: 'UIApplication' has been explicitly marked unavailable here
86 |
87 | @property(class, nonatomic, readonly) UIApplication *sharedApplication NS_EXTENSION_UNAVAILABLE_IOS("Use view controller based solutions where appropriate instead.");
SwiftCompile normal arm64_32 (in target 'Konkyo' from project 'Konkyo')
cd /Users/admin/builder/spi-builder-workspace/.swiftpm/xcode
SwiftCompile normal arm64_32 Compiling\ ResultExtensions.swift,\ UIApplicationExtensions.swift /Users/admin/builder/spi-builder-workspace/Sources/Konkyo/Extensions/ResultExtensions.swift /Users/admin/builder/spi-builder-workspace/Sources/Konkyo/Extensions/UIApplicationExtensions.swift (in target 'Konkyo' from project 'Konkyo')
/Users/admin/builder/spi-builder-workspace/Sources/Konkyo/Extensions/UIApplicationExtensions.swift:23:25: error: 'UIWindow' is unavailable in watchOS
21 | ///
22 | /// - Returns: The Key window for a UIKit Application or nil or one could not be found.
23 | func getKeyWindow() -> UIWindow? {
| `- error: 'UIWindow' is unavailable in watchOS
24 | return connectedScenes
25 | .lazy
/Applications/Xcode-27.0.0.app/Contents/Developer/Platforms/WatchOS.platform/Developer/SDKs/WatchOS27.0.sdk/System/Library/Frameworks/UIKit.framework/Headers/UIWindow.h:22:12: note: 'UIWindow' has been explicitly marked unavailable here
20 |
21 | UIKIT_EXTERN API_AVAILABLE(ios(2.0)) API_UNAVAILABLE(watchos) NS_SWIFT_UI_ACTOR
22 | @interface UIWindow : UIView
| `- note: 'UIWindow' has been explicitly marked unavailable here
23 |
24 | // instantiate a UIWindow already associated with a given UIWindowScene instance, with matching frame & interface orientations.
/Users/admin/builder/spi-builder-workspace/Sources/Konkyo/Extensions/UIApplicationExtensions.swift:19:18: error: 'UIApplication' is unavailable in watchOS
17 | import UIKit
18 |
19 | public extension UIApplication {
| `- error: 'UIApplication' is unavailable in watchOS
20 | /// Returns the Key Window for a UIKit application or nil if one could not be found.
21 | ///
/Applications/Xcode-27.0.0.app/Contents/Developer/Platforms/WatchOS.platform/Developer/SDKs/WatchOS27.0.sdk/System/Library/Frameworks/UIKit.framework/Headers/UIApplication.h:85:12: note: 'UIApplication' has been explicitly marked unavailable here
83 |
84 | UIKIT_EXTERN API_AVAILABLE(ios(2.0)) API_UNAVAILABLE(watchos) NS_SWIFT_UI_ACTOR
85 | @interface UIApplication : UIResponder
| `- note: 'UIApplication' has been explicitly marked unavailable here
86 |
87 | @property(class, nonatomic, readonly) UIApplication *sharedApplication NS_EXTENSION_UNAVAILABLE_IOS("Use view controller based solutions where appropriate instead.");
/Users/admin/builder/spi-builder-workspace/Sources/Konkyo/Extensions/UIApplicationExtensions.swift:24:10: error: 'connectedScenes' is unavailable in watchOS
22 | /// - Returns: The Key window for a UIKit Application or nil or one could not be found.
23 | func getKeyWindow() -> UIWindow? {
24 | return connectedScenes
| `- error: 'connectedScenes' is unavailable in watchOS
25 | .lazy
26 | .compactMap { $0 as? UIWindowScene }
/Applications/Xcode-27.0.0.app/Contents/Developer/Platforms/WatchOS.platform/Developer/SDKs/WatchOS27.0.sdk/System/Library/Frameworks/UIKit.framework/Headers/UIApplication.h:189:50: note: 'connectedScenes' has been explicitly marked unavailable here
187 | #pragma mark -- UIScene --
188 | // All of the currently connected UIScene instances
189 | @property(nonatomic, readonly) NSSet<UIScene *> *connectedScenes API_AVAILABLE(ios(13.0)) API_UNAVAILABLE(watchos);
| `- note: 'connectedScenes' has been explicitly marked unavailable here
190 |
191 | // All of the representations that currently have connected UIScene instances or had their sessions persisted by the system (ex: visible in iOS' switcher)
SwiftCompile normal arm64_32 /Users/admin/builder/spi-builder-workspace/Sources/Konkyo/Extensions/ResultExtensions.swift (in target 'Konkyo' from project 'Konkyo')
cd /Users/admin/builder/spi-builder-workspace/.swiftpm/xcode
builtin-SwiftPerFileCompile ResultExtensions.swift
SwiftCompile normal arm64_32 /Users/admin/builder/spi-builder-workspace/Sources/Konkyo/Extensions/UIApplicationExtensions.swift (in target 'Konkyo' from project 'Konkyo')
cd /Users/admin/builder/spi-builder-workspace/.swiftpm/xcode
builtin-SwiftPerFileCompile UIApplicationExtensions.swift
SwiftCompile normal arm64_32 Compiling\ ViewExtension.swift,\ CPUInfo.swift /Users/admin/builder/spi-builder-workspace/Sources/Konkyo/SwiftUI/ViewExtension.swift /Users/admin/builder/spi-builder-workspace/Sources/Konkyo/System\ Info/CPUInfo.swift (in target 'Konkyo' from project 'Konkyo')
SwiftCompile normal arm64_32 /Users/admin/builder/spi-builder-workspace/Sources/Konkyo/SwiftUI/ViewExtension.swift (in target 'Konkyo' from project 'Konkyo')
cd /Users/admin/builder/spi-builder-workspace/.swiftpm/xcode
builtin-SwiftPerFileCompile ViewExtension.swift
SwiftCompile normal arm64_32 /Users/admin/builder/spi-builder-workspace/Sources/Konkyo/System\ Info/CPUInfo.swift (in target 'Konkyo' from project 'Konkyo')
cd /Users/admin/builder/spi-builder-workspace/.swiftpm/xcode
builtin-SwiftPerFileCompile CPUInfo.swift
SwiftDriverJobDiscovery normal arm64 Compiling ResultExtensions.swift (in target 'Konkyo' from project 'Konkyo')
SwiftCompile normal arm64_32 Compiling\ AsynchronousOperationBase.swift /Users/admin/builder/spi-builder-workspace/Sources/Konkyo/Threading/AsynchronousOperationBase.swift (in target 'Konkyo' from project 'Konkyo')
SwiftCompile normal arm64_32 /Users/admin/builder/spi-builder-workspace/Sources/Konkyo/Threading/AsynchronousOperationBase.swift (in target 'Konkyo' from project 'Konkyo')
cd /Users/admin/builder/spi-builder-workspace/.swiftpm/xcode
builtin-SwiftPerFileCompile AsynchronousOperationBase.swift
SwiftDriverJobDiscovery normal arm64 Compiling Debouncer.swift (in target 'Konkyo' from project 'Konkyo')
SwiftCompile normal arm64_32 Compiling\ Mutex.swift /Users/admin/builder/spi-builder-workspace/Sources/Konkyo/Threading/Mutex.swift (in target 'Konkyo' from project 'Konkyo')
SwiftCompile normal arm64_32 /Users/admin/builder/spi-builder-workspace/Sources/Konkyo/Threading/Mutex.swift (in target 'Konkyo' from project 'Konkyo')
cd /Users/admin/builder/spi-builder-workspace/.swiftpm/xcode
builtin-SwiftPerFileCompile Mutex.swift
SwiftDriverJobDiscovery normal arm64 Compiling CPUInfo.swift (in target 'Konkyo' from project 'Konkyo')
SwiftCompile normal arm64_32 Compiling\ Atomic.swift /Users/admin/builder/spi-builder-workspace/Sources/Konkyo/Threading/Atomic.swift (in target 'Konkyo' from project 'Konkyo')
SwiftCompile normal arm64_32 /Users/admin/builder/spi-builder-workspace/Sources/Konkyo/Threading/Atomic.swift (in target 'Konkyo' from project 'Konkyo')
cd /Users/admin/builder/spi-builder-workspace/.swiftpm/xcode
builtin-SwiftPerFileCompile Atomic.swift
SwiftDriverJobDiscovery normal arm64 Compiling Condition.swift (in target 'Konkyo' from project 'Konkyo')
SwiftCompile normal arm64 Compiling\ Mutex.swift /Users/admin/builder/spi-builder-workspace/Sources/Konkyo/Threading/Mutex.swift (in target 'Konkyo' from project 'Konkyo')
SwiftCompile normal arm64 /Users/admin/builder/spi-builder-workspace/Sources/Konkyo/Threading/Mutex.swift (in target 'Konkyo' from project 'Konkyo')
cd /Users/admin/builder/spi-builder-workspace/.swiftpm/xcode
builtin-SwiftPerFileCompile Mutex.swift
PruneExplicitPrecompiledModules /Users/admin/builder/spi-builder-workspace/.derivedData/Build/Intermediates.noindex/ExplicitPrecompiledModules
PruneExplicitPrecompiledModules /Users/admin/builder/spi-builder-workspace/.derivedData/Build/Intermediates.noindex/SwiftExplicitPrecompiledModules
PruneExplicitPrecompiledModules /Users/admin/builder/spi-builder-workspace/.derivedData/SDKExplicitPrecompiledModules
2026-10-05 06:19:15.404 xcodebuild[862:5013] [MT] IDERunDestination: Supported platforms for the buildables in the current scheme is empty.
** BUILD FAILED **
The following build commands failed:
SwiftEmitModule normal arm64 Emitting\ module\ for\ Konkyo (in target 'Konkyo' from project 'Konkyo')
SwiftCompile normal arm64 (in target 'Konkyo' from project 'Konkyo')
Building workspace Konkyo with scheme Konkyo
(3 failures)
BUILD FAILURE 6.4 watchOS