Build Information
Failed to build XMPPChatSwift, reference v1.0.0 (ff6f24), with Swift 6.3 for Android on 29 Jun 2026 05:08:07 UTC.
Build Command
bash -c docker run --pull=always --rm -v "checkouts-53886768-0":/host -w "$PWD" -e JAVA_HOME="/root/.sdkman/candidates/java/current" -e SPI_BUILD="1" -e SPI_PROCESSING="1" registry.gitlab.com/saguaro1/spi-images:android-6.3-latest swift build --swift-sdk aarch64-unknown-linux-android28 2>&1Build Log
========================================
RunAll
========================================
Builder version: 0e64495ecc1688c3b3e031a5ef1348b5c05091ae
Interrupt handler set up.
========================================
Checkout
========================================
Clone URL: https://github.com/dappros/ethora-sdk-swift.git
Reference: v1.0.0
Initialized empty Git repository in /host/spi-builder-workspace/.git/
hint: Using 'master' as the name for the initial branch. This default branch name
hint: is subject to change. To configure the initial branch name to use in all
hint: of your new repositories, which will suppress this warning, call:
hint:
hint: git config --global init.defaultBranch <name>
hint:
hint: Names commonly chosen instead of 'master' are 'main', 'trunk' and
hint: 'development'. The just-created branch can be renamed via this command:
hint:
hint: git branch -m <name>
From https://github.com/dappros/ethora-sdk-swift
* tag v1.0.0 -> FETCH_HEAD
HEAD is now at ff6f244 bug fix delete message and add test
Cloned https://github.com/dappros/ethora-sdk-swift.git
Revision (git rev-parse @):
ff6f244e8cf41e8c1efe0c4ae326fbed3ea680b8
SUCCESS checkout https://github.com/dappros/ethora-sdk-swift.git at v1.0.0
========================================
Build
========================================
Selected platform: android
Swift version: 6.3
Building package at path: $PWD
https://github.com/dappros/ethora-sdk-swift.git
Running build ...
bash -c docker run --pull=always --rm -v "checkouts-53886768-0":/host -w "$PWD" -e JAVA_HOME="/root/.sdkman/candidates/java/current" -e SPI_BUILD="1" -e SPI_PROCESSING="1" registry.gitlab.com/saguaro1/spi-images:android-6.3-latest swift build --swift-sdk aarch64-unknown-linux-android28 2>&1
android-6.3-latest: Pulling from saguaro1/spi-images
Digest: sha256:451958f7df55f9af673f8b0851dc526f2aee3222db374ae53b89fa21ad564bc8
Status: Image is up to date for registry.gitlab.com/saguaro1/spi-images:android-6.3-latest
Fetching https://github.com/daltoniam/Starscream.git
[1/5112] Fetching starscream
Fetched https://github.com/daltoniam/Starscream.git from cache (1.27s)
Computing version for https://github.com/daltoniam/Starscream.git
Computed https://github.com/daltoniam/Starscream.git at 4.0.8 (2.16s)
Creating working copy for https://github.com/daltoniam/Starscream.git
Working copy of https://github.com/daltoniam/Starscream.git resolved at 4.0.8
warning: 'starscream': found 1 file(s) which are unhandled; explicitly declare them as resources or exclude from the target
/host/spi-builder-workspace/.build/checkouts/Starscream/Sources/Info.plist
Building for debugging...
[0/5] Copying PrivacyInfo.xcprivacy
[1/5] Write sources
[4/5] Write swift-version-272D24FF697CF451.txt
error: emit-module command failed with exit code 1 (use -v to see invocation)
[6/25] Emitting module Starscream
/host/spi-builder-workspace/.build/checkouts/Starscream/Sources/Security/FoundationSecurity.swift:24:8: error: no such module 'CommonCrypto'
22 |
23 | import Foundation
24 | import CommonCrypto
| `- error: no such module 'CommonCrypto'
25 |
26 | public enum FoundationSecurityError: Error {
[7/27] Compiling Starscream WebSocketServer.swift
/host/spi-builder-workspace/.build/checkouts/Starscream/Sources/Security/FoundationSecurity.swift:24:8: error: no such module 'CommonCrypto'
22 |
23 | import Foundation
24 | import CommonCrypto
| `- error: no such module 'CommonCrypto'
25 |
26 | public enum FoundationSecurityError: Error {
[8/27] Compiling Starscream WebSocket.swift
/host/spi-builder-workspace/.build/checkouts/Starscream/Sources/Security/FoundationSecurity.swift:24:8: error: no such module 'CommonCrypto'
22 |
23 | import Foundation
24 | import CommonCrypto
| `- error: no such module 'CommonCrypto'
25 |
26 | public enum FoundationSecurityError: Error {
[9/27] Compiling Starscream Framer.swift
/host/spi-builder-workspace/.build/checkouts/Starscream/Sources/Security/FoundationSecurity.swift:24:8: error: no such module 'CommonCrypto'
22 |
23 | import Foundation
24 | import CommonCrypto
| `- error: no such module 'CommonCrypto'
25 |
26 | public enum FoundationSecurityError: Error {
[10/27] Compiling Starscream HTTPHandler.swift
/host/spi-builder-workspace/.build/checkouts/Starscream/Sources/Security/FoundationSecurity.swift:24:8: error: no such module 'CommonCrypto'
22 |
23 | import Foundation
24 | import CommonCrypto
| `- error: no such module 'CommonCrypto'
25 |
26 | public enum FoundationSecurityError: Error {
[11/27] Compiling Starscream StringHTTPHandler.swift
/host/spi-builder-workspace/.build/checkouts/Starscream/Sources/Security/FoundationSecurity.swift:24:8: error: no such module 'CommonCrypto'
22 |
23 | import Foundation
24 | import CommonCrypto
| `- error: no such module 'CommonCrypto'
25 |
26 | public enum FoundationSecurityError: Error {
[12/27] Compiling Starscream Engine.swift
/host/spi-builder-workspace/.build/checkouts/Starscream/Sources/Security/FoundationSecurity.swift:24:8: error: no such module 'CommonCrypto'
22 |
23 | import Foundation
24 | import CommonCrypto
| `- error: no such module 'CommonCrypto'
25 |
26 | public enum FoundationSecurityError: Error {
[13/27] Compiling Starscream NativeEngine.swift
/host/spi-builder-workspace/.build/checkouts/Starscream/Sources/Security/FoundationSecurity.swift:24:8: error: no such module 'CommonCrypto'
22 |
23 | import Foundation
24 | import CommonCrypto
| `- error: no such module 'CommonCrypto'
25 |
26 | public enum FoundationSecurityError: Error {
[14/27] Compiling Starscream WSEngine.swift
/host/spi-builder-workspace/.build/checkouts/Starscream/Sources/Security/FoundationSecurity.swift:24:8: error: no such module 'CommonCrypto'
22 |
23 | import Foundation
24 | import CommonCrypto
| `- error: no such module 'CommonCrypto'
25 |
26 | public enum FoundationSecurityError: Error {
[15/27] Compiling Starscream FoundationTransport.swift
/host/spi-builder-workspace/.build/checkouts/Starscream/Sources/Security/FoundationSecurity.swift:24:8: error: no such module 'CommonCrypto'
22 |
23 | import Foundation
24 | import CommonCrypto
| `- error: no such module 'CommonCrypto'
25 |
26 | public enum FoundationSecurityError: Error {
[16/27] Compiling Starscream TCPTransport.swift
/host/spi-builder-workspace/.build/checkouts/Starscream/Sources/Security/FoundationSecurity.swift:24:8: error: no such module 'CommonCrypto'
22 |
23 | import Foundation
24 | import CommonCrypto
| `- error: no such module 'CommonCrypto'
25 |
26 | public enum FoundationSecurityError: Error {
[17/27] Compiling Starscream FoundationHTTPHandler.swift
/host/spi-builder-workspace/.build/checkouts/Starscream/Sources/Security/FoundationSecurity.swift:24:8: error: no such module 'CommonCrypto'
22 |
23 | import Foundation
24 | import CommonCrypto
| `- error: no such module 'CommonCrypto'
25 |
26 | public enum FoundationSecurityError: Error {
[18/27] Compiling Starscream FoundationHTTPServerHandler.swift
/host/spi-builder-workspace/.build/checkouts/Starscream/Sources/Security/FoundationSecurity.swift:24:8: error: no such module 'CommonCrypto'
22 |
23 | import Foundation
24 | import CommonCrypto
| `- error: no such module 'CommonCrypto'
25 |
26 | public enum FoundationSecurityError: Error {
[19/27] Compiling Starscream FrameCollector.swift
/host/spi-builder-workspace/.build/checkouts/Starscream/Sources/Security/FoundationSecurity.swift:24:8: error: no such module 'CommonCrypto'
22 |
23 | import Foundation
24 | import CommonCrypto
| `- error: no such module 'CommonCrypto'
25 |
26 | public enum FoundationSecurityError: Error {
[20/27] Compiling Starscream Transport.swift
/host/spi-builder-workspace/.build/checkouts/Starscream/Sources/Security/FoundationSecurity.swift:24:8: error: no such module 'CommonCrypto'
22 |
23 | import Foundation
24 | import CommonCrypto
| `- error: no such module 'CommonCrypto'
25 |
26 | public enum FoundationSecurityError: Error {
[21/27] Compiling Starscream resource_bundle_accessor.swift
/host/spi-builder-workspace/.build/checkouts/Starscream/Sources/Security/FoundationSecurity.swift:24:8: error: no such module 'CommonCrypto'
22 |
23 | import Foundation
24 | import CommonCrypto
| `- error: no such module 'CommonCrypto'
25 |
26 | public enum FoundationSecurityError: Error {
[22/27] Compiling Starscream Compression.swift
/host/spi-builder-workspace/.build/checkouts/Starscream/Sources/Security/FoundationSecurity.swift:24:8: error: no such module 'CommonCrypto'
22 |
23 | import Foundation
24 | import CommonCrypto
| `- error: no such module 'CommonCrypto'
25 |
26 | public enum FoundationSecurityError: Error {
[23/27] Compiling Starscream WSCompression.swift
/host/spi-builder-workspace/.build/checkouts/Starscream/Sources/Security/FoundationSecurity.swift:24:8: error: no such module 'CommonCrypto'
22 |
23 | import Foundation
24 | import CommonCrypto
| `- error: no such module 'CommonCrypto'
25 |
26 | public enum FoundationSecurityError: Error {
[24/27] Compiling Starscream Data+Extensions.swift
/host/spi-builder-workspace/.build/checkouts/Starscream/Sources/Security/FoundationSecurity.swift:24:8: error: no such module 'CommonCrypto'
22 |
23 | import Foundation
24 | import CommonCrypto
| `- error: no such module 'CommonCrypto'
25 |
26 | public enum FoundationSecurityError: Error {
[25/27] Compiling Starscream FoundationSecurity.swift
/host/spi-builder-workspace/.build/checkouts/Starscream/Sources/Security/FoundationSecurity.swift:24:8: error: no such module 'CommonCrypto'
22 |
23 | import Foundation
24 | import CommonCrypto
| `- error: no such module 'CommonCrypto'
25 |
26 | public enum FoundationSecurityError: Error {
[26/27] Compiling Starscream Security.swift
/host/spi-builder-workspace/.build/checkouts/Starscream/Sources/Security/FoundationSecurity.swift:24:8: error: no such module 'CommonCrypto'
22 |
23 | import Foundation
24 | import CommonCrypto
| `- error: no such module 'CommonCrypto'
25 |
26 | public enum FoundationSecurityError: Error {
[27/27] Compiling Starscream Server.swift
/host/spi-builder-workspace/.build/checkouts/Starscream/Sources/Security/FoundationSecurity.swift:24:8: error: no such module 'CommonCrypto'
22 |
23 | import Foundation
24 | import CommonCrypto
| `- error: no such module 'CommonCrypto'
25 |
26 | public enum FoundationSecurityError: Error {
BUILD FAILURE 6.3 android