Build Information
Failed to build swiftui-theming, reference 0.2.2 (51c7f3), with Swift 6.2 for Wasm on 10 Jul 2026 00:34:41 UTC.
Build Command
bash -c docker run --pull=always --rm -v "checkouts-53886770-0":/host -w "$PWD" -e JAVA_HOME="/root/.sdkman/candidates/java/current" -e SPI_BUILD="1" -e SPI_PROCESSING="1" registry.gitlab.com/saguaro1/spi-images:wasm-6.2-latest swift build --swift-sdk swift-6.2-RELEASE_wasm 2>&1Build Log
========================================
RunAll
========================================
Builder version: 0e64495ecc1688c3b3e031a5ef1348b5c05091ae
Interrupt handler set up.
========================================
Checkout
========================================
Clone URL: https://github.com/alexanderwe/swiftui-theming.git
Reference: 0.2.2
Initialized empty Git repository in /host/spi-builder-workspace/.git/
hint: Using 'master' as the name for the initial branch. This default branch name
hint: is subject to change. To configure the initial branch name to use in all
hint: of your new repositories, which will suppress this warning, call:
hint:
hint: git config --global init.defaultBranch <name>
hint:
hint: Names commonly chosen instead of 'master' are 'main', 'trunk' and
hint: 'development'. The just-created branch can be renamed via this command:
hint:
hint: git branch -m <name>
From https://github.com/alexanderwe/swiftui-theming
* tag 0.2.2 -> FETCH_HEAD
HEAD is now at 51c7f3a feat(docs): add versionised documentation
Cloned https://github.com/alexanderwe/swiftui-theming.git
Revision (git rev-parse @):
51c7f3ae6ee50cdd6a5b12e02a28e525b1442b09
SPI manifest file found: $PWD/.spi.yml
SUCCESS checkout https://github.com/alexanderwe/swiftui-theming.git at 0.2.2
========================================
Build
========================================
Selected platform: wasm
Swift version: 6.2
Building package at path: $PWD
https://github.com/alexanderwe/swiftui-theming.git
Running build ...
bash -c docker run --pull=always --rm -v "checkouts-53886770-0":/host -w "$PWD" -e JAVA_HOME="/root/.sdkman/candidates/java/current" -e SPI_BUILD="1" -e SPI_PROCESSING="1" registry.gitlab.com/saguaro1/spi-images:wasm-6.2-latest swift build --swift-sdk swift-6.2-RELEASE_wasm 2>&1
wasm-6.2-latest: Pulling from saguaro1/spi-images
Digest: sha256:dc8dffc38f1d92eca7ee5312617822470123661393ed20672e77964f9dcaaffb
Status: Image is up to date for registry.gitlab.com/saguaro1/spi-images:wasm-6.2-latest
Building for debugging...
[0/3] Copying PrivacyInfo.xcprivacy
[1/3] Write sources
[2/3] Write swift-version-24593BA9C3E375BF.txt
[4/12] Compiling Theming ThemeTraits.swift
/host/spi-builder-workspace/Sources/Theming/Extensions/EnvironmentValues+Theming.swift:8:15: error: no such module 'SwiftUI'
6 | //
7 |
8 | public import SwiftUI
| `- error: no such module 'SwiftUI'
9 |
10 | #if os(iOS) || os(visionOS)
[5/12] Compiling Theming ThemeManager.swift
/host/spi-builder-workspace/Sources/Theming/Extensions/EnvironmentValues+Theming.swift:8:15: error: no such module 'SwiftUI'
6 | //
7 |
8 | public import SwiftUI
| `- error: no such module 'SwiftUI'
9 |
10 | #if os(iOS) || os(visionOS)
[6/13] Compiling Theming Theme.swift
/host/spi-builder-workspace/Sources/Theming/Extensions/EnvironmentValues+Theming.swift:8:15: error: no such module 'SwiftUI'
6 | //
7 |
8 | public import SwiftUI
| `- error: no such module 'SwiftUI'
9 |
10 | #if os(iOS) || os(visionOS)
[7/13] Compiling Theming ThemeFont.swift
/host/spi-builder-workspace/Sources/Theming/Extensions/EnvironmentValues+Theming.swift:8:15: error: no such module 'SwiftUI'
6 | //
7 |
8 | public import SwiftUI
| `- error: no such module 'SwiftUI'
9 |
10 | #if os(iOS) || os(visionOS)
error: emit-module command failed with exit code 1 (use -v to see invocation)
[8/13] Emitting module Theming
/host/spi-builder-workspace/Sources/Theming/Extensions/EnvironmentValues+Theming.swift:8:15: error: no such module 'SwiftUI'
6 | //
7 |
8 | public import SwiftUI
| `- error: no such module 'SwiftUI'
9 |
10 | #if os(iOS) || os(visionOS)
[9/13] Compiling Theming ThemeColorStyle.swift
/host/spi-builder-workspace/Sources/Theming/Extensions/EnvironmentValues+Theming.swift:8:15: error: no such module 'SwiftUI'
6 | //
7 |
8 | public import SwiftUI
| `- error: no such module 'SwiftUI'
9 |
10 | #if os(iOS) || os(visionOS)
[10/13] Compiling Theming EnvironmentValues+Theming.swift
/host/spi-builder-workspace/Sources/Theming/Extensions/EnvironmentValues+Theming.swift:8:15: error: no such module 'SwiftUI'
6 | //
7 |
8 | public import SwiftUI
| `- error: no such module 'SwiftUI'
9 |
10 | #if os(iOS) || os(visionOS)
[11/13] Compiling Theming PreviewTrait+Theming.swift
/host/spi-builder-workspace/Sources/Theming/Extensions/EnvironmentValues+Theming.swift:8:15: error: no such module 'SwiftUI'
6 | //
7 |
8 | public import SwiftUI
| `- error: no such module 'SwiftUI'
9 |
10 | #if os(iOS) || os(visionOS)
[12/13] Compiling Theming ThemeColor.swift
/host/spi-builder-workspace/Sources/Theming/Extensions/EnvironmentValues+Theming.swift:8:15: error: no such module 'SwiftUI'
6 | //
7 |
8 | public import SwiftUI
| `- error: no such module 'SwiftUI'
9 |
10 | #if os(iOS) || os(visionOS)
[13/13] Compiling Theming resource_bundle_accessor.swift
/host/spi-builder-workspace/Sources/Theming/Extensions/EnvironmentValues+Theming.swift:8:15: error: no such module 'SwiftUI'
6 | //
7 |
8 | public import SwiftUI
| `- error: no such module 'SwiftUI'
9 |
10 | #if os(iOS) || os(visionOS)
BUILD FAILURE 6.2 wasm