Build Information
Failed to build Wormholy, reference master (4f3a7a), with Swift 6.4 for tvOS using Xcode 27.0 on 24 Sep 2026 12:22:49 UTC.
Build Command
No build command. This typically means the build failed at an early stage where we determine the build command.Build Log
========================================
RunAll
========================================
Builder version: 5.1.0
Interrupt handler set up.
========================================
Checkout
========================================
Clone URL: https://github.com/pmusolino/Wormholy.git
Reference: master
Initialized empty Git repository in /Users/admin/builder/spi-builder-workspace/.git/
From https://github.com/pmusolino/Wormholy
* branch master -> FETCH_HEAD
* [new branch] master -> origin/master
HEAD is now at 4f3a7a4 Merge pull request #173 from sher-khan/feature/clear-requests
Cloned https://github.com/pmusolino/Wormholy.git
Revision (git rev-parse @):
4f3a7a40d858726ddf2220b59364000bd481783a
SUCCESS checkout https://github.com/pmusolino/Wormholy.git at master
========================================
Build
========================================
Selected platform: tvOS
Swift version: 6.4
Building package at path: $PWD
https://github.com/pmusolino/Wormholy.git
Command line invocation:
/Applications/Xcode-27.0.0-Release.Candidate.app/Contents/Developer/usr/bin/xcodebuild -IDEClonedSourcePackagesDirPathOverride=/Users/admin/builder/spi-builder-workspace/.dependencies -resolvePackageDependencies
Resolve Package Graph
the package at '/Users/admin/builder/Wormholy' cannot be accessed (/Users/admin/builder/Wormholy doesn't exist in file system)
2026-09-24 08:22:46.708 xcodebuild[529:3053] [MT] IDERunDestination: Supported platforms for the buildables in the current scheme is empty.
2026-09-24 08:22:46.870 xcodebuild[529:3053] [MT] IDERunDestination: Supported platforms for the buildables in the current scheme is empty.
2026-09-24 08:22:46.911 xcodebuild[529:3053] Writing error result bundle to /var/folders/xq/y_g06wb113726d38xsyx71_h0000gn/T/ResultBundle_2026-24-09_08-22-0046.xcresult
xcodebuild: error: Could not resolve package dependencies:
the package at '/Users/admin/builder/Wormholy' cannot be accessed (/Users/admin/builder/Wormholy doesn't exist in file system)
Command line invocation:
/Applications/Xcode-27.0.0-Release.Candidate.app/Contents/Developer/usr/bin/xcodebuild -IDEClonedSourcePackagesDirPathOverride=/Users/admin/builder/spi-builder-workspace/.dependencies -resolvePackageDependencies
Resolve Package Graph
the package at '/Users/admin/builder/Wormholy' cannot be accessed (/Users/admin/builder/Wormholy doesn't exist in file system)
2026-09-24 08:22:48.731 xcodebuild[587:3525] [MT] IDERunDestination: Supported platforms for the buildables in the current scheme is empty.
2026-09-24 08:22:48.870 xcodebuild[587:3525] [MT] IDERunDestination: Supported platforms for the buildables in the current scheme is empty.
2026-09-24 08:22:48.894 xcodebuild[587:3525] Writing error result bundle to /var/folders/xq/y_g06wb113726d38xsyx71_h0000gn/T/ResultBundle_2026-24-09_08-22-0048.xcresult
xcodebuild: error: Could not resolve package dependencies:
the package at '/Users/admin/builder/Wormholy' cannot be accessed (/Users/admin/builder/Wormholy doesn't exist in file system)
BUILD FAILURE 6.4 tvOS