Build Information
Failed to build KindeSDK, reference main (3ad876), with Swift 6.1 for Android on 3 Oct 2026 21:09:26 UTC.
Build Command
bash -c docker run --pull=always --rm -v "checkouts-54344844-2":/host -w "$PWD" -e JAVA_HOME="/root/.sdkman/candidates/java/current" -e SPI_BUILD="1" -e SPI_PROCESSING="1" registry.gitlab.com/saguaro1/spi-images:android-6.1-latest swift build --swift-sdk aarch64-unknown-linux-android24 2>&1Build Log
========================================
RunAll
========================================
Builder version: 5.1.1
Interrupt handler set up.
========================================
Checkout
========================================
Clone URL: https://github.com/kinde-oss/kinde-sdk-ios.git
Reference: main
Initialized empty Git repository in /host/spi-builder-workspace/.git/
hint: Using 'master' as the name for the initial branch. This default branch name
hint: is subject to change. To configure the initial branch name to use in all
hint: of your new repositories, which will suppress this warning, call:
hint:
hint: git config --global init.defaultBranch <name>
hint:
hint: Names commonly chosen instead of 'master' are 'main', 'trunk' and
hint: 'development'. The just-created branch can be renamed via this command:
hint:
hint: git branch -m <name>
From https://github.com/kinde-oss/kinde-sdk-ios
* branch main -> FETCH_HEAD
* [new branch] main -> origin/main
HEAD is now at 3ad876d Merge pull request #50 from kinde-oss/release/v1.7.0
Cloned https://github.com/kinde-oss/kinde-sdk-ios.git
Revision (git rev-parse @):
3ad876d1cff45dc49ffa47b6cb2c467c77677ca7
SUCCESS checkout https://github.com/kinde-oss/kinde-sdk-ios.git at main
========================================
Build
========================================
Selected platform: android
Swift version: 6.1
Building package at path: $PWD
https://github.com/kinde-oss/kinde-sdk-ios.git
https://github.com/kinde-oss/kinde-sdk-ios.git
WARNING: environment variable SUPPRESS_SWIFT_6_FLAGS is not set
Running build ...
bash -c docker run --pull=always --rm -v "checkouts-54344844-2":/host -w "$PWD" -e JAVA_HOME="/root/.sdkman/candidates/java/current" -e SPI_BUILD="1" -e SPI_PROCESSING="1" registry.gitlab.com/saguaro1/spi-images:android-6.1-latest swift build --swift-sdk aarch64-unknown-linux-android24 -Xswiftc -Xfrontend -Xswiftc -stats-output-dir -Xswiftc -Xfrontend -Xswiftc .stats -Xswiftc -strict-concurrency=complete -Xswiftc -enable-upcoming-feature -Xswiftc StrictConcurrency -Xswiftc -enable-upcoming-feature -Xswiftc DisableOutwardActorInference -Xswiftc -enable-upcoming-feature -Xswiftc GlobalActorIsolatedTypesUsability -Xswiftc -enable-upcoming-feature -Xswiftc InferSendableFromCaptures 2>&1
android-6.1-latest: Pulling from saguaro1/spi-images
Digest: sha256:a7f4f752e160f6cbd9e0c26490aa43ccd5312d524c4c6d77f8b144559b526afa
Status: Image is up to date for registry.gitlab.com/saguaro1/spi-images:android-6.1-latest
Fetching https://github.com/openid/AppAuth-iOS.git
[1/10072] Fetching appauth-ios
Fetched https://github.com/openid/AppAuth-iOS.git from cache (1.39s)
Computing version for https://github.com/openid/AppAuth-iOS.git
Computed https://github.com/openid/AppAuth-iOS.git at 2.1.0 (1.88s)
Creating working copy for https://github.com/openid/AppAuth-iOS.git
Working copy of https://github.com/openid/AppAuth-iOS.git resolved at 2.1.0
Building for debugging...
[0/14] Write sources
[0/14] Copying PrivacyInfo.xcprivacy
In file included from <built-in>:1:
/host/spi-builder-workspace/.build/aarch64-unknown-linux-android24/debug/AppAuth.build/DerivedSources/resource_bundle_accessor.h:2:9: fatal error: 'Foundation/Foundation.h' file not found
2 | #import <Foundation/Foundation.h>
| ^~~~~~~~~~~~~~~~~~~~~~~~~
1 error generated.
In file included from <built-in>:1:
/host/spi-builder-workspace/.build/aarch64-unknown-linux-android24/debug/AppAuth.build/DerivedSources/resource_bundle_accessor.h:2:9: fatal error: 'Foundation/Foundation.h' file not found
2 | #import <Foundation/Foundation.h>
| ^~~~~~~~~~~~~~~~~~~~~~~~~
1 error generated.
[2/14] Compiling OIDRedirectHTTPHandler.m
[2/14] Compiling OIDAuthorizationService+Mac.m
In file included from <built-in>:1:
/host/spi-builder-workspace/.build/aarch64-unknown-linux-android24/debug/AppAuth.build/DerivedSources/resource_bundle_accessor.h:2:9: fatal error: 'Foundation/Foundation.h' file not found
2 | #import <Foundation/Foundation.h>
| ^~~~~~~~~~~~~~~~~~~~~~~~~
1 error generated.
[2/14] Compiling OIDExternalUserAgentIOSCustomBrowser.m
In file included from <built-in>:1:
/host/spi-builder-workspace/.build/aarch64-unknown-linux-android24/debug/AppAuth.build/DerivedSources/resource_bundle_accessor.h:2:9: fatal error: 'Foundation/Foundation.h' file not found
2 | #import <Foundation/Foundation.h>
| ^~~~~~~~~~~~~~~~~~~~~~~~~
1 error generated.
[2/14] Compiling OIDAuthState+Mac.m
In file included from <built-in>:1:
/host/spi-builder-workspace/.build/aarch64-unknown-linux-android24/debug/AppAuth.build/DerivedSources/resource_bundle_accessor.h:2:9: fatal error: 'Foundation/Foundation.h' file not found
2 | #import <Foundation/Foundation.h>
| ^~~~~~~~~~~~~~~~~~~~~~~~~
[2/14] Compiling OIDExternalUserAgentMac.m
In file included from <built-in>:1:
/host/spi-builder-workspace/.build/aarch64-unknown-linux-android24/debug/AppAuth.build/DerivedSources/resource_bundle_accessor.h:2:9: fatal error: 'Foundation/Foundation.h' file not found
2 | #import <Foundation/Foundation.h>
| ^~~~~~~~~~~~~~~~~~~~~~~~~
1 error generated.
[2/14] Compiling AppAuth resource_bundle_accessor.m
In file included from [2/14] Compiling OIDLoopbackHTTPServer.m
[2/14] Write swift-version-24593BA9C3E375BF.txt
Running build ...
bash -c docker run --pull=always --rm -v "checkouts-54344844-2":/host -w "$PWD" -e JAVA_HOME="/root/.sdkman/candidates/java/current" -e SPI_BUILD="1" -e SPI_PROCESSING="1" registry.gitlab.com/saguaro1/spi-images:android-6.1-latest swift build --swift-sdk aarch64-unknown-linux-android24 2>&1
android-6.1-latest: Pulling from saguaro1/spi-images
Digest: sha256:a7f4f752e160f6cbd9e0c26490aa43ccd5312d524c4c6d77f8b144559b526afa
Status: Image is up to date for registry.gitlab.com/saguaro1/spi-images:android-6.1-latest
[0/1] Planning build
Building for debugging...
In file included from <built-in>:1:
/host/spi-builder-workspace/.build/aarch64-unknown-linux-android24/debug/AppAuth.build/DerivedSources/resource_bundle_accessor.h:2:9: fatal error: 'Foundation/Foundation.h' file not found
2 | #import <Foundation/Foundation.h>
| ^~~~~~~~~~~~~~~~~~~~~~~~~
1 error generated.
[0/12] Compiling OIDAuthorizationService+Mac.m
In file included from <built-in>:1:
/host/spi-builder-workspace/.build/aarch64-unknown-linux-android24/debug/AppAuth.build/DerivedSources/resource_bundle_accessor.h:2:9: fatal error: 'Foundation/Foundation.h' file not found
2 | #import <Foundation/Foundation.h>
| ^~~~~~~~~~~~~~~~~~~~~~~~~
1 error generated.
[0/12] Compiling OIDAuthState+Mac.m
[0/12] Compiling OIDExternalUserAgentIOSCustomBrowser.m
In file included from <built-in>:1:
/host/spi-builder-workspace/.build/aarch64-unknown-linux-android24/debug/AppAuth.build/DerivedSources/resource_bundle_accessor.h:2:9: fatal error: 'Foundation/Foundation.h' file not found
2 | #import <Foundation/Foundation.h>
| ^~~~~~~~~~~~~~~~~~~~~~~~~
1 error generated.
[0/12] Compiling OIDLoopbackHTTPServer.m
In file included from <built-in>:1:
/host/spi-builder-workspace/.build/aarch64-unknown-linux-android24/debug/AppAuth.build/DerivedSources/resource_bundle_accessor.h:2:9: fatal error: 'Foundation/Foundation.h' file not found
2 | #import <Foundation/Foundation.h>
| ^~~~~~~~~~~~~~~~~~~~~~~~~
1 error generated.
[0/12] Compiling OIDExternalUserAgentMac.m
In file included from <built-in>:1:
/host/spi-builder-workspace/.build/aarch64-unknown-linux-android24/debug/AppAuth.build/DerivedSources/resource_bundle_accessor.h:2:9: fatal error: 'Foundation/Foundation.h' file not found
2 | #import <Foundation/Foundation.h>
| ^~~~~~~~~~~~~~~~~~~~~~~~~
[0/12] Compiling AppAuth resource_bundle_accessor.m
[0/12] Write swift-version-24593BA9C3E375BF.txt
[0/12] Compiling OIDRedirectHTTPHandler.m
BUILD FAILURE 6.1 android