The Swift Package Index logo.Swift Package Index

Build Information

Failed to build swift-ntp, reference main (3c8294), with Swift 6.3 for Wasm on 14 Sep 2026 12:17:11 UTC.

Build Command

bash -c docker run --pull=always --rm -v "checkouts-54344845-0":/host -w "$PWD" -e JAVA_HOME="/root/.sdkman/candidates/java/current" -e SPI_BUILD="1" -e SPI_PROCESSING="1" registry.gitlab.com/saguaro1/spi-images:wasm-6.3-latest swift build --swift-sdk swift-6.3.2-RELEASE_wasm 2>&1

Build Log

========================================
RunAll
========================================
Builder version: 5.0.2
Interrupt handler set up.
========================================
Checkout
========================================
Clone URL: https://github.com/apple/swift-ntp.git
Reference: main
Initialized empty Git repository in /host/spi-builder-workspace/.git/
hint: Using 'master' as the name for the initial branch. This default branch name
hint: is subject to change. To configure the initial branch name to use in all
hint: of your new repositories, which will suppress this warning, call:
hint:
hint: 	git config --global init.defaultBranch <name>
hint:
hint: Names commonly chosen instead of 'master' are 'main', 'trunk' and
hint: 'development'. The just-created branch can be renamed via this command:
hint:
hint: 	git branch -m <name>
From https://github.com/apple/swift-ntp
 * branch            main       -> FETCH_HEAD
 * [new branch]      main       -> origin/main
HEAD is now at 3c8294f Delete SECURITY.md (#13)
Cloned https://github.com/apple/swift-ntp.git
Revision (git rev-parse @):
3c8294f28abd37cdafc0e6f207a47c8646e26df2
SPI manifest file found: $PWD/.spi.yml
SUCCESS checkout https://github.com/apple/swift-ntp.git at main
========================================
Build
========================================
Selected platform:         wasm
Swift version:             6.3
Building package at path:  $PWD
https://github.com/apple/swift-ntp.git
Running build ...
bash -c docker run --pull=always --rm -v "checkouts-54344845-0":/host -w "$PWD" -e JAVA_HOME="/root/.sdkman/candidates/java/current" -e SPI_BUILD="1" -e SPI_PROCESSING="1" registry.gitlab.com/saguaro1/spi-images:wasm-6.3-latest swift build --swift-sdk swift-6.3.2-RELEASE_wasm 2>&1
wasm-6.3-latest: Pulling from saguaro1/spi-images
Digest: sha256:253aad7f5b11d25cf9eaef34120b94cd8a325782929c57fb304a7711494a3f9a
Status: Image is up to date for registry.gitlab.com/saguaro1/spi-images:wasm-6.3-latest
Fetching https://github.com/apple/swift-nio.git
Fetching https://github.com/swiftlang/swift-docc-plugin.git
[1/2345] Fetching swift-docc-plugin
Fetched https://github.com/swiftlang/swift-docc-plugin.git from cache (0.87s)
[1/85873] Fetching swift-nio
Fetched https://github.com/apple/swift-nio.git from cache (3.35s)
Computing version for https://github.com/swiftlang/swift-docc-plugin.git
Computed https://github.com/swiftlang/swift-docc-plugin.git at 1.5.0 (4.24s)
Fetching https://github.com/swiftlang/swift-docc-symbolkit
[1/3822] Fetching swift-docc-symbolkit
Fetched https://github.com/swiftlang/swift-docc-symbolkit from cache (0.67s)
Computing version for https://github.com/swiftlang/swift-docc-symbolkit
Computed https://github.com/swiftlang/swift-docc-symbolkit at 1.0.0 (0.88s)
Computing version for https://github.com/apple/swift-nio.git
Computed https://github.com/apple/swift-nio.git at 2.102.0 (0.27s)
Fetching https://github.com/apple/swift-atomics.git
Fetching https://github.com/apple/swift-system.git
Fetching https://github.com/apple/swift-collections.git
[1/1875] Fetching swift-atomics
[1595/8769] Fetching swift-atomics, swift-system
Fetched https://github.com/apple/swift-system.git from cache (0.70s)
[1/27174] Fetching swift-collections
Fetched https://github.com/apple/swift-atomics.git from cache (1.50s)
Fetched https://github.com/apple/swift-collections.git from cache (1.51s)
Computing version for https://github.com/apple/swift-atomics.git
Computed https://github.com/apple/swift-atomics.git at 1.3.1 (1.66s)
Computing version for https://github.com/apple/swift-collections.git
Computed https://github.com/apple/swift-collections.git at 1.6.0 (0.23s)
Computing version for https://github.com/apple/swift-system.git
Computed https://github.com/apple/swift-system.git at 1.8.1 (0.18s)
Creating working copy for https://github.com/swiftlang/swift-docc-symbolkit
Working copy of https://github.com/swiftlang/swift-docc-symbolkit resolved at 1.0.0
Creating working copy for https://github.com/apple/swift-nio.git
Working copy of https://github.com/apple/swift-nio.git resolved at 2.102.0
Creating working copy for https://github.com/apple/swift-system.git
Working copy of https://github.com/apple/swift-system.git resolved at 1.8.1
Creating working copy for https://github.com/apple/swift-atomics.git
Working copy of https://github.com/apple/swift-atomics.git resolved at 1.3.1
Creating working copy for https://github.com/swiftlang/swift-docc-plugin.git
Working copy of https://github.com/swiftlang/swift-docc-plugin.git resolved at 1.5.0
Creating working copy for https://github.com/apple/swift-collections.git
Working copy of https://github.com/apple/swift-collections.git resolved at 1.6.0
[1/1] Compiling plugin Swift-DocC Preview
[2/2] Compiling plugin Swift-DocC
Building for debugging...
[2/41] Write sources
[13/41] Compiling CNIOWindows shim.c
[14/41] Compiling CNIOWindows WSAStartup.c
[15/41] Compiling _AtomicsShims.c
[16/41] Compiling CNIOWASI CNIOWASI.c
[17/41] Compiling CNIOOpenBSD shim.c
[18/41] Compiling CNIODarwin shim.c
[19/41] Compiling CNIOFreeBSD shim.c
[19/41] Compiling CNIOLinux liburing_shims.c
[21/41] Write sources
[22/41] Compiling CNIOLinux shim.c
[23/41] Compiling CNIOPosix event_loop_id.c
[24/41] Write swift-version-24593BA9C3E375BF.txt
[26/83] Emitting module InternalCollectionsUtilities
[27/85] Emitting module Atomics
[27/87] Compiling c-nioatomics.c
[28/87] Compiling c-atomics.c
[30/94] Compiling Atomics IntegerOperations.swift
[31/94] Compiling Atomics Unmanaged extensions.swift
[32/94] Compiling Atomics AtomicMemoryOrderings.swift
[33/94] Compiling Atomics DoubleWord.swift
[34/94] Compiling Atomics UnsafeAtomicLazyReference.swift
[35/94] Compiling Atomics AtomicInteger.swift
[36/94] Compiling Atomics AtomicOptionalWrappable.swift
[37/94] Compiling Atomics AtomicReference.swift
[38/94] Compiling Atomics ManagedAtomicLazyReference.swift
[39/94] Compiling Atomics UnsafeAtomic.swift
[40/94] Compiling Atomics OptionalRawRepresentable.swift
[41/94] Compiling Atomics RawRepresentable.swift
[42/94] Compiling Atomics AtomicBool.swift
[43/94] Compiling Atomics IntegerConformances.swift
[44/94] Compiling Atomics PointerConformances.swift
[45/94] Compiling Atomics Primitives.native.swift
[49/94] Compiling Atomics AtomicStorage.swift
[50/94] Compiling Atomics AtomicValue.swift
[51/94] Compiling Atomics ManagedAtomic.swift
[54/94] Compiling _NIOBase64 Base64.swift
[55/94] Emitting module _NIOBase64
[56/95] Compiling _NIODataStructures _TinyArray.swift
[57/95] Compiling _NIODataStructures PriorityQueue.swift
[67/96] Wrapping AST for _NIOBase64 for debugging
[68/96] Wrapping AST for InternalCollectionsUtilities for debugging
[70/106] Compiling NIOConcurrencyHelpers NIOLockedValueBox.swift
[71/106] Compiling NIOConcurrencyHelpers NIOLock.swift
[72/106] Compiling NIOConcurrencyHelpers NIOThreadPoolWorkAvailable.swift
[73/131] Compiling ContainersPreview Drain+Map.swift
[74/131] Compiling ContainersPreview Drain+Reduce.swift
[75/131] Compiling ContainersPreview InputSpan.swift
[76/131] Compiling ContainersPreview MutableRef.swift
[77/131] Compiling ContainersPreview BorrowingSequence+Standard Conformances.swift
[78/131] Compiling ContainersPreview BorrowingSequence+Utilities.swift
[79/133] Emitting module _NIODataStructures
[80/133] Compiling _NIODataStructures Heap.swift
[81/134] Compiling NIOConcurrencyHelpers lock.swift
[82/134] Compiling ContainersPreview Container+SpanwiseZip.swift
[83/134] Compiling ContainersPreview Container.swift
[84/134] Compiling ContainersPreview ContainerIterator.swift
[85/134] Compiling ContainersPreview DynamicContainer.swift
[86/134] Compiling ContainersPreview MutableContainer.swift
[88/138] Compiling ContainersPreview Producer+Map.swift
[89/138] Compiling ContainersPreview Producer+Reduce.swift
[90/138] Compiling ContainersPreview Producer.swift
[95/138] Compiling ContainersPreview BorrowingSequence.swift
[96/138] Compiling ContainersPreview BidirectionalContainer.swift
[97/138] Compiling ContainersPreview Container+Filter.swift
[98/138] Compiling ContainersPreview BorrowingIteratorProtocol+Map.swift
[99/138] Compiling ContainersPreview BorrowingIteratorProtocol+Reduce.swift
[100/138] Compiling ContainersPreview BorrowingIteratorProtocol+SpanwiseZip.swift
[101/138] Compiling ContainersPreview BorrowingIteratorProtocol.swift
[102/138] Compiling ContainersPreview BorrowingSequence+Algorithms.swift
[106/138] Compiling ContainersPreview Drain.swift
[107/138] Compiling ContainersPreview Producer+Collect.swift
[108/138] Compiling ContainersPreview Producer+Filter.swift
[109/138] Compiling ContainersPreview PermutableContainer.swift
[110/138] Compiling ContainersPreview RandomAccessContainer.swift
[111/138] Compiling ContainersPreview RangeExpression2.swift
[112/138] Compiling ContainersPreview RangeReplaceableContainer.swift
[113/138] Compiling ContainersPreview Strideable+Limits.swift
[113/138] Wrapping AST for _NIODataStructures for debugging
[114/138] Wrapping AST for Atomics for debugging
[116/138] Emitting module ContainersPreview
[117/138] Compiling ContainersPreview Ref.swift
[118/138] Compiling ContainersPreview Shared.swift
[119/138] Compiling ContainersPreview SpanIterator.swift
[120/138] Compiling ContainersPreview UniqueBox.swift
[121/138] Compiling ContainersPreview OutputSpan+Extras.swift
[122/138] Compiling ContainersPreview TemporaryAllocation.swift
[123/138] Compiling ContainersPreview BorrowingIteratorProtocol+Copy.swift
[124/138] Compiling ContainersPreview BorrowingIteratorProtocol+ElementsEqual.swift
[125/138] Compiling ContainersPreview BorrowingIteratorProtocol+Filter.swift
[126/139] Wrapping AST for ContainersPreview for debugging
[128/180] Emitting module NIOConcurrencyHelpers
[129/180] Compiling NIOConcurrencyHelpers NIOAtomic.swift
[130/180] Compiling NIOConcurrencyHelpers atomics.swift
[131/181] Wrapping AST for NIOConcurrencyHelpers for debugging
[133/181] Compiling DequeModule RigidDeque+Removals.swift
[134/181] Compiling DequeModule RigidDeque+Replacements.swift
[135/181] Compiling DequeModule RigidDeque+Testing.swift
[136/181] Compiling DequeModule RigidDeque.swift
[137/181] Compiling DequeModule UniqueDeque+Append.swift
[138/181] Compiling DequeModule UniqueDeque+Consumption.swift
[139/186] Compiling DequeModule Deque+Codable.swift
[140/186] Compiling DequeModule Deque+Collection.swift
[141/186] Compiling DequeModule Deque+CustomReflectable.swift
[142/186] Compiling DequeModule Deque+Descriptions.swift
[143/186] Compiling DequeModule Deque+Equatable.swift
[144/186] Compiling DequeModule Deque+ExpressibleByArrayLiteral.swift
[145/186] Compiling DequeModule UniqueDeque+Container.swift
[146/186] Compiling DequeModule UniqueDeque+Deprecated.swift
[147/186] Compiling DequeModule UniqueDeque+Descriptions.swift
[148/186] Compiling DequeModule UniqueDeque+Equatable.swift
[149/186] Compiling DequeModule UniqueDeque+Experimental.swift
[150/186] Compiling DequeModule _DequeBuffer.swift
[151/186] Compiling DequeModule _DequeBufferHeader.swift
[152/186] Compiling DequeModule RigidDeque+Append.swift
[153/186] Compiling DequeModule RigidDeque+Consumption.swift
[154/186] Compiling DequeModule RigidDeque+Container.swift
[155/186] Compiling DequeModule RigidDeque+Descriptions.swift
[156/186] Compiling DequeModule RigidDeque+Equatable.swift
[157/186] Compiling DequeModule RigidDeque+Experimental.swift
[158/186] Compiling DequeModule RigidDeque+Hashable.swift
[159/186] Compiling DequeModule RigidDeque+Initializers.swift
[160/186] Compiling DequeModule RigidDeque+Insertions.swift
[161/186] Compiling DequeModule RigidDeque+Prepend.swift
[162/186] Compiling DequeModule Deque+Extras.swift
[163/186] Compiling DequeModule Deque+Hashable.swift
[164/186] Compiling DequeModule Deque+Testing.swift
[165/186] Compiling DequeModule Deque._Storage.swift
[166/186] Compiling DequeModule Deque._UnsafeHandle.swift
[167/186] Compiling DequeModule Deque.swift
[168/186] Compiling DequeModule UniqueDeque+Hashable.swift
[169/186] Compiling DequeModule UniqueDeque+Initializers.swift
[170/186] Compiling DequeModule UniqueDeque+Insertions.swift
[171/186] Compiling DequeModule UniqueDeque+Prepend.swift
[172/186] Compiling DequeModule UniqueDeque+Removals.swift
[173/186] Emitting module DequeModule
[174/186] Compiling DequeModule UniqueDeque+Replacements.swift
[175/186] Compiling DequeModule UniqueDeque.swift
[176/186] Compiling DequeModule _DequeSlot.swift
[177/186] Compiling DequeModule _UnsafeDequeHandle.swift
[178/186] Compiling DequeModule _UnsafeDequeSegments.swift
[179/187] Wrapping AST for DequeModule for debugging
[181/251] Compiling NIOCore NIOCoreSendableMetatype.swift
[182/251] Compiling NIOCore NIODecodedAsyncSequence.swift
[183/251] Compiling NIOCore NIOLoopBound.swift
[184/251] Compiling NIOCore NIOPooledRecvBufferAllocator.swift
[185/251] Compiling NIOCore NIOScheduledCallback.swift
[186/251] Compiling NIOCore NIOSendable.swift
[187/251] Compiling NIOCore NIOSplitLinesMessageDecoder.swift
[188/251] Compiling NIOCore NIOTransportAccessibleChannelCore.swift
[189/251] Compiling NIOCore RecvByteBufferAllocator.swift
[190/259] Compiling NIOCore IPProtocol.swift
[191/259] Compiling NIOCore IntegerBitPacking.swift
[192/259] Compiling NIOCore IntegerTypes.swift
[193/259] Compiling NIOCore Interfaces.swift
[194/259] Compiling NIOCore Linux.swift
[195/259] Compiling NIOCore MarkedCircularBuffer.swift
[196/259] Compiling NIOCore MulticastChannel.swift
[197/259] Compiling NIOCore NIOAny.swift
[198/259] Compiling NIOCore NIOCloseOnErrorHandler.swift
[199/259] Compiling NIOCore EventLoopFuture+Deprecated.swift
[200/259] Compiling NIOCore EventLoopFuture+WithEventLoop.swift
[201/259] Compiling NIOCore EventLoopFuture.swift
[202/259] Compiling NIOCore FileDescriptor.swift
[203/259] Compiling NIOCore FileHandle.swift
[204/259] Compiling NIOCore FileRegion.swift
[205/259] Compiling NIOCore GlobalSingletons.swift
[206/259] Compiling NIOCore IO.swift
[207/259] Compiling NIOCore IOData.swift
[208/259] Compiling NIOCore SingleStepByteToMessageDecoder.swift
[209/259] Compiling NIOCore SocketAddresses.swift
[210/259] Compiling NIOCore SocketOptionProvider.swift
[211/259] Compiling NIOCore SystemCallHelpers.swift
[212/259] Compiling NIOCore TimeAmount+Duration.swift
[213/259] Compiling NIOCore TypeAssistedChannelHandler.swift
[214/259] Compiling NIOCore UniversalBootstrapSupport.swift
[215/259] Compiling NIOCore Utilities.swift
[216/259] Compiling NIOCore AddressedEnvelope.swift
[217/259] Compiling NIOCore AsyncAwaitSupport.swift
[218/259] Compiling NIOCore AsyncChannel.swift
[219/259] Compiling NIOCore AsyncChannelHandler.swift
[220/259] Compiling NIOCore AsyncChannelInboundStream.swift
[221/259] Compiling NIOCore AsyncChannelOutboundWriter.swift
[222/259] Compiling NIOCore NIOAsyncSequenceProducer.swift
[223/259] Compiling NIOCore NIOAsyncSequenceProducerStrategies.swift
[224/259] Compiling NIOCore NIOAsyncWriter.swift
[225/259] Compiling NIOCore CircularBuffer.swift
[226/259] Compiling NIOCore Codec.swift
[227/259] Compiling NIOCore ConvenienceOptionSupport.swift
[228/259] Compiling NIOCore DeadChannel.swift
[229/259] Compiling NIOCore DispatchQueue+WithFuture.swift
[230/259] Compiling NIOCore EventLoop+Deprecated.swift
[231/259] Compiling NIOCore EventLoop+SerialExecutor.swift
[232/259] Compiling NIOCore EventLoop.swift
[233/259] Compiling NIOCore EventLoopFuture+AssumeIsolated.swift
[234/259] Compiling NIOCore NIOThrowingAsyncSequenceProducer.swift
[235/259] Compiling NIOCore BSDSocketAPI.swift
[236/259] Compiling NIOCore ByteBuffer-aux.swift
[237/259] Compiling NIOCore ByteBuffer-binaryEncodedLengthPrefix.swift
[238/259] Compiling NIOCore ByteBuffer-conversions.swift
[239/259] Compiling NIOCore ByteBuffer-core.swift
[240/259] Compiling NIOCore ByteBuffer-hex.swift
[241/259] Compiling NIOCore ByteBuffer-int.swift
[242/259] Compiling NIOCore ByteBuffer-lengthPrefix.swift
[243/259] Compiling NIOCore ByteBuffer-multi-int.swift
[244/259] Compiling NIOCore ByteBuffer-quicBinaryEncodingStrategy.swift
[245/259] Compiling NIOCore ByteBuffer-views.swift
[246/259] Compiling NIOCore Channel.swift
[247/259] Compiling NIOCore ChannelHandler.swift
[248/259] Compiling NIOCore ChannelHandlers.swift
[249/259] Compiling NIOCore ChannelInvoker.swift
[250/259] Compiling NIOCore ChannelOption.swift
[251/259] Compiling NIOCore ChannelPipeline.swift
[252/259] Emitting module NIOCore
[253/262] Wrapping AST for NIOCore for debugging
error: emit-module command failed with exit code 1 (use -v to see invocation)
[255/315] Emitting module NIOPosix
/host/spi-builder-workspace/.build/checkouts/swift-nio/Sources/NIOPosix/BaseSocketChannel+AccessibleTransport.swift:17:11: error: cannot find type 'BaseSocketChannel' in scope
15 | import NIOCore
16 |
17 | extension BaseSocketChannel where SocketType: BaseSocket {
   |           `- error: cannot find type 'BaseSocketChannel' in scope
18 |     /// The underlying transport type backing this channel.
19 |     typealias Transport = NIOBSDSocket.Handle
/host/spi-builder-workspace/.build/checkouts/swift-nio/Sources/NIOPosix/BaseSocketChannel+AccessibleTransport.swift:27:11: error: cannot find type 'BaseSocketChannel' in scope
25 | }
26 |
27 | extension BaseSocketChannel where SocketType: PipePair {
   |           `- error: cannot find type 'BaseSocketChannel' in scope
28 |     /// The underlying transport type backing this channel.
29 |     typealias Transport = NIOBSDSocket.PipeHandle
/host/spi-builder-workspace/.build/checkouts/swift-nio/Sources/NIOPosix/BaseSocketChannel+AccessibleTransport.swift:42:11: error: cannot find type 'SocketChannel' in scope
40 | }
41 |
42 | extension SocketChannel: NIOTransportAccessibleChannelCore {}
   |           `- error: cannot find type 'SocketChannel' in scope
43 | extension ServerSocketChannel: NIOTransportAccessibleChannelCore {}
44 | extension DatagramChannel: NIOTransportAccessibleChannelCore {}
/host/spi-builder-workspace/.build/checkouts/swift-nio/Sources/NIOPosix/BaseSocketChannel+AccessibleTransport.swift:43:11: error: cannot find type 'ServerSocketChannel' in scope
41 |
42 | extension SocketChannel: NIOTransportAccessibleChannelCore {}
43 | extension ServerSocketChannel: NIOTransportAccessibleChannelCore {}
   |           `- error: cannot find type 'ServerSocketChannel' in scope
44 | extension DatagramChannel: NIOTransportAccessibleChannelCore {}
45 | extension PipeChannel: NIOTransportAccessibleChannelCore {}
/host/spi-builder-workspace/.build/checkouts/swift-nio/Sources/NIOPosix/BaseSocketChannel+AccessibleTransport.swift:44:11: error: cannot find type 'DatagramChannel' in scope
42 | extension SocketChannel: NIOTransportAccessibleChannelCore {}
43 | extension ServerSocketChannel: NIOTransportAccessibleChannelCore {}
44 | extension DatagramChannel: NIOTransportAccessibleChannelCore {}
   |           `- error: cannot find type 'DatagramChannel' in scope
45 | extension PipeChannel: NIOTransportAccessibleChannelCore {}
46 |
/host/spi-builder-workspace/.build/checkouts/swift-nio/Sources/NIOPosix/BaseSocketChannel+AccessibleTransport.swift:45:11: error: cannot find type 'PipeChannel' in scope
43 | extension ServerSocketChannel: NIOTransportAccessibleChannelCore {}
44 | extension DatagramChannel: NIOTransportAccessibleChannelCore {}
45 | extension PipeChannel: NIOTransportAccessibleChannelCore {}
   |           `- error: cannot find type 'PipeChannel' in scope
46 |
[256/322] Compiling NIOPosix BaseStreamSocketChannel.swift
[257/322] Compiling NIOPosix Bootstrap.swift
[258/322] Compiling NIOPosix ControlMessage.swift
[259/322] Compiling NIOPosix DatagramVectorReadManager.swift
[260/322] Compiling NIOPosix Errors+Any.swift
[261/322] Compiling NIOPosix FileDescriptor.swift
[262/322] Compiling NIOPosix GetaddrinfoResolver.swift
[263/322] Compiling NIOPosix SelectorWSAPoll.swift
[264/322] Compiling NIOPosix ServerSocket.swift
[265/322] Compiling NIOPosix Socket.swift
[266/322] Compiling NIOPosix SocketChannel.swift
[267/322] Compiling NIOPosix SocketProtocols.swift
[268/322] Compiling NIOPosix StructuredConcurrencyHelpers.swift
[269/322] Compiling NIOPosix System.swift
[270/322] Compiling NIOPosix MultiThreadedEventLoopGroup.swift
[271/322] Compiling NIOPosix NIOPosixSendableMetatype.swift
[272/322] Compiling NIOPosix NIORandomizedDNSResolver.swift
[273/322] Compiling NIOPosix NIOThreadPool.swift
[274/322] Compiling NIOPosix NonBlockingFileIO.swift
[275/322] Compiling NIOPosix PendingDatagramWritesManager.swift
[276/322] Compiling NIOPosix PendingWritesManager.swift
[277/322] Compiling NIOPosix PipeChannel.swift
[278/322] Compiling NIOPosix PipePair.swift
[279/322] Compiling NIOPosix Pool.swift
[280/322] Compiling NIOPosix PosixSingletons+ConcurrencyTakeOver.swift
[281/322] Compiling NIOPosix PosixSingletons.swift
[282/322] Compiling NIOPosix RawSocketBootstrap.swift
[283/322] Compiling NIOPosix Resolver.swift
[284/322] Compiling NIOPosix HappyEyeballs.swift
[285/322] Compiling NIOPosix IO.swift
[286/322] Compiling NIOPosix IntegerBitPacking.swift
[287/322] Compiling NIOPosix IntegerTypes.swift
[288/322] Compiling NIOPosix Linux.swift
[289/322] Compiling NIOPosix LinuxCPUSet.swift
[290/322] Compiling NIOPosix LinuxUring.swift
[291/322] Compiling NIOPosix BSDSocketAPICommon.swift
/host/spi-builder-workspace/.build/checkouts/swift-nio/Sources/NIOPosix/BaseSocketChannel+AccessibleTransport.swift:17:11: error: cannot find type 'BaseSocketChannel' in scope
15 | import NIOCore
16 |
17 | extension BaseSocketChannel where SocketType: BaseSocket {
   |           `- error: cannot find type 'BaseSocketChannel' in scope
18 |     /// The underlying transport type backing this channel.
19 |     typealias Transport = NIOBSDSocket.Handle
/host/spi-builder-workspace/.build/checkouts/swift-nio/Sources/NIOPosix/BaseSocketChannel+AccessibleTransport.swift:27:11: error: cannot find type 'BaseSocketChannel' in scope
25 | }
26 |
27 | extension BaseSocketChannel where SocketType: PipePair {
   |           `- error: cannot find type 'BaseSocketChannel' in scope
28 |     /// The underlying transport type backing this channel.
29 |     typealias Transport = NIOBSDSocket.PipeHandle
/host/spi-builder-workspace/.build/checkouts/swift-nio/Sources/NIOPosix/BaseSocketChannel+AccessibleTransport.swift:42:11: error: cannot find type 'SocketChannel' in scope
40 | }
41 |
42 | extension SocketChannel: NIOTransportAccessibleChannelCore {}
   |           `- error: cannot find type 'SocketChannel' in scope
43 | extension ServerSocketChannel: NIOTransportAccessibleChannelCore {}
44 | extension DatagramChannel: NIOTransportAccessibleChannelCore {}
/host/spi-builder-workspace/.build/checkouts/swift-nio/Sources/NIOPosix/BaseSocketChannel+AccessibleTransport.swift:43:11: error: cannot find type 'ServerSocketChannel' in scope
41 |
42 | extension SocketChannel: NIOTransportAccessibleChannelCore {}
43 | extension ServerSocketChannel: NIOTransportAccessibleChannelCore {}
   |           `- error: cannot find type 'ServerSocketChannel' in scope
44 | extension DatagramChannel: NIOTransportAccessibleChannelCore {}
45 | extension PipeChannel: NIOTransportAccessibleChannelCore {}
/host/spi-builder-workspace/.build/checkouts/swift-nio/Sources/NIOPosix/BaseSocketChannel+AccessibleTransport.swift:44:11: error: cannot find type 'DatagramChannel' in scope
42 | extension SocketChannel: NIOTransportAccessibleChannelCore {}
43 | extension ServerSocketChannel: NIOTransportAccessibleChannelCore {}
44 | extension DatagramChannel: NIOTransportAccessibleChannelCore {}
   |           `- error: cannot find type 'DatagramChannel' in scope
45 | extension PipeChannel: NIOTransportAccessibleChannelCore {}
46 |
/host/spi-builder-workspace/.build/checkouts/swift-nio/Sources/NIOPosix/BaseSocketChannel+AccessibleTransport.swift:45:11: error: cannot find type 'PipeChannel' in scope
43 | extension ServerSocketChannel: NIOTransportAccessibleChannelCore {}
44 | extension DatagramChannel: NIOTransportAccessibleChannelCore {}
45 | extension PipeChannel: NIOTransportAccessibleChannelCore {}
   |           `- error: cannot find type 'PipeChannel' in scope
46 |
/host/spi-builder-workspace/.build/checkouts/swift-nio/Sources/NIOPosix/BaseSocketChannel+AccessibleTransport.swift:17:29: error: 'where' clause cannot be applied to a non-generic top-level declaration
15 | import NIOCore
16 |
17 | extension BaseSocketChannel where SocketType: BaseSocket {
   |                             `- error: 'where' clause cannot be applied to a non-generic top-level declaration
18 |     /// The underlying transport type backing this channel.
19 |     typealias Transport = NIOBSDSocket.Handle
/host/spi-builder-workspace/.build/checkouts/swift-nio/Sources/NIOPosix/BaseSocketChannel+AccessibleTransport.swift:27:29: error: 'where' clause cannot be applied to a non-generic top-level declaration
25 | }
26 |
27 | extension BaseSocketChannel where SocketType: PipePair {
   |                             `- error: 'where' clause cannot be applied to a non-generic top-level declaration
28 |     /// The underlying transport type backing this channel.
29 |     typealias Transport = NIOBSDSocket.PipeHandle
[292/322] Compiling NIOPosix BSDSocketAPIPosix.swift
/host/spi-builder-workspace/.build/checkouts/swift-nio/Sources/NIOPosix/BaseSocketChannel+AccessibleTransport.swift:17:11: error: cannot find type 'BaseSocketChannel' in scope
15 | import NIOCore
16 |
17 | extension BaseSocketChannel where SocketType: BaseSocket {
   |           `- error: cannot find type 'BaseSocketChannel' in scope
18 |     /// The underlying transport type backing this channel.
19 |     typealias Transport = NIOBSDSocket.Handle
/host/spi-builder-workspace/.build/checkouts/swift-nio/Sources/NIOPosix/BaseSocketChannel+AccessibleTransport.swift:27:11: error: cannot find type 'BaseSocketChannel' in scope
25 | }
26 |
27 | extension BaseSocketChannel where SocketType: PipePair {
   |           `- error: cannot find type 'BaseSocketChannel' in scope
28 |     /// The underlying transport type backing this channel.
29 |     typealias Transport = NIOBSDSocket.PipeHandle
/host/spi-builder-workspace/.build/checkouts/swift-nio/Sources/NIOPosix/BaseSocketChannel+AccessibleTransport.swift:42:11: error: cannot find type 'SocketChannel' in scope
40 | }
41 |
42 | extension SocketChannel: NIOTransportAccessibleChannelCore {}
   |           `- error: cannot find type 'SocketChannel' in scope
43 | extension ServerSocketChannel: NIOTransportAccessibleChannelCore {}
44 | extension DatagramChannel: NIOTransportAccessibleChannelCore {}
/host/spi-builder-workspace/.build/checkouts/swift-nio/Sources/NIOPosix/BaseSocketChannel+AccessibleTransport.swift:43:11: error: cannot find type 'ServerSocketChannel' in scope
41 |
42 | extension SocketChannel: NIOTransportAccessibleChannelCore {}
43 | extension ServerSocketChannel: NIOTransportAccessibleChannelCore {}
   |           `- error: cannot find type 'ServerSocketChannel' in scope
44 | extension DatagramChannel: NIOTransportAccessibleChannelCore {}
45 | extension PipeChannel: NIOTransportAccessibleChannelCore {}
/host/spi-builder-workspace/.build/checkouts/swift-nio/Sources/NIOPosix/BaseSocketChannel+AccessibleTransport.swift:44:11: error: cannot find type 'DatagramChannel' in scope
42 | extension SocketChannel: NIOTransportAccessibleChannelCore {}
43 | extension ServerSocketChannel: NIOTransportAccessibleChannelCore {}
44 | extension DatagramChannel: NIOTransportAccessibleChannelCore {}
   |           `- error: cannot find type 'DatagramChannel' in scope
45 | extension PipeChannel: NIOTransportAccessibleChannelCore {}
46 |
/host/spi-builder-workspace/.build/checkouts/swift-nio/Sources/NIOPosix/BaseSocketChannel+AccessibleTransport.swift:45:11: error: cannot find type 'PipeChannel' in scope
43 | extension ServerSocketChannel: NIOTransportAccessibleChannelCore {}
44 | extension DatagramChannel: NIOTransportAccessibleChannelCore {}
45 | extension PipeChannel: NIOTransportAccessibleChannelCore {}
   |           `- error: cannot find type 'PipeChannel' in scope
46 |
/host/spi-builder-workspace/.build/checkouts/swift-nio/Sources/NIOPosix/BaseSocketChannel+AccessibleTransport.swift:17:29: error: 'where' clause cannot be applied to a non-generic top-level declaration
15 | import NIOCore
16 |
17 | extension BaseSocketChannel where SocketType: BaseSocket {
   |                             `- error: 'where' clause cannot be applied to a non-generic top-level declaration
18 |     /// The underlying transport type backing this channel.
19 |     typealias Transport = NIOBSDSocket.Handle
/host/spi-builder-workspace/.build/checkouts/swift-nio/Sources/NIOPosix/BaseSocketChannel+AccessibleTransport.swift:27:29: error: 'where' clause cannot be applied to a non-generic top-level declaration
25 | }
26 |
27 | extension BaseSocketChannel where SocketType: PipePair {
   |                             `- error: 'where' clause cannot be applied to a non-generic top-level declaration
28 |     /// The underlying transport type backing this channel.
29 |     typealias Transport = NIOBSDSocket.PipeHandle
[293/322] Compiling NIOPosix BSDSocketAPIWindows.swift
/host/spi-builder-workspace/.build/checkouts/swift-nio/Sources/NIOPosix/BaseSocketChannel+AccessibleTransport.swift:17:11: error: cannot find type 'BaseSocketChannel' in scope
15 | import NIOCore
16 |
17 | extension BaseSocketChannel where SocketType: BaseSocket {
   |           `- error: cannot find type 'BaseSocketChannel' in scope
18 |     /// The underlying transport type backing this channel.
19 |     typealias Transport = NIOBSDSocket.Handle
/host/spi-builder-workspace/.build/checkouts/swift-nio/Sources/NIOPosix/BaseSocketChannel+AccessibleTransport.swift:27:11: error: cannot find type 'BaseSocketChannel' in scope
25 | }
26 |
27 | extension BaseSocketChannel where SocketType: PipePair {
   |           `- error: cannot find type 'BaseSocketChannel' in scope
28 |     /// The underlying transport type backing this channel.
29 |     typealias Transport = NIOBSDSocket.PipeHandle
/host/spi-builder-workspace/.build/checkouts/swift-nio/Sources/NIOPosix/BaseSocketChannel+AccessibleTransport.swift:42:11: error: cannot find type 'SocketChannel' in scope
40 | }
41 |
42 | extension SocketChannel: NIOTransportAccessibleChannelCore {}
   |           `- error: cannot find type 'SocketChannel' in scope
43 | extension ServerSocketChannel: NIOTransportAccessibleChannelCore {}
44 | extension DatagramChannel: NIOTransportAccessibleChannelCore {}
/host/spi-builder-workspace/.build/checkouts/swift-nio/Sources/NIOPosix/BaseSocketChannel+AccessibleTransport.swift:43:11: error: cannot find type 'ServerSocketChannel' in scope
41 |
42 | extension SocketChannel: NIOTransportAccessibleChannelCore {}
43 | extension ServerSocketChannel: NIOTransportAccessibleChannelCore {}
   |           `- error: cannot find type 'ServerSocketChannel' in scope
44 | extension DatagramChannel: NIOTransportAccessibleChannelCore {}
45 | extension PipeChannel: NIOTransportAccessibleChannelCore {}
/host/spi-builder-workspace/.build/checkouts/swift-nio/Sources/NIOPosix/BaseSocketChannel+AccessibleTransport.swift:44:11: error: cannot find type 'DatagramChannel' in scope
42 | extension SocketChannel: NIOTransportAccessibleChannelCore {}
43 | extension ServerSocketChannel: NIOTransportAccessibleChannelCore {}
44 | extension DatagramChannel: NIOTransportAccessibleChannelCore {}
   |           `- error: cannot find type 'DatagramChannel' in scope
45 | extension PipeChannel: NIOTransportAccessibleChannelCore {}
46 |
/host/spi-builder-workspace/.build/checkouts/swift-nio/Sources/NIOPosix/BaseSocketChannel+AccessibleTransport.swift:45:11: error: cannot find type 'PipeChannel' in scope
43 | extension ServerSocketChannel: NIOTransportAccessibleChannelCore {}
44 | extension DatagramChannel: NIOTransportAccessibleChannelCore {}
45 | extension PipeChannel: NIOTransportAccessibleChannelCore {}
   |           `- error: cannot find type 'PipeChannel' in scope
46 |
/host/spi-builder-workspace/.build/checkouts/swift-nio/Sources/NIOPosix/BaseSocketChannel+AccessibleTransport.swift:17:29: error: 'where' clause cannot be applied to a non-generic top-level declaration
15 | import NIOCore
16 |
17 | extension BaseSocketChannel where SocketType: BaseSocket {
   |                             `- error: 'where' clause cannot be applied to a non-generic top-level declaration
18 |     /// The underlying transport type backing this channel.
19 |     typealias Transport = NIOBSDSocket.Handle
/host/spi-builder-workspace/.build/checkouts/swift-nio/Sources/NIOPosix/BaseSocketChannel+AccessibleTransport.swift:27:29: error: 'where' clause cannot be applied to a non-generic top-level declaration
25 | }
26 |
27 | extension BaseSocketChannel where SocketType: PipePair {
   |                             `- error: 'where' clause cannot be applied to a non-generic top-level declaration
28 |     /// The underlying transport type backing this channel.
29 |     typealias Transport = NIOBSDSocket.PipeHandle
[294/322] Compiling NIOPosix BaseSocket.swift
/host/spi-builder-workspace/.build/checkouts/swift-nio/Sources/NIOPosix/BaseSocketChannel+AccessibleTransport.swift:17:11: error: cannot find type 'BaseSocketChannel' in scope
15 | import NIOCore
16 |
17 | extension BaseSocketChannel where SocketType: BaseSocket {
   |           `- error: cannot find type 'BaseSocketChannel' in scope
18 |     /// The underlying transport type backing this channel.
19 |     typealias Transport = NIOBSDSocket.Handle
/host/spi-builder-workspace/.build/checkouts/swift-nio/Sources/NIOPosix/BaseSocketChannel+AccessibleTransport.swift:27:11: error: cannot find type 'BaseSocketChannel' in scope
25 | }
26 |
27 | extension BaseSocketChannel where SocketType: PipePair {
   |           `- error: cannot find type 'BaseSocketChannel' in scope
28 |     /// The underlying transport type backing this channel.
29 |     typealias Transport = NIOBSDSocket.PipeHandle
/host/spi-builder-workspace/.build/checkouts/swift-nio/Sources/NIOPosix/BaseSocketChannel+AccessibleTransport.swift:42:11: error: cannot find type 'SocketChannel' in scope
40 | }
41 |
42 | extension SocketChannel: NIOTransportAccessibleChannelCore {}
   |           `- error: cannot find type 'SocketChannel' in scope
43 | extension ServerSocketChannel: NIOTransportAccessibleChannelCore {}
44 | extension DatagramChannel: NIOTransportAccessibleChannelCore {}
/host/spi-builder-workspace/.build/checkouts/swift-nio/Sources/NIOPosix/BaseSocketChannel+AccessibleTransport.swift:43:11: error: cannot find type 'ServerSocketChannel' in scope
41 |
42 | extension SocketChannel: NIOTransportAccessibleChannelCore {}
43 | extension ServerSocketChannel: NIOTransportAccessibleChannelCore {}
   |           `- error: cannot find type 'ServerSocketChannel' in scope
44 | extension DatagramChannel: NIOTransportAccessibleChannelCore {}
45 | extension PipeChannel: NIOTransportAccessibleChannelCore {}
/host/spi-builder-workspace/.build/checkouts/swift-nio/Sources/NIOPosix/BaseSocketChannel+AccessibleTransport.swift:44:11: error: cannot find type 'DatagramChannel' in scope
42 | extension SocketChannel: NIOTransportAccessibleChannelCore {}
43 | extension ServerSocketChannel: NIOTransportAccessibleChannelCore {}
44 | extension DatagramChannel: NIOTransportAccessibleChannelCore {}
   |           `- error: cannot find type 'DatagramChannel' in scope
45 | extension PipeChannel: NIOTransportAccessibleChannelCore {}
46 |
/host/spi-builder-workspace/.build/checkouts/swift-nio/Sources/NIOPosix/BaseSocketChannel+AccessibleTransport.swift:45:11: error: cannot find type 'PipeChannel' in scope
43 | extension ServerSocketChannel: NIOTransportAccessibleChannelCore {}
44 | extension DatagramChannel: NIOTransportAccessibleChannelCore {}
45 | extension PipeChannel: NIOTransportAccessibleChannelCore {}
   |           `- error: cannot find type 'PipeChannel' in scope
46 |
/host/spi-builder-workspace/.build/checkouts/swift-nio/Sources/NIOPosix/BaseSocketChannel+AccessibleTransport.swift:17:29: error: 'where' clause cannot be applied to a non-generic top-level declaration
15 | import NIOCore
16 |
17 | extension BaseSocketChannel where SocketType: BaseSocket {
   |                             `- error: 'where' clause cannot be applied to a non-generic top-level declaration
18 |     /// The underlying transport type backing this channel.
19 |     typealias Transport = NIOBSDSocket.Handle
/host/spi-builder-workspace/.build/checkouts/swift-nio/Sources/NIOPosix/BaseSocketChannel+AccessibleTransport.swift:27:29: error: 'where' clause cannot be applied to a non-generic top-level declaration
25 | }
26 |
27 | extension BaseSocketChannel where SocketType: PipePair {
   |                             `- error: 'where' clause cannot be applied to a non-generic top-level declaration
28 |     /// The underlying transport type backing this channel.
29 |     typealias Transport = NIOBSDSocket.PipeHandle
[295/322] Compiling NIOPosix BaseSocketChannel+AccessibleTransport.swift
/host/spi-builder-workspace/.build/checkouts/swift-nio/Sources/NIOPosix/BaseSocketChannel+AccessibleTransport.swift:17:11: error: cannot find type 'BaseSocketChannel' in scope
15 | import NIOCore
16 |
17 | extension BaseSocketChannel where SocketType: BaseSocket {
   |           `- error: cannot find type 'BaseSocketChannel' in scope
18 |     /// The underlying transport type backing this channel.
19 |     typealias Transport = NIOBSDSocket.Handle
/host/spi-builder-workspace/.build/checkouts/swift-nio/Sources/NIOPosix/BaseSocketChannel+AccessibleTransport.swift:27:11: error: cannot find type 'BaseSocketChannel' in scope
25 | }
26 |
27 | extension BaseSocketChannel where SocketType: PipePair {
   |           `- error: cannot find type 'BaseSocketChannel' in scope
28 |     /// The underlying transport type backing this channel.
29 |     typealias Transport = NIOBSDSocket.PipeHandle
/host/spi-builder-workspace/.build/checkouts/swift-nio/Sources/NIOPosix/BaseSocketChannel+AccessibleTransport.swift:42:11: error: cannot find type 'SocketChannel' in scope
40 | }
41 |
42 | extension SocketChannel: NIOTransportAccessibleChannelCore {}
   |           `- error: cannot find type 'SocketChannel' in scope
43 | extension ServerSocketChannel: NIOTransportAccessibleChannelCore {}
44 | extension DatagramChannel: NIOTransportAccessibleChannelCore {}
/host/spi-builder-workspace/.build/checkouts/swift-nio/Sources/NIOPosix/BaseSocketChannel+AccessibleTransport.swift:43:11: error: cannot find type 'ServerSocketChannel' in scope
41 |
42 | extension SocketChannel: NIOTransportAccessibleChannelCore {}
43 | extension ServerSocketChannel: NIOTransportAccessibleChannelCore {}
   |           `- error: cannot find type 'ServerSocketChannel' in scope
44 | extension DatagramChannel: NIOTransportAccessibleChannelCore {}
45 | extension PipeChannel: NIOTransportAccessibleChannelCore {}
/host/spi-builder-workspace/.build/checkouts/swift-nio/Sources/NIOPosix/BaseSocketChannel+AccessibleTransport.swift:44:11: error: cannot find type 'DatagramChannel' in scope
42 | extension SocketChannel: NIOTransportAccessibleChannelCore {}
43 | extension ServerSocketChannel: NIOTransportAccessibleChannelCore {}
44 | extension DatagramChannel: NIOTransportAccessibleChannelCore {}
   |           `- error: cannot find type 'DatagramChannel' in scope
45 | extension PipeChannel: NIOTransportAccessibleChannelCore {}
46 |
/host/spi-builder-workspace/.build/checkouts/swift-nio/Sources/NIOPosix/BaseSocketChannel+AccessibleTransport.swift:45:11: error: cannot find type 'PipeChannel' in scope
43 | extension ServerSocketChannel: NIOTransportAccessibleChannelCore {}
44 | extension DatagramChannel: NIOTransportAccessibleChannelCore {}
45 | extension PipeChannel: NIOTransportAccessibleChannelCore {}
   |           `- error: cannot find type 'PipeChannel' in scope
46 |
/host/spi-builder-workspace/.build/checkouts/swift-nio/Sources/NIOPosix/BaseSocketChannel+AccessibleTransport.swift:17:29: error: 'where' clause cannot be applied to a non-generic top-level declaration
15 | import NIOCore
16 |
17 | extension BaseSocketChannel where SocketType: BaseSocket {
   |                             `- error: 'where' clause cannot be applied to a non-generic top-level declaration
18 |     /// The underlying transport type backing this channel.
19 |     typealias Transport = NIOBSDSocket.Handle
/host/spi-builder-workspace/.build/checkouts/swift-nio/Sources/NIOPosix/BaseSocketChannel+AccessibleTransport.swift:27:29: error: 'where' clause cannot be applied to a non-generic top-level declaration
25 | }
26 |
27 | extension BaseSocketChannel where SocketType: PipePair {
   |                             `- error: 'where' clause cannot be applied to a non-generic top-level declaration
28 |     /// The underlying transport type backing this channel.
29 |     typealias Transport = NIOBSDSocket.PipeHandle
[296/322] Compiling NIOPosix BaseSocketChannel+SocketOptionProvider.swift
/host/spi-builder-workspace/.build/checkouts/swift-nio/Sources/NIOPosix/BaseSocketChannel+AccessibleTransport.swift:17:11: error: cannot find type 'BaseSocketChannel' in scope
15 | import NIOCore
16 |
17 | extension BaseSocketChannel where SocketType: BaseSocket {
   |           `- error: cannot find type 'BaseSocketChannel' in scope
18 |     /// The underlying transport type backing this channel.
19 |     typealias Transport = NIOBSDSocket.Handle
/host/spi-builder-workspace/.build/checkouts/swift-nio/Sources/NIOPosix/BaseSocketChannel+AccessibleTransport.swift:27:11: error: cannot find type 'BaseSocketChannel' in scope
25 | }
26 |
27 | extension BaseSocketChannel where SocketType: PipePair {
   |           `- error: cannot find type 'BaseSocketChannel' in scope
28 |     /// The underlying transport type backing this channel.
29 |     typealias Transport = NIOBSDSocket.PipeHandle
/host/spi-builder-workspace/.build/checkouts/swift-nio/Sources/NIOPosix/BaseSocketChannel+AccessibleTransport.swift:42:11: error: cannot find type 'SocketChannel' in scope
40 | }
41 |
42 | extension SocketChannel: NIOTransportAccessibleChannelCore {}
   |           `- error: cannot find type 'SocketChannel' in scope
43 | extension ServerSocketChannel: NIOTransportAccessibleChannelCore {}
44 | extension DatagramChannel: NIOTransportAccessibleChannelCore {}
/host/spi-builder-workspace/.build/checkouts/swift-nio/Sources/NIOPosix/BaseSocketChannel+AccessibleTransport.swift:43:11: error: cannot find type 'ServerSocketChannel' in scope
41 |
42 | extension SocketChannel: NIOTransportAccessibleChannelCore {}
43 | extension ServerSocketChannel: NIOTransportAccessibleChannelCore {}
   |           `- error: cannot find type 'ServerSocketChannel' in scope
44 | extension DatagramChannel: NIOTransportAccessibleChannelCore {}
45 | extension PipeChannel: NIOTransportAccessibleChannelCore {}
/host/spi-builder-workspace/.build/checkouts/swift-nio/Sources/NIOPosix/BaseSocketChannel+AccessibleTransport.swift:44:11: error: cannot find type 'DatagramChannel' in scope
42 | extension SocketChannel: NIOTransportAccessibleChannelCore {}
43 | extension ServerSocketChannel: NIOTransportAccessibleChannelCore {}
44 | extension DatagramChannel: NIOTransportAccessibleChannelCore {}
   |           `- error: cannot find type 'DatagramChannel' in scope
45 | extension PipeChannel: NIOTransportAccessibleChannelCore {}
46 |
/host/spi-builder-workspace/.build/checkouts/swift-nio/Sources/NIOPosix/BaseSocketChannel+AccessibleTransport.swift:45:11: error: cannot find type 'PipeChannel' in scope
43 | extension ServerSocketChannel: NIOTransportAccessibleChannelCore {}
44 | extension DatagramChannel: NIOTransportAccessibleChannelCore {}
45 | extension PipeChannel: NIOTransportAccessibleChannelCore {}
   |           `- error: cannot find type 'PipeChannel' in scope
46 |
/host/spi-builder-workspace/.build/checkouts/swift-nio/Sources/NIOPosix/BaseSocketChannel+AccessibleTransport.swift:17:29: error: 'where' clause cannot be applied to a non-generic top-level declaration
15 | import NIOCore
16 |
17 | extension BaseSocketChannel where SocketType: BaseSocket {
   |                             `- error: 'where' clause cannot be applied to a non-generic top-level declaration
18 |     /// The underlying transport type backing this channel.
19 |     typealias Transport = NIOBSDSocket.Handle
/host/spi-builder-workspace/.build/checkouts/swift-nio/Sources/NIOPosix/BaseSocketChannel+AccessibleTransport.swift:27:29: error: 'where' clause cannot be applied to a non-generic top-level declaration
25 | }
26 |
27 | extension BaseSocketChannel where SocketType: PipePair {
   |                             `- error: 'where' clause cannot be applied to a non-generic top-level declaration
28 |     /// The underlying transport type backing this channel.
29 |     typealias Transport = NIOBSDSocket.PipeHandle
[297/322] Compiling NIOPosix BaseSocketChannel.swift
/host/spi-builder-workspace/.build/checkouts/swift-nio/Sources/NIOPosix/BaseSocketChannel+AccessibleTransport.swift:17:11: error: cannot find type 'BaseSocketChannel' in scope
15 | import NIOCore
16 |
17 | extension BaseSocketChannel where SocketType: BaseSocket {
   |           `- error: cannot find type 'BaseSocketChannel' in scope
18 |     /// The underlying transport type backing this channel.
19 |     typealias Transport = NIOBSDSocket.Handle
/host/spi-builder-workspace/.build/checkouts/swift-nio/Sources/NIOPosix/BaseSocketChannel+AccessibleTransport.swift:27:11: error: cannot find type 'BaseSocketChannel' in scope
25 | }
26 |
27 | extension BaseSocketChannel where SocketType: PipePair {
   |           `- error: cannot find type 'BaseSocketChannel' in scope
28 |     /// The underlying transport type backing this channel.
29 |     typealias Transport = NIOBSDSocket.PipeHandle
/host/spi-builder-workspace/.build/checkouts/swift-nio/Sources/NIOPosix/BaseSocketChannel+AccessibleTransport.swift:42:11: error: cannot find type 'SocketChannel' in scope
40 | }
41 |
42 | extension SocketChannel: NIOTransportAccessibleChannelCore {}
   |           `- error: cannot find type 'SocketChannel' in scope
43 | extension ServerSocketChannel: NIOTransportAccessibleChannelCore {}
44 | extension DatagramChannel: NIOTransportAccessibleChannelCore {}
/host/spi-builder-workspace/.build/checkouts/swift-nio/Sources/NIOPosix/BaseSocketChannel+AccessibleTransport.swift:43:11: error: cannot find type 'ServerSocketChannel' in scope
41 |
42 | extension SocketChannel: NIOTransportAccessibleChannelCore {}
43 | extension ServerSocketChannel: NIOTransportAccessibleChannelCore {}
   |           `- error: cannot find type 'ServerSocketChannel' in scope
44 | extension DatagramChannel: NIOTransportAccessibleChannelCore {}
45 | extension PipeChannel: NIOTransportAccessibleChannelCore {}
/host/spi-builder-workspace/.build/checkouts/swift-nio/Sources/NIOPosix/BaseSocketChannel+AccessibleTransport.swift:44:11: error: cannot find type 'DatagramChannel' in scope
42 | extension SocketChannel: NIOTransportAccessibleChannelCore {}
43 | extension ServerSocketChannel: NIOTransportAccessibleChannelCore {}
44 | extension DatagramChannel: NIOTransportAccessibleChannelCore {}
   |           `- error: cannot find type 'DatagramChannel' in scope
45 | extension PipeChannel: NIOTransportAccessibleChannelCore {}
46 |
/host/spi-builder-workspace/.build/checkouts/swift-nio/Sources/NIOPosix/BaseSocketChannel+AccessibleTransport.swift:45:11: error: cannot find type 'PipeChannel' in scope
43 | extension ServerSocketChannel: NIOTransportAccessibleChannelCore {}
44 | extension DatagramChannel: NIOTransportAccessibleChannelCore {}
45 | extension PipeChannel: NIOTransportAccessibleChannelCore {}
   |           `- error: cannot find type 'PipeChannel' in scope
46 |
/host/spi-builder-workspace/.build/checkouts/swift-nio/Sources/NIOPosix/BaseSocketChannel+AccessibleTransport.swift:17:29: error: 'where' clause cannot be applied to a non-generic top-level declaration
15 | import NIOCore
16 |
17 | extension BaseSocketChannel where SocketType: BaseSocket {
   |                             `- error: 'where' clause cannot be applied to a non-generic top-level declaration
18 |     /// The underlying transport type backing this channel.
19 |     typealias Transport = NIOBSDSocket.Handle
/host/spi-builder-workspace/.build/checkouts/swift-nio/Sources/NIOPosix/BaseSocketChannel+AccessibleTransport.swift:27:29: error: 'where' clause cannot be applied to a non-generic top-level declaration
25 | }
26 |
27 | extension BaseSocketChannel where SocketType: PipePair {
   |                             `- error: 'where' clause cannot be applied to a non-generic top-level declaration
28 |     /// The underlying transport type backing this channel.
29 |     typealias Transport = NIOBSDSocket.PipeHandle
[298/322] Compiling NIOPosix Selectable.swift
[299/322] Compiling NIOPosix SelectableChannel.swift
[300/322] Compiling NIOPosix SelectableEventLoop.swift
[301/322] Compiling NIOPosix SelectorEpoll.swift
[302/322] Compiling NIOPosix SelectorGeneric.swift
[303/322] Compiling NIOPosix SelectorKqueue.swift
[304/322] Compiling NIOPosix SelectorUring.swift
[305/322] Compiling NIOPosix Thread.swift
[306/322] Compiling NIOPosix ThreadPosix.swift
[307/322] Compiling NIOPosix ThreadWindows.swift
[308/322] Compiling NIOPosix Utilities.swift
[309/322] Compiling NIOPosix VsockAddress.swift
[310/322] Compiling NIOPosix VsockChannelEvents.swift
[311/322] Compiling NIOPosix Windows.swift
BUILD FAILURE 6.3 wasm