Build Information
Failed to build ZendeskSDKGuideKit, reference main (486e22), with Swift 6.2 for tvOS using Xcode 26.3 on 3 Oct 2026 18:56:36 UTC.
Build Command
env DEVELOPER_DIR=/Applications/Xcode-26.3.0.app xcrun xcodebuild -IDEClonedSourcePackagesDirPathOverride=$PWD/.dependencies -skipMacroValidation -skipPackagePluginValidation -derivedDataPath $PWD/.derivedData build -scheme ZendeskSDKGuideKit -destination generic/platform=tvOSBuild Log
========================================
RunAll
========================================
Builder version: 5.1.1
Interrupt handler set up.
========================================
Checkout
========================================
Clone URL: https://github.com/zendesk/sdk_guide_kit_ios.git
Reference: main
Initialized empty Git repository in /Users/admin/builder/spi-builder-workspace/.git/
From https://github.com/zendesk/sdk_guide_kit_ios
* branch main -> FETCH_HEAD
* [new branch] main -> origin/main
HEAD is now at 486e229 [RELEASE] New version 2.12.0
Cloned https://github.com/zendesk/sdk_guide_kit_ios.git
Revision (git rev-parse @):
486e229d2d9def7ff0cf62e79492fabb3842249f
SUCCESS checkout https://github.com/zendesk/sdk_guide_kit_ios.git at main
========================================
Build
========================================
Selected platform: tvOS
Swift version: 6.2
Building package at path: $PWD
https://github.com/zendesk/sdk_guide_kit_ios.git
Command line invocation:
/Applications/Xcode-26.3.0.app/Contents/Developer/usr/bin/xcodebuild -IDEClonedSourcePackagesDirPathOverride=/Users/admin/builder/spi-builder-workspace/.dependencies -resolvePackageDependencies
Resolve Package Graph
Fetching from https://github.com/zendesk/sdk_logger_ios
Fetching from https://github.com/zendesk/sdk_http_client_ios
Fetching from https://github.com/zendesk/sdk_storage_ios
Fetching from https://github.com/zendesk/sdk_core_utilities_ios
Creating working copy of package ‘sdk_core_utilities_ios’
Checking out 8.2.0 of package ‘sdk_core_utilities_ios’
Creating working copy of package ‘sdk_storage_ios’
Checking out 1.7.0 of package ‘sdk_storage_ios’
Creating working copy of package ‘sdk_logger_ios’
Checking out 0.12.0 of package ‘sdk_logger_ios’
Creating working copy of package ‘sdk_http_client_ios’
Checking out 0.22.0 of package ‘sdk_http_client_ios’
Resolve Package Graph
Resolved source packages:
ZendeskSDKGuideKit: /Users/admin/builder/spi-builder-workspace
ZendeskSDKStorage: https://github.com/zendesk/sdk_storage_ios @ 1.7.0
ZendeskSDKCoreUtilities: https://github.com/zendesk/sdk_core_utilities_ios @ 8.2.0
ZendeskSDKHTTPClient: https://github.com/zendesk/sdk_http_client_ios @ 0.22.0
ZendeskSDKLogger: https://github.com/zendesk/sdk_logger_ios @ 0.12.0
resolved source packages: ZendeskSDKGuideKit, ZendeskSDKStorage, ZendeskSDKCoreUtilities, ZendeskSDKHTTPClient, ZendeskSDKLogger
2026-10-03 14:56:08.278 xcodebuild[531:3044] [MT] IDERunDestination: Supported platforms for the buildables in the current scheme is empty.
{
"dependencies" : [
{
"identity" : "sdk_logger_ios",
"requirement" : {
"range" : [
{
"lower_bound" : "0.12.0",
"upper_bound" : "1.0.0"
}
]
},
"type" : "sourceControl",
"url" : "https://github.com/zendesk/sdk_logger_ios"
},
{
"identity" : "sdk_http_client_ios",
"requirement" : {
"range" : [
{
"lower_bound" : "0.22.0",
"upper_bound" : "1.0.0"
}
]
},
"type" : "sourceControl",
"url" : "https://github.com/zendesk/sdk_http_client_ios"
},
{
"identity" : "sdk_storage_ios",
"requirement" : {
"range" : [
{
"lower_bound" : "1.7.0",
"upper_bound" : "2.0.0"
}
]
},
"type" : "sourceControl",
"url" : "https://github.com/zendesk/sdk_storage_ios"
},
{
"identity" : "sdk_core_utilities_ios",
"requirement" : {
"range" : [
{
"lower_bound" : "8.2.0",
"upper_bound" : "9.0.0"
}
]
},
"type" : "sourceControl",
"url" : "https://github.com/zendesk/sdk_core_utilities_ios"
}
],
"manifest_display_name" : "ZendeskSDKGuideKit",
"name" : "ZendeskSDKGuideKit",
"path" : "/Users/admin/builder/spi-builder-workspace",
"platforms" : [
{
"name" : "ios",
"version" : "16.0"
}
],
"products" : [
{
"name" : "ZendeskSDKGuideKit",
"targets" : [
"ZendeskSDKGuideKitTargets"
],
"type" : {
"library" : [
"automatic"
]
}
}
],
"targets" : [
{
"c99name" : "ZendeskSDKGuideKitTargets",
"module_type" : "SwiftTarget",
"name" : "ZendeskSDKGuideKitTargets",
"path" : "Sources",
"product_dependencies" : [
"ZendeskSDKLogger",
"ZendeskSDKHTTPClient",
"ZendeskSDKStorage",
"ZendeskSDKCoreUtilities"
],
"product_memberships" : [
"ZendeskSDKGuideKit"
],
"sources" : [
"Placeholder.swift"
],
"target_dependencies" : [
"ZendeskSDKGuideKit"
],
"type" : "library"
},
{
"c99name" : "ZendeskSDKGuideKit",
"module_type" : "BinaryTarget",
"name" : "ZendeskSDKGuideKit",
"path" : "ZendeskSDKGuideKit.xcframework",
"product_memberships" : [
"ZendeskSDKGuideKit"
],
"sources" : [
],
"type" : "binary"
}
],
"tools_version" : "5.7"
}
warning: 'spi-builder-workspace': /Users/admin/builder/spi-builder-workspace/Package.swift:17:10: warning: 'package(name:url:from:)' is deprecated: use package(url:from:) instead [#DeprecatedDeclaration]
15 | ],
16 | dependencies: [
17 | .package(
| `- warning: 'package(name:url:from:)' is deprecated: use package(url:from:) instead [#DeprecatedDeclaration]
18 | name: "ZendeskSDKLogger",
19 | url: "https://github.com/zendesk/sdk_logger_ios",
/Users/admin/builder/spi-builder-workspace/Package.swift:22:10: warning: 'package(name:url:from:)' is deprecated: use package(url:from:) instead [#DeprecatedDeclaration]
20 | from: "0.12.0"
21 | ),
22 | .package(
| `- warning: 'package(name:url:from:)' is deprecated: use package(url:from:) instead [#DeprecatedDeclaration]
23 | name: "ZendeskSDKHTTPClient",
24 | url: "https://github.com/zendesk/sdk_http_client_ios",
/Users/admin/builder/spi-builder-workspace/Package.swift:27:10: warning: 'package(name:url:from:)' is deprecated: use package(url:from:) instead [#DeprecatedDeclaration]
25 | from: "0.22.0"
26 | ),
27 | .package(
| `- warning: 'package(name:url:from:)' is deprecated: use package(url:from:) instead [#DeprecatedDeclaration]
28 | name: "ZendeskSDKStorage",
29 | url: "https://github.com/zendesk/sdk_storage_ios",
/Users/admin/builder/spi-builder-workspace/Package.swift:32:10: warning: 'package(name:url:from:)' is deprecated: use package(url:from:) instead [#DeprecatedDeclaration]
30 | from: "1.7.0"
31 | ),
32 | .package(
| `- warning: 'package(name:url:from:)' is deprecated: use package(url:from:) instead [#DeprecatedDeclaration]
33 | name: "ZendeskSDKCoreUtilities",
34 | url: "https://github.com/zendesk/sdk_core_utilities_ios",
[#DeprecatedDeclaration]: <https://docs.swift.org/compiler/documentation/diagnostics/deprecated-declaration>
{
"workspace" : {
"name" : "spi-builder-workspace",
"schemes" : [
"ZendeskSDKGuideKit"
]
}
}
2026-10-03 14:56:28.579 xcodebuild[814:4845] [MT] IDERunDestination: Supported platforms for the buildables in the current scheme is empty.
Running build ...
env DEVELOPER_DIR=/Applications/Xcode-26.3.0.app xcrun xcodebuild -IDEClonedSourcePackagesDirPathOverride=$PWD/.dependencies -skipMacroValidation -skipPackagePluginValidation -derivedDataPath $PWD/.derivedData build -scheme ZendeskSDKGuideKit -destination generic/platform=tvOS
Command line invocation:
/Applications/Xcode-26.3.0.app/Contents/Developer/usr/bin/xcodebuild -IDEClonedSourcePackagesDirPathOverride=/Users/admin/builder/spi-builder-workspace/.dependencies -skipMacroValidation -skipPackagePluginValidation -derivedDataPath /Users/admin/builder/spi-builder-workspace/.derivedData build -scheme ZendeskSDKGuideKit -destination generic/platform=tvOS
Resolve Package Graph
Resolve Package Graph
Resolved source packages:
ZendeskSDKHTTPClient: https://github.com/zendesk/sdk_http_client_ios @ 0.22.0
ZendeskSDKLogger: https://github.com/zendesk/sdk_logger_ios @ 0.12.0
ZendeskSDKCoreUtilities: https://github.com/zendesk/sdk_core_utilities_ios @ 8.2.0
ZendeskSDKGuideKit: /Users/admin/builder/spi-builder-workspace
ZendeskSDKStorage: https://github.com/zendesk/sdk_storage_ios @ 1.7.0
ComputePackagePrebuildTargetDependencyGraph
Prepare packages
CreateBuildRequest
SendProjectDescription
CreateBuildOperation
ComputeTargetDependencyGraph
note: Building targets in dependency order
note: Target dependency graph (8 targets)
Target 'ZendeskSDKGuideKit' in project 'ZendeskSDKGuideKit'
➜ Explicit dependency on target 'ZendeskSDKGuideKitTargets' in project 'ZendeskSDKGuideKit'
➜ Explicit dependency on target 'ZendeskSDKLogger' in project 'ZendeskSDKLogger'
➜ Explicit dependency on target 'ZendeskSDKHTTPClient' in project 'ZendeskSDKHTTPClient'
➜ Explicit dependency on target 'ZendeskSDKStorage' in project 'ZendeskSDKStorage'
➜ Explicit dependency on target 'ZendeskSDKCoreUtilities' in project 'ZendeskSDKCoreUtilities'
Target 'ZendeskSDKGuideKitTargets' in project 'ZendeskSDKGuideKit'
➜ Explicit dependency on target 'ZendeskSDKLogger' in project 'ZendeskSDKLogger'
➜ Explicit dependency on target 'ZendeskSDKHTTPClient' in project 'ZendeskSDKHTTPClient'
➜ Explicit dependency on target 'ZendeskSDKStorage' in project 'ZendeskSDKStorage'
➜ Explicit dependency on target 'ZendeskSDKCoreUtilities' in project 'ZendeskSDKCoreUtilities'
Target 'ZendeskSDKCoreUtilities' in project 'ZendeskSDKCoreUtilities' (no dependencies)
Target 'ZendeskSDKStorage' in project 'ZendeskSDKStorage'
➜ Explicit dependency on target 'ZendeskSDKStorageTargets' in project 'ZendeskSDKStorage'
➜ Explicit dependency on target 'ZendeskSDKLogger' in project 'ZendeskSDKLogger'
Target 'ZendeskSDKStorageTargets' in project 'ZendeskSDKStorage'
➜ Explicit dependency on target 'ZendeskSDKLogger' in project 'ZendeskSDKLogger'
Target 'ZendeskSDKHTTPClient' in project 'ZendeskSDKHTTPClient'
➜ Explicit dependency on target 'ZendeskSDKHTTPClientTargets' in project 'ZendeskSDKHTTPClient'
➜ Explicit dependency on target 'ZendeskSDKLogger' in project 'ZendeskSDKLogger'
Target 'ZendeskSDKHTTPClientTargets' in project 'ZendeskSDKHTTPClient'
➜ Explicit dependency on target 'ZendeskSDKLogger' in project 'ZendeskSDKLogger'
Target 'ZendeskSDKLogger' in project 'ZendeskSDKLogger' (no dependencies)
GatherProvisioningInputs
CreateBuildDescription
ExecuteExternalTool /Applications/Xcode-26.3.0.app/Contents/Developer/Toolchains/XcodeDefault.xctoolchain/usr/bin/clang -v -E -dM -isysroot /Applications/Xcode-26.3.0.app/Contents/Developer/Platforms/AppleTVOS.platform/Developer/SDKs/AppleTVOS26.2.sdk -x c -c /dev/null
ExecuteExternalTool /Applications/Xcode-26.3.0.app/Contents/Developer/Toolchains/XcodeDefault.xctoolchain/usr/bin/swiftc --version
ExecuteExternalTool /Applications/Xcode-26.3.0.app/Contents/Developer/Toolchains/XcodeDefault.xctoolchain/usr/bin/ld -version_details
Build description signature: dd3559e182f1031e79025924d5dd6f41
Build description path: /Users/admin/builder/spi-builder-workspace/.derivedData/Build/Intermediates.noindex/XCBuildData/dd3559e182f1031e79025924d5dd6f41.xcbuilddata
/Users/admin/builder/spi-builder-workspace/.dependencies/checkouts/sdk_storage_ios/ZendeskSDKStorage.xcframework:1:1: error: While building for tvOS, no library for this platform was found in '/Users/admin/builder/spi-builder-workspace/.dependencies/checkouts/sdk_storage_ios/ZendeskSDKStorage.xcframework'. (in target 'ZendeskSDKStorageTargets' from project 'ZendeskSDKStorage')
/Users/admin/builder/spi-builder-workspace/.dependencies/checkouts/sdk_logger_ios/ZendeskSDKLogger.xcframework:1:1: error: While building for tvOS, no library for this platform was found in '/Users/admin/builder/spi-builder-workspace/.dependencies/checkouts/sdk_logger_ios/ZendeskSDKLogger.xcframework'. (in target 'ZendeskSDKStorageTargets' from project 'ZendeskSDKStorage')
/Users/admin/builder/spi-builder-workspace/ZendeskSDKGuideKit.xcframework:1:1: error: While building for tvOS, no library for this platform was found in '/Users/admin/builder/spi-builder-workspace/ZendeskSDKGuideKit.xcframework'. (in target 'ZendeskSDKGuideKit' from project 'ZendeskSDKGuideKit')
/Users/admin/builder/spi-builder-workspace/.dependencies/checkouts/sdk_logger_ios/ZendeskSDKLogger.xcframework:1:1: error: While building for tvOS, no library for this platform was found in '/Users/admin/builder/spi-builder-workspace/.dependencies/checkouts/sdk_logger_ios/ZendeskSDKLogger.xcframework'. (in target 'ZendeskSDKGuideKit' from project 'ZendeskSDKGuideKit')
/Users/admin/builder/spi-builder-workspace/.dependencies/checkouts/sdk_core_utilities_ios/ZendeskSDKCoreUtilities.xcframework:1:1: error: While building for tvOS, no library for this platform was found in '/Users/admin/builder/spi-builder-workspace/.dependencies/checkouts/sdk_core_utilities_ios/ZendeskSDKCoreUtilities.xcframework'. (in target 'ZendeskSDKGuideKit' from project 'ZendeskSDKGuideKit')
/Users/admin/builder/spi-builder-workspace/.dependencies/checkouts/sdk_logger_ios/ZendeskSDKLogger.xcframework:1:1: error: While building for tvOS, no library for this platform was found in '/Users/admin/builder/spi-builder-workspace/.dependencies/checkouts/sdk_logger_ios/ZendeskSDKLogger.xcframework'. (in target 'ZendeskSDKGuideKit' from project 'ZendeskSDKGuideKit')
/Users/admin/builder/spi-builder-workspace/.dependencies/checkouts/sdk_http_client_ios/ZendeskSDKHTTPClient.xcframework:1:1: error: While building for tvOS, no library for this platform was found in '/Users/admin/builder/spi-builder-workspace/.dependencies/checkouts/sdk_http_client_ios/ZendeskSDKHTTPClient.xcframework'. (in target 'ZendeskSDKGuideKit' from project 'ZendeskSDKGuideKit')
/Users/admin/builder/spi-builder-workspace/.dependencies/checkouts/sdk_logger_ios/ZendeskSDKLogger.xcframework:1:1: error: While building for tvOS, no library for this platform was found in '/Users/admin/builder/spi-builder-workspace/.dependencies/checkouts/sdk_logger_ios/ZendeskSDKLogger.xcframework'. (in target 'ZendeskSDKGuideKit' from project 'ZendeskSDKGuideKit')
/Users/admin/builder/spi-builder-workspace/.dependencies/checkouts/sdk_storage_ios/ZendeskSDKStorage.xcframework:1:1: error: While building for tvOS, no library for this platform was found in '/Users/admin/builder/spi-builder-workspace/.dependencies/checkouts/sdk_storage_ios/ZendeskSDKStorage.xcframework'. (in target 'ZendeskSDKGuideKit' from project 'ZendeskSDKGuideKit')
/Users/admin/builder/spi-builder-workspace/.dependencies/checkouts/sdk_logger_ios/ZendeskSDKLogger.xcframework:1:1: error: While building for tvOS, no library for this platform was found in '/Users/admin/builder/spi-builder-workspace/.dependencies/checkouts/sdk_logger_ios/ZendeskSDKLogger.xcframework'. (in target 'ZendeskSDKGuideKit' from project 'ZendeskSDKGuideKit')
/Users/admin/builder/spi-builder-workspace/.dependencies/checkouts/sdk_core_utilities_ios/ZendeskSDKCoreUtilities.xcframework:1:1: error: While building for tvOS, no library for this platform was found in '/Users/admin/builder/spi-builder-workspace/.dependencies/checkouts/sdk_core_utilities_ios/ZendeskSDKCoreUtilities.xcframework'. (in target 'ZendeskSDKGuideKit' from project 'ZendeskSDKGuideKit')
/Users/admin/builder/spi-builder-workspace/ZendeskSDKGuideKit.xcframework:1:1: error: While building for tvOS, no library for this platform was found in '/Users/admin/builder/spi-builder-workspace/ZendeskSDKGuideKit.xcframework'. (in target 'ZendeskSDKGuideKitTargets' from project 'ZendeskSDKGuideKit')
/Users/admin/builder/spi-builder-workspace/.dependencies/checkouts/sdk_logger_ios/ZendeskSDKLogger.xcframework:1:1: error: While building for tvOS, no library for this platform was found in '/Users/admin/builder/spi-builder-workspace/.dependencies/checkouts/sdk_logger_ios/ZendeskSDKLogger.xcframework'. (in target 'ZendeskSDKGuideKitTargets' from project 'ZendeskSDKGuideKit')
/Users/admin/builder/spi-builder-workspace/.dependencies/checkouts/sdk_core_utilities_ios/ZendeskSDKCoreUtilities.xcframework:1:1: error: While building for tvOS, no library for this platform was found in '/Users/admin/builder/spi-builder-workspace/.dependencies/checkouts/sdk_core_utilities_ios/ZendeskSDKCoreUtilities.xcframework'. (in target 'ZendeskSDKGuideKitTargets' from project 'ZendeskSDKGuideKit')
/Users/admin/builder/spi-builder-workspace/.dependencies/checkouts/sdk_http_client_ios/ZendeskSDKHTTPClient.xcframework:1:1: error: While building for tvOS, no library for this platform was found in '/Users/admin/builder/spi-builder-workspace/.dependencies/checkouts/sdk_http_client_ios/ZendeskSDKHTTPClient.xcframework'. (in target 'ZendeskSDKHTTPClient' from project 'ZendeskSDKHTTPClient')
/Users/admin/builder/spi-builder-workspace/.dependencies/checkouts/sdk_logger_ios/ZendeskSDKLogger.xcframework:1:1: error: While building for tvOS, no library for this platform was found in '/Users/admin/builder/spi-builder-workspace/.dependencies/checkouts/sdk_logger_ios/ZendeskSDKLogger.xcframework'. (in target 'ZendeskSDKHTTPClient' from project 'ZendeskSDKHTTPClient')
/Users/admin/builder/spi-builder-workspace/.dependencies/checkouts/sdk_logger_ios/ZendeskSDKLogger.xcframework:1:1: error: While building for tvOS, no library for this platform was found in '/Users/admin/builder/spi-builder-workspace/.dependencies/checkouts/sdk_logger_ios/ZendeskSDKLogger.xcframework'. (in target 'ZendeskSDKHTTPClient' from project 'ZendeskSDKHTTPClient')
/Users/admin/builder/spi-builder-workspace/.dependencies/checkouts/sdk_storage_ios/ZendeskSDKStorage.xcframework:1:1: error: While building for tvOS, no library for this platform was found in '/Users/admin/builder/spi-builder-workspace/.dependencies/checkouts/sdk_storage_ios/ZendeskSDKStorage.xcframework'. (in target 'ZendeskSDKStorage' from project 'ZendeskSDKStorage')
/Users/admin/builder/spi-builder-workspace/.dependencies/checkouts/sdk_logger_ios/ZendeskSDKLogger.xcframework:1:1: error: While building for tvOS, no library for this platform was found in '/Users/admin/builder/spi-builder-workspace/.dependencies/checkouts/sdk_logger_ios/ZendeskSDKLogger.xcframework'. (in target 'ZendeskSDKStorage' from project 'ZendeskSDKStorage')
/Users/admin/builder/spi-builder-workspace/.dependencies/checkouts/sdk_logger_ios/ZendeskSDKLogger.xcframework:1:1: error: While building for tvOS, no library for this platform was found in '/Users/admin/builder/spi-builder-workspace/.dependencies/checkouts/sdk_logger_ios/ZendeskSDKLogger.xcframework'. (in target 'ZendeskSDKStorage' from project 'ZendeskSDKStorage')
/Users/admin/builder/spi-builder-workspace/.dependencies/checkouts/sdk_http_client_ios/ZendeskSDKHTTPClient.xcframework:1:1: error: While building for tvOS, no library for this platform was found in '/Users/admin/builder/spi-builder-workspace/.dependencies/checkouts/sdk_http_client_ios/ZendeskSDKHTTPClient.xcframework'. (in target 'ZendeskSDKHTTPClientTargets' from project 'ZendeskSDKHTTPClient')
/Users/admin/builder/spi-builder-workspace/.dependencies/checkouts/sdk_logger_ios/ZendeskSDKLogger.xcframework:1:1: error: While building for tvOS, no library for this platform was found in '/Users/admin/builder/spi-builder-workspace/.dependencies/checkouts/sdk_logger_ios/ZendeskSDKLogger.xcframework'. (in target 'ZendeskSDKHTTPClientTargets' from project 'ZendeskSDKHTTPClient')
/Users/admin/builder/spi-builder-workspace/.dependencies/checkouts/sdk_core_utilities_ios/ZendeskSDKCoreUtilities.xcframework:1:1: error: While building for tvOS, no library for this platform was found in '/Users/admin/builder/spi-builder-workspace/.dependencies/checkouts/sdk_core_utilities_ios/ZendeskSDKCoreUtilities.xcframework'. (in target 'ZendeskSDKCoreUtilities' from project 'ZendeskSDKCoreUtilities')
/Users/admin/builder/spi-builder-workspace/.dependencies/checkouts/sdk_logger_ios/ZendeskSDKLogger.xcframework:1:1: error: While building for tvOS, no library for this platform was found in '/Users/admin/builder/spi-builder-workspace/.dependencies/checkouts/sdk_logger_ios/ZendeskSDKLogger.xcframework'. (in target 'ZendeskSDKLogger' from project 'ZendeskSDKLogger')
2026-10-03 14:56:31.410 xcodebuild[816:4896] [MT] IDERunDestination: Supported platforms for the buildables in the current scheme is empty.
** BUILD FAILED **
The following build commands failed:
Building workspace spi-builder-workspace with scheme ZendeskSDKGuideKit
(1 failure)
Command line invocation:
/Applications/Xcode-26.3.0.app/Contents/Developer/usr/bin/xcodebuild -IDEClonedSourcePackagesDirPathOverride=/Users/admin/builder/spi-builder-workspace/.dependencies -resolvePackageDependencies
Resolve Package Graph
Resolved source packages:
ZendeskSDKGuideKit: /Users/admin/builder/spi-builder-workspace
ZendeskSDKCoreUtilities: https://github.com/zendesk/sdk_core_utilities_ios @ 8.2.0
ZendeskSDKStorage: https://github.com/zendesk/sdk_storage_ios @ 1.7.0
ZendeskSDKLogger: https://github.com/zendesk/sdk_logger_ios @ 0.12.0
ZendeskSDKHTTPClient: https://github.com/zendesk/sdk_http_client_ios @ 0.22.0
resolved source packages: ZendeskSDKGuideKit, ZendeskSDKCoreUtilities, ZendeskSDKStorage, ZendeskSDKLogger, ZendeskSDKHTTPClient
2026-10-03 14:56:34.052 xcodebuild[863:5179] [MT] IDERunDestination: Supported platforms for the buildables in the current scheme is empty.
{
"dependencies" : [
{
"identity" : "sdk_logger_ios",
"requirement" : {
"range" : [
{
"lower_bound" : "0.12.0",
"upper_bound" : "1.0.0"
}
]
},
"type" : "sourceControl",
"url" : "https://github.com/zendesk/sdk_logger_ios"
},
{
"identity" : "sdk_http_client_ios",
"requirement" : {
"range" : [
{
"lower_bound" : "0.22.0",
"upper_bound" : "1.0.0"
}
]
},
"type" : "sourceControl",
"url" : "https://github.com/zendesk/sdk_http_client_ios"
},
{
"identity" : "sdk_storage_ios",
"requirement" : {
"range" : [
{
"lower_bound" : "1.7.0",
"upper_bound" : "2.0.0"
}
]
},
"type" : "sourceControl",
"url" : "https://github.com/zendesk/sdk_storage_ios"
},
{
"identity" : "sdk_core_utilities_ios",
"requirement" : {
"range" : [
{
"lower_bound" : "8.2.0",
"upper_bound" : "9.0.0"
}
]
},
"type" : "sourceControl",
"url" : "https://github.com/zendesk/sdk_core_utilities_ios"
}
],
"manifest_display_name" : "ZendeskSDKGuideKit",
"name" : "ZendeskSDKGuideKit",
"path" : "/Users/admin/builder/spi-builder-workspace",
"platforms" : [
{
"name" : "ios",
"version" : "16.0"
}
],
"products" : [
{
"name" : "ZendeskSDKGuideKit",
"targets" : [
"ZendeskSDKGuideKitTargets"
],
"type" : {
"library" : [
"automatic"
]
}
}
],
"targets" : [
{
"c99name" : "ZendeskSDKGuideKitTargets",
"module_type" : "SwiftTarget",
"name" : "ZendeskSDKGuideKitTargets",
"path" : "Sources",
"product_dependencies" : [
"ZendeskSDKLogger",
"ZendeskSDKHTTPClient",
"ZendeskSDKStorage",
"ZendeskSDKCoreUtilities"
],
"product_memberships" : [
"ZendeskSDKGuideKit"
],
"sources" : [
"Placeholder.swift"
],
"target_dependencies" : [
"ZendeskSDKGuideKit"
],
"type" : "library"
},
{
"c99name" : "ZendeskSDKGuideKit",
"module_type" : "BinaryTarget",
"name" : "ZendeskSDKGuideKit",
"path" : "ZendeskSDKGuideKit.xcframework",
"product_memberships" : [
"ZendeskSDKGuideKit"
],
"sources" : [
],
"type" : "binary"
}
],
"tools_version" : "5.7"
}
{
"workspace" : {
"name" : "spi-builder-workspace",
"schemes" : [
"ZendeskSDKGuideKit"
]
}
}
2026-10-03 14:56:35.166 xcodebuild[871:5240] [MT] IDERunDestination: Supported platforms for the buildables in the current scheme is empty.
Running build ...
env DEVELOPER_DIR=/Applications/Xcode-26.3.0.app xcrun xcodebuild -IDEClonedSourcePackagesDirPathOverride=$PWD/.dependencies -skipMacroValidation -skipPackagePluginValidation -derivedDataPath $PWD/.derivedData build -scheme ZendeskSDKGuideKit -destination generic/platform=tvOS
Command line invocation:
/Applications/Xcode-26.3.0.app/Contents/Developer/usr/bin/xcodebuild -IDEClonedSourcePackagesDirPathOverride=/Users/admin/builder/spi-builder-workspace/.dependencies -skipMacroValidation -skipPackagePluginValidation -derivedDataPath /Users/admin/builder/spi-builder-workspace/.derivedData build -scheme ZendeskSDKGuideKit -destination generic/platform=tvOS
Resolve Package Graph
Resolved source packages:
ZendeskSDKStorage: https://github.com/zendesk/sdk_storage_ios @ 1.7.0
ZendeskSDKLogger: https://github.com/zendesk/sdk_logger_ios @ 0.12.0
ZendeskSDKHTTPClient: https://github.com/zendesk/sdk_http_client_ios @ 0.22.0
ZendeskSDKGuideKit: /Users/admin/builder/spi-builder-workspace
ZendeskSDKCoreUtilities: https://github.com/zendesk/sdk_core_utilities_ios @ 8.2.0
ComputePackagePrebuildTargetDependencyGraph
Prepare packages
CreateBuildRequest
SendProjectDescription
CreateBuildOperation
ComputeTargetDependencyGraph
note: Building targets in dependency order
note: Target dependency graph (8 targets)
Target 'ZendeskSDKGuideKit' in project 'ZendeskSDKGuideKit'
➜ Explicit dependency on target 'ZendeskSDKGuideKitTargets' in project 'ZendeskSDKGuideKit'
➜ Explicit dependency on target 'ZendeskSDKLogger' in project 'ZendeskSDKLogger'
➜ Explicit dependency on target 'ZendeskSDKHTTPClient' in project 'ZendeskSDKHTTPClient'
➜ Explicit dependency on target 'ZendeskSDKStorage' in project 'ZendeskSDKStorage'
➜ Explicit dependency on target 'ZendeskSDKCoreUtilities' in project 'ZendeskSDKCoreUtilities'
Target 'ZendeskSDKGuideKitTargets' in project 'ZendeskSDKGuideKit'
➜ Explicit dependency on target 'ZendeskSDKLogger' in project 'ZendeskSDKLogger'
➜ Explicit dependency on target 'ZendeskSDKHTTPClient' in project 'ZendeskSDKHTTPClient'
➜ Explicit dependency on target 'ZendeskSDKStorage' in project 'ZendeskSDKStorage'
➜ Explicit dependency on target 'ZendeskSDKCoreUtilities' in project 'ZendeskSDKCoreUtilities'
Target 'ZendeskSDKCoreUtilities' in project 'ZendeskSDKCoreUtilities' (no dependencies)
Target 'ZendeskSDKStorage' in project 'ZendeskSDKStorage'
➜ Explicit dependency on target 'ZendeskSDKStorageTargets' in project 'ZendeskSDKStorage'
➜ Explicit dependency on target 'ZendeskSDKLogger' in project 'ZendeskSDKLogger'
Target 'ZendeskSDKStorageTargets' in project 'ZendeskSDKStorage'
➜ Explicit dependency on target 'ZendeskSDKLogger' in project 'ZendeskSDKLogger'
Target 'ZendeskSDKHTTPClient' in project 'ZendeskSDKHTTPClient'
➜ Explicit dependency on target 'ZendeskSDKHTTPClientTargets' in project 'ZendeskSDKHTTPClient'
➜ Explicit dependency on target 'ZendeskSDKLogger' in project 'ZendeskSDKLogger'
Target 'ZendeskSDKHTTPClientTargets' in project 'ZendeskSDKHTTPClient'
➜ Explicit dependency on target 'ZendeskSDKLogger' in project 'ZendeskSDKLogger'
Target 'ZendeskSDKLogger' in project 'ZendeskSDKLogger' (no dependencies)
GatherProvisioningInputs
CreateBuildDescription
ExecuteExternalTool /Applications/Xcode-26.3.0.app/Contents/Developer/Toolchains/XcodeDefault.xctoolchain/usr/bin/clang -v -E -dM -isysroot /Applications/Xcode-26.3.0.app/Contents/Developer/Platforms/AppleTVOS.platform/Developer/SDKs/AppleTVOS26.2.sdk -x c -c /dev/null
ExecuteExternalTool /Applications/Xcode-26.3.0.app/Contents/Developer/Toolchains/XcodeDefault.xctoolchain/usr/bin/swiftc --version
ExecuteExternalTool /Applications/Xcode-26.3.0.app/Contents/Developer/Toolchains/XcodeDefault.xctoolchain/usr/bin/ld -version_details
Build description signature: dd3559e182f1031e79025924d5dd6f41
Build description path: /Users/admin/builder/spi-builder-workspace/.derivedData/Build/Intermediates.noindex/XCBuildData/dd3559e182f1031e79025924d5dd6f41.xcbuilddata
/Users/admin/builder/spi-builder-workspace/.dependencies/checkouts/sdk_core_utilities_ios/ZendeskSDKCoreUtilities.xcframework:1:1: error: While building for tvOS, no library for this platform was found in '/Users/admin/builder/spi-builder-workspace/.dependencies/checkouts/sdk_core_utilities_ios/ZendeskSDKCoreUtilities.xcframework'. (in target 'ZendeskSDKCoreUtilities' from project 'ZendeskSDKCoreUtilities')
/Users/admin/builder/spi-builder-workspace/.dependencies/checkouts/sdk_http_client_ios/ZendeskSDKHTTPClient.xcframework:1:1: error: While building for tvOS, no library for this platform was found in '/Users/admin/builder/spi-builder-workspace/.dependencies/checkouts/sdk_http_client_ios/ZendeskSDKHTTPClient.xcframework'. (in target 'ZendeskSDKHTTPClientTargets' from project 'ZendeskSDKHTTPClient')
/Users/admin/builder/spi-builder-workspace/.dependencies/checkouts/sdk_logger_ios/ZendeskSDKLogger.xcframework:1:1: error: While building for tvOS, no library for this platform was found in '/Users/admin/builder/spi-builder-workspace/.dependencies/checkouts/sdk_logger_ios/ZendeskSDKLogger.xcframework'. (in target 'ZendeskSDKHTTPClientTargets' from project 'ZendeskSDKHTTPClient')
/Users/admin/builder/spi-builder-workspace/ZendeskSDKGuideKit.xcframework:1:1: error: While building for tvOS, no library for this platform was found in '/Users/admin/builder/spi-builder-workspace/ZendeskSDKGuideKit.xcframework'. (in target 'ZendeskSDKGuideKit' from project 'ZendeskSDKGuideKit')
/Users/admin/builder/spi-builder-workspace/.dependencies/checkouts/sdk_logger_ios/ZendeskSDKLogger.xcframework:1:1: error: While building for tvOS, no library for this platform was found in '/Users/admin/builder/spi-builder-workspace/.dependencies/checkouts/sdk_logger_ios/ZendeskSDKLogger.xcframework'. (in target 'ZendeskSDKGuideKit' from project 'ZendeskSDKGuideKit')
/Users/admin/builder/spi-builder-workspace/.dependencies/checkouts/sdk_core_utilities_ios/ZendeskSDKCoreUtilities.xcframework:1:1: error: While building for tvOS, no library for this platform was found in '/Users/admin/builder/spi-builder-workspace/.dependencies/checkouts/sdk_core_utilities_ios/ZendeskSDKCoreUtilities.xcframework'. (in target 'ZendeskSDKGuideKit' from project 'ZendeskSDKGuideKit')
/Users/admin/builder/spi-builder-workspace/.dependencies/checkouts/sdk_logger_ios/ZendeskSDKLogger.xcframework:1:1: error: While building for tvOS, no library for this platform was found in '/Users/admin/builder/spi-builder-workspace/.dependencies/checkouts/sdk_logger_ios/ZendeskSDKLogger.xcframework'. (in target 'ZendeskSDKGuideKit' from project 'ZendeskSDKGuideKit')
/Users/admin/builder/spi-builder-workspace/.dependencies/checkouts/sdk_http_client_ios/ZendeskSDKHTTPClient.xcframework:1:1: error: While building for tvOS, no library for this platform was found in '/Users/admin/builder/spi-builder-workspace/.dependencies/checkouts/sdk_http_client_ios/ZendeskSDKHTTPClient.xcframework'. (in target 'ZendeskSDKGuideKit' from project 'ZendeskSDKGuideKit')
/Users/admin/builder/spi-builder-workspace/.dependencies/checkouts/sdk_logger_ios/ZendeskSDKLogger.xcframework:1:1: error: While building for tvOS, no library for this platform was found in '/Users/admin/builder/spi-builder-workspace/.dependencies/checkouts/sdk_logger_ios/ZendeskSDKLogger.xcframework'. (in target 'ZendeskSDKGuideKit' from project 'ZendeskSDKGuideKit')
/Users/admin/builder/spi-builder-workspace/.dependencies/checkouts/sdk_storage_ios/ZendeskSDKStorage.xcframework:1:1: error: While building for tvOS, no library for this platform was found in '/Users/admin/builder/spi-builder-workspace/.dependencies/checkouts/sdk_storage_ios/ZendeskSDKStorage.xcframework'. (in target 'ZendeskSDKGuideKit' from project 'ZendeskSDKGuideKit')
/Users/admin/builder/spi-builder-workspace/.dependencies/checkouts/sdk_logger_ios/ZendeskSDKLogger.xcframework:1:1: error: While building for tvOS, no library for this platform was found in '/Users/admin/builder/spi-builder-workspace/.dependencies/checkouts/sdk_logger_ios/ZendeskSDKLogger.xcframework'. (in target 'ZendeskSDKGuideKit' from project 'ZendeskSDKGuideKit')
/Users/admin/builder/spi-builder-workspace/.dependencies/checkouts/sdk_core_utilities_ios/ZendeskSDKCoreUtilities.xcframework:1:1: error: While building for tvOS, no library for this platform was found in '/Users/admin/builder/spi-builder-workspace/.dependencies/checkouts/sdk_core_utilities_ios/ZendeskSDKCoreUtilities.xcframework'. (in target 'ZendeskSDKGuideKit' from project 'ZendeskSDKGuideKit')
/Users/admin/builder/spi-builder-workspace/.dependencies/checkouts/sdk_http_client_ios/ZendeskSDKHTTPClient.xcframework:1:1: error: While building for tvOS, no library for this platform was found in '/Users/admin/builder/spi-builder-workspace/.dependencies/checkouts/sdk_http_client_ios/ZendeskSDKHTTPClient.xcframework'. (in target 'ZendeskSDKHTTPClient' from project 'ZendeskSDKHTTPClient')
/Users/admin/builder/spi-builder-workspace/.dependencies/checkouts/sdk_logger_ios/ZendeskSDKLogger.xcframework:1:1: error: While building for tvOS, no library for this platform was found in '/Users/admin/builder/spi-builder-workspace/.dependencies/checkouts/sdk_logger_ios/ZendeskSDKLogger.xcframework'. (in target 'ZendeskSDKHTTPClient' from project 'ZendeskSDKHTTPClient')
/Users/admin/builder/spi-builder-workspace/.dependencies/checkouts/sdk_logger_ios/ZendeskSDKLogger.xcframework:1:1: error: While building for tvOS, no library for this platform was found in '/Users/admin/builder/spi-builder-workspace/.dependencies/checkouts/sdk_logger_ios/ZendeskSDKLogger.xcframework'. (in target 'ZendeskSDKHTTPClient' from project 'ZendeskSDKHTTPClient')
/Users/admin/builder/spi-builder-workspace/ZendeskSDKGuideKit.xcframework:1:1: error: While building for tvOS, no library for this platform was found in '/Users/admin/builder/spi-builder-workspace/ZendeskSDKGuideKit.xcframework'. (in target 'ZendeskSDKGuideKitTargets' from project 'ZendeskSDKGuideKit')
/Users/admin/builder/spi-builder-workspace/.dependencies/checkouts/sdk_logger_ios/ZendeskSDKLogger.xcframework:1:1: error: While building for tvOS, no library for this platform was found in '/Users/admin/builder/spi-builder-workspace/.dependencies/checkouts/sdk_logger_ios/ZendeskSDKLogger.xcframework'. (in target 'ZendeskSDKGuideKitTargets' from project 'ZendeskSDKGuideKit')
/Users/admin/builder/spi-builder-workspace/.dependencies/checkouts/sdk_core_utilities_ios/ZendeskSDKCoreUtilities.xcframework:1:1: error: While building for tvOS, no library for this platform was found in '/Users/admin/builder/spi-builder-workspace/.dependencies/checkouts/sdk_core_utilities_ios/ZendeskSDKCoreUtilities.xcframework'. (in target 'ZendeskSDKGuideKitTargets' from project 'ZendeskSDKGuideKit')
/Users/admin/builder/spi-builder-workspace/.dependencies/checkouts/sdk_logger_ios/ZendeskSDKLogger.xcframework:1:1: error: While building for tvOS, no library for this platform was found in '/Users/admin/builder/spi-builder-workspace/.dependencies/checkouts/sdk_logger_ios/ZendeskSDKLogger.xcframework'. (in target 'ZendeskSDKLogger' from project 'ZendeskSDKLogger')
/Users/admin/builder/spi-builder-workspace/.dependencies/checkouts/sdk_storage_ios/ZendeskSDKStorage.xcframework:1:1: error: While building for tvOS, no library for this platform was found in '/Users/admin/builder/spi-builder-workspace/.dependencies/checkouts/sdk_storage_ios/ZendeskSDKStorage.xcframework'. (in target 'ZendeskSDKStorage' from project 'ZendeskSDKStorage')
/Users/admin/builder/spi-builder-workspace/.dependencies/checkouts/sdk_logger_ios/ZendeskSDKLogger.xcframework:1:1: error: While building for tvOS, no library for this platform was found in '/Users/admin/builder/spi-builder-workspace/.dependencies/checkouts/sdk_logger_ios/ZendeskSDKLogger.xcframework'. (in target 'ZendeskSDKStorage' from project 'ZendeskSDKStorage')
/Users/admin/builder/spi-builder-workspace/.dependencies/checkouts/sdk_logger_ios/ZendeskSDKLogger.xcframework:1:1: error: While building for tvOS, no library for this platform was found in '/Users/admin/builder/spi-builder-workspace/.dependencies/checkouts/sdk_logger_ios/ZendeskSDKLogger.xcframework'. (in target 'ZendeskSDKStorage' from project 'ZendeskSDKStorage')
/Users/admin/builder/spi-builder-workspace/.dependencies/checkouts/sdk_storage_ios/ZendeskSDKStorage.xcframework:1:1: error: While building for tvOS, no library for this platform was found in '/Users/admin/builder/spi-builder-workspace/.dependencies/checkouts/sdk_storage_ios/ZendeskSDKStorage.xcframework'. (in target 'ZendeskSDKStorageTargets' from project 'ZendeskSDKStorage')
/Users/admin/builder/spi-builder-workspace/.dependencies/checkouts/sdk_logger_ios/ZendeskSDKLogger.xcframework:1:1: error: While building for tvOS, no library for this platform was found in '/Users/admin/builder/spi-builder-workspace/.dependencies/checkouts/sdk_logger_ios/ZendeskSDKLogger.xcframework'. (in target 'ZendeskSDKStorageTargets' from project 'ZendeskSDKStorage')
2026-10-03 14:56:36.043 xcodebuild[873:5271] [MT] IDERunDestination: Supported platforms for the buildables in the current scheme is empty.
** BUILD FAILED **
The following build commands failed:
Building workspace spi-builder-workspace with scheme ZendeskSDKGuideKit
(1 failure)
BUILD FAILURE 6.2 tvOS