The Swift Package Index logo.Swift Package Index

Build Information

Failed to build WolfFoundation, reference 5.0.1 (8370e7), with Swift 6.4 for Android on 16 Sep 2026 17:59:44 UTC.

Build Command

bash -c docker run --pull=always --rm -v "checkouts-54344845-0":/host -w "$PWD" -e JAVA_HOME="/root/.sdkman/candidates/java/current" -e SPI_BUILD="1" -e SPI_PROCESSING="1" registry.gitlab.com/saguaro1/spi-images:android-6.4-latest swift build --swift-sdk aarch64-unknown-linux-android28 2>&1

Build Log

========================================
RunAll
========================================
Builder version: 5.1.0
Interrupt handler set up.
========================================
Checkout
========================================
Clone URL: https://github.com/wolfmcnally/WolfFoundation.git
Reference: 5.0.1
Initialized empty Git repository in /host/spi-builder-workspace/.git/
hint: Using 'master' as the name for the initial branch. This default branch name
hint: is subject to change. To configure the initial branch name to use in all
hint: of your new repositories, which will suppress this warning, call:
hint:
hint: 	git config --global init.defaultBranch <name>
hint:
hint: Names commonly chosen instead of 'master' are 'main', 'trunk' and
hint: 'development'. The just-created branch can be renamed via this command:
hint:
hint: 	git branch -m <name>
From https://github.com/wolfmcnally/WolfFoundation
 * tag               5.0.1      -> FETCH_HEAD
HEAD is now at 8370e79 Build as dynamic library.
Cloned https://github.com/wolfmcnally/WolfFoundation.git
Revision (git rev-parse @):
8370e79858c238b584600374bd13484414796c72
SUCCESS checkout https://github.com/wolfmcnally/WolfFoundation.git at 5.0.1
========================================
Build
========================================
Selected platform:         android
Swift version:             6.4
Building package at path:  $PWD
https://github.com/wolfmcnally/WolfFoundation.git
Running build ...
bash -c docker run --pull=always --rm -v "checkouts-54344845-0":/host -w "$PWD" -e JAVA_HOME="/root/.sdkman/candidates/java/current" -e SPI_BUILD="1" -e SPI_PROCESSING="1" registry.gitlab.com/saguaro1/spi-images:android-6.4-latest swift build --swift-sdk aarch64-unknown-linux-android28 2>&1
android-6.4-latest: Pulling from saguaro1/spi-images
Digest: sha256:abadcff584c273feba50641b454858d377ba30b35ea7287a94f45ebd8afd0ea0
Status: Image is up to date for registry.gitlab.com/saguaro1/spi-images:android-6.4-latest
Fetching https://github.com/wolfmcnally/WolfPipe
Fetching https://github.com/wolfmcnally/WolfNumerics
[1/277] Fetching wolfpipe
[278/552] Fetching wolfpipe, wolfnumerics
Fetched https://github.com/wolfmcnally/WolfNumerics (0.48s)
Fetched https://github.com/wolfmcnally/WolfPipe (0.48s)
Computing version for https://github.com/wolfmcnally/WolfPipe
Computed https://github.com/wolfmcnally/WolfPipe at 2.0.2 (0.68s)
Computing version for https://github.com/wolfmcnally/WolfNumerics
Computed https://github.com/wolfmcnally/WolfNumerics at 4.0.4 (0.19s)
Creating working copy for https://github.com/wolfmcnally/WolfNumerics
Working copy of https://github.com/wolfmcnally/WolfNumerics resolved at 4.0.4
Creating working copy for https://github.com/wolfmcnally/WolfPipe
Working copy of https://github.com/wolfmcnally/WolfPipe resolved at 2.0.2
Building for debugging...
[Pre-planning 1 / 182]
[43 / 75] WolfPipe
[43 / 75] WolfNumerics
[54 / 75] WolfPipe-product
[55 / 75] WolfPipe-product
[59 / 75] WolfNumerics
[62 / 76] WolfFoundation
[68 / 86] WolfPipe
/host/spi-builder-workspace/Sources/WolfFoundation/Protocols/Hideable.swift:31:27: warning: using 'class' keyword to define a class-constrained protocol is deprecated; use 'AnyObject' instead [#deprecation]
29 | #endif
30 |
31 | public protocol Hideable: class {
   |                           `- warning: using 'class' keyword to define a class-constrained protocol is deprecated; use 'AnyObject' instead [#deprecation]
32 |     var isHidden: Bool { get set }
33 | }
[70 / 86] WolfPipe
/host/spi-builder-workspace/Sources/WolfFoundation/Protocols/Hideable.swift:31:27: warning: using 'class' keyword to define a class-constrained protocol is deprecated; use 'AnyObject' instead [#deprecation]
29 | #endif
30 |
31 | public protocol Hideable: class {
   |                           `- warning: using 'class' keyword to define a class-constrained protocol is deprecated; use 'AnyObject' instead [#deprecation]
32 |     var isHidden: Bool { get set }
33 | }
/host/spi-builder-workspace/Sources/WolfFoundation/Types/Lazy.swift:49:33: warning: generic parameter 'T' shadows generic parameter from outer scope with the same name; this is an error in the Swift 6 language mode
45 |  Caches result for sunsequent calls
46 |  */
47 | public class Lazy<T> {
   |                   `- note: 'T' previously declared here
48 |
49 |     private indirect enum State<T> {
   |                                 `- warning: generic parameter 'T' shadows generic parameter from outer scope with the same name; this is an error in the Swift 6 language mode
50 |         case closure( () -> (T) )
51 |         case value(T)
error: SwiftCompile normal aarch64 /host/spi-builder-workspace/Sources/WolfFoundation/ObjCRuntime/Associated.swift failed with a nonzero exit code. Command line:     cd /host
    builtin-SwiftPerFileCompile Associated.swift
/host/spi-builder-workspace/Sources/WolfFoundation/ObjCRuntime/Associated.swift:48:9: error: cannot find 'objc_setAssociatedObject' in scope
46 |     public func setAssociatedValue<T>(_ value: T?, for key: UnsafeRawPointer) {
47 |         let v = value.map { Associated<T>($0) }
48 |         objc_setAssociatedObject(self, key, v, .OBJC_ASSOCIATION_COPY)
   |         `- error: cannot find 'objc_setAssociatedObject' in scope
49 |     }
50 |
/host/spi-builder-workspace/Sources/WolfFoundation/ObjCRuntime/Associated.swift:52:17: error: cannot find 'objc_getAssociatedObject' in scope
50 |
51 |     public func getAssociatedValue<T>(for key: UnsafeRawPointer) -> T? {
52 |         return (objc_getAssociatedObject(self, key) as? Associated<T>).map { $0.value }
   |                 `- error: cannot find 'objc_getAssociatedObject' in scope
53 |     }
54 | }
Failed frontend command:
/root/.local/share/swiftly/toolchains/6.4.x-snapshot-2026-09-04/usr/bin/swift-frontend -frontend -c /host/spi-builder-workspace/Sources/WolfFoundation/Constants/TimeConstants.swift /host/spi-builder-workspace/Sources/WolfFoundation/Containers/Heap.swift /host/spi-builder-workspace/Sources/WolfFoundation/Containers/Matrix.swift /host/spi-builder-workspace/Sources/WolfFoundation/Containers/PriorityQueue.swift /host/spi-builder-workspace/Sources/WolfFoundation/Containers/Queue.swift /host/spi-builder-workspace/Sources/WolfFoundation/Containers/ValueCache.swift /host/spi-builder-workspace/Sources/WolfFoundation/Containers/WeakSet.swift /host/spi-builder-workspace/Sources/WolfFoundation/Errors/CodedError.swift /host/spi-builder-workspace/Sources/WolfFoundation/Errors/ErrorExtensions.swift /host/spi-builder-workspace/Sources/WolfFoundation/Errors/MessageError.swift /host/spi-builder-workspace/Sources/WolfFoundation/Errors/ValidationError.swift /host/spi-builder-workspace/Sources/WolfFoundation/Errors/WolfFoundationError.swift /host/spi-builder-workspace/Sources/WolfFoundation/Extensions/ArrayExtensions.swift /host/spi-builder-workspace/Sources/WolfFoundation/Extensions/CircularIndex.swift /host/spi-builder-workspace/Sources/WolfFoundation/Extensions/DataExtensions.swift /host/spi-builder-workspace/Sources/WolfFoundation/Extensions/DateExtensions.swift /host/spi-builder-workspace/Sources/WolfFoundation/Extensions/DictionaryExtensions.swift -primary-file /host/spi-builder-workspace/Sources/WolfFoundation/Extensions/OptionalExtensions.swift -primary-file /host/spi-builder-workspace/Sources/WolfFoundation/ObjCRuntime/Associated.swift -primary-file /host/spi-builder-workspace/Sources/WolfFoundation/ObjCRuntime/DebugIdentifier.swift -primary-file /host/spi-builder-workspace/Sources/WolfFoundation/Operators/AttributeAssignmentPrecedence.swift -primary-file /host/spi-builder-workspace/Sources/WolfFoundation/Operators/InheritsFromOperator.swift /host/spi-builder-workspace/Sources/WolfFoundation/Operators/InvalidateAndAssignOperator.swift /host/spi-builder-workspace/Sources/WolfFoundation/Operators/ReferenceOperator.swift /host/spi-builder-workspace/Sources/WolfFoundation/Operators/TweakOperator.swift /host/spi-builder-workspace/Sources/WolfFoundation/Protocols/Hideable.swift /host/spi-builder-workspace/Sources/WolfFoundation/Protocols/Invalidatable.swift /host/spi-builder-workspace/Sources/WolfFoundation/Protocols/ModelObject.swift /host/spi-builder-workspace/Sources/WolfFoundation/Protocols/Serializable.swift /host/spi-builder-workspace/Sources/WolfFoundation/Types/ASCII.swift /host/spi-builder-workspace/Sources/WolfFoundation/Types/Base64.swift /host/spi-builder-workspace/Sources/WolfFoundation/Types/Dimensions.swift /host/spi-builder-workspace/Sources/WolfFoundation/Types/Hex.swift /host/spi-builder-workspace/Sources/WolfFoundation/Types/JSON.swift /host/spi-builder-workspace/Sources/WolfFoundation/Types/Lazy.swift /host/spi-builder-workspace/Sources/WolfFoundation/Types/Ordinal.swift /host/spi-builder-workspace/Sources/WolfFoundation/Types/Position.swift /host/spi-builder-workspace/Sources/WolfFoundation/Types/SortWeight.swift /host/spi-builder-workspace/Sources/WolfFoundation/Types/Tagged.swift /host/spi-builder-workspace/Sources/WolfFoundation/Types/TransferValue.swift /host/spi-builder-workspace/Sources/WolfFoundation/Types/UTF8.swift /host/spi-builder-workspace/Sources/WolfFoundation/Types/Weak.swift -supplementary-output-file-map /host/spi-builder-workspace/.build/out/Intermediates.noindex/WolfFoundation.build/Debug-android-aarch64/WolfFoundation-t.build/Objects-normal/aarch64/supplementaryOutputs-4 -target aarch64-unknown-linux-android28 -Xllvm -aarch64-use-tbi -disable-objc-interop -sdk /android-ndk/android-ndk-r27d/toolchains/llvm/prebuilt/linux-x86_64/sysroot -sysroot /android-ndk/android-ndk-r27d/toolchains/llvm/prebuilt/linux-x86_64/sysroot -I /host/spi-builder-workspace/.build/out/Products/Debug-android-aarch64 -module-cache-path /host/spi-builder-workspace/.build/out/ModuleCache.noindex -color-diagnostics -Xcc -fcolor-diagnostics -enable-testing -g -debug-info-format\=dwarf -dwarf-version\=4 -swift-version 5 -Onone -D SWIFT_PACKAGE -D DEBUG -D SWIFT_MODULE_RESOURCE_BUNDLE_UNAVAILABLE -D Xcode -serialize-debugging-options -enable-experimental-feature DebugDescriptionMacro -empty-abi-descriptor -external-plugin-path /root/.local/share/swiftly/toolchains/6.4.x-snapshot-2026-09-04/usr/lib/swift/host/plugins/testing\#/root/.local/share/swiftly/toolchains/6.4.x-snapshot-2026-09-04/usr/bin/swift-plugin-server -validate-clang-modules-once -clang-build-session-file /host/spi-builder-workspace/.build/out/ModuleCache.noindex/Session.modulevalidation -Xcc -working-directory -Xcc /host -resource-dir /root/.swiftpm/swift-sdks/swift-6.4.x-DEVELOPMENT-SNAPSHOT-2026-09-04-a_android.artifactbundle/swift-android/swift-resources/usr/lib/swift-aarch64 -enable-anonymous-context-mangled-names -file-compilation-dir /host -Xcc -resource-dir -Xcc /android-ndk/android-ndk-r27d/toolchains/llvm/prebuilt/linux-x86_64/lib/clang/18 -Xcc -fno-omit-frame-pointer -Xcc -D_LIBCPP_HARDENING_MODE\=_LIBCPP_HARDENING_MODE_DEBUG -Xcc -fmodules-prune-interval\=86400 -Xcc -fmodules-prune-after\=345600 -Xcc -I/host/spi-builder-workspace/.build/out/Products/Debug-android-aarch64/include -Xcc -I/host/spi-builder-workspace/.build/out/Intermediates.noindex/WolfFoundation.build/Debug-android-aarch64/WolfFoundation-t.build/DerivedSources-normal/aarch64 -Xcc -I/host/spi-builder-workspace/.build/out/Intermediates.noindex/WolfFoundation.build/Debug-android-aarch64/WolfFoundation-t.build/DerivedSources/aarch64 -Xcc -I/host/spi-builder-workspace/.build/out/Intermediates.noindex/WolfFoundation.build/Debug-android-aarch64/WolfFoundation-t.build/DerivedSources -Xcc -DSWIFT_PACKAGE -Xcc -DDEBUG\=1 -no-auto-bridging-header-chaining -module-name WolfFoundation -const-gather-protocols-file /host/spi-builder-workspace/.build/out/Intermediates.noindex/WolfFoundation.build/Debug-android-aarch64/WolfFoundation-t.build/Objects-normal/aarch64/WolfFoundation_const_extract_protocols.json -in-process-plugin-server-path /root/.local/share/swiftly/toolchains/6.4.x-snapshot-2026-09-04/usr/lib/swift/host/libSwiftInProcPluginServer.so -plugin-path /root/.local/share/swiftly/toolchains/6.4.x-snapshot-2026-09-04/usr/lib/swift/host/plugins -plugin-path /root/.local/share/swiftly/toolchains/6.4.x-snapshot-2026-09-04/usr/local/lib/swift/host/plugins -parse-as-library -o /host/spi-builder-workspace/.build/out/Intermediates.noindex/WolfFoundation.build/Debug-android-aarch64/WolfFoundation-t.build/Objects-normal/aarch64/OptionalExtensions.o -o /host/spi-builder-workspace/.build/out/Intermediates.noindex/WolfFoundation.build/Debug-android-aarch64/WolfFoundation-t.build/Objects-normal/aarch64/Associated.o -o /host/spi-builder-workspace/.build/out/Intermediates.noindex/WolfFoundation.build/Debug-android-aarch64/WolfFoundation-t.build/Objects-normal/aarch64/DebugIdentifier.o -o /host/spi-builder-workspace/.build/out/Intermediates.noindex/WolfFoundation.build/Debug-android-aarch64/WolfFoundation-t.build/Objects-normal/aarch64/AttributeAssignmentPrecedence.o -o /host/spi-builder-workspace/.build/out/Intermediates.noindex/WolfFoundation.build/Debug-android-aarch64/WolfFoundation-t.build/Objects-normal/aarch64/InheritsFromOperator.o -index-unit-output-path /WolfFoundation.build/Debug-android-aarch64/WolfFoundation-t.build/Objects-normal/aarch64/OptionalExtensions.o -index-unit-output-path /WolfFoundation.build/Debug-android-aarch64/WolfFoundation-t.build/Objects-normal/aarch64/Associated.o -index-unit-output-path /WolfFoundation.build/Debug-android-aarch64/WolfFoundation-t.build/Objects-normal/aarch64/DebugIdentifier.o -index-unit-output-path /WolfFoundation.build/Debug-android-aarch64/WolfFoundation-t.build/Objects-normal/aarch64/AttributeAssignmentPrecedence.o -index-unit-output-path /WolfFoundation.build/Debug-android-aarch64/WolfFoundation-t.build/Objects-normal/aarch64/InheritsFromOperator.o -index-store-path /host/spi-builder-workspace/.build/out -index-system-modules
[77 / 86] WolfFoundation-product
error: Build failed
BUILD FAILURE 6.4 android