Build Information
Failed to build AECoreDataUI, reference 4.1.2 (6abee8), with Swift 6.4 for iOS using Xcode 27.0 on 16 Sep 2026 12:14:39 UTC.
Build Command
env DEVELOPER_DIR=/Applications/Xcode-27.0.0-Release.Candidate.app xcrun xcodebuild -IDEClonedSourcePackagesDirPathOverride=$PWD/.dependencies -skipMacroValidation -skipPackagePluginValidation -derivedDataPath $PWD/.derivedData build -scheme AECoreDataUI -destination generic/platform=iOSBuild Log
========================================
RunAll
========================================
Builder version: 5.1.0
Interrupt handler set up.
========================================
Checkout
========================================
Clone URL: https://github.com/tadija/AECoreDataUI.git
Reference: 4.1.2
Initialized empty Git repository in /Users/admin/builder/spi-builder-workspace/.git/
From https://github.com/tadija/AECoreDataUI
* tag 4.1.2 -> FETCH_HEAD
HEAD is now at 6abee8a Merge branch 'develop'
Cloned https://github.com/tadija/AECoreDataUI.git
Revision (git rev-parse @):
6abee8aeee6813a065d9c9df3c3580809be8c3ce
SUCCESS checkout https://github.com/tadija/AECoreDataUI.git at 4.1.2
========================================
Build
========================================
Selected platform: iOS
Swift version: 6.4
Building package at path: $PWD
https://github.com/tadija/AECoreDataUI.git
Command line invocation:
/Applications/Xcode-27.0.0-Release.Candidate.app/Contents/Developer/usr/bin/xcodebuild -IDEClonedSourcePackagesDirPathOverride=/Users/admin/builder/spi-builder-workspace/.dependencies -resolvePackageDependencies
resolved source packages:
{
"dependencies" : [
],
"manifest_display_name" : "AECoreDataUI",
"name" : "AECoreDataUI",
"path" : "/Users/admin/builder/spi-builder-workspace",
"platforms" : [
],
"products" : [
{
"name" : "AECoreDataUI",
"targets" : [
"AECoreDataUI"
],
"type" : {
"library" : [
"automatic"
]
}
}
],
"targets" : [
{
"c99name" : "AECoreDataUITests",
"module_type" : "SwiftTarget",
"name" : "AECoreDataUITests",
"path" : "Tests/AECoreDataUITests",
"sources" : [
"AECoreDataUITests.swift"
],
"target_dependencies" : [
"AECoreDataUI"
],
"type" : "test"
},
{
"c99name" : "AECoreDataUI",
"module_type" : "SwiftTarget",
"name" : "AECoreDataUI",
"path" : "Sources/AECoreDataUI",
"product_memberships" : [
"AECoreDataUI"
],
"sources" : [
"CoreDataCollectionViewController.swift",
"CoreDataTableViewController.swift"
],
"type" : "library"
}
],
"tools_version" : "4.2"
}
{
"project" : {
"configurations" : [
"Debug",
"Release"
],
"name" : "AECoreDataUI",
"schemes" : [
"AECoreDataUI"
],
"targets" : [
"AECoreDataUI",
"AECoreDataUITests"
]
}
}
Running build ...
env DEVELOPER_DIR=/Applications/Xcode-27.0.0-Release.Candidate.app xcrun xcodebuild -IDEClonedSourcePackagesDirPathOverride=$PWD/.dependencies -skipMacroValidation -skipPackagePluginValidation -derivedDataPath $PWD/.derivedData build -scheme AECoreDataUI -destination generic/platform=iOS
Command line invocation:
/Applications/Xcode-27.0.0-Release.Candidate.app/Contents/Developer/usr/bin/xcodebuild -IDEClonedSourcePackagesDirPathOverride=/Users/admin/builder/spi-builder-workspace/.dependencies -skipMacroValidation -skipPackagePluginValidation -derivedDataPath /Users/admin/builder/spi-builder-workspace/.derivedData build -scheme AECoreDataUI -destination generic/platform=iOS
ComputePackagePrebuildTargetDependencyGraph
Prepare packages
CreateBuildRequest
SendProjectDescription
CreateBuildOperation
ComputeTargetDependencyGraph
note: Building targets in dependency order
note: Target dependency graph (1 target)
Target 'AECoreDataUI' in project 'AECoreDataUI' (no dependencies)
GatherProvisioningInputs
CreateBuildDescription
ExecuteExternalTool /Applications/Xcode-27.0.0-Release.Candidate.app/Contents/Developer/Toolchains/XcodeDefault.xctoolchain/usr/bin/clang -v -E -dM -isysroot /Applications/Xcode-27.0.0-Release.Candidate.app/Contents/Developer/Platforms/iPhoneOS.platform/Developer/SDKs/iPhoneOS27.0.sdk -x c -c /dev/null
ExecuteExternalTool /Applications/Xcode-27.0.0-Release.Candidate.app/Contents/Developer/Toolchains/XcodeDefault.xctoolchain/usr/bin/clang -v -E -dM -arch arm64 -isysroot /Applications/Xcode-27.0.0-Release.Candidate.app/Contents/Developer/Platforms/iPhoneOS.platform/Developer/SDKs/iPhoneOS27.0.sdk -x c -c /dev/null
ExecuteExternalTool /Applications/Xcode-27.0.0-Release.Candidate.app/Contents/Developer/Toolchains/XcodeDefault.xctoolchain/usr/bin/swiftc --version
ExecuteExternalTool /Applications/Xcode-27.0.0-Release.Candidate.app/Contents/Developer/Toolchains/XcodeDefault.xctoolchain/usr/bin/ld -version_details
Build description signature: bf8a55aa2439db793021a9cd54641f01
Build description path: /Users/admin/builder/spi-builder-workspace/.derivedData/Build/Intermediates.noindex/XCBuildData/bf8a55aa2439db793021a9cd54641f01.xcbuilddata
/Users/admin/builder/spi-builder-workspace/AECoreDataUI.xcodeproj: error: The iOS deployment target 'IPHONEOS_DEPLOYMENT_TARGET' is set to 8.0, but the range of supported deployment target versions is 15.0 to 27.0.x. (in target 'AECoreDataUI' from project 'AECoreDataUI')
** BUILD FAILED **
The following build commands failed:
Building project AECoreDataUI with scheme AECoreDataUI
(1 failure)
Command line invocation:
/Applications/Xcode-27.0.0-Release.Candidate.app/Contents/Developer/usr/bin/xcodebuild -IDEClonedSourcePackagesDirPathOverride=/Users/admin/builder/spi-builder-workspace/.dependencies -resolvePackageDependencies
resolved source packages:
{
"dependencies" : [
],
"manifest_display_name" : "AECoreDataUI",
"name" : "AECoreDataUI",
"path" : "/Users/admin/builder/spi-builder-workspace",
"platforms" : [
],
"products" : [
{
"name" : "AECoreDataUI",
"targets" : [
"AECoreDataUI"
],
"type" : {
"library" : [
"automatic"
]
}
}
],
"targets" : [
{
"c99name" : "AECoreDataUITests",
"module_type" : "SwiftTarget",
"name" : "AECoreDataUITests",
"path" : "Tests/AECoreDataUITests",
"sources" : [
"AECoreDataUITests.swift"
],
"target_dependencies" : [
"AECoreDataUI"
],
"type" : "test"
},
{
"c99name" : "AECoreDataUI",
"module_type" : "SwiftTarget",
"name" : "AECoreDataUI",
"path" : "Sources/AECoreDataUI",
"product_memberships" : [
"AECoreDataUI"
],
"sources" : [
"CoreDataCollectionViewController.swift",
"CoreDataTableViewController.swift"
],
"type" : "library"
}
],
"tools_version" : "4.2"
}
{
"project" : {
"configurations" : [
"Debug",
"Release"
],
"name" : "AECoreDataUI",
"schemes" : [
"AECoreDataUI"
],
"targets" : [
"AECoreDataUI",
"AECoreDataUITests"
]
}
}
Running build ...
env DEVELOPER_DIR=/Applications/Xcode-27.0.0-Release.Candidate.app xcrun xcodebuild -IDEClonedSourcePackagesDirPathOverride=$PWD/.dependencies -skipMacroValidation -skipPackagePluginValidation -derivedDataPath $PWD/.derivedData build -scheme AECoreDataUI -destination generic/platform=iOS
Command line invocation:
/Applications/Xcode-27.0.0-Release.Candidate.app/Contents/Developer/usr/bin/xcodebuild -IDEClonedSourcePackagesDirPathOverride=/Users/admin/builder/spi-builder-workspace/.dependencies -skipMacroValidation -skipPackagePluginValidation -derivedDataPath /Users/admin/builder/spi-builder-workspace/.derivedData build -scheme AECoreDataUI -destination generic/platform=iOS
ComputePackagePrebuildTargetDependencyGraph
Prepare packages
CreateBuildRequest
SendProjectDescription
CreateBuildOperation
ComputeTargetDependencyGraph
note: Building targets in dependency order
note: Target dependency graph (1 target)
Target 'AECoreDataUI' in project 'AECoreDataUI' (no dependencies)
GatherProvisioningInputs
CreateBuildDescription
/Users/admin/builder/spi-builder-workspace/AECoreDataUI.xcodeproj: error: The iOS deployment target 'IPHONEOS_DEPLOYMENT_TARGET' is set to 8.0, but the range of supported deployment target versions is 15.0 to 27.0.x. (in target 'AECoreDataUI' from project 'AECoreDataUI')
** BUILD FAILED **
The following build commands failed:
Building project AECoreDataUI with scheme AECoreDataUI
(1 failure)
BUILD FAILURE 6.4 iOS