Build Information
Failed to build AppAmbitSdk, reference develop (599f43), with Swift 6.2 for Linux on 28 Aug 2026 03:54:36 UTC.
Build Command
bash -c docker run --pull=always --rm -v "checkouts-54344849-0":/host -w "$PWD" -e JAVA_HOME="/root/.sdkman/candidates/java/current" -e SPI_BUILD="1" -e SPI_PROCESSING="1" registry.gitlab.com/saguaro1/spi-images:basic-6.2-latest swift build --triple x86_64-unknown-linux-gnu 2>&1Build Log
========================================
RunAll
========================================
Builder version: 5.0.2
Interrupt handler set up.
========================================
Checkout
========================================
Clone URL: https://github.com/AppAmbit/appambit-sdk-ios.git
Reference: develop
Initialized empty Git repository in /host/spi-builder-workspace/.git/
hint: Using 'master' as the name for the initial branch. This default branch name
hint: is subject to change. To configure the initial branch name to use in all
hint: of your new repositories, which will suppress this warning, call:
hint:
hint: git config --global init.defaultBranch <name>
hint:
hint: Names commonly chosen instead of 'master' are 'main', 'trunk' and
hint: 'development'. The just-created branch can be renamed via this command:
hint:
hint: git branch -m <name>
From https://github.com/AppAmbit/appambit-sdk-ios
* branch develop -> FETCH_HEAD
* [new branch] develop -> origin/develop
HEAD is now at 599f430 Merge pull request #101 from AppAmbit/docs/updated-taglines-and-readme
Cloned https://github.com/AppAmbit/appambit-sdk-ios.git
Revision (git rev-parse @):
599f430b206f2dc49b4a01e90418b8714f1520a7
SPI manifest file found: $PWD/.spi.yml
SUCCESS checkout https://github.com/AppAmbit/appambit-sdk-ios.git at develop
========================================
Build
========================================
Selected platform: linux
Swift version: 6.2
Building package at path: $PWD
https://github.com/AppAmbit/appambit-sdk-ios.git
Running build ...
bash -c docker run --pull=always --rm -v "checkouts-54344849-0":/host -w "$PWD" -e JAVA_HOME="/root/.sdkman/candidates/java/current" -e SPI_BUILD="1" -e SPI_PROCESSING="1" registry.gitlab.com/saguaro1/spi-images:basic-6.2-latest swift build --triple x86_64-unknown-linux-gnu 2>&1
basic-6.2-latest: Pulling from saguaro1/spi-images
Digest: sha256:4f3911e0f09a6ac47ac813ad3222aa373869118ee0ae384fd641a13da74b5e3f
Status: Image is up to date for registry.gitlab.com/saguaro1/spi-images:basic-6.2-latest
Building for debugging...
[0/4] Write sources
[3/4] Write swift-version-24593BA9C3E375BF.txt
error: emit-module command failed with exit code 1 (use -v to see invocation)
[5/116] Emitting module AppAmbit
/host/spi-builder-workspace/AppAmbitSdk/Sources/AppAmbit.swift:1:8: error: no such module 'UIKit'
1 | import UIKit
| `- error: no such module 'UIKit'
2 | import Foundation
3 | import Network
error: emit-module command failed with exit code 1 (use -v to see invocation)
[6/116] Emitting module AppAmbitPushNotificationsExtension
/host/spi-builder-workspace/PushExtensionSources/AppAmbitNotificationProcessor.swift:1:8: error: no such module 'UserNotifications'
1 | import UserNotifications
| `- error: no such module 'UserNotifications'
2 |
3 | /// ObjC-callable processor. Use from a `UNNotificationServiceExtension` subclass when
[7/116] Compiling AppAmbitPushNotificationsExtension PushNotificationAttachments.swift
/host/spi-builder-workspace/PushExtensionSources/AppAmbitNotificationProcessor.swift:1:8: error: no such module 'UserNotifications'
1 | import UserNotifications
| `- error: no such module 'UserNotifications'
2 |
3 | /// ObjC-callable processor. Use from a `UNNotificationServiceExtension` subclass when
[8/116] Compiling AppAmbitPushNotificationsExtension PushLogger.swift
/host/spi-builder-workspace/PushExtensionSources/AppAmbitNotificationProcessor.swift:1:8: error: no such module 'UserNotifications'
1 | import UserNotifications
| `- error: no such module 'UserNotifications'
2 |
3 | /// ObjC-callable processor. Use from a `UNNotificationServiceExtension` subclass when
[9/122] Compiling AppAmbitPushNotificationsExtension AppAmbitNotificationProcessor.swift
/host/spi-builder-workspace/PushExtensionSources/AppAmbitNotificationProcessor.swift:1:8: error: no such module 'UserNotifications'
1 | import UserNotifications
| `- error: no such module 'UserNotifications'
2 |
3 | /// ObjC-callable processor. Use from a `UNNotificationServiceExtension` subclass when
[10/123] Compiling AppAmbitPushNotificationsExtension AppAmbitNotificationService.swift
/host/spi-builder-workspace/PushExtensionSources/AppAmbitNotificationProcessor.swift:1:8: error: no such module 'UserNotifications'
1 | import UserNotifications
| `- error: no such module 'UserNotifications'
2 |
3 | /// ObjC-callable processor. Use from a `UNNotificationServiceExtension` subclass when
[11/126] Compiling AppAmbitPushNotificationsExtension AppAmbitNotification.swift
/host/spi-builder-workspace/PushExtensionSources/AppAmbitNotificationProcessor.swift:1:8: error: no such module 'UserNotifications'
1 | import UserNotifications
| `- error: no such module 'UserNotifications'
2 |
3 | /// ObjC-callable processor. Use from a `UNNotificationServiceExtension` subclass when
BUILD FAILURE 6.2 linux