Build Information
Failed to build source-editor, reference master (72ff6e), with Swift 6.4 for tvOS using Xcode 27.0 on 16 Sep 2026 15:14:20 UTC.
Build Command
env DEVELOPER_DIR=/Applications/Xcode-27.0.0-Release.Candidate.app xcrun xcodebuild -IDEClonedSourcePackagesDirPathOverride=$PWD/.dependencies -skipMacroValidation -skipPackagePluginValidation -derivedDataPath $PWD/.derivedData build -scheme source-editor -destination generic/platform=tvOSBuild Log
========================================
RunAll
========================================
Builder version: 5.1.0
Interrupt handler set up.
========================================
Checkout
========================================
Clone URL: https://github.com/eecollante10/sourceeditor.git
Reference: master
Initialized empty Git repository in /Users/admin/builder/spi-builder-workspace/.git/
From https://github.com/eecollante10/sourceeditor
* branch master -> FETCH_HEAD
* [new branch] master -> origin/master
HEAD is now at 72ff6e0 Aeeeglar savannakit
Cloned https://github.com/eecollante10/sourceeditor.git
Revision (git rev-parse @):
72ff6e084ce9dc46282aff3c2959e3460303cbbc
SUCCESS checkout https://github.com/eecollante10/sourceeditor.git at master
========================================
Build
========================================
Selected platform: tvOS
Swift version: 6.4
Building package at path: $PWD
https://github.com/eecollante10/sourceeditor.git
Command line invocation:
/Applications/Xcode-27.0.0-Release.Candidate.app/Contents/Developer/usr/bin/xcodebuild -IDEClonedSourcePackagesDirPathOverride=/Users/admin/builder/spi-builder-workspace/.dependencies -resolvePackageDependencies
Resolve Package Graph
Fetching from https://github.com/eecollante10/savannakit.git
Creating working copy of package ‘savannakit’
Checking out 0.10.4 of package ‘savannakit’
Resolve Package Graph
Resolved source packages:
savannakit: https://github.com/eecollante10/savannakit.git @ 0.10.4
source-editor: /Users/admin/builder/spi-builder-workspace
resolved source packages: savannakit, source-editor
2026-09-16 11:13:24.789 xcodebuild[523:2996] [MT] IDERunDestination: Supported platforms for the buildables in the current scheme is empty.
{
"dependencies" : [
{
"identity" : "savannakit",
"requirement" : {
"range" : [
{
"lower_bound" : "0.10.4",
"upper_bound" : "1.0.0"
}
]
},
"type" : "sourceControl",
"url" : "https://github.com/eecollante10/savannakit.git"
}
],
"manifest_display_name" : "source-editor",
"name" : "source-editor",
"path" : "/Users/admin/builder/spi-builder-workspace",
"platforms" : [
],
"products" : [
{
"name" : "source-editor",
"targets" : [
"source-editor"
],
"type" : {
"library" : [
"automatic"
]
}
}
],
"targets" : [
{
"c99name" : "source_editorTests",
"module_type" : "SwiftTarget",
"name" : "source-editorTests",
"path" : "Tests/source-editorTests",
"sources" : [
"XCTestManifests.swift",
"source_editorTests.swift"
],
"target_dependencies" : [
"source-editor"
],
"type" : "test"
},
{
"c99name" : "source_editor",
"module_type" : "SwiftTarget",
"name" : "source-editor",
"path" : "Sources",
"product_dependencies" : [
"savannakit"
],
"product_memberships" : [
"source-editor"
],
"sources" : [
"Languages/Python3Lexer.swift",
"Languages/SwiftLexer.swift",
"SourceCodeRegexLexer.swift",
"SourceCodeTheme.swift",
"SourceCodeToken.swift",
"Themes/DefaultSourceCodeTheme.swift"
],
"type" : "library"
}
],
"tools_version" : "4.0"
}
{
"workspace" : {
"name" : "source-editor",
"schemes" : [
"source-editor"
]
}
}
2026-09-16 11:14:05.847 xcodebuild[680:4290] [MT] IDERunDestination: Supported platforms for the buildables in the current scheme is empty.
Running build ...
env DEVELOPER_DIR=/Applications/Xcode-27.0.0-Release.Candidate.app xcrun xcodebuild -IDEClonedSourcePackagesDirPathOverride=$PWD/.dependencies -skipMacroValidation -skipPackagePluginValidation -derivedDataPath $PWD/.derivedData build -scheme source-editor -destination generic/platform=tvOS
Command line invocation:
/Applications/Xcode-27.0.0-Release.Candidate.app/Contents/Developer/usr/bin/xcodebuild -IDEClonedSourcePackagesDirPathOverride=/Users/admin/builder/spi-builder-workspace/.dependencies -skipMacroValidation -skipPackagePluginValidation -derivedDataPath /Users/admin/builder/spi-builder-workspace/.derivedData build -scheme source-editor -destination generic/platform=tvOS
Resolve Package Graph
Resolve Package Graph
Resolved source packages:
source-editor: /Users/admin/builder/spi-builder-workspace
savannakit: https://github.com/eecollante10/savannakit.git @ 0.10.4
ComputePackagePrebuildTargetDependencyGraph
Prepare packages
CreateBuildRequest
SendProjectDescription
CreateBuildOperation
ComputeTargetDependencyGraph
note: Building targets in dependency order
note: Target dependency graph (4 targets)
Target 'source-editor-product' in project 'source-editor'
➜ Explicit dependency on target 'source-editor' in project 'source-editor'
➜ Explicit dependency on target 'savannakit-product' in project 'savannakit'
Target 'source-editor' in project 'source-editor'
➜ Explicit dependency on target 'savannakit-product' in project 'savannakit'
Target 'savannakit-product' in project 'savannakit'
➜ Explicit dependency on target 'savannakit' in project 'savannakit'
Target 'savannakit' in project 'savannakit' (no dependencies)
GatherProvisioningInputs
CreateBuildDescription
ExecuteExternalTool /Applications/Xcode-27.0.0-Release.Candidate.app/Contents/Developer/Toolchains/XcodeDefault.xctoolchain/usr/bin/clang -v -E -dM -isysroot /Applications/Xcode-27.0.0-Release.Candidate.app/Contents/Developer/Platforms/AppleTVOS.platform/Developer/SDKs/AppleTVOS27.0.sdk -x c -c /dev/null
ExecuteExternalTool /Applications/Xcode-27.0.0-Release.Candidate.app/Contents/Developer/Toolchains/XcodeDefault.xctoolchain/usr/bin/swiftc --version
ExecuteExternalTool /Applications/Xcode-27.0.0-Release.Candidate.app/Contents/Developer/Toolchains/XcodeDefault.xctoolchain/usr/bin/ld -version_details
Build description signature: 259e15ec8bc3bd4f086647a91ff8b54b
Build description path: /Users/admin/builder/spi-builder-workspace/.derivedData/Build/Intermediates.noindex/XCBuildData/259e15ec8bc3bd4f086647a91ff8b54b.xcbuilddata
CreateBuildDirectory /Users/admin/builder/spi-builder-workspace/.derivedData/SDKExplicitPrecompiledModules
cd /Users/admin/builder/spi-builder-workspace/.swiftpm/xcode
builtin-create-build-directory /Users/admin/builder/spi-builder-workspace/.derivedData/SDKExplicitPrecompiledModules
CreateBuildDirectory /Users/admin/builder/spi-builder-workspace/.derivedData/CompilationCache.noindex
cd /Users/admin/builder/spi-builder-workspace/.swiftpm/xcode
builtin-create-build-directory /Users/admin/builder/spi-builder-workspace/.derivedData/CompilationCache.noindex
CreateBuildDirectory /Users/admin/builder/spi-builder-workspace/.derivedData/ModuleCache.noindex
cd /Users/admin/builder/spi-builder-workspace/.swiftpm/xcode
builtin-create-build-directory /Users/admin/builder/spi-builder-workspace/.derivedData/ModuleCache.noindex
CreateBuildDirectory /Users/admin/builder/spi-builder-workspace/.derivedData/Build/Intermediates.noindex
cd /Users/admin/builder/spi-builder-workspace/.swiftpm/xcode
builtin-create-build-directory /Users/admin/builder/spi-builder-workspace/.derivedData/Build/Intermediates.noindex
ClangStatCache /Applications/Xcode-27.0.0-Release.Candidate.app/Contents/Developer/Toolchains/XcodeDefault.xctoolchain/usr/bin/clang-stat-cache /Applications/Xcode-27.0.0-Release.Candidate.app/Contents/Developer/Platforms/AppleTVOS.platform/Developer/SDKs/AppleTVOS27.0.sdk /Users/admin/builder/spi-builder-workspace/.derivedData/SDKStatCaches.noindex/appletvos27.0-24J360-e829b21a6f8c9b70876ba0858053c044b32bfd8d43560033f8d89884cdb90028.sdkstatcache
cd /Users/admin/builder/spi-builder-workspace/.swiftpm/xcode
/Applications/Xcode-27.0.0-Release.Candidate.app/Contents/Developer/Toolchains/XcodeDefault.xctoolchain/usr/bin/clang-stat-cache /Applications/Xcode-27.0.0-Release.Candidate.app/Contents/Developer/Platforms/AppleTVOS.platform/Developer/SDKs/AppleTVOS27.0.sdk -o /Users/admin/builder/spi-builder-workspace/.derivedData/SDKStatCaches.noindex/appletvos27.0-24J360-e829b21a6f8c9b70876ba0858053c044b32bfd8d43560033f8d89884cdb90028.sdkstatcache
CreateBuildDirectory /Users/admin/builder/spi-builder-workspace/.derivedData/Build/Products
cd /Users/admin/builder/spi-builder-workspace/.swiftpm/xcode
builtin-create-build-directory /Users/admin/builder/spi-builder-workspace/.derivedData/Build/Products
CreateBuildDirectory /Users/admin/builder/spi-builder-workspace/.derivedData/Build/Intermediates.noindex/SwiftExplicitPrecompiledModules
cd /Users/admin/builder/spi-builder-workspace/.swiftpm/xcode
builtin-create-build-directory /Users/admin/builder/spi-builder-workspace/.derivedData/Build/Intermediates.noindex/SwiftExplicitPrecompiledModules
CreateBuildDirectory /Users/admin/builder/spi-builder-workspace/.derivedData/Build/Intermediates.noindex/ExplicitPrecompiledModules
cd /Users/admin/builder/spi-builder-workspace/.swiftpm/xcode
builtin-create-build-directory /Users/admin/builder/spi-builder-workspace/.derivedData/Build/Intermediates.noindex/ExplicitPrecompiledModules
CreateBuildDirectory /Users/admin/builder/spi-builder-workspace/.derivedData/Build/Intermediates.noindex/PrecompiledHeaders
cd /Users/admin/builder/spi-builder-workspace/.swiftpm/xcode
builtin-create-build-directory /Users/admin/builder/spi-builder-workspace/.derivedData/Build/Intermediates.noindex/PrecompiledHeaders
CreateBuildDirectory /Users/admin/builder/spi-builder-workspace/.derivedData/Build/Products/Debug-appletvos
cd /Users/admin/builder/spi-builder-workspace/.swiftpm/xcode
builtin-create-build-directory /Users/admin/builder/spi-builder-workspace/.derivedData/Build/Products/Debug-appletvos
CreateBuildDirectory /Users/admin/builder/spi-builder-workspace/.derivedData/Build/Intermediates.noindex/EagerLinkingTBDs/Debug-appletvos
cd /Users/admin/builder/spi-builder-workspace/.swiftpm/xcode
builtin-create-build-directory /Users/admin/builder/spi-builder-workspace/.derivedData/Build/Intermediates.noindex/EagerLinkingTBDs/Debug-appletvos
CreateBuildDirectory /Users/admin/builder/spi-builder-workspace/.derivedData/Build/Products/Debug-appletvos/PackageFrameworks
cd /Users/admin/builder/spi-builder-workspace/.swiftpm/xcode
builtin-create-build-directory /Users/admin/builder/spi-builder-workspace/.derivedData/Build/Products/Debug-appletvos/PackageFrameworks
WriteAuxiliaryFile /Users/admin/builder/spi-builder-workspace/.derivedData/Build/Intermediates.noindex/savannakit.build/Debug-appletvos/savannakit-t.build/savannakit.modulemap (in target 'savannakit' from project 'savannakit')
cd /Users/admin/builder/spi-builder-workspace/.dependencies/checkouts/savannakit
write-file /Users/admin/builder/spi-builder-workspace/.derivedData/Build/Intermediates.noindex/savannakit.build/Debug-appletvos/savannakit-t.build/savannakit.modulemap
WriteAuxiliaryFile /Users/admin/builder/spi-builder-workspace/.derivedData/Build/Intermediates.noindex/source-editor.build/Debug-appletvos/source-editor-t.build/source-editor.DependencyMetadataFileList (in target 'source-editor' from project 'source-editor')
cd /Users/admin/builder/spi-builder-workspace
write-file /Users/admin/builder/spi-builder-workspace/.derivedData/Build/Intermediates.noindex/source-editor.build/Debug-appletvos/source-editor-t.build/source-editor.DependencyMetadataFileList
WriteAuxiliaryFile /Users/admin/builder/spi-builder-workspace/.derivedData/Build/Intermediates.noindex/source-editor.build/Debug-appletvos/source-editor-t.build/source-editor.modulemap (in target 'source-editor' from project 'source-editor')
cd /Users/admin/builder/spi-builder-workspace
write-file /Users/admin/builder/spi-builder-workspace/.derivedData/Build/Intermediates.noindex/source-editor.build/Debug-appletvos/source-editor-t.build/source-editor.modulemap
WriteAuxiliaryFile /Users/admin/builder/spi-builder-workspace/.derivedData/Build/Intermediates.noindex/source-editor.build/Debug-appletvos/source-editor-t.build/source-editor.DependencyStaticMetadataFileList (in target 'source-editor' from project 'source-editor')
cd /Users/admin/builder/spi-builder-workspace
write-file /Users/admin/builder/spi-builder-workspace/.derivedData/Build/Intermediates.noindex/source-editor.build/Debug-appletvos/source-editor-t.build/source-editor.DependencyStaticMetadataFileList
WriteAuxiliaryFile /Users/admin/builder/spi-builder-workspace/.derivedData/Build/Intermediates.noindex/savannakit.build/Debug-appletvos/savannakit-t.build/Objects-normal/arm64/savannakit.LinkFileList (in target 'savannakit' from project 'savannakit')
cd /Users/admin/builder/spi-builder-workspace/.dependencies/checkouts/savannakit
write-file /Users/admin/builder/spi-builder-workspace/.derivedData/Build/Intermediates.noindex/savannakit.build/Debug-appletvos/savannakit-t.build/Objects-normal/arm64/savannakit.LinkFileList
WriteAuxiliaryFile /Users/admin/builder/spi-builder-workspace/.derivedData/Build/Intermediates.noindex/savannakit.build/Debug-appletvos/savannakit-t.build/Objects-normal/arm64/savannakit.SwiftFileList (in target 'savannakit' from project 'savannakit')
cd /Users/admin/builder/spi-builder-workspace/.dependencies/checkouts/savannakit
write-file /Users/admin/builder/spi-builder-workspace/.derivedData/Build/Intermediates.noindex/savannakit.build/Debug-appletvos/savannakit-t.build/Objects-normal/arm64/savannakit.SwiftFileList
WriteAuxiliaryFile /Users/admin/builder/spi-builder-workspace/.derivedData/Build/Intermediates.noindex/savannakit.build/Debug-appletvos/savannakit-t.build/Objects-normal/arm64/savannakit_const_extract_protocols.json (in target 'savannakit' from project 'savannakit')
cd /Users/admin/builder/spi-builder-workspace/.dependencies/checkouts/savannakit
write-file /Users/admin/builder/spi-builder-workspace/.derivedData/Build/Intermediates.noindex/savannakit.build/Debug-appletvos/savannakit-t.build/Objects-normal/arm64/savannakit_const_extract_protocols.json
WriteAuxiliaryFile /Users/admin/builder/spi-builder-workspace/.derivedData/Build/Intermediates.noindex/savannakit.build/Debug-appletvos/savannakit-t.build/Objects-normal/arm64/savannakit.SwiftConstValuesFileList (in target 'savannakit' from project 'savannakit')
cd /Users/admin/builder/spi-builder-workspace/.dependencies/checkouts/savannakit
write-file /Users/admin/builder/spi-builder-workspace/.derivedData/Build/Intermediates.noindex/savannakit.build/Debug-appletvos/savannakit-t.build/Objects-normal/arm64/savannakit.SwiftConstValuesFileList
WriteAuxiliaryFile /Users/admin/builder/spi-builder-workspace/.derivedData/Build/Intermediates.noindex/source-editor.build/Debug-appletvos/source-editor-t.build/Objects-normal/arm64/source-editor_const_extract_protocols.json (in target 'source-editor' from project 'source-editor')
cd /Users/admin/builder/spi-builder-workspace
write-file /Users/admin/builder/spi-builder-workspace/.derivedData/Build/Intermediates.noindex/source-editor.build/Debug-appletvos/source-editor-t.build/Objects-normal/arm64/source-editor_const_extract_protocols.json
WriteAuxiliaryFile /Users/admin/builder/spi-builder-workspace/.derivedData/Build/Intermediates.noindex/source-editor.build/Debug-appletvos/source-editor-t.build/Objects-normal/arm64/source-editor.SwiftFileList (in target 'source-editor' from project 'source-editor')
cd /Users/admin/builder/spi-builder-workspace
write-file /Users/admin/builder/spi-builder-workspace/.derivedData/Build/Intermediates.noindex/source-editor.build/Debug-appletvos/source-editor-t.build/Objects-normal/arm64/source-editor.SwiftFileList
WriteAuxiliaryFile /Users/admin/builder/spi-builder-workspace/.derivedData/Build/Intermediates.noindex/source-editor.build/Debug-appletvos/source-editor-t.build/Objects-normal/arm64/source-editor.SwiftConstValuesFileList (in target 'source-editor' from project 'source-editor')
cd /Users/admin/builder/spi-builder-workspace
write-file /Users/admin/builder/spi-builder-workspace/.derivedData/Build/Intermediates.noindex/source-editor.build/Debug-appletvos/source-editor-t.build/Objects-normal/arm64/source-editor.SwiftConstValuesFileList
WriteAuxiliaryFile /Users/admin/builder/spi-builder-workspace/.derivedData/Build/Intermediates.noindex/source-editor.build/Debug-appletvos/source-editor-t.build/Objects-normal/arm64/source-editor.LinkFileList (in target 'source-editor' from project 'source-editor')
cd /Users/admin/builder/spi-builder-workspace
write-file /Users/admin/builder/spi-builder-workspace/.derivedData/Build/Intermediates.noindex/source-editor.build/Debug-appletvos/source-editor-t.build/Objects-normal/arm64/source-editor.LinkFileList
WriteAuxiliaryFile /Users/admin/builder/spi-builder-workspace/.derivedData/Build/Intermediates.noindex/source-editor.build/Debug-appletvos/source-editor-t.build/Objects-normal/arm64/source-editor-OutputFileMap.json (in target 'source-editor' from project 'source-editor')
cd /Users/admin/builder/spi-builder-workspace
write-file /Users/admin/builder/spi-builder-workspace/.derivedData/Build/Intermediates.noindex/source-editor.build/Debug-appletvos/source-editor-t.build/Objects-normal/arm64/source-editor-OutputFileMap.json
WriteAuxiliaryFile /Users/admin/builder/spi-builder-workspace/.derivedData/Build/Intermediates.noindex/savannakit.build/Debug-appletvos/savannakit-t.build/savannakit.DependencyMetadataFileList (in target 'savannakit' from project 'savannakit')
cd /Users/admin/builder/spi-builder-workspace/.dependencies/checkouts/savannakit
write-file /Users/admin/builder/spi-builder-workspace/.derivedData/Build/Intermediates.noindex/savannakit.build/Debug-appletvos/savannakit-t.build/savannakit.DependencyMetadataFileList
WriteAuxiliaryFile /Users/admin/builder/spi-builder-workspace/.derivedData/Build/Intermediates.noindex/savannakit.build/Debug-appletvos/savannakit-t.build/savannakit.DependencyStaticMetadataFileList (in target 'savannakit' from project 'savannakit')
cd /Users/admin/builder/spi-builder-workspace/.dependencies/checkouts/savannakit
write-file /Users/admin/builder/spi-builder-workspace/.derivedData/Build/Intermediates.noindex/savannakit.build/Debug-appletvos/savannakit-t.build/savannakit.DependencyStaticMetadataFileList
WriteAuxiliaryFile /Users/admin/builder/spi-builder-workspace/.derivedData/Build/Intermediates.noindex/savannakit.build/Debug-appletvos/savannakit-t.build/Objects-normal/arm64/savannakit-OutputFileMap.json (in target 'savannakit' from project 'savannakit')
cd /Users/admin/builder/spi-builder-workspace/.dependencies/checkouts/savannakit
write-file /Users/admin/builder/spi-builder-workspace/.derivedData/Build/Intermediates.noindex/savannakit.build/Debug-appletvos/savannakit-t.build/Objects-normal/arm64/savannakit-OutputFileMap.json
Copy /Users/admin/builder/spi-builder-workspace/.derivedData/Build/Intermediates.noindex/GeneratedModuleMaps-appletvos/source-editor.modulemap /Users/admin/builder/spi-builder-workspace/.derivedData/Build/Intermediates.noindex/source-editor.build/Debug-appletvos/source-editor-t.build/source-editor.modulemap (in target 'source-editor' from project 'source-editor')
cd /Users/admin/builder/spi-builder-workspace
builtin-copy -exclude .DS_Store -exclude CVS -exclude .svn -exclude .git -exclude .hg -resolve-src-symlinks /Users/admin/builder/spi-builder-workspace/.derivedData/Build/Intermediates.noindex/source-editor.build/Debug-appletvos/source-editor-t.build/source-editor.modulemap /Users/admin/builder/spi-builder-workspace/.derivedData/Build/Intermediates.noindex/GeneratedModuleMaps-appletvos
Copy /Users/admin/builder/spi-builder-workspace/.derivedData/Build/Intermediates.noindex/GeneratedModuleMaps-appletvos/savannakit.modulemap /Users/admin/builder/spi-builder-workspace/.derivedData/Build/Intermediates.noindex/savannakit.build/Debug-appletvos/savannakit-t.build/savannakit.modulemap (in target 'savannakit' from project 'savannakit')
cd /Users/admin/builder/spi-builder-workspace/.dependencies/checkouts/savannakit
builtin-copy -exclude .DS_Store -exclude CVS -exclude .svn -exclude .git -exclude .hg -resolve-src-symlinks /Users/admin/builder/spi-builder-workspace/.derivedData/Build/Intermediates.noindex/savannakit.build/Debug-appletvos/savannakit-t.build/savannakit.modulemap /Users/admin/builder/spi-builder-workspace/.derivedData/Build/Intermediates.noindex/GeneratedModuleMaps-appletvos
SwiftDriver savannakit normal arm64 com.apple.xcode.tools.swift.compiler (in target 'savannakit' from project 'savannakit')
cd /Users/admin/builder/spi-builder-workspace/.swiftpm/xcode
builtin-SwiftDriver -- /Applications/Xcode-27.0.0-Release.Candidate.app/Contents/Developer/Toolchains/XcodeDefault.xctoolchain/usr/bin/swiftc -parse-as-library -module-name savannakit -Onone @/Users/admin/builder/spi-builder-workspace/.derivedData/Build/Intermediates.noindex/savannakit.build/Debug-appletvos/savannakit-t.build/Objects-normal/arm64/savannakit.SwiftFileList -DSWIFT_PACKAGE -DDEBUG -DSWIFT_MODULE_RESOURCE_BUNDLE_UNAVAILABLE -DXcode -plugin-path /Applications/Xcode-27.0.0-Release.Candidate.app/Contents/Developer/Toolchains/XcodeDefault.xctoolchain/usr/lib/swift/host/plugins/testing -enable-experimental-feature DebugDescriptionMacro -sdk /Applications/Xcode-27.0.0-Release.Candidate.app/Contents/Developer/Platforms/AppleTVOS.platform/Developer/SDKs/AppleTVOS27.0.sdk -target arm64-apple-tvos15.0 -g -module-cache-path /Users/admin/builder/spi-builder-workspace/.derivedData/ModuleCache.noindex -Xfrontend -serialize-debugging-options -profile-coverage-mapping -profile-generate -enable-testing -suppress-warnings -index-store-path /Users/admin/builder/spi-builder-workspace/.derivedData/Index.noindex/DataStore -Xcc -D_LIBCPP_HARDENING_MODE\=_LIBCPP_HARDENING_MODE_DEBUG -swift-version 4 -I /Users/admin/builder/spi-builder-workspace/.derivedData/Build/Products/Debug-appletvos -Isystem /Applications/Xcode-27.0.0-Release.Candidate.app/Contents/Developer/Platforms/AppleTVOS.platform/Developer/usr/lib -F /Users/admin/builder/spi-builder-workspace/.derivedData/Build/Products/Debug-appletvos -F /Applications/Xcode-27.0.0-Release.Candidate.app/Contents/Developer/Platforms/AppleTVOS.platform/Developer/Library/Frameworks -F /Applications/Xcode-27.0.0-Release.Candidate.app/Contents/Developer/Platforms/AppleTVOS.platform/Developer/SDKs/AppleTVOS27.0.sdk/Developer/Library/Frameworks -c -j10 -enable-batch-mode -incremental -Xcc -ivfsstatcache -Xcc /Users/admin/builder/spi-builder-workspace/.derivedData/SDKStatCaches.noindex/appletvos27.0-24J360-e829b21a6f8c9b70876ba0858053c044b32bfd8d43560033f8d89884cdb90028.sdkstatcache -output-file-map /Users/admin/builder/spi-builder-workspace/.derivedData/Build/Intermediates.noindex/savannakit.build/Debug-appletvos/savannakit-t.build/Objects-normal/arm64/savannakit-OutputFileMap.json -save-temps -no-color-diagnostics -emit-dependencies -emit-module -emit-module-path /Users/admin/builder/spi-builder-workspace/.derivedData/Build/Intermediates.noindex/savannakit.build/Debug-appletvos/savannakit-t.build/Objects-normal/arm64/savannakit.swiftmodule -serialize-diagnostics -validate-clang-modules-once -clang-build-session-file /Users/admin/builder/spi-builder-workspace/.derivedData/ModuleCache.noindex/Session.modulevalidation -Xcc -fmodules-prune-interval\=86400 -Xcc -fmodules-prune-after\=345600 -emit-const-values -const-gather-protocols-list /Users/admin/builder/spi-builder-workspace/.derivedData/Build/Intermediates.noindex/savannakit.build/Debug-appletvos/savannakit-t.build/Objects-normal/arm64/savannakit_const_extract_protocols.json -Xcc -I/Users/admin/builder/spi-builder-workspace/.derivedData/Build/Products/Debug-appletvos/include -Xcc -I/Users/admin/builder/spi-builder-workspace/.derivedData/Build/Intermediates.noindex/savannakit.build/Debug-appletvos/savannakit-t.build/DerivedSources-normal/arm64 -Xcc -I/Users/admin/builder/spi-builder-workspace/.derivedData/Build/Intermediates.noindex/savannakit.build/Debug-appletvos/savannakit-t.build/DerivedSources/arm64 -Xcc -I/Users/admin/builder/spi-builder-workspace/.derivedData/Build/Intermediates.noindex/savannakit.build/Debug-appletvos/savannakit-t.build/DerivedSources -Xcc -DSWIFT_PACKAGE -Xcc -DDEBUG\=1 -emit-objc-header -emit-objc-header-path /Users/admin/builder/spi-builder-workspace/.derivedData/Build/Intermediates.noindex/savannakit.build/Debug-appletvos/savannakit-t.build/Objects-normal/arm64/savannakit-Swift.h -working-directory /Users/admin/builder/spi-builder-workspace/.swiftpm/xcode -experimental-emit-module-separately -disable-cmo
SwiftCompile normal arm64 Compiling\ Paragraph.swift,\ RegexLexer.swift /Users/admin/builder/spi-builder-workspace/.dependencies/checkouts/savannakit/Sources/SavannaKit/Model/Paragraph.swift /Users/admin/builder/spi-builder-workspace/.dependencies/checkouts/savannakit/Sources/SavannaKit/Model/RegexLexer.swift (in target 'savannakit' from project 'savannakit')
SwiftCompile normal arm64 /Users/admin/builder/spi-builder-workspace/.dependencies/checkouts/savannakit/Sources/SavannaKit/Model/Paragraph.swift (in target 'savannakit' from project 'savannakit')
cd /Users/admin/builder/spi-builder-workspace/.swiftpm/xcode
builtin-SwiftPerFileCompile Paragraph.swift
SwiftCompile normal arm64 /Users/admin/builder/spi-builder-workspace/.dependencies/checkouts/savannakit/Sources/SavannaKit/Model/RegexLexer.swift (in target 'savannakit' from project 'savannakit')
cd /Users/admin/builder/spi-builder-workspace/.swiftpm/xcode
builtin-SwiftPerFileCompile RegexLexer.swift
SwiftCompile normal arm64 Compiling\ ASTVisualizer.swift,\ Lexer.swift /Users/admin/builder/spi-builder-workspace/.dependencies/checkouts/savannakit/Sources/SavannaKit/ASTVisualizer.swift /Users/admin/builder/spi-builder-workspace/.dependencies/checkouts/savannakit/Sources/SavannaKit/Model/Lexer.swift (in target 'savannakit' from project 'savannakit')
SwiftCompile normal arm64 /Users/admin/builder/spi-builder-workspace/.dependencies/checkouts/savannakit/Sources/SavannaKit/ASTVisualizer.swift (in target 'savannakit' from project 'savannakit')
cd /Users/admin/builder/spi-builder-workspace/.swiftpm/xcode
builtin-SwiftPerFileCompile ASTVisualizer.swift
SwiftCompile normal arm64 /Users/admin/builder/spi-builder-workspace/.dependencies/checkouts/savannakit/Sources/SavannaKit/Model/Lexer.swift (in target 'savannakit' from project 'savannakit')
cd /Users/admin/builder/spi-builder-workspace/.swiftpm/xcode
builtin-SwiftPerFileCompile Lexer.swift
SwiftCompile normal arm64 Compiling\ NSMutableAttributedString+Tokens.swift,\ NSTextView+UIKit.swift /Users/admin/builder/spi-builder-workspace/.dependencies/checkouts/savannakit/Sources/SavannaKit/Util/NSMutableAttributedString+Tokens.swift /Users/admin/builder/spi-builder-workspace/.dependencies/checkouts/savannakit/Sources/SavannaKit/Util/NSTextView+UIKit.swift (in target 'savannakit' from project 'savannakit')
SwiftCompile normal arm64 /Users/admin/builder/spi-builder-workspace/.dependencies/checkouts/savannakit/Sources/SavannaKit/Util/NSMutableAttributedString+Tokens.swift (in target 'savannakit' from project 'savannakit')
cd /Users/admin/builder/spi-builder-workspace/.swiftpm/xcode
builtin-SwiftPerFileCompile NSMutableAttributedString+Tokens.swift
SwiftCompile normal arm64 /Users/admin/builder/spi-builder-workspace/.dependencies/checkouts/savannakit/Sources/SavannaKit/Util/NSTextView+UIKit.swift (in target 'savannakit' from project 'savannakit')
cd /Users/admin/builder/spi-builder-workspace/.swiftpm/xcode
builtin-SwiftPerFileCompile NSTextView+UIKit.swift
SwiftCompile normal arm64 Compiling\ String+Range.swift,\ Types.swift /Users/admin/builder/spi-builder-workspace/.dependencies/checkouts/savannakit/Sources/SavannaKit/Util/String+Range.swift /Users/admin/builder/spi-builder-workspace/.dependencies/checkouts/savannakit/Sources/SavannaKit/Util/Types.swift (in target 'savannakit' from project 'savannakit')
SwiftCompile normal arm64 /Users/admin/builder/spi-builder-workspace/.dependencies/checkouts/savannakit/Sources/SavannaKit/Util/String+Range.swift (in target 'savannakit' from project 'savannakit')
cd /Users/admin/builder/spi-builder-workspace/.swiftpm/xcode
builtin-SwiftPerFileCompile String+Range.swift
SwiftCompile normal arm64 /Users/admin/builder/spi-builder-workspace/.dependencies/checkouts/savannakit/Sources/SavannaKit/Util/Types.swift (in target 'savannakit' from project 'savannakit')
cd /Users/admin/builder/spi-builder-workspace/.swiftpm/xcode
builtin-SwiftPerFileCompile Types.swift
SwiftCompile normal arm64 Compiling\ InnerTextView.swift,\ LineNumberLayoutManager.swift /Users/admin/builder/spi-builder-workspace/.dependencies/checkouts/savannakit/Sources/SavannaKit/View/InnerTextView.swift /Users/admin/builder/spi-builder-workspace/.dependencies/checkouts/savannakit/Sources/SavannaKit/View/LineNumberLayoutManager.swift (in target 'savannakit' from project 'savannakit')
SwiftCompile normal arm64 /Users/admin/builder/spi-builder-workspace/.dependencies/checkouts/savannakit/Sources/SavannaKit/View/InnerTextView.swift (in target 'savannakit' from project 'savannakit')
cd /Users/admin/builder/spi-builder-workspace/.swiftpm/xcode
builtin-SwiftPerFileCompile InnerTextView.swift
SwiftCompile normal arm64 /Users/admin/builder/spi-builder-workspace/.dependencies/checkouts/savannakit/Sources/SavannaKit/View/LineNumberLayoutManager.swift (in target 'savannakit' from project 'savannakit')
cd /Users/admin/builder/spi-builder-workspace/.swiftpm/xcode
builtin-SwiftPerFileCompile LineNumberLayoutManager.swift
SwiftCompile normal arm64 Compiling\ Paragraphs.swift,\ SyntaxTextView+TextViewDelegate.swift /Users/admin/builder/spi-builder-workspace/.dependencies/checkouts/savannakit/Sources/SavannaKit/View/Paragraphs.swift /Users/admin/builder/spi-builder-workspace/.dependencies/checkouts/savannakit/Sources/SavannaKit/View/SyntaxTextView+TextViewDelegate.swift (in target 'savannakit' from project 'savannakit')
SwiftCompile normal arm64 /Users/admin/builder/spi-builder-workspace/.dependencies/checkouts/savannakit/Sources/SavannaKit/View/Paragraphs.swift (in target 'savannakit' from project 'savannakit')
cd /Users/admin/builder/spi-builder-workspace/.swiftpm/xcode
builtin-SwiftPerFileCompile Paragraphs.swift
SwiftCompile normal arm64 /Users/admin/builder/spi-builder-workspace/.dependencies/checkouts/savannakit/Sources/SavannaKit/View/SyntaxTextView+TextViewDelegate.swift (in target 'savannakit' from project 'savannakit')
cd /Users/admin/builder/spi-builder-workspace/.swiftpm/xcode
builtin-SwiftPerFileCompile SyntaxTextView+TextViewDelegate.swift
/Users/admin/builder/spi-builder-workspace/.dependencies/checkouts/savannakit/Sources/SavannaKit/View/SyntaxTextView+TextViewDelegate.swift:298:6: error: cannot find 'didUpdateText' in scope
296 | textStorage.replaceCharacters(in: range, with: insertingText)
297 |
298 | didUpdateText()
| `- error: cannot find 'didUpdateText' in scope
299 |
300 | updateSelectedRange(NSRange(location: range.lowerBound, length: 0))
/Users/admin/builder/spi-builder-workspace/.dependencies/checkouts/savannakit/Sources/SavannaKit/View/SyntaxTextView+TextViewDelegate.swift:346:6: error: cannot find 'didUpdateText' in scope
344 | textStorage.replaceCharacters(in: range, with: insertingText)
345 |
346 | didUpdateText()
| `- error: cannot find 'didUpdateText' in scope
347 |
348 | updateSelectedRange(NSRange(location: range.lowerBound + insertingText.count, length: 0))
SwiftCompile normal arm64 Compiling\ SyntaxTextViewLayoutManager.swift /Users/admin/builder/spi-builder-workspace/.dependencies/checkouts/savannakit/Sources/SavannaKit/View/SyntaxTextViewLayoutManager.swift (in target 'savannakit' from project 'savannakit')
SwiftCompile normal arm64 /Users/admin/builder/spi-builder-workspace/.dependencies/checkouts/savannakit/Sources/SavannaKit/View/SyntaxTextViewLayoutManager.swift (in target 'savannakit' from project 'savannakit')
cd /Users/admin/builder/spi-builder-workspace/.swiftpm/xcode
builtin-SwiftPerFileCompile SyntaxTextViewLayoutManager.swift
SwiftCompile normal arm64 Compiling\ SyntaxTextView.swift /Users/admin/builder/spi-builder-workspace/.dependencies/checkouts/savannakit/Sources/SavannaKit/View/SyntaxTextView.swift (in target 'savannakit' from project 'savannakit')
SwiftCompile normal arm64 /Users/admin/builder/spi-builder-workspace/.dependencies/checkouts/savannakit/Sources/SavannaKit/View/SyntaxTextView.swift (in target 'savannakit' from project 'savannakit')
cd /Users/admin/builder/spi-builder-workspace/.swiftpm/xcode
builtin-SwiftPerFileCompile SyntaxTextView.swift
SwiftEmitModule normal arm64 Emitting\ module\ for\ savannakit (in target 'savannakit' from project 'savannakit')
/Users/admin/builder/spi-builder-workspace/.dependencies/checkouts/savannakit/Sources/SavannaKit/View/SyntaxTextView.swift:55:4: error: cannot find 'didUpdateText' in scope
53 | public weak var delegate: SyntaxTextViewDelegate? {
54 | didSet {
55 | didUpdateText()
| `- error: cannot find 'didUpdateText' in scope
56 | }
57 | }
/Users/admin/builder/spi-builder-workspace/.dependencies/checkouts/savannakit/Sources/SavannaKit/View/SyntaxTextView.swift:84:24: error: cannot find type 'NSColor' in scope
82 | #else
83 |
84 | public var tintColor: NSColor! {
| `- error: cannot find type 'NSColor' in scope
85 | set {
86 | textView.tintColor = newValue
/Users/admin/builder/spi-builder-workspace/.dependencies/checkouts/savannakit/Sources/SavannaKit/View/SyntaxTextView.swift:341:4: error: cannot find 'didUpdateText' in scope
339 | textView.font = theme.font
340 |
341 | didUpdateText()
| `- error: cannot find 'didUpdateText' in scope
342 | }
343 | }
Failed frontend command:
/Applications/Xcode-27.0.0-Release.Candidate.app/Contents/Developer/Toolchains/XcodeDefault.xctoolchain/usr/bin/swift-frontend -frontend -emit-module -experimental-skip-non-inlinable-function-bodies-without-types /Users/admin/builder/spi-builder-workspace/.dependencies/checkouts/savannakit/Sources/SavannaKit/ASTVisualizer.swift /Users/admin/builder/spi-builder-workspace/.dependencies/checkouts/savannakit/Sources/SavannaKit/Model/Lexer.swift /Users/admin/builder/spi-builder-workspace/.dependencies/checkouts/savannakit/Sources/SavannaKit/Model/Paragraph.swift /Users/admin/builder/spi-builder-workspace/.dependencies/checkouts/savannakit/Sources/SavannaKit/Model/RegexLexer.swift /Users/admin/builder/spi-builder-workspace/.dependencies/checkouts/savannakit/Sources/SavannaKit/Model/SyntaxColorTheme.swift /Users/admin/builder/spi-builder-workspace/.dependencies/checkouts/savannakit/Sources/SavannaKit/Model/Token.swift /Users/admin/builder/spi-builder-workspace/.dependencies/checkouts/savannakit/Sources/SavannaKit/Util/NSMutableAttributedString+Tokens.swift /Users/admin/builder/spi-builder-workspace/.dependencies/checkouts/savannakit/Sources/SavannaKit/Util/NSTextView+UIKit.swift /Users/admin/builder/spi-builder-workspace/.dependencies/checkouts/savannakit/Sources/SavannaKit/Util/String+Range.swift /Users/admin/builder/spi-builder-workspace/.dependencies/checkouts/savannakit/Sources/SavannaKit/Util/Types.swift /Users/admin/builder/spi-builder-workspace/.dependencies/checkouts/savannakit/Sources/SavannaKit/View/InnerTextView.swift /Users/admin/builder/spi-builder-workspace/.dependencies/checkouts/savannakit/Sources/SavannaKit/View/LineNumberLayoutManager.swift /Users/admin/builder/spi-builder-workspace/.dependencies/checkouts/savannakit/Sources/SavannaKit/View/Paragraphs.swift /Users/admin/builder/spi-builder-workspace/.dependencies/checkouts/savannakit/Sources/SavannaKit/View/SyntaxTextView+TextViewDelegate.swift /Users/admin/builder/spi-builder-workspace/.dependencies/checkouts/savannakit/Sources/SavannaKit/View/SyntaxTextView.swift /Users/admin/builder/spi-builder-workspace/.dependencies/checkouts/savannakit/Sources/SavannaKit/View/SyntaxTextViewLayoutManager.swift /Users/admin/builder/spi-builder-workspace/.dependencies/checkouts/savannakit/Sources/SavannaKit/View/TextViewWrapperView.swift -target arm64-apple-tvos15.0 -Xllvm -aarch64-use-tbi -enable-objc-interop -stack-check -sdk /Applications/Xcode-27.0.0-Release.Candidate.app/Contents/Developer/Platforms/AppleTVOS.platform/Developer/SDKs/AppleTVOS27.0.sdk -I /Users/admin/builder/spi-builder-workspace/.derivedData/Build/Products/Debug-appletvos -Isystem /Applications/Xcode-27.0.0-Release.Candidate.app/Contents/Developer/Platforms/AppleTVOS.platform/Developer/usr/lib -F /Users/admin/builder/spi-builder-workspace/.derivedData/Build/Products/Debug-appletvos -F /Applications/Xcode-27.0.0-Release.Candidate.app/Contents/Developer/Platforms/AppleTVOS.platform/Developer/Library/Frameworks -F /Applications/Xcode-27.0.0-Release.Candidate.app/Contents/Developer/Platforms/AppleTVOS.platform/Developer/SDKs/AppleTVOS27.0.sdk/Developer/Library/Frameworks -module-cache-path /Users/admin/builder/spi-builder-workspace/.derivedData/ModuleCache.noindex -no-color-diagnostics -Xcc -fno-color-diagnostics -enable-testing -g -debug-info-format\=dwarf -dwarf-version\=4 -suppress-warnings -profile-generate -profile-coverage-mapping -swift-version 4 -Onone -D SWIFT_PACKAGE -D DEBUG -D SWIFT_MODULE_RESOURCE_BUNDLE_UNAVAILABLE -D Xcode -serialize-debugging-options -enable-experimental-feature DebugDescriptionMacro -empty-abi-descriptor -plugin-path /Applications/Xcode-27.0.0-Release.Candidate.app/Contents/Developer/Toolchains/XcodeDefault.xctoolchain/usr/lib/swift/host/plugins/testing -validate-clang-modules-once -clang-build-session-file /Users/admin/builder/spi-builder-workspace/.derivedData/ModuleCache.noindex/Session.modulevalidation -Xcc -working-directory -Xcc /Users/admin/builder/spi-builder-workspace/.swiftpm/xcode -enable-anonymous-context-mangled-names -file-compilation-dir /Users/admin/builder/spi-builder-workspace/.swiftpm/xcode -Xcc -D_LIBCPP_HARDENING_MODE\=_LIBCPP_HARDENING_MODE_DEBUG -Xcc -ivfsstatcache -Xcc /Users/admin/builder/spi-builder-workspace/.derivedData/SDKStatCaches.noindex/appletvos27.0-24J360-e829b21a6f8c9b70876ba0858053c044b32bfd8d43560033f8d89884cdb90028.sdkstatcache -Xcc -fmodules-prune-interval\=86400 -Xcc -fmodules-prune-after\=345600 -Xcc -I/Users/admin/builder/spi-builder-workspace/.derivedData/Build/Products/Debug-appletvos/include -Xcc -I/Users/admin/builder/spi-builder-workspace/.derivedData/Build/Intermediates.noindex/savannakit.build/Debug-appletvos/savannakit-t.build/DerivedSources-normal/arm64 -Xcc -I/Users/admin/builder/spi-builder-workspace/.derivedData/Build/Intermediates.noindex/savannakit.build/Debug-appletvos/savannakit-t.build/DerivedSources/arm64 -Xcc -I/Users/admin/builder/spi-builder-workspace/.derivedData/Build/Intermediates.noindex/savannakit.build/Debug-appletvos/savannakit-t.build/DerivedSources -Xcc -DSWIFT_PACKAGE -Xcc -DDEBUG\=1 -no-auto-bridging-header-chaining -module-name savannakit -const-gather-protocols-file /Users/admin/builder/spi-builder-workspace/.derivedData/Build/Intermediates.noindex/savannakit.build/Debug-appletvos/savannakit-t.build/Objects-normal/arm64/savannakit_const_extract_protocols.json -disable-clang-spi -target-sdk-version 27.0 -target-sdk-name appletvos27.0 -external-plugin-path /Applications/Xcode-27.0.0-Release.Candidate.app/Contents/Developer/Platforms/AppleTVOS.platform/Developer/usr/lib/swift/host/plugins\#/Applications/Xcode-27.0.0-Release.Candidate.app/Contents/Developer/Platforms/AppleTVOS.platform/Developer/usr/bin/swift-plugin-server -external-plugin-path /Applications/Xcode-27.0.0-Release.Candidate.app/Contents/Developer/Platforms/AppleTVOS.platform/Developer/usr/local/lib/swift/host/plugins\#/Applications/Xcode-27.0.0-Release.Candidate.app/Contents/Developer/Platforms/AppleTVOS.platform/Developer/usr/bin/swift-plugin-server -in-process-plugin-server-path /Applications/Xcode-27.0.0-Release.Candidate.app/Contents/Developer/Toolchains/XcodeDefault.xctoolchain/usr/lib/swift/host/libSwiftInProcPluginServer.dylib -plugin-path /Applications/Xcode-27.0.0-Release.Candidate.app/Contents/Developer/Toolchains/XcodeDefault.xctoolchain/usr/lib/swift/host/plugins -plugin-path /Applications/Xcode-27.0.0-Release.Candidate.app/Contents/Developer/Toolchains/XcodeDefault.xctoolchain/usr/local/lib/swift/host/plugins -emit-module-doc-path /Users/admin/builder/spi-builder-workspace/.derivedData/Build/Intermediates.noindex/savannakit.build/Debug-appletvos/savannakit-t.build/Objects-normal/arm64/savannakit.swiftdoc -emit-module-source-info-path /Users/admin/builder/spi-builder-workspace/.derivedData/Build/Intermediates.noindex/savannakit.build/Debug-appletvos/savannakit-t.build/Objects-normal/arm64/savannakit.swiftsourceinfo -emit-objc-header-path /Users/admin/builder/spi-builder-workspace/.derivedData/Build/Intermediates.noindex/savannakit.build/Debug-appletvos/savannakit-t.build/Objects-normal/arm64/savannakit-Swift.h -serialize-diagnostics-path /Users/admin/builder/spi-builder-workspace/.derivedData/Build/Intermediates.noindex/savannakit.build/Debug-appletvos/savannakit-t.build/Objects-normal/arm64/savannakit-primary-emit-module.dia -emit-dependencies-path /Users/admin/builder/spi-builder-workspace/.derivedData/Build/Intermediates.noindex/savannakit.build/Debug-appletvos/savannakit-t.build/Objects-normal/arm64/savannakit-primary-emit-module.d -parse-as-library -o /Users/admin/builder/spi-builder-workspace/.derivedData/Build/Intermediates.noindex/savannakit.build/Debug-appletvos/savannakit-t.build/Objects-normal/arm64/savannakit.swiftmodule -emit-abi-descriptor-path /Users/admin/builder/spi-builder-workspace/.derivedData/Build/Intermediates.noindex/savannakit.build/Debug-appletvos/savannakit-t.build/Objects-normal/arm64/savannakit.abi.json
SwiftCompile normal arm64 (in target 'savannakit' from project 'savannakit')
cd /Users/admin/builder/spi-builder-workspace/.swiftpm/xcode
SwiftCompile normal arm64 Compiling\ TextViewWrapperView.swift /Users/admin/builder/spi-builder-workspace/.dependencies/checkouts/savannakit/Sources/SavannaKit/View/TextViewWrapperView.swift (in target 'savannakit' from project 'savannakit')
SwiftCompile normal arm64 /Users/admin/builder/spi-builder-workspace/.dependencies/checkouts/savannakit/Sources/SavannaKit/View/TextViewWrapperView.swift (in target 'savannakit' from project 'savannakit')
cd /Users/admin/builder/spi-builder-workspace/.swiftpm/xcode
builtin-SwiftPerFileCompile TextViewWrapperView.swift
SwiftCompile normal arm64 Compiling\ SyntaxColorTheme.swift,\ Token.swift /Users/admin/builder/spi-builder-workspace/.dependencies/checkouts/savannakit/Sources/SavannaKit/Model/SyntaxColorTheme.swift /Users/admin/builder/spi-builder-workspace/.dependencies/checkouts/savannakit/Sources/SavannaKit/Model/Token.swift (in target 'savannakit' from project 'savannakit')
SwiftCompile normal arm64 /Users/admin/builder/spi-builder-workspace/.dependencies/checkouts/savannakit/Sources/SavannaKit/Model/SyntaxColorTheme.swift (in target 'savannakit' from project 'savannakit')
cd /Users/admin/builder/spi-builder-workspace/.swiftpm/xcode
builtin-SwiftPerFileCompile SyntaxColorTheme.swift
SwiftCompile normal arm64 /Users/admin/builder/spi-builder-workspace/.dependencies/checkouts/savannakit/Sources/SavannaKit/Model/Token.swift (in target 'savannakit' from project 'savannakit')
cd /Users/admin/builder/spi-builder-workspace/.swiftpm/xcode
builtin-SwiftPerFileCompile Token.swift
PruneExplicitPrecompiledModules /Users/admin/builder/spi-builder-workspace/.derivedData/SDKExplicitPrecompiledModules
PruneExplicitPrecompiledModules /Users/admin/builder/spi-builder-workspace/.derivedData/Build/Intermediates.noindex/ExplicitPrecompiledModules
PruneExplicitPrecompiledModules /Users/admin/builder/spi-builder-workspace/.derivedData/Build/Intermediates.noindex/SwiftExplicitPrecompiledModules
2026-09-16 11:14:08.020 xcodebuild[681:4333] [MT] IDERunDestination: Supported platforms for the buildables in the current scheme is empty.
** BUILD FAILED **
The following build commands failed:
SwiftEmitModule normal arm64 Emitting\ module\ for\ savannakit (in target 'savannakit' from project 'savannakit')
SwiftCompile normal arm64 (in target 'savannakit' from project 'savannakit')
Building workspace source-editor with scheme source-editor
(3 failures)
Command line invocation:
/Applications/Xcode-27.0.0-Release.Candidate.app/Contents/Developer/usr/bin/xcodebuild -IDEClonedSourcePackagesDirPathOverride=/Users/admin/builder/spi-builder-workspace/.dependencies -resolvePackageDependencies
Resolve Package Graph
Resolved source packages:
source-editor: /Users/admin/builder/spi-builder-workspace
savannakit: https://github.com/eecollante10/savannakit.git @ 0.10.4
resolved source packages: source-editor, savannakit
2026-09-16 11:14:14.128 xcodebuild[714:4599] [MT] IDERunDestination: Supported platforms for the buildables in the current scheme is empty.
{
"dependencies" : [
{
"identity" : "savannakit",
"requirement" : {
"range" : [
{
"lower_bound" : "0.10.4",
"upper_bound" : "1.0.0"
}
]
},
"type" : "sourceControl",
"url" : "https://github.com/eecollante10/savannakit.git"
}
],
"manifest_display_name" : "source-editor",
"name" : "source-editor",
"path" : "/Users/admin/builder/spi-builder-workspace",
"platforms" : [
],
"products" : [
{
"name" : "source-editor",
"targets" : [
"source-editor"
],
"type" : {
"library" : [
"automatic"
]
}
}
],
"targets" : [
{
"c99name" : "source_editorTests",
"module_type" : "SwiftTarget",
"name" : "source-editorTests",
"path" : "Tests/source-editorTests",
"sources" : [
"XCTestManifests.swift",
"source_editorTests.swift"
],
"target_dependencies" : [
"source-editor"
],
"type" : "test"
},
{
"c99name" : "source_editor",
"module_type" : "SwiftTarget",
"name" : "source-editor",
"path" : "Sources",
"product_dependencies" : [
"savannakit"
],
"product_memberships" : [
"source-editor"
],
"sources" : [
"Languages/Python3Lexer.swift",
"Languages/SwiftLexer.swift",
"SourceCodeRegexLexer.swift",
"SourceCodeTheme.swift",
"SourceCodeToken.swift",
"Themes/DefaultSourceCodeTheme.swift"
],
"type" : "library"
}
],
"tools_version" : "4.0"
}
{
"workspace" : {
"name" : "source-editor",
"schemes" : [
"source-editor"
]
}
}
2026-09-16 11:14:15.405 xcodebuild[722:4666] [MT] IDERunDestination: Supported platforms for the buildables in the current scheme is empty.
Running build ...
env DEVELOPER_DIR=/Applications/Xcode-27.0.0-Release.Candidate.app xcrun xcodebuild -IDEClonedSourcePackagesDirPathOverride=$PWD/.dependencies -skipMacroValidation -skipPackagePluginValidation -derivedDataPath $PWD/.derivedData build -scheme source-editor -destination generic/platform=tvOS
Command line invocation:
/Applications/Xcode-27.0.0-Release.Candidate.app/Contents/Developer/usr/bin/xcodebuild -IDEClonedSourcePackagesDirPathOverride=/Users/admin/builder/spi-builder-workspace/.dependencies -skipMacroValidation -skipPackagePluginValidation -derivedDataPath /Users/admin/builder/spi-builder-workspace/.derivedData build -scheme source-editor -destination generic/platform=tvOS
Resolve Package Graph
Resolved source packages:
source-editor: /Users/admin/builder/spi-builder-workspace
savannakit: https://github.com/eecollante10/savannakit.git @ 0.10.4
ComputePackagePrebuildTargetDependencyGraph
Prepare packages
CreateBuildRequest
SendProjectDescription
CreateBuildOperation
ComputeTargetDependencyGraph
note: Building targets in dependency order
note: Target dependency graph (4 targets)
Target 'source-editor-product' in project 'source-editor'
➜ Explicit dependency on target 'source-editor' in project 'source-editor'
➜ Explicit dependency on target 'savannakit-product' in project 'savannakit'
Target 'source-editor' in project 'source-editor'
➜ Explicit dependency on target 'savannakit-product' in project 'savannakit'
Target 'savannakit-product' in project 'savannakit'
➜ Explicit dependency on target 'savannakit' in project 'savannakit'
Target 'savannakit' in project 'savannakit' (no dependencies)
GatherProvisioningInputs
CreateBuildDescription
ClangStatCache /Applications/Xcode-27.0.0-Release.Candidate.app/Contents/Developer/Toolchains/XcodeDefault.xctoolchain/usr/bin/clang-stat-cache /Applications/Xcode-27.0.0-Release.Candidate.app/Contents/Developer/Platforms/AppleTVOS.platform/Developer/SDKs/AppleTVOS27.0.sdk /Users/admin/builder/spi-builder-workspace/.derivedData/SDKStatCaches.noindex/appletvos27.0-24J360-e829b21a6f8c9b70876ba0858053c044b32bfd8d43560033f8d89884cdb90028.sdkstatcache
cd /Users/admin/builder/spi-builder-workspace/.swiftpm/xcode
/Applications/Xcode-27.0.0-Release.Candidate.app/Contents/Developer/Toolchains/XcodeDefault.xctoolchain/usr/bin/clang-stat-cache /Applications/Xcode-27.0.0-Release.Candidate.app/Contents/Developer/Platforms/AppleTVOS.platform/Developer/SDKs/AppleTVOS27.0.sdk -o /Users/admin/builder/spi-builder-workspace/.derivedData/SDKStatCaches.noindex/appletvos27.0-24J360-e829b21a6f8c9b70876ba0858053c044b32bfd8d43560033f8d89884cdb90028.sdkstatcache
SwiftDriver savannakit normal arm64 com.apple.xcode.tools.swift.compiler (in target 'savannakit' from project 'savannakit')
cd /Users/admin/builder/spi-builder-workspace/.swiftpm/xcode
builtin-SwiftDriver -- /Applications/Xcode-27.0.0-Release.Candidate.app/Contents/Developer/Toolchains/XcodeDefault.xctoolchain/usr/bin/swiftc -parse-as-library -module-name savannakit -Onone @/Users/admin/builder/spi-builder-workspace/.derivedData/Build/Intermediates.noindex/savannakit.build/Debug-appletvos/savannakit-t.build/Objects-normal/arm64/savannakit.SwiftFileList -DSWIFT_PACKAGE -DDEBUG -DSWIFT_MODULE_RESOURCE_BUNDLE_UNAVAILABLE -DXcode -plugin-path /Applications/Xcode-27.0.0-Release.Candidate.app/Contents/Developer/Toolchains/XcodeDefault.xctoolchain/usr/lib/swift/host/plugins/testing -enable-experimental-feature DebugDescriptionMacro -sdk /Applications/Xcode-27.0.0-Release.Candidate.app/Contents/Developer/Platforms/AppleTVOS.platform/Developer/SDKs/AppleTVOS27.0.sdk -target arm64-apple-tvos15.0 -g -module-cache-path /Users/admin/builder/spi-builder-workspace/.derivedData/ModuleCache.noindex -Xfrontend -serialize-debugging-options -profile-coverage-mapping -profile-generate -enable-testing -suppress-warnings -index-store-path /Users/admin/builder/spi-builder-workspace/.derivedData/Index.noindex/DataStore -Xcc -D_LIBCPP_HARDENING_MODE\=_LIBCPP_HARDENING_MODE_DEBUG -swift-version 4 -I /Users/admin/builder/spi-builder-workspace/.derivedData/Build/Products/Debug-appletvos -Isystem /Applications/Xcode-27.0.0-Release.Candidate.app/Contents/Developer/Platforms/AppleTVOS.platform/Developer/usr/lib -F /Users/admin/builder/spi-builder-workspace/.derivedData/Build/Products/Debug-appletvos -F /Applications/Xcode-27.0.0-Release.Candidate.app/Contents/Developer/Platforms/AppleTVOS.platform/Developer/Library/Frameworks -F /Applications/Xcode-27.0.0-Release.Candidate.app/Contents/Developer/Platforms/AppleTVOS.platform/Developer/SDKs/AppleTVOS27.0.sdk/Developer/Library/Frameworks -c -j10 -enable-batch-mode -incremental -Xcc -ivfsstatcache -Xcc /Users/admin/builder/spi-builder-workspace/.derivedData/SDKStatCaches.noindex/appletvos27.0-24J360-e829b21a6f8c9b70876ba0858053c044b32bfd8d43560033f8d89884cdb90028.sdkstatcache -output-file-map /Users/admin/builder/spi-builder-workspace/.derivedData/Build/Intermediates.noindex/savannakit.build/Debug-appletvos/savannakit-t.build/Objects-normal/arm64/savannakit-OutputFileMap.json -save-temps -no-color-diagnostics -emit-dependencies -emit-module -emit-module-path /Users/admin/builder/spi-builder-workspace/.derivedData/Build/Intermediates.noindex/savannakit.build/Debug-appletvos/savannakit-t.build/Objects-normal/arm64/savannakit.swiftmodule -serialize-diagnostics -validate-clang-modules-once -clang-build-session-file /Users/admin/builder/spi-builder-workspace/.derivedData/ModuleCache.noindex/Session.modulevalidation -Xcc -fmodules-prune-interval\=86400 -Xcc -fmodules-prune-after\=345600 -emit-const-values -const-gather-protocols-list /Users/admin/builder/spi-builder-workspace/.derivedData/Build/Intermediates.noindex/savannakit.build/Debug-appletvos/savannakit-t.build/Objects-normal/arm64/savannakit_const_extract_protocols.json -Xcc -I/Users/admin/builder/spi-builder-workspace/.derivedData/Build/Products/Debug-appletvos/include -Xcc -I/Users/admin/builder/spi-builder-workspace/.derivedData/Build/Intermediates.noindex/savannakit.build/Debug-appletvos/savannakit-t.build/DerivedSources-normal/arm64 -Xcc -I/Users/admin/builder/spi-builder-workspace/.derivedData/Build/Intermediates.noindex/savannakit.build/Debug-appletvos/savannakit-t.build/DerivedSources/arm64 -Xcc -I/Users/admin/builder/spi-builder-workspace/.derivedData/Build/Intermediates.noindex/savannakit.build/Debug-appletvos/savannakit-t.build/DerivedSources -Xcc -DSWIFT_PACKAGE -Xcc -DDEBUG\=1 -emit-objc-header -emit-objc-header-path /Users/admin/builder/spi-builder-workspace/.derivedData/Build/Intermediates.noindex/savannakit.build/Debug-appletvos/savannakit-t.build/Objects-normal/arm64/savannakit-Swift.h -working-directory /Users/admin/builder/spi-builder-workspace/.swiftpm/xcode -experimental-emit-module-separately -disable-cmo
SwiftCompile normal arm64 Compiling\ NSMutableAttributedString+Tokens.swift,\ NSTextView+UIKit.swift /Users/admin/builder/spi-builder-workspace/.dependencies/checkouts/savannakit/Sources/SavannaKit/Util/NSMutableAttributedString+Tokens.swift /Users/admin/builder/spi-builder-workspace/.dependencies/checkouts/savannakit/Sources/SavannaKit/Util/NSTextView+UIKit.swift (in target 'savannakit' from project 'savannakit')
SwiftCompile normal arm64 /Users/admin/builder/spi-builder-workspace/.dependencies/checkouts/savannakit/Sources/SavannaKit/Util/NSMutableAttributedString+Tokens.swift (in target 'savannakit' from project 'savannakit')
cd /Users/admin/builder/spi-builder-workspace/.swiftpm/xcode
builtin-SwiftPerFileCompile NSMutableAttributedString+Tokens.swift
SwiftCompile normal arm64 /Users/admin/builder/spi-builder-workspace/.dependencies/checkouts/savannakit/Sources/SavannaKit/Util/NSTextView+UIKit.swift (in target 'savannakit' from project 'savannakit')
cd /Users/admin/builder/spi-builder-workspace/.swiftpm/xcode
builtin-SwiftPerFileCompile NSTextView+UIKit.swift
SwiftCompile normal arm64 Compiling\ Paragraphs.swift,\ SyntaxTextView+TextViewDelegate.swift /Users/admin/builder/spi-builder-workspace/.dependencies/checkouts/savannakit/Sources/SavannaKit/View/Paragraphs.swift /Users/admin/builder/spi-builder-workspace/.dependencies/checkouts/savannakit/Sources/SavannaKit/View/SyntaxTextView+TextViewDelegate.swift (in target 'savannakit' from project 'savannakit')
/Users/admin/builder/spi-builder-workspace/.dependencies/checkouts/savannakit/Sources/SavannaKit/View/SyntaxTextView+TextViewDelegate.swift:298:6: error: cannot find 'didUpdateText' in scope
296 | textStorage.replaceCharacters(in: range, with: insertingText)
297 |
298 | didUpdateText()
| `- error: cannot find 'didUpdateText' in scope
299 |
300 | updateSelectedRange(NSRange(location: range.lowerBound, length: 0))
/Users/admin/builder/spi-builder-workspace/.dependencies/checkouts/savannakit/Sources/SavannaKit/View/SyntaxTextView+TextViewDelegate.swift:346:6: error: cannot find 'didUpdateText' in scope
344 | textStorage.replaceCharacters(in: range, with: insertingText)
345 |
346 | didUpdateText()
| `- error: cannot find 'didUpdateText' in scope
347 |
348 | updateSelectedRange(NSRange(location: range.lowerBound + insertingText.count, length: 0))
SwiftCompile normal arm64 /Users/admin/builder/spi-builder-workspace/.dependencies/checkouts/savannakit/Sources/SavannaKit/View/Paragraphs.swift (in target 'savannakit' from project 'savannakit')
cd /Users/admin/builder/spi-builder-workspace/.swiftpm/xcode
builtin-SwiftPerFileCompile Paragraphs.swift
SwiftCompile normal arm64 /Users/admin/builder/spi-builder-workspace/.dependencies/checkouts/savannakit/Sources/SavannaKit/View/SyntaxTextView+TextViewDelegate.swift (in target 'savannakit' from project 'savannakit')
cd /Users/admin/builder/spi-builder-workspace/.swiftpm/xcode
builtin-SwiftPerFileCompile SyntaxTextView+TextViewDelegate.swift
SwiftCompile normal arm64 Compiling\ SyntaxTextView.swift /Users/admin/builder/spi-builder-workspace/.dependencies/checkouts/savannakit/Sources/SavannaKit/View/SyntaxTextView.swift (in target 'savannakit' from project 'savannakit')
/Users/admin/builder/spi-builder-workspace/.dependencies/checkouts/savannakit/Sources/SavannaKit/View/SyntaxTextView.swift:55:4: error: cannot find 'didUpdateText' in scope
53 | public weak var delegate: SyntaxTextViewDelegate? {
54 | didSet {
55 | didUpdateText()
| `- error: cannot find 'didUpdateText' in scope
56 | }
57 | }
/Users/admin/builder/spi-builder-workspace/.dependencies/checkouts/savannakit/Sources/SavannaKit/View/SyntaxTextView.swift:84:24: error: cannot find type 'NSColor' in scope
82 | #else
83 |
84 | public var tintColor: NSColor! {
| `- error: cannot find type 'NSColor' in scope
85 | set {
86 | textView.tintColor = newValue
/Users/admin/builder/spi-builder-workspace/.dependencies/checkouts/savannakit/Sources/SavannaKit/View/SyntaxTextView.swift:341:4: error: cannot find 'didUpdateText' in scope
339 | textView.font = theme.font
340 |
341 | didUpdateText()
| `- error: cannot find 'didUpdateText' in scope
342 | }
343 | }
/Users/admin/builder/spi-builder-workspace/.dependencies/checkouts/savannakit/Sources/SavannaKit/View/SyntaxTextView.swift:118:51: error: cannot find 'containerSize' in scope
116 | #endif
117 |
118 | let textContainer = NSTextContainer(size: containerSize)
| `- error: cannot find 'containerSize' in scope
119 |
120 | textContainer.widthTracksTextView = true
/Users/admin/builder/spi-builder-workspace/.dependencies/checkouts/savannakit/Sources/SavannaKit/View/SyntaxTextView.swift:223:23: error: cannot assign value of type 'SyntaxTextView' to type '(any UITextViewDelegate)?'
221 |
222 | textView.innerDelegate = self
223 | textView.delegate = self
| |- error: cannot assign value of type 'SyntaxTextView' to type '(any UITextViewDelegate)?'
| `- note: add missing conformance to 'UITextViewDelegate' to class 'SyntaxTextView'
224 |
225 | textView.text = ""
SwiftCompile normal arm64 /Users/admin/builder/spi-builder-workspace/.dependencies/checkouts/savannakit/Sources/SavannaKit/View/SyntaxTextView.swift (in target 'savannakit' from project 'savannakit')
cd /Users/admin/builder/spi-builder-workspace/.swiftpm/xcode
builtin-SwiftPerFileCompile SyntaxTextView.swift
SwiftCompile normal arm64 Compiling\ String+Range.swift,\ Types.swift /Users/admin/builder/spi-builder-workspace/.dependencies/checkouts/savannakit/Sources/SavannaKit/Util/String+Range.swift /Users/admin/builder/spi-builder-workspace/.dependencies/checkouts/savannakit/Sources/SavannaKit/Util/Types.swift (in target 'savannakit' from project 'savannakit')
SwiftCompile normal arm64 /Users/admin/builder/spi-builder-workspace/.dependencies/checkouts/savannakit/Sources/SavannaKit/Util/String+Range.swift (in target 'savannakit' from project 'savannakit')
cd /Users/admin/builder/spi-builder-workspace/.swiftpm/xcode
builtin-SwiftPerFileCompile String+Range.swift
SwiftCompile normal arm64 /Users/admin/builder/spi-builder-workspace/.dependencies/checkouts/savannakit/Sources/SavannaKit/Util/Types.swift (in target 'savannakit' from project 'savannakit')
cd /Users/admin/builder/spi-builder-workspace/.swiftpm/xcode
builtin-SwiftPerFileCompile Types.swift
SwiftCompile normal arm64 Compiling\ SyntaxColorTheme.swift,\ Token.swift /Users/admin/builder/spi-builder-workspace/.dependencies/checkouts/savannakit/Sources/SavannaKit/Model/SyntaxColorTheme.swift /Users/admin/builder/spi-builder-workspace/.dependencies/checkouts/savannakit/Sources/SavannaKit/Model/Token.swift (in target 'savannakit' from project 'savannakit')
SwiftCompile normal arm64 /Users/admin/builder/spi-builder-workspace/.dependencies/checkouts/savannakit/Sources/SavannaKit/Model/SyntaxColorTheme.swift (in target 'savannakit' from project 'savannakit')
cd /Users/admin/builder/spi-builder-workspace/.swiftpm/xcode
builtin-SwiftPerFileCompile SyntaxColorTheme.swift
SwiftCompile normal arm64 /Users/admin/builder/spi-builder-workspace/.dependencies/checkouts/savannakit/Sources/SavannaKit/Model/Token.swift (in target 'savannakit' from project 'savannakit')
cd /Users/admin/builder/spi-builder-workspace/.swiftpm/xcode
builtin-SwiftPerFileCompile Token.swift
SwiftCompile normal arm64 Compiling\ Paragraph.swift,\ RegexLexer.swift /Users/admin/builder/spi-builder-workspace/.dependencies/checkouts/savannakit/Sources/SavannaKit/Model/Paragraph.swift /Users/admin/builder/spi-builder-workspace/.dependencies/checkouts/savannakit/Sources/SavannaKit/Model/RegexLexer.swift (in target 'savannakit' from project 'savannakit')
SwiftCompile normal arm64 /Users/admin/builder/spi-builder-workspace/.dependencies/checkouts/savannakit/Sources/SavannaKit/Model/Paragraph.swift (in target 'savannakit' from project 'savannakit')
cd /Users/admin/builder/spi-builder-workspace/.swiftpm/xcode
builtin-SwiftPerFileCompile Paragraph.swift
SwiftCompile normal arm64 /Users/admin/builder/spi-builder-workspace/.dependencies/checkouts/savannakit/Sources/SavannaKit/Model/RegexLexer.swift (in target 'savannakit' from project 'savannakit')
cd /Users/admin/builder/spi-builder-workspace/.swiftpm/xcode
builtin-SwiftPerFileCompile RegexLexer.swift
SwiftCompile normal arm64 Compiling\ TextViewWrapperView.swift /Users/admin/builder/spi-builder-workspace/.dependencies/checkouts/savannakit/Sources/SavannaKit/View/TextViewWrapperView.swift (in target 'savannakit' from project 'savannakit')
SwiftCompile normal arm64 /Users/admin/builder/spi-builder-workspace/.dependencies/checkouts/savannakit/Sources/SavannaKit/View/TextViewWrapperView.swift (in target 'savannakit' from project 'savannakit')
cd /Users/admin/builder/spi-builder-workspace/.swiftpm/xcode
builtin-SwiftPerFileCompile TextViewWrapperView.swift
SwiftCompile normal arm64 Compiling\ InnerTextView.swift,\ LineNumberLayoutManager.swift /Users/admin/builder/spi-builder-workspace/.dependencies/checkouts/savannakit/Sources/SavannaKit/View/InnerTextView.swift /Users/admin/builder/spi-builder-workspace/.dependencies/checkouts/savannakit/Sources/SavannaKit/View/LineNumberLayoutManager.swift (in target 'savannakit' from project 'savannakit')
SwiftCompile normal arm64 /Users/admin/builder/spi-builder-workspace/.dependencies/checkouts/savannakit/Sources/SavannaKit/View/InnerTextView.swift (in target 'savannakit' from project 'savannakit')
cd /Users/admin/builder/spi-builder-workspace/.swiftpm/xcode
builtin-SwiftPerFileCompile InnerTextView.swift
SwiftCompile normal arm64 /Users/admin/builder/spi-builder-workspace/.dependencies/checkouts/savannakit/Sources/SavannaKit/View/LineNumberLayoutManager.swift (in target 'savannakit' from project 'savannakit')
cd /Users/admin/builder/spi-builder-workspace/.swiftpm/xcode
builtin-SwiftPerFileCompile LineNumberLayoutManager.swift
SwiftCompile normal arm64 Compiling\ ASTVisualizer.swift,\ Lexer.swift /Users/admin/builder/spi-builder-workspace/.dependencies/checkouts/savannakit/Sources/SavannaKit/ASTVisualizer.swift /Users/admin/builder/spi-builder-workspace/.dependencies/checkouts/savannakit/Sources/SavannaKit/Model/Lexer.swift (in target 'savannakit' from project 'savannakit')
SwiftCompile normal arm64 /Users/admin/builder/spi-builder-workspace/.dependencies/checkouts/savannakit/Sources/SavannaKit/ASTVisualizer.swift (in target 'savannakit' from project 'savannakit')
cd /Users/admin/builder/spi-builder-workspace/.swiftpm/xcode
builtin-SwiftPerFileCompile ASTVisualizer.swift
SwiftCompile normal arm64 /Users/admin/builder/spi-builder-workspace/.dependencies/checkouts/savannakit/Sources/SavannaKit/Model/Lexer.swift (in target 'savannakit' from project 'savannakit')
cd /Users/admin/builder/spi-builder-workspace/.swiftpm/xcode
builtin-SwiftPerFileCompile Lexer.swift
SwiftCompile normal arm64 Compiling\ SyntaxTextViewLayoutManager.swift /Users/admin/builder/spi-builder-workspace/.dependencies/checkouts/savannakit/Sources/SavannaKit/View/SyntaxTextViewLayoutManager.swift (in target 'savannakit' from project 'savannakit')
SwiftCompile normal arm64 /Users/admin/builder/spi-builder-workspace/.dependencies/checkouts/savannakit/Sources/SavannaKit/View/SyntaxTextViewLayoutManager.swift (in target 'savannakit' from project 'savannakit')
cd /Users/admin/builder/spi-builder-workspace/.swiftpm/xcode
builtin-SwiftPerFileCompile SyntaxTextViewLayoutManager.swift
SwiftEmitModule normal arm64 Emitting\ module\ for\ savannakit (in target 'savannakit' from project 'savannakit')
/Users/admin/builder/spi-builder-workspace/.dependencies/checkouts/savannakit/Sources/SavannaKit/View/SyntaxTextView.swift:55:4: error: cannot find 'didUpdateText' in scope
53 | public weak var delegate: SyntaxTextViewDelegate? {
54 | didSet {
55 | didUpdateText()
| `- error: cannot find 'didUpdateText' in scope
56 | }
57 | }
/Users/admin/builder/spi-builder-workspace/.dependencies/checkouts/savannakit/Sources/SavannaKit/View/SyntaxTextView.swift:84:24: error: cannot find type 'NSColor' in scope
82 | #else
83 |
84 | public var tintColor: NSColor! {
| `- error: cannot find type 'NSColor' in scope
85 | set {
86 | textView.tintColor = newValue
/Users/admin/builder/spi-builder-workspace/.dependencies/checkouts/savannakit/Sources/SavannaKit/View/SyntaxTextView.swift:341:4: error: cannot find 'didUpdateText' in scope
339 | textView.font = theme.font
340 |
341 | didUpdateText()
| `- error: cannot find 'didUpdateText' in scope
342 | }
343 | }
Failed frontend command:
/Applications/Xcode-27.0.0-Release.Candidate.app/Contents/Developer/Toolchains/XcodeDefault.xctoolchain/usr/bin/swift-frontend -frontend -emit-module -experimental-skip-non-inlinable-function-bodies-without-types /Users/admin/builder/spi-builder-workspace/.dependencies/checkouts/savannakit/Sources/SavannaKit/ASTVisualizer.swift /Users/admin/builder/spi-builder-workspace/.dependencies/checkouts/savannakit/Sources/SavannaKit/Model/Lexer.swift /Users/admin/builder/spi-builder-workspace/.dependencies/checkouts/savannakit/Sources/SavannaKit/Model/Paragraph.swift /Users/admin/builder/spi-builder-workspace/.dependencies/checkouts/savannakit/Sources/SavannaKit/Model/RegexLexer.swift /Users/admin/builder/spi-builder-workspace/.dependencies/checkouts/savannakit/Sources/SavannaKit/Model/SyntaxColorTheme.swift /Users/admin/builder/spi-builder-workspace/.dependencies/checkouts/savannakit/Sources/SavannaKit/Model/Token.swift /Users/admin/builder/spi-builder-workspace/.dependencies/checkouts/savannakit/Sources/SavannaKit/Util/NSMutableAttributedString+Tokens.swift /Users/admin/builder/spi-builder-workspace/.dependencies/checkouts/savannakit/Sources/SavannaKit/Util/NSTextView+UIKit.swift /Users/admin/builder/spi-builder-workspace/.dependencies/checkouts/savannakit/Sources/SavannaKit/Util/String+Range.swift /Users/admin/builder/spi-builder-workspace/.dependencies/checkouts/savannakit/Sources/SavannaKit/Util/Types.swift /Users/admin/builder/spi-builder-workspace/.dependencies/checkouts/savannakit/Sources/SavannaKit/View/InnerTextView.swift /Users/admin/builder/spi-builder-workspace/.dependencies/checkouts/savannakit/Sources/SavannaKit/View/LineNumberLayoutManager.swift /Users/admin/builder/spi-builder-workspace/.dependencies/checkouts/savannakit/Sources/SavannaKit/View/Paragraphs.swift /Users/admin/builder/spi-builder-workspace/.dependencies/checkouts/savannakit/Sources/SavannaKit/View/SyntaxTextView+TextViewDelegate.swift /Users/admin/builder/spi-builder-workspace/.dependencies/checkouts/savannakit/Sources/SavannaKit/View/SyntaxTextView.swift /Users/admin/builder/spi-builder-workspace/.dependencies/checkouts/savannakit/Sources/SavannaKit/View/SyntaxTextViewLayoutManager.swift /Users/admin/builder/spi-builder-workspace/.dependencies/checkouts/savannakit/Sources/SavannaKit/View/TextViewWrapperView.swift -target arm64-apple-tvos15.0 -Xllvm -aarch64-use-tbi -enable-objc-interop -stack-check -sdk /Applications/Xcode-27.0.0-Release.Candidate.app/Contents/Developer/Platforms/AppleTVOS.platform/Developer/SDKs/AppleTVOS27.0.sdk -I /Users/admin/builder/spi-builder-workspace/.derivedData/Build/Products/Debug-appletvos -Isystem /Applications/Xcode-27.0.0-Release.Candidate.app/Contents/Developer/Platforms/AppleTVOS.platform/Developer/usr/lib -F /Users/admin/builder/spi-builder-workspace/.derivedData/Build/Products/Debug-appletvos -F /Applications/Xcode-27.0.0-Release.Candidate.app/Contents/Developer/Platforms/AppleTVOS.platform/Developer/Library/Frameworks -F /Applications/Xcode-27.0.0-Release.Candidate.app/Contents/Developer/Platforms/AppleTVOS.platform/Developer/SDKs/AppleTVOS27.0.sdk/Developer/Library/Frameworks -module-cache-path /Users/admin/builder/spi-builder-workspace/.derivedData/ModuleCache.noindex -no-color-diagnostics -Xcc -fno-color-diagnostics -enable-testing -g -debug-info-format\=dwarf -dwarf-version\=4 -suppress-warnings -profile-generate -profile-coverage-mapping -swift-version 4 -Onone -D SWIFT_PACKAGE -D DEBUG -D SWIFT_MODULE_RESOURCE_BUNDLE_UNAVAILABLE -D Xcode -serialize-debugging-options -enable-experimental-feature DebugDescriptionMacro -empty-abi-descriptor -plugin-path /Applications/Xcode-27.0.0-Release.Candidate.app/Contents/Developer/Toolchains/XcodeDefault.xctoolchain/usr/lib/swift/host/plugins/testing -validate-clang-modules-once -clang-build-session-file /Users/admin/builder/spi-builder-workspace/.derivedData/ModuleCache.noindex/Session.modulevalidation -Xcc -working-directory -Xcc /Users/admin/builder/spi-builder-workspace/.swiftpm/xcode -enable-anonymous-context-mangled-names -file-compilation-dir /Users/admin/builder/spi-builder-workspace/.swiftpm/xcode -Xcc -D_LIBCPP_HARDENING_MODE\=_LIBCPP_HARDENING_MODE_DEBUG -Xcc -ivfsstatcache -Xcc /Users/admin/builder/spi-builder-workspace/.derivedData/SDKStatCaches.noindex/appletvos27.0-24J360-e829b21a6f8c9b70876ba0858053c044b32bfd8d43560033f8d89884cdb90028.sdkstatcache -Xcc -fmodules-prune-interval\=86400 -Xcc -fmodules-prune-after\=345600 -Xcc -I/Users/admin/builder/spi-builder-workspace/.derivedData/Build/Products/Debug-appletvos/include -Xcc -I/Users/admin/builder/spi-builder-workspace/.derivedData/Build/Intermediates.noindex/savannakit.build/Debug-appletvos/savannakit-t.build/DerivedSources-normal/arm64 -Xcc -I/Users/admin/builder/spi-builder-workspace/.derivedData/Build/Intermediates.noindex/savannakit.build/Debug-appletvos/savannakit-t.build/DerivedSources/arm64 -Xcc -I/Users/admin/builder/spi-builder-workspace/.derivedData/Build/Intermediates.noindex/savannakit.build/Debug-appletvos/savannakit-t.build/DerivedSources -Xcc -DSWIFT_PACKAGE -Xcc -DDEBUG\=1 -no-auto-bridging-header-chaining -module-name savannakit -const-gather-protocols-file /Users/admin/builder/spi-builder-workspace/.derivedData/Build/Intermediates.noindex/savannakit.build/Debug-appletvos/savannakit-t.build/Objects-normal/arm64/savannakit_const_extract_protocols.json -disable-clang-spi -target-sdk-version 27.0 -target-sdk-name appletvos27.0 -external-plugin-path /Applications/Xcode-27.0.0-Release.Candidate.app/Contents/Developer/Platforms/AppleTVOS.platform/Developer/usr/lib/swift/host/plugins\#/Applications/Xcode-27.0.0-Release.Candidate.app/Contents/Developer/Platforms/AppleTVOS.platform/Developer/usr/bin/swift-plugin-server -external-plugin-path /Applications/Xcode-27.0.0-Release.Candidate.app/Contents/Developer/Platforms/AppleTVOS.platform/Developer/usr/local/lib/swift/host/plugins\#/Applications/Xcode-27.0.0-Release.Candidate.app/Contents/Developer/Platforms/AppleTVOS.platform/Developer/usr/bin/swift-plugin-server -in-process-plugin-server-path /Applications/Xcode-27.0.0-Release.Candidate.app/Contents/Developer/Toolchains/XcodeDefault.xctoolchain/usr/lib/swift/host/libSwiftInProcPluginServer.dylib -plugin-path /Applications/Xcode-27.0.0-Release.Candidate.app/Contents/Developer/Toolchains/XcodeDefault.xctoolchain/usr/lib/swift/host/plugins -plugin-path /Applications/Xcode-27.0.0-Release.Candidate.app/Contents/Developer/Toolchains/XcodeDefault.xctoolchain/usr/local/lib/swift/host/plugins -emit-module-doc-path /Users/admin/builder/spi-builder-workspace/.derivedData/Build/Intermediates.noindex/savannakit.build/Debug-appletvos/savannakit-t.build/Objects-normal/arm64/savannakit.swiftdoc -emit-module-source-info-path /Users/admin/builder/spi-builder-workspace/.derivedData/Build/Intermediates.noindex/savannakit.build/Debug-appletvos/savannakit-t.build/Objects-normal/arm64/savannakit.swiftsourceinfo -emit-objc-header-path /Users/admin/builder/spi-builder-workspace/.derivedData/Build/Intermediates.noindex/savannakit.build/Debug-appletvos/savannakit-t.build/Objects-normal/arm64/savannakit-Swift.h -serialize-diagnostics-path /Users/admin/builder/spi-builder-workspace/.derivedData/Build/Intermediates.noindex/savannakit.build/Debug-appletvos/savannakit-t.build/Objects-normal/arm64/savannakit-primary-emit-module.dia -emit-dependencies-path /Users/admin/builder/spi-builder-workspace/.derivedData/Build/Intermediates.noindex/savannakit.build/Debug-appletvos/savannakit-t.build/Objects-normal/arm64/savannakit-primary-emit-module.d -parse-as-library -o /Users/admin/builder/spi-builder-workspace/.derivedData/Build/Intermediates.noindex/savannakit.build/Debug-appletvos/savannakit-t.build/Objects-normal/arm64/savannakit.swiftmodule -emit-abi-descriptor-path /Users/admin/builder/spi-builder-workspace/.derivedData/Build/Intermediates.noindex/savannakit.build/Debug-appletvos/savannakit-t.build/Objects-normal/arm64/savannakit.abi.json
SwiftCompile normal arm64 (in target 'savannakit' from project 'savannakit')
cd /Users/admin/builder/spi-builder-workspace/.swiftpm/xcode
SwiftDriverJobDiscovery normal arm64 Compiling SyntaxColorTheme.swift, Token.swift (in target 'savannakit' from project 'savannakit')
PruneExplicitPrecompiledModules /Users/admin/builder/spi-builder-workspace/.derivedData/SDKExplicitPrecompiledModules
PruneExplicitPrecompiledModules /Users/admin/builder/spi-builder-workspace/.derivedData/Build/Intermediates.noindex/ExplicitPrecompiledModules
PruneExplicitPrecompiledModules /Users/admin/builder/spi-builder-workspace/.derivedData/Build/Intermediates.noindex/SwiftExplicitPrecompiledModules
2026-09-16 11:14:16.427 xcodebuild[723:4691] [MT] IDERunDestination: Supported platforms for the buildables in the current scheme is empty.
** BUILD FAILED **
The following build commands failed:
SwiftEmitModule normal arm64 Emitting\ module\ for\ savannakit (in target 'savannakit' from project 'savannakit')
SwiftCompile normal arm64 (in target 'savannakit' from project 'savannakit')
Building workspace source-editor with scheme source-editor
(3 failures)
BUILD FAILURE 6.4 tvOS