Build Information
Failed to build DynamicNotchKit, reference main (708f31), with Swift 6.2 for watchOS using Xcode 26.3 on 21 Aug 2026 16:46:31 UTC.
Build Command
env DEVELOPER_DIR=/Applications/Xcode-26.3.0.app xcrun xcodebuild -IDEClonedSourcePackagesDirPathOverride=$PWD/.dependencies -skipMacroValidation -skipPackagePluginValidation -derivedDataPath $PWD/.derivedData build -scheme DynamicNotchKit -destination generic/platform=watchOSBuild Log
========================================
RunAll
========================================
Builder version: 5.0.2
Interrupt handler set up.
========================================
Checkout
========================================
Clone URL: https://github.com/altic-dev/DynamicNotchKit.git
Reference: main
Initialized empty Git repository in /Users/admin/builder/spi-builder-workspace/.git/
From https://github.com/altic-dev/DynamicNotchKit
* branch main -> FETCH_HEAD
* [new branch] main -> origin/main
HEAD is now at 708f31d reduce notch opening animation duration
Cloned https://github.com/altic-dev/DynamicNotchKit.git
Revision (git rev-parse @):
708f31da5319436c64059ee7ae566953407063d7
SUCCESS checkout https://github.com/altic-dev/DynamicNotchKit.git at main
========================================
Build
========================================
Selected platform: watchOS
Swift version: 6.2
Building package at path: $PWD
https://github.com/altic-dev/DynamicNotchKit.git
Command line invocation:
/Applications/Xcode-26.3.0.app/Contents/Developer/usr/bin/xcodebuild -IDEClonedSourcePackagesDirPathOverride=/Users/admin/builder/spi-builder-workspace/.dependencies -resolvePackageDependencies
Resolve Package Graph
Fetching from https://github.com/apple/swift-docc-plugin
Fetching from https://github.com/swiftlang/swift-docc-symbolkit
Creating working copy of package ‘swift-docc-plugin’
Checking out 1.5.0 of package ‘swift-docc-plugin’
Creating working copy of package ‘swift-docc-symbolkit’
Checking out 1.0.0 of package ‘swift-docc-symbolkit’
Resolve Package Graph
Resolved source packages:
DynamicNotchKit: /Users/admin/builder/spi-builder-workspace
SymbolKit: https://github.com/swiftlang/swift-docc-symbolkit @ 1.0.0
SwiftDocCPlugin: https://github.com/apple/swift-docc-plugin @ 1.5.0
resolved source packages: DynamicNotchKit, SymbolKit, SwiftDocCPlugin
2026-08-21 12:45:26.981 xcodebuild[538:3103] [MT] IDERunDestination: Supported platforms for the buildables in the current scheme is empty.
{
"dependencies" : [
{
"identity" : "swift-docc-plugin",
"requirement" : {
"range" : [
{
"lower_bound" : "1.0.0",
"upper_bound" : "2.0.0"
}
]
},
"type" : "sourceControl",
"url" : "https://github.com/apple/swift-docc-plugin"
}
],
"manifest_display_name" : "DynamicNotchKit",
"name" : "DynamicNotchKit",
"path" : "/Users/admin/builder/spi-builder-workspace",
"platforms" : [
{
"name" : "macos",
"version" : "13.0"
}
],
"products" : [
{
"name" : "DynamicNotchKit",
"targets" : [
"DynamicNotchKit"
],
"type" : {
"library" : [
"automatic"
]
}
}
],
"targets" : [
{
"c99name" : "DynamicNotchKitTests",
"module_type" : "SwiftTarget",
"name" : "DynamicNotchKitTests",
"path" : "Tests/DynamicNotchKitTests",
"sources" : [
"DynamicNotchKitTests.swift"
],
"target_dependencies" : [
"DynamicNotchKit"
],
"type" : "test"
},
{
"c99name" : "DynamicNotchKit",
"module_type" : "SwiftTarget",
"name" : "DynamicNotchKit",
"path" : "Sources",
"product_memberships" : [
"DynamicNotchKit"
],
"sources" : [
"DynamicNotchKit/DynamicNotch/DynamicNotch.swift",
"DynamicNotchKit/DynamicNotch/DynamicNotchHoverBehavior.swift",
"DynamicNotchKit/DynamicNotch/DynamicNotchState.swift",
"DynamicNotchKit/DynamicNotch/DynamicNotchStyle.swift",
"DynamicNotchKit/DynamicNotch/DynamicNotchTransitionConfiguration.swift",
"DynamicNotchKit/DynamicNotchInfo/DynamicNotchInfo+HelperViews.swift",
"DynamicNotchKit/DynamicNotchInfo/DynamicNotchInfo+Label.swift",
"DynamicNotchKit/DynamicNotchInfo/DynamicNotchInfo.swift",
"DynamicNotchKit/Utility/BlurModifier.swift",
"DynamicNotchKit/Utility/DynamicNotchControllable.swift",
"DynamicNotchKit/Utility/DynamicNotchPanel.swift",
"DynamicNotchKit/Utility/EnvironmentValues+Extensions.swift",
"DynamicNotchKit/Utility/NSScreen+Extensions.swift",
"DynamicNotchKit/Utility/VisualEffectView.swift",
"DynamicNotchKit/Views/NotchContentView.swift",
"DynamicNotchKit/Views/NotchShape.swift",
"DynamicNotchKit/Views/NotchView.swift",
"DynamicNotchKit/Views/NotchlessView.swift"
],
"type" : "library"
}
],
"tools_version" : "6.0"
}
{
"workspace" : {
"name" : "spi-builder-workspace",
"schemes" : [
"DynamicNotchKit"
]
}
}
2026-08-21 12:45:54.888 xcodebuild[854:5197] [MT] IDERunDestination: Supported platforms for the buildables in the current scheme is empty.
Running build ...
env DEVELOPER_DIR=/Applications/Xcode-26.3.0.app xcrun xcodebuild -IDEClonedSourcePackagesDirPathOverride=$PWD/.dependencies -skipMacroValidation -skipPackagePluginValidation -derivedDataPath $PWD/.derivedData build -scheme DynamicNotchKit -destination generic/platform=watchOS
Command line invocation:
/Applications/Xcode-26.3.0.app/Contents/Developer/usr/bin/xcodebuild -IDEClonedSourcePackagesDirPathOverride=/Users/admin/builder/spi-builder-workspace/.dependencies -skipMacroValidation -skipPackagePluginValidation -derivedDataPath /Users/admin/builder/spi-builder-workspace/.derivedData build -scheme DynamicNotchKit -destination generic/platform=watchOS
Resolve Package Graph
Resolve Package Graph
Resolved source packages:
SwiftDocCPlugin: https://github.com/apple/swift-docc-plugin @ 1.5.0
DynamicNotchKit: /Users/admin/builder/spi-builder-workspace
SymbolKit: https://github.com/swiftlang/swift-docc-symbolkit @ 1.0.0
ComputePackagePrebuildTargetDependencyGraph
Prepare packages
CreateBuildRequest
SendProjectDescription
CreateBuildOperation
ComputeTargetDependencyGraph
note: Building targets in dependency order
note: Target dependency graph (2 targets)
Target 'DynamicNotchKit' in project 'DynamicNotchKit'
➜ Explicit dependency on target 'DynamicNotchKit' in project 'DynamicNotchKit'
Target 'DynamicNotchKit' in project 'DynamicNotchKit' (no dependencies)
GatherProvisioningInputs
CreateBuildDescription
ExecuteExternalTool /Applications/Xcode-26.3.0.app/Contents/Developer/Toolchains/XcodeDefault.xctoolchain/usr/bin/clang -v -E -dM -isysroot /Applications/Xcode-26.3.0.app/Contents/Developer/Platforms/WatchOS.platform/Developer/SDKs/WatchOS26.2.sdk -x c -c /dev/null
ExecuteExternalTool /Applications/Xcode-26.3.0.app/Contents/Developer/Toolchains/XcodeDefault.xctoolchain/usr/bin/swiftc --version
ExecuteExternalTool /Applications/Xcode-26.3.0.app/Contents/Developer/Toolchains/XcodeDefault.xctoolchain/usr/bin/ld -version_details
ReadFileContents /Applications/Xcode-26.3.0.app/Contents/Developer/Toolchains/XcodeDefault.xctoolchain/usr/share/docc/features.json
Build description signature: c1760f50a17fa58ad45790c244add4d3
Build description path: /Users/admin/builder/spi-builder-workspace/.derivedData/Build/Intermediates.noindex/XCBuildData/c1760f50a17fa58ad45790c244add4d3.xcbuilddata
CreateBuildDirectory /Users/admin/builder/spi-builder-workspace/.derivedData/Build/Products
cd /Users/admin/builder/spi-builder-workspace/.swiftpm/xcode
builtin-create-build-directory /Users/admin/builder/spi-builder-workspace/.derivedData/Build/Products
CreateBuildDirectory /Users/admin/builder/spi-builder-workspace/.derivedData/Build/Intermediates.noindex
cd /Users/admin/builder/spi-builder-workspace/.swiftpm/xcode
builtin-create-build-directory /Users/admin/builder/spi-builder-workspace/.derivedData/Build/Intermediates.noindex
ClangStatCache /Applications/Xcode-26.3.0.app/Contents/Developer/Toolchains/XcodeDefault.xctoolchain/usr/bin/clang-stat-cache /Applications/Xcode-26.3.0.app/Contents/Developer/Platforms/WatchOS.platform/Developer/SDKs/WatchOS26.2.sdk /Users/admin/builder/spi-builder-workspace/.derivedData/SDKStatCaches.noindex/watchos26.2-23S303-dc75598d0054f22ec865fa860f139d721753b489057de6bda919edfa1c59a62b.sdkstatcache
cd /Users/admin/builder/spi-builder-workspace/.swiftpm/xcode
/Applications/Xcode-26.3.0.app/Contents/Developer/Toolchains/XcodeDefault.xctoolchain/usr/bin/clang-stat-cache /Applications/Xcode-26.3.0.app/Contents/Developer/Platforms/WatchOS.platform/Developer/SDKs/WatchOS26.2.sdk -o /Users/admin/builder/spi-builder-workspace/.derivedData/SDKStatCaches.noindex/watchos26.2-23S303-dc75598d0054f22ec865fa860f139d721753b489057de6bda919edfa1c59a62b.sdkstatcache
CreateBuildDirectory /Users/admin/builder/spi-builder-workspace/.derivedData/Build/Intermediates.noindex/SwiftExplicitPrecompiledModules
cd /Users/admin/builder/spi-builder-workspace/.swiftpm/xcode
builtin-create-build-directory /Users/admin/builder/spi-builder-workspace/.derivedData/Build/Intermediates.noindex/SwiftExplicitPrecompiledModules
CreateBuildDirectory /Users/admin/builder/spi-builder-workspace/.derivedData/Build/Intermediates.noindex/ExplicitPrecompiledModules
cd /Users/admin/builder/spi-builder-workspace/.swiftpm/xcode
builtin-create-build-directory /Users/admin/builder/spi-builder-workspace/.derivedData/Build/Intermediates.noindex/ExplicitPrecompiledModules
CreateBuildDirectory /Users/admin/builder/spi-builder-workspace/.derivedData/Build/Intermediates.noindex/EagerLinkingTBDs/Debug-watchos
cd /Users/admin/builder/spi-builder-workspace/.swiftpm/xcode
builtin-create-build-directory /Users/admin/builder/spi-builder-workspace/.derivedData/Build/Intermediates.noindex/EagerLinkingTBDs/Debug-watchos
CreateBuildDirectory /Users/admin/builder/spi-builder-workspace/.derivedData/Build/Products/Debug-watchos
cd /Users/admin/builder/spi-builder-workspace/.swiftpm/xcode
builtin-create-build-directory /Users/admin/builder/spi-builder-workspace/.derivedData/Build/Products/Debug-watchos
CreateBuildDirectory /Users/admin/builder/spi-builder-workspace/.derivedData/Build/Products/Debug-watchos/PackageFrameworks
cd /Users/admin/builder/spi-builder-workspace/.swiftpm/xcode
builtin-create-build-directory /Users/admin/builder/spi-builder-workspace/.derivedData/Build/Products/Debug-watchos/PackageFrameworks
WriteAuxiliaryFile /Users/admin/builder/spi-builder-workspace/.derivedData/Build/Intermediates.noindex/DynamicNotchKit.build/Debug-watchos/DynamicNotchKit.build/Objects-normal/armv7k/DynamicNotchKit.SwiftConstValuesFileList (in target 'DynamicNotchKit' from project 'DynamicNotchKit')
cd /Users/admin/builder/spi-builder-workspace
write-file /Users/admin/builder/spi-builder-workspace/.derivedData/Build/Intermediates.noindex/DynamicNotchKit.build/Debug-watchos/DynamicNotchKit.build/Objects-normal/armv7k/DynamicNotchKit.SwiftConstValuesFileList
WriteAuxiliaryFile /Users/admin/builder/spi-builder-workspace/.derivedData/Build/Intermediates.noindex/DynamicNotchKit.build/Debug-watchos/DynamicNotchKit.build/Objects-normal/armv7k/DynamicNotchKit.LinkFileList (in target 'DynamicNotchKit' from project 'DynamicNotchKit')
cd /Users/admin/builder/spi-builder-workspace
write-file /Users/admin/builder/spi-builder-workspace/.derivedData/Build/Intermediates.noindex/DynamicNotchKit.build/Debug-watchos/DynamicNotchKit.build/Objects-normal/armv7k/DynamicNotchKit.LinkFileList
WriteAuxiliaryFile /Users/admin/builder/spi-builder-workspace/.derivedData/Build/Intermediates.noindex/DynamicNotchKit.build/Debug-watchos/DynamicNotchKit.build/Objects-normal/armv7k/DynamicNotchKit-OutputFileMap.json (in target 'DynamicNotchKit' from project 'DynamicNotchKit')
cd /Users/admin/builder/spi-builder-workspace
write-file /Users/admin/builder/spi-builder-workspace/.derivedData/Build/Intermediates.noindex/DynamicNotchKit.build/Debug-watchos/DynamicNotchKit.build/Objects-normal/armv7k/DynamicNotchKit-OutputFileMap.json
WriteAuxiliaryFile /Users/admin/builder/spi-builder-workspace/.derivedData/Build/Intermediates.noindex/DynamicNotchKit.build/Debug-watchos/DynamicNotchKit.build/Objects-normal/armv7k/DynamicNotchKit.SwiftFileList (in target 'DynamicNotchKit' from project 'DynamicNotchKit')
cd /Users/admin/builder/spi-builder-workspace
write-file /Users/admin/builder/spi-builder-workspace/.derivedData/Build/Intermediates.noindex/DynamicNotchKit.build/Debug-watchos/DynamicNotchKit.build/Objects-normal/armv7k/DynamicNotchKit.SwiftFileList
WriteAuxiliaryFile /Users/admin/builder/spi-builder-workspace/.derivedData/Build/Intermediates.noindex/DynamicNotchKit.build/Debug-watchos/DynamicNotchKit.build/Objects-normal/arm64_32/DynamicNotchKit.SwiftConstValuesFileList (in target 'DynamicNotchKit' from project 'DynamicNotchKit')
cd /Users/admin/builder/spi-builder-workspace
write-file /Users/admin/builder/spi-builder-workspace/.derivedData/Build/Intermediates.noindex/DynamicNotchKit.build/Debug-watchos/DynamicNotchKit.build/Objects-normal/arm64_32/DynamicNotchKit.SwiftConstValuesFileList
WriteAuxiliaryFile /Users/admin/builder/spi-builder-workspace/.derivedData/Build/Intermediates.noindex/DynamicNotchKit.build/Debug-watchos/DynamicNotchKit.build/Objects-normal/armv7k/DynamicNotchKit_const_extract_protocols.json (in target 'DynamicNotchKit' from project 'DynamicNotchKit')
cd /Users/admin/builder/spi-builder-workspace
write-file /Users/admin/builder/spi-builder-workspace/.derivedData/Build/Intermediates.noindex/DynamicNotchKit.build/Debug-watchos/DynamicNotchKit.build/Objects-normal/armv7k/DynamicNotchKit_const_extract_protocols.json
WriteAuxiliaryFile /Users/admin/builder/spi-builder-workspace/.derivedData/Build/Intermediates.noindex/DynamicNotchKit.build/Debug-watchos/DynamicNotchKit.build/Objects-normal/arm64_32/DynamicNotchKit.SwiftFileList (in target 'DynamicNotchKit' from project 'DynamicNotchKit')
cd /Users/admin/builder/spi-builder-workspace
write-file /Users/admin/builder/spi-builder-workspace/.derivedData/Build/Intermediates.noindex/DynamicNotchKit.build/Debug-watchos/DynamicNotchKit.build/Objects-normal/arm64_32/DynamicNotchKit.SwiftFileList
WriteAuxiliaryFile /Users/admin/builder/spi-builder-workspace/.derivedData/Build/Intermediates.noindex/DynamicNotchKit.build/Debug-watchos/DynamicNotchKit.build/Objects-normal/arm64_32/DynamicNotchKit.LinkFileList (in target 'DynamicNotchKit' from project 'DynamicNotchKit')
cd /Users/admin/builder/spi-builder-workspace
write-file /Users/admin/builder/spi-builder-workspace/.derivedData/Build/Intermediates.noindex/DynamicNotchKit.build/Debug-watchos/DynamicNotchKit.build/Objects-normal/arm64_32/DynamicNotchKit.LinkFileList
WriteAuxiliaryFile /Users/admin/builder/spi-builder-workspace/.derivedData/Build/Intermediates.noindex/DynamicNotchKit.build/Debug-watchos/DynamicNotchKit.build/Objects-normal/arm64_32/DynamicNotchKit_const_extract_protocols.json (in target 'DynamicNotchKit' from project 'DynamicNotchKit')
cd /Users/admin/builder/spi-builder-workspace
write-file /Users/admin/builder/spi-builder-workspace/.derivedData/Build/Intermediates.noindex/DynamicNotchKit.build/Debug-watchos/DynamicNotchKit.build/Objects-normal/arm64_32/DynamicNotchKit_const_extract_protocols.json
WriteAuxiliaryFile /Users/admin/builder/spi-builder-workspace/.derivedData/Build/Intermediates.noindex/DynamicNotchKit.build/Debug-watchos/DynamicNotchKit.build/Objects-normal/arm64_32/DynamicNotchKit-OutputFileMap.json (in target 'DynamicNotchKit' from project 'DynamicNotchKit')
cd /Users/admin/builder/spi-builder-workspace
write-file /Users/admin/builder/spi-builder-workspace/.derivedData/Build/Intermediates.noindex/DynamicNotchKit.build/Debug-watchos/DynamicNotchKit.build/Objects-normal/arm64_32/DynamicNotchKit-OutputFileMap.json
WriteAuxiliaryFile /Users/admin/builder/spi-builder-workspace/.derivedData/Build/Intermediates.noindex/DynamicNotchKit.build/Debug-watchos/DynamicNotchKit.build/Objects-normal/arm64/DynamicNotchKit.SwiftFileList (in target 'DynamicNotchKit' from project 'DynamicNotchKit')
cd /Users/admin/builder/spi-builder-workspace
write-file /Users/admin/builder/spi-builder-workspace/.derivedData/Build/Intermediates.noindex/DynamicNotchKit.build/Debug-watchos/DynamicNotchKit.build/Objects-normal/arm64/DynamicNotchKit.SwiftFileList
WriteAuxiliaryFile /Users/admin/builder/spi-builder-workspace/.derivedData/Build/Intermediates.noindex/DynamicNotchKit.build/Debug-watchos/DynamicNotchKit.build/Objects-normal/arm64/DynamicNotchKit_const_extract_protocols.json (in target 'DynamicNotchKit' from project 'DynamicNotchKit')
cd /Users/admin/builder/spi-builder-workspace
write-file /Users/admin/builder/spi-builder-workspace/.derivedData/Build/Intermediates.noindex/DynamicNotchKit.build/Debug-watchos/DynamicNotchKit.build/Objects-normal/arm64/DynamicNotchKit_const_extract_protocols.json
WriteAuxiliaryFile /Users/admin/builder/spi-builder-workspace/.derivedData/Build/Intermediates.noindex/DynamicNotchKit.build/Debug-watchos/DynamicNotchKit.build/Objects-normal/arm64/DynamicNotchKit.SwiftConstValuesFileList (in target 'DynamicNotchKit' from project 'DynamicNotchKit')
cd /Users/admin/builder/spi-builder-workspace
write-file /Users/admin/builder/spi-builder-workspace/.derivedData/Build/Intermediates.noindex/DynamicNotchKit.build/Debug-watchos/DynamicNotchKit.build/Objects-normal/arm64/DynamicNotchKit.SwiftConstValuesFileList
WriteAuxiliaryFile /Users/admin/builder/spi-builder-workspace/.derivedData/Build/Intermediates.noindex/DynamicNotchKit.build/Debug-watchos/DynamicNotchKit.build/Objects-normal/arm64/DynamicNotchKit.LinkFileList (in target 'DynamicNotchKit' from project 'DynamicNotchKit')
cd /Users/admin/builder/spi-builder-workspace
write-file /Users/admin/builder/spi-builder-workspace/.derivedData/Build/Intermediates.noindex/DynamicNotchKit.build/Debug-watchos/DynamicNotchKit.build/Objects-normal/arm64/DynamicNotchKit.LinkFileList
WriteAuxiliaryFile /Users/admin/builder/spi-builder-workspace/.derivedData/Build/Intermediates.noindex/DynamicNotchKit.build/Debug-watchos/DynamicNotchKit.build/DynamicNotchKit.modulemap (in target 'DynamicNotchKit' from project 'DynamicNotchKit')
cd /Users/admin/builder/spi-builder-workspace
write-file /Users/admin/builder/spi-builder-workspace/.derivedData/Build/Intermediates.noindex/DynamicNotchKit.build/Debug-watchos/DynamicNotchKit.build/DynamicNotchKit.modulemap
WriteAuxiliaryFile /Users/admin/builder/spi-builder-workspace/.derivedData/Build/Intermediates.noindex/DynamicNotchKit.build/Debug-watchos/DynamicNotchKit.build/Objects-normal/arm64/DynamicNotchKit-OutputFileMap.json (in target 'DynamicNotchKit' from project 'DynamicNotchKit')
cd /Users/admin/builder/spi-builder-workspace
write-file /Users/admin/builder/spi-builder-workspace/.derivedData/Build/Intermediates.noindex/DynamicNotchKit.build/Debug-watchos/DynamicNotchKit.build/Objects-normal/arm64/DynamicNotchKit-OutputFileMap.json
WriteAuxiliaryFile /Users/admin/builder/spi-builder-workspace/.derivedData/Build/Intermediates.noindex/DynamicNotchKit.build/Debug-watchos/DynamicNotchKit.build/DynamicNotchKit.DependencyStaticMetadataFileList (in target 'DynamicNotchKit' from project 'DynamicNotchKit')
cd /Users/admin/builder/spi-builder-workspace
write-file /Users/admin/builder/spi-builder-workspace/.derivedData/Build/Intermediates.noindex/DynamicNotchKit.build/Debug-watchos/DynamicNotchKit.build/DynamicNotchKit.DependencyStaticMetadataFileList
WriteAuxiliaryFile /Users/admin/builder/spi-builder-workspace/.derivedData/Build/Intermediates.noindex/DynamicNotchKit.build/Debug-watchos/DynamicNotchKit.build/DynamicNotchKit.DependencyMetadataFileList (in target 'DynamicNotchKit' from project 'DynamicNotchKit')
cd /Users/admin/builder/spi-builder-workspace
write-file /Users/admin/builder/spi-builder-workspace/.derivedData/Build/Intermediates.noindex/DynamicNotchKit.build/Debug-watchos/DynamicNotchKit.build/DynamicNotchKit.DependencyMetadataFileList
Copy /Users/admin/builder/spi-builder-workspace/.derivedData/Build/Intermediates.noindex/GeneratedModuleMaps-watchos/DynamicNotchKit.modulemap /Users/admin/builder/spi-builder-workspace/.derivedData/Build/Intermediates.noindex/DynamicNotchKit.build/Debug-watchos/DynamicNotchKit.build/DynamicNotchKit.modulemap (in target 'DynamicNotchKit' from project 'DynamicNotchKit')
cd /Users/admin/builder/spi-builder-workspace
builtin-copy -exclude .DS_Store -exclude CVS -exclude .svn -exclude .git -exclude .hg -resolve-src-symlinks /Users/admin/builder/spi-builder-workspace/.derivedData/Build/Intermediates.noindex/DynamicNotchKit.build/Debug-watchos/DynamicNotchKit.build/DynamicNotchKit.modulemap /Users/admin/builder/spi-builder-workspace/.derivedData/Build/Intermediates.noindex/GeneratedModuleMaps-watchos
SwiftDriver DynamicNotchKit normal arm64_32 com.apple.xcode.tools.swift.compiler (in target 'DynamicNotchKit' from project 'DynamicNotchKit')
cd /Users/admin/builder/spi-builder-workspace/.swiftpm/xcode
builtin-SwiftDriver -- /Applications/Xcode-26.3.0.app/Contents/Developer/Toolchains/XcodeDefault.xctoolchain/usr/bin/swiftc -module-name DynamicNotchKit -Onone -enforce-exclusivity\=checked @/Users/admin/builder/spi-builder-workspace/.derivedData/Build/Intermediates.noindex/DynamicNotchKit.build/Debug-watchos/DynamicNotchKit.build/Objects-normal/arm64_32/DynamicNotchKit.SwiftFileList -DSWIFT_PACKAGE -DDEBUG -DSWIFT_MODULE_RESOURCE_BUNDLE_UNAVAILABLE -DXcode -plugin-path /Applications/Xcode-26.3.0.app/Contents/Developer/Toolchains/XcodeDefault.xctoolchain/usr/lib/swift/host/plugins/testing -enable-experimental-feature DebugDescriptionMacro -sdk /Applications/Xcode-26.3.0.app/Contents/Developer/Platforms/WatchOS.platform/Developer/SDKs/WatchOS26.2.sdk -target arm64_32-apple-watchos5.0 -g -module-cache-path /Users/admin/builder/spi-builder-workspace/.derivedData/ModuleCache.noindex -Xfrontend -serialize-debugging-options -profile-coverage-mapping -profile-generate -enable-testing -index-store-path /Users/admin/builder/spi-builder-workspace/.derivedData/Index.noindex/DataStore -Xcc -D_LIBCPP_HARDENING_MODE\=_LIBCPP_HARDENING_MODE_DEBUG -swift-version 6 -I /Users/admin/builder/spi-builder-workspace/.derivedData/Build/Products/Debug-watchos -Isystem /Applications/Xcode-26.3.0.app/Contents/Developer/Platforms/WatchOS.platform/Developer/usr/lib -F /Users/admin/builder/spi-builder-workspace/.derivedData/Build/Products/Debug-watchos -F /Applications/Xcode-26.3.0.app/Contents/Developer/Platforms/WatchOS.platform/Developer/Library/Frameworks -F /Applications/Xcode-26.3.0.app/Contents/Developer/Platforms/WatchOS.platform/Developer/SDKs/WatchOS26.2.sdk/Developer/Library/Frameworks -c -j10 -enable-batch-mode -incremental -Xcc -ivfsstatcache -Xcc /Users/admin/builder/spi-builder-workspace/.derivedData/SDKStatCaches.noindex/watchos26.2-23S303-dc75598d0054f22ec865fa860f139d721753b489057de6bda919edfa1c59a62b.sdkstatcache -output-file-map /Users/admin/builder/spi-builder-workspace/.derivedData/Build/Intermediates.noindex/DynamicNotchKit.build/Debug-watchos/DynamicNotchKit.build/Objects-normal/arm64_32/DynamicNotchKit-OutputFileMap.json -use-frontend-parseable-output -save-temps -no-color-diagnostics -explicit-module-build -module-cache-path /Users/admin/builder/spi-builder-workspace/.derivedData/Build/Intermediates.noindex/SwiftExplicitPrecompiledModules -clang-scanner-module-cache-path /Users/admin/builder/spi-builder-workspace/.derivedData/ModuleCache.noindex -sdk-module-cache-path /Users/admin/builder/spi-builder-workspace/.derivedData/ModuleCache.noindex -serialize-diagnostics -emit-dependencies -emit-module -emit-module-path /Users/admin/builder/spi-builder-workspace/.derivedData/Build/Intermediates.noindex/DynamicNotchKit.build/Debug-watchos/DynamicNotchKit.build/Objects-normal/arm64_32/DynamicNotchKit.swiftmodule -validate-clang-modules-once -clang-build-session-file /Users/admin/builder/spi-builder-workspace/.derivedData/ModuleCache.noindex/Session.modulevalidation -package-name spi_builder_workspace -Xcc -I/Users/admin/builder/spi-builder-workspace/.derivedData/Build/Intermediates.noindex/DynamicNotchKit.build/Debug-watchos/DynamicNotchKit.build/swift-overrides.hmap -emit-const-values -Xfrontend -const-gather-protocols-file -Xfrontend /Users/admin/builder/spi-builder-workspace/.derivedData/Build/Intermediates.noindex/DynamicNotchKit.build/Debug-watchos/DynamicNotchKit.build/Objects-normal/arm64_32/DynamicNotchKit_const_extract_protocols.json -Xcc -I/Users/admin/builder/spi-builder-workspace/.derivedData/Build/Products/Debug-watchos/include -Xcc -I/Users/admin/builder/spi-builder-workspace/.derivedData/Build/Intermediates.noindex/DynamicNotchKit.build/Debug-watchos/DynamicNotchKit.build/DerivedSources-normal/arm64_32 -Xcc -I/Users/admin/builder/spi-builder-workspace/.derivedData/Build/Intermediates.noindex/DynamicNotchKit.build/Debug-watchos/DynamicNotchKit.build/DerivedSources/arm64_32 -Xcc -I/Users/admin/builder/spi-builder-workspace/.derivedData/Build/Intermediates.noindex/DynamicNotchKit.build/Debug-watchos/DynamicNotchKit.build/DerivedSources -Xcc -DSWIFT_PACKAGE -Xcc -DDEBUG\=1 -emit-objc-header -emit-objc-header-path /Users/admin/builder/spi-builder-workspace/.derivedData/Build/Intermediates.noindex/DynamicNotchKit.build/Debug-watchos/DynamicNotchKit.build/Objects-normal/arm64_32/DynamicNotchKit-Swift.h -working-directory /Users/admin/builder/spi-builder-workspace/.swiftpm/xcode -experimental-emit-module-separately -disable-cmo
/Users/admin/builder/spi-builder-workspace/Sources/DynamicNotchKit/Utility/DynamicNotchControllable.swift:8:8: error: Unable to find module dependency: 'AppKit'
import AppKit
^ (in target 'DynamicNotchKit' from project 'DynamicNotchKit')
/Users/admin/builder/spi-builder-workspace/Sources/DynamicNotchKit/Utility/DynamicNotchControllable.swift:8:8: note: A dependency of main module 'DynamicNotchKit'
import AppKit
^ (in target 'DynamicNotchKit' from project 'DynamicNotchKit')
/Users/admin/builder/spi-builder-workspace/Sources/DynamicNotchKit/Utility/DynamicNotchPanel.swift:8:8: note: Also imported here
import AppKit
^ (in target 'DynamicNotchKit' from project 'DynamicNotchKit')
SwiftDriver DynamicNotchKit normal armv7k com.apple.xcode.tools.swift.compiler (in target 'DynamicNotchKit' from project 'DynamicNotchKit')
cd /Users/admin/builder/spi-builder-workspace/.swiftpm/xcode
builtin-SwiftDriver -- /Applications/Xcode-26.3.0.app/Contents/Developer/Toolchains/XcodeDefault.xctoolchain/usr/bin/swiftc -module-name DynamicNotchKit -Onone -enforce-exclusivity\=checked @/Users/admin/builder/spi-builder-workspace/.derivedData/Build/Intermediates.noindex/DynamicNotchKit.build/Debug-watchos/DynamicNotchKit.build/Objects-normal/armv7k/DynamicNotchKit.SwiftFileList -DSWIFT_PACKAGE -DDEBUG -DSWIFT_MODULE_RESOURCE_BUNDLE_UNAVAILABLE -DXcode -plugin-path /Applications/Xcode-26.3.0.app/Contents/Developer/Toolchains/XcodeDefault.xctoolchain/usr/lib/swift/host/plugins/testing -enable-experimental-feature DebugDescriptionMacro -sdk /Applications/Xcode-26.3.0.app/Contents/Developer/Platforms/WatchOS.platform/Developer/SDKs/WatchOS26.2.sdk -target armv7k-apple-watchos5.0 -g -module-cache-path /Users/admin/builder/spi-builder-workspace/.derivedData/ModuleCache.noindex -Xfrontend -serialize-debugging-options -profile-coverage-mapping -profile-generate -enable-testing -index-store-path /Users/admin/builder/spi-builder-workspace/.derivedData/Index.noindex/DataStore -Xcc -D_LIBCPP_HARDENING_MODE\=_LIBCPP_HARDENING_MODE_DEBUG -swift-version 6 -I /Users/admin/builder/spi-builder-workspace/.derivedData/Build/Products/Debug-watchos -Isystem /Applications/Xcode-26.3.0.app/Contents/Developer/Platforms/WatchOS.platform/Developer/usr/lib -F /Users/admin/builder/spi-builder-workspace/.derivedData/Build/Products/Debug-watchos -F /Applications/Xcode-26.3.0.app/Contents/Developer/Platforms/WatchOS.platform/Developer/Library/Frameworks -F /Applications/Xcode-26.3.0.app/Contents/Developer/Platforms/WatchOS.platform/Developer/SDKs/WatchOS26.2.sdk/Developer/Library/Frameworks -c -j10 -enable-batch-mode -incremental -Xcc -ivfsstatcache -Xcc /Users/admin/builder/spi-builder-workspace/.derivedData/SDKStatCaches.noindex/watchos26.2-23S303-dc75598d0054f22ec865fa860f139d721753b489057de6bda919edfa1c59a62b.sdkstatcache -output-file-map /Users/admin/builder/spi-builder-workspace/.derivedData/Build/Intermediates.noindex/DynamicNotchKit.build/Debug-watchos/DynamicNotchKit.build/Objects-normal/armv7k/DynamicNotchKit-OutputFileMap.json -use-frontend-parseable-output -save-temps -no-color-diagnostics -explicit-module-build -module-cache-path /Users/admin/builder/spi-builder-workspace/.derivedData/Build/Intermediates.noindex/SwiftExplicitPrecompiledModules -clang-scanner-module-cache-path /Users/admin/builder/spi-builder-workspace/.derivedData/ModuleCache.noindex -sdk-module-cache-path /Users/admin/builder/spi-builder-workspace/.derivedData/ModuleCache.noindex -serialize-diagnostics -emit-dependencies -emit-module -emit-module-path /Users/admin/builder/spi-builder-workspace/.derivedData/Build/Intermediates.noindex/DynamicNotchKit.build/Debug-watchos/DynamicNotchKit.build/Objects-normal/armv7k/DynamicNotchKit.swiftmodule -validate-clang-modules-once -clang-build-session-file /Users/admin/builder/spi-builder-workspace/.derivedData/ModuleCache.noindex/Session.modulevalidation -package-name spi_builder_workspace -Xcc -I/Users/admin/builder/spi-builder-workspace/.derivedData/Build/Intermediates.noindex/DynamicNotchKit.build/Debug-watchos/DynamicNotchKit.build/swift-overrides.hmap -emit-const-values -Xfrontend -const-gather-protocols-file -Xfrontend /Users/admin/builder/spi-builder-workspace/.derivedData/Build/Intermediates.noindex/DynamicNotchKit.build/Debug-watchos/DynamicNotchKit.build/Objects-normal/armv7k/DynamicNotchKit_const_extract_protocols.json -Xcc -I/Users/admin/builder/spi-builder-workspace/.derivedData/Build/Products/Debug-watchos/include -Xcc -I/Users/admin/builder/spi-builder-workspace/.derivedData/Build/Intermediates.noindex/DynamicNotchKit.build/Debug-watchos/DynamicNotchKit.build/DerivedSources-normal/armv7k -Xcc -I/Users/admin/builder/spi-builder-workspace/.derivedData/Build/Intermediates.noindex/DynamicNotchKit.build/Debug-watchos/DynamicNotchKit.build/DerivedSources/armv7k -Xcc -I/Users/admin/builder/spi-builder-workspace/.derivedData/Build/Intermediates.noindex/DynamicNotchKit.build/Debug-watchos/DynamicNotchKit.build/DerivedSources -Xcc -DSWIFT_PACKAGE -Xcc -DDEBUG\=1 -emit-objc-header -emit-objc-header-path /Users/admin/builder/spi-builder-workspace/.derivedData/Build/Intermediates.noindex/DynamicNotchKit.build/Debug-watchos/DynamicNotchKit.build/Objects-normal/armv7k/DynamicNotchKit-Swift.h -working-directory /Users/admin/builder/spi-builder-workspace/.swiftpm/xcode -experimental-emit-module-separately -disable-cmo
/Users/admin/builder/spi-builder-workspace/Sources/DynamicNotchKit/Utility/DynamicNotchControllable.swift:8:8: error: Unable to find module dependency: 'AppKit'
import AppKit
^ (in target 'DynamicNotchKit' from project 'DynamicNotchKit')
/Users/admin/builder/spi-builder-workspace/Sources/DynamicNotchKit/Utility/DynamicNotchControllable.swift:8:8: note: A dependency of main module 'DynamicNotchKit'
import AppKit
^ (in target 'DynamicNotchKit' from project 'DynamicNotchKit')
/Users/admin/builder/spi-builder-workspace/Sources/DynamicNotchKit/Utility/DynamicNotchPanel.swift:8:8: note: Also imported here
import AppKit
^ (in target 'DynamicNotchKit' from project 'DynamicNotchKit')
SwiftDriver DynamicNotchKit normal arm64 com.apple.xcode.tools.swift.compiler (in target 'DynamicNotchKit' from project 'DynamicNotchKit')
cd /Users/admin/builder/spi-builder-workspace/.swiftpm/xcode
builtin-SwiftDriver -- /Applications/Xcode-26.3.0.app/Contents/Developer/Toolchains/XcodeDefault.xctoolchain/usr/bin/swiftc -module-name DynamicNotchKit -Onone -enforce-exclusivity\=checked @/Users/admin/builder/spi-builder-workspace/.derivedData/Build/Intermediates.noindex/DynamicNotchKit.build/Debug-watchos/DynamicNotchKit.build/Objects-normal/arm64/DynamicNotchKit.SwiftFileList -DSWIFT_PACKAGE -DDEBUG -DSWIFT_MODULE_RESOURCE_BUNDLE_UNAVAILABLE -DXcode -plugin-path /Applications/Xcode-26.3.0.app/Contents/Developer/Toolchains/XcodeDefault.xctoolchain/usr/lib/swift/host/plugins/testing -enable-experimental-feature DebugDescriptionMacro -sdk /Applications/Xcode-26.3.0.app/Contents/Developer/Platforms/WatchOS.platform/Developer/SDKs/WatchOS26.2.sdk -target arm64-apple-watchos5.0 -g -module-cache-path /Users/admin/builder/spi-builder-workspace/.derivedData/ModuleCache.noindex -Xfrontend -serialize-debugging-options -profile-coverage-mapping -profile-generate -enable-testing -index-store-path /Users/admin/builder/spi-builder-workspace/.derivedData/Index.noindex/DataStore -Xcc -D_LIBCPP_HARDENING_MODE\=_LIBCPP_HARDENING_MODE_DEBUG -swift-version 6 -I /Users/admin/builder/spi-builder-workspace/.derivedData/Build/Products/Debug-watchos -Isystem /Applications/Xcode-26.3.0.app/Contents/Developer/Platforms/WatchOS.platform/Developer/usr/lib -F /Users/admin/builder/spi-builder-workspace/.derivedData/Build/Products/Debug-watchos -F /Applications/Xcode-26.3.0.app/Contents/Developer/Platforms/WatchOS.platform/Developer/Library/Frameworks -F /Applications/Xcode-26.3.0.app/Contents/Developer/Platforms/WatchOS.platform/Developer/SDKs/WatchOS26.2.sdk/Developer/Library/Frameworks -c -j10 -enable-batch-mode -incremental -Xcc -ivfsstatcache -Xcc /Users/admin/builder/spi-builder-workspace/.derivedData/SDKStatCaches.noindex/watchos26.2-23S303-dc75598d0054f22ec865fa860f139d721753b489057de6bda919edfa1c59a62b.sdkstatcache -output-file-map /Users/admin/builder/spi-builder-workspace/.derivedData/Build/Intermediates.noindex/DynamicNotchKit.build/Debug-watchos/DynamicNotchKit.build/Objects-normal/arm64/DynamicNotchKit-OutputFileMap.json -use-frontend-parseable-output -save-temps -no-color-diagnostics -explicit-module-build -module-cache-path /Users/admin/builder/spi-builder-workspace/.derivedData/Build/Intermediates.noindex/SwiftExplicitPrecompiledModules -clang-scanner-module-cache-path /Users/admin/builder/spi-builder-workspace/.derivedData/ModuleCache.noindex -sdk-module-cache-path /Users/admin/builder/spi-builder-workspace/.derivedData/ModuleCache.noindex -serialize-diagnostics -emit-dependencies -emit-module -emit-module-path /Users/admin/builder/spi-builder-workspace/.derivedData/Build/Intermediates.noindex/DynamicNotchKit.build/Debug-watchos/DynamicNotchKit.build/Objects-normal/arm64/DynamicNotchKit.swiftmodule -validate-clang-modules-once -clang-build-session-file /Users/admin/builder/spi-builder-workspace/.derivedData/ModuleCache.noindex/Session.modulevalidation -package-name spi_builder_workspace -Xcc -I/Users/admin/builder/spi-builder-workspace/.derivedData/Build/Intermediates.noindex/DynamicNotchKit.build/Debug-watchos/DynamicNotchKit.build/swift-overrides.hmap -emit-const-values -Xfrontend -const-gather-protocols-file -Xfrontend /Users/admin/builder/spi-builder-workspace/.derivedData/Build/Intermediates.noindex/DynamicNotchKit.build/Debug-watchos/DynamicNotchKit.build/Objects-normal/arm64/DynamicNotchKit_const_extract_protocols.json -Xcc -I/Users/admin/builder/spi-builder-workspace/.derivedData/Build/Products/Debug-watchos/include -Xcc -I/Users/admin/builder/spi-builder-workspace/.derivedData/Build/Intermediates.noindex/DynamicNotchKit.build/Debug-watchos/DynamicNotchKit.build/DerivedSources-normal/arm64 -Xcc -I/Users/admin/builder/spi-builder-workspace/.derivedData/Build/Intermediates.noindex/DynamicNotchKit.build/Debug-watchos/DynamicNotchKit.build/DerivedSources/arm64 -Xcc -I/Users/admin/builder/spi-builder-workspace/.derivedData/Build/Intermediates.noindex/DynamicNotchKit.build/Debug-watchos/DynamicNotchKit.build/DerivedSources -Xcc -DSWIFT_PACKAGE -Xcc -DDEBUG\=1 -emit-objc-header -emit-objc-header-path /Users/admin/builder/spi-builder-workspace/.derivedData/Build/Intermediates.noindex/DynamicNotchKit.build/Debug-watchos/DynamicNotchKit.build/Objects-normal/arm64/DynamicNotchKit-Swift.h -working-directory /Users/admin/builder/spi-builder-workspace/.swiftpm/xcode -experimental-emit-module-separately -disable-cmo
/Users/admin/builder/spi-builder-workspace/Sources/DynamicNotchKit/Utility/DynamicNotchControllable.swift:8:8: error: Unable to find module dependency: 'AppKit'
import AppKit
^ (in target 'DynamicNotchKit' from project 'DynamicNotchKit')
/Users/admin/builder/spi-builder-workspace/Sources/DynamicNotchKit/Utility/DynamicNotchControllable.swift:8:8: note: A dependency of main module 'DynamicNotchKit'
import AppKit
^ (in target 'DynamicNotchKit' from project 'DynamicNotchKit')
/Users/admin/builder/spi-builder-workspace/Sources/DynamicNotchKit/Utility/DynamicNotchPanel.swift:8:8: note: Also imported here
import AppKit
^ (in target 'DynamicNotchKit' from project 'DynamicNotchKit')
2026-08-21 12:46:02.712 xcodebuild[912:5586] [MT] IDERunDestination: Supported platforms for the buildables in the current scheme is empty.
/Users/admin/builder/spi-builder-workspace/Sources/DynamicNotchKit/Utility/DynamicNotchControllable.swift:8:8: error: Unable to find module dependency: 'AppKit'
import AppKit
^
/Users/admin/builder/spi-builder-workspace/Sources/DynamicNotchKit/Utility/DynamicNotchControllable.swift:8:8: error: Unable to find module dependency: 'AppKit'
import AppKit
^
/Users/admin/builder/spi-builder-workspace/Sources/DynamicNotchKit/Utility/DynamicNotchControllable.swift:8:8: error: Unable to find module dependency: 'AppKit'
import AppKit
^
/Users/admin/builder/spi-builder-workspace/Sources/DynamicNotchKit/Utility/DynamicNotchControllable.swift:8:8: note: a dependency of main module 'DynamicNotchKit'
import AppKit
^
/Users/admin/builder/spi-builder-workspace/Sources/DynamicNotchKit/Utility/DynamicNotchControllable.swift:8:8: note: a dependency of main module 'DynamicNotchKit'
import AppKit
^
/Users/admin/builder/spi-builder-workspace/Sources/DynamicNotchKit/Utility/DynamicNotchControllable.swift:8:8: note: a dependency of main module 'DynamicNotchKit'
import AppKit
^
/Users/admin/builder/spi-builder-workspace/Sources/DynamicNotchKit/Utility/DynamicNotchPanel.swift:8:8: note: also imported here
import AppKit
^
/Users/admin/builder/spi-builder-workspace/Sources/DynamicNotchKit/Utility/DynamicNotchPanel.swift:8:8: note: also imported here
import AppKit
^
/Users/admin/builder/spi-builder-workspace/Sources/DynamicNotchKit/Utility/DynamicNotchPanel.swift:8:8: note: also imported here
import AppKit
^
** BUILD FAILED **
The following build commands failed:
SwiftDriver DynamicNotchKit normal arm64_32 com.apple.xcode.tools.swift.compiler (in target 'DynamicNotchKit' from project 'DynamicNotchKit')
SwiftDriver DynamicNotchKit normal armv7k com.apple.xcode.tools.swift.compiler (in target 'DynamicNotchKit' from project 'DynamicNotchKit')
SwiftDriver DynamicNotchKit normal arm64 com.apple.xcode.tools.swift.compiler (in target 'DynamicNotchKit' from project 'DynamicNotchKit')
Building workspace spi-builder-workspace with scheme DynamicNotchKit
(4 failures)
Command line invocation:
/Applications/Xcode-26.3.0.app/Contents/Developer/usr/bin/xcodebuild -IDEClonedSourcePackagesDirPathOverride=/Users/admin/builder/spi-builder-workspace/.dependencies -resolvePackageDependencies
Resolve Package Graph
Resolved source packages:
SymbolKit: https://github.com/swiftlang/swift-docc-symbolkit @ 1.0.0
DynamicNotchKit: /Users/admin/builder/spi-builder-workspace
SwiftDocCPlugin: https://github.com/apple/swift-docc-plugin @ 1.5.0
resolved source packages: SymbolKit, DynamicNotchKit, SwiftDocCPlugin
2026-08-21 12:46:17.809 xcodebuild[1056:6684] [MT] IDERunDestination: Supported platforms for the buildables in the current scheme is empty.
{
"dependencies" : [
{
"identity" : "swift-docc-plugin",
"requirement" : {
"range" : [
{
"lower_bound" : "1.0.0",
"upper_bound" : "2.0.0"
}
]
},
"type" : "sourceControl",
"url" : "https://github.com/apple/swift-docc-plugin"
}
],
"manifest_display_name" : "DynamicNotchKit",
"name" : "DynamicNotchKit",
"path" : "/Users/admin/builder/spi-builder-workspace",
"platforms" : [
{
"name" : "macos",
"version" : "13.0"
}
],
"products" : [
{
"name" : "DynamicNotchKit",
"targets" : [
"DynamicNotchKit"
],
"type" : {
"library" : [
"automatic"
]
}
}
],
"targets" : [
{
"c99name" : "DynamicNotchKitTests",
"module_type" : "SwiftTarget",
"name" : "DynamicNotchKitTests",
"path" : "Tests/DynamicNotchKitTests",
"sources" : [
"DynamicNotchKitTests.swift"
],
"target_dependencies" : [
"DynamicNotchKit"
],
"type" : "test"
},
{
"c99name" : "DynamicNotchKit",
"module_type" : "SwiftTarget",
"name" : "DynamicNotchKit",
"path" : "Sources",
"product_memberships" : [
"DynamicNotchKit"
],
"sources" : [
"DynamicNotchKit/DynamicNotch/DynamicNotch.swift",
"DynamicNotchKit/DynamicNotch/DynamicNotchHoverBehavior.swift",
"DynamicNotchKit/DynamicNotch/DynamicNotchState.swift",
"DynamicNotchKit/DynamicNotch/DynamicNotchStyle.swift",
"DynamicNotchKit/DynamicNotch/DynamicNotchTransitionConfiguration.swift",
"DynamicNotchKit/DynamicNotchInfo/DynamicNotchInfo+HelperViews.swift",
"DynamicNotchKit/DynamicNotchInfo/DynamicNotchInfo+Label.swift",
"DynamicNotchKit/DynamicNotchInfo/DynamicNotchInfo.swift",
"DynamicNotchKit/Utility/BlurModifier.swift",
"DynamicNotchKit/Utility/DynamicNotchControllable.swift",
"DynamicNotchKit/Utility/DynamicNotchPanel.swift",
"DynamicNotchKit/Utility/EnvironmentValues+Extensions.swift",
"DynamicNotchKit/Utility/NSScreen+Extensions.swift",
"DynamicNotchKit/Utility/VisualEffectView.swift",
"DynamicNotchKit/Views/NotchContentView.swift",
"DynamicNotchKit/Views/NotchShape.swift",
"DynamicNotchKit/Views/NotchView.swift",
"DynamicNotchKit/Views/NotchlessView.swift"
],
"type" : "library"
}
],
"tools_version" : "6.0"
}
{
"workspace" : {
"name" : "spi-builder-workspace",
"schemes" : [
"DynamicNotchKit"
]
}
}
2026-08-21 12:46:24.227 xcodebuild[1120:7087] [MT] IDERunDestination: Supported platforms for the buildables in the current scheme is empty.
Running build ...
env DEVELOPER_DIR=/Applications/Xcode-26.3.0.app xcrun xcodebuild -IDEClonedSourcePackagesDirPathOverride=$PWD/.dependencies -skipMacroValidation -skipPackagePluginValidation -derivedDataPath $PWD/.derivedData build -scheme DynamicNotchKit -destination generic/platform=watchOS
Command line invocation:
/Applications/Xcode-26.3.0.app/Contents/Developer/usr/bin/xcodebuild -IDEClonedSourcePackagesDirPathOverride=/Users/admin/builder/spi-builder-workspace/.dependencies -skipMacroValidation -skipPackagePluginValidation -derivedDataPath /Users/admin/builder/spi-builder-workspace/.derivedData build -scheme DynamicNotchKit -destination generic/platform=watchOS
Resolve Package Graph
Resolved source packages:
SymbolKit: https://github.com/swiftlang/swift-docc-symbolkit @ 1.0.0
SwiftDocCPlugin: https://github.com/apple/swift-docc-plugin @ 1.5.0
DynamicNotchKit: /Users/admin/builder/spi-builder-workspace
ComputePackagePrebuildTargetDependencyGraph
Prepare packages
CreateBuildRequest
SendProjectDescription
CreateBuildOperation
ComputeTargetDependencyGraph
note: Building targets in dependency order
note: Target dependency graph (2 targets)
Target 'DynamicNotchKit' in project 'DynamicNotchKit'
➜ Explicit dependency on target 'DynamicNotchKit' in project 'DynamicNotchKit'
Target 'DynamicNotchKit' in project 'DynamicNotchKit' (no dependencies)
GatherProvisioningInputs
CreateBuildDescription
ClangStatCache /Applications/Xcode-26.3.0.app/Contents/Developer/Toolchains/XcodeDefault.xctoolchain/usr/bin/clang-stat-cache /Applications/Xcode-26.3.0.app/Contents/Developer/Platforms/WatchOS.platform/Developer/SDKs/WatchOS26.2.sdk /Users/admin/builder/spi-builder-workspace/.derivedData/SDKStatCaches.noindex/watchos26.2-23S303-dc75598d0054f22ec865fa860f139d721753b489057de6bda919edfa1c59a62b.sdkstatcache
cd /Users/admin/builder/spi-builder-workspace/.swiftpm/xcode
/Applications/Xcode-26.3.0.app/Contents/Developer/Toolchains/XcodeDefault.xctoolchain/usr/bin/clang-stat-cache /Applications/Xcode-26.3.0.app/Contents/Developer/Platforms/WatchOS.platform/Developer/SDKs/WatchOS26.2.sdk -o /Users/admin/builder/spi-builder-workspace/.derivedData/SDKStatCaches.noindex/watchos26.2-23S303-dc75598d0054f22ec865fa860f139d721753b489057de6bda919edfa1c59a62b.sdkstatcache
SwiftDriver DynamicNotchKit normal armv7k com.apple.xcode.tools.swift.compiler (in target 'DynamicNotchKit' from project 'DynamicNotchKit')
cd /Users/admin/builder/spi-builder-workspace/.swiftpm/xcode
builtin-SwiftDriver -- /Applications/Xcode-26.3.0.app/Contents/Developer/Toolchains/XcodeDefault.xctoolchain/usr/bin/swiftc -module-name DynamicNotchKit -Onone -enforce-exclusivity\=checked @/Users/admin/builder/spi-builder-workspace/.derivedData/Build/Intermediates.noindex/DynamicNotchKit.build/Debug-watchos/DynamicNotchKit.build/Objects-normal/armv7k/DynamicNotchKit.SwiftFileList -DSWIFT_PACKAGE -DDEBUG -DSWIFT_MODULE_RESOURCE_BUNDLE_UNAVAILABLE -DXcode -plugin-path /Applications/Xcode-26.3.0.app/Contents/Developer/Toolchains/XcodeDefault.xctoolchain/usr/lib/swift/host/plugins/testing -enable-experimental-feature DebugDescriptionMacro -sdk /Applications/Xcode-26.3.0.app/Contents/Developer/Platforms/WatchOS.platform/Developer/SDKs/WatchOS26.2.sdk -target armv7k-apple-watchos5.0 -g -module-cache-path /Users/admin/builder/spi-builder-workspace/.derivedData/ModuleCache.noindex -Xfrontend -serialize-debugging-options -profile-coverage-mapping -profile-generate -enable-testing -index-store-path /Users/admin/builder/spi-builder-workspace/.derivedData/Index.noindex/DataStore -Xcc -D_LIBCPP_HARDENING_MODE\=_LIBCPP_HARDENING_MODE_DEBUG -swift-version 6 -I /Users/admin/builder/spi-builder-workspace/.derivedData/Build/Products/Debug-watchos -Isystem /Applications/Xcode-26.3.0.app/Contents/Developer/Platforms/WatchOS.platform/Developer/usr/lib -F /Users/admin/builder/spi-builder-workspace/.derivedData/Build/Products/Debug-watchos -F /Applications/Xcode-26.3.0.app/Contents/Developer/Platforms/WatchOS.platform/Developer/Library/Frameworks -F /Applications/Xcode-26.3.0.app/Contents/Developer/Platforms/WatchOS.platform/Developer/SDKs/WatchOS26.2.sdk/Developer/Library/Frameworks -c -j10 -enable-batch-mode -incremental -Xcc -ivfsstatcache -Xcc /Users/admin/builder/spi-builder-workspace/.derivedData/SDKStatCaches.noindex/watchos26.2-23S303-dc75598d0054f22ec865fa860f139d721753b489057de6bda919edfa1c59a62b.sdkstatcache -output-file-map /Users/admin/builder/spi-builder-workspace/.derivedData/Build/Intermediates.noindex/DynamicNotchKit.build/Debug-watchos/DynamicNotchKit.build/Objects-normal/armv7k/DynamicNotchKit-OutputFileMap.json -use-frontend-parseable-output -save-temps -no-color-diagnostics -explicit-module-build -module-cache-path /Users/admin/builder/spi-builder-workspace/.derivedData/Build/Intermediates.noindex/SwiftExplicitPrecompiledModules -clang-scanner-module-cache-path /Users/admin/builder/spi-builder-workspace/.derivedData/ModuleCache.noindex -sdk-module-cache-path /Users/admin/builder/spi-builder-workspace/.derivedData/ModuleCache.noindex -serialize-diagnostics -emit-dependencies -emit-module -emit-module-path /Users/admin/builder/spi-builder-workspace/.derivedData/Build/Intermediates.noindex/DynamicNotchKit.build/Debug-watchos/DynamicNotchKit.build/Objects-normal/armv7k/DynamicNotchKit.swiftmodule -validate-clang-modules-once -clang-build-session-file /Users/admin/builder/spi-builder-workspace/.derivedData/ModuleCache.noindex/Session.modulevalidation -package-name spi_builder_workspace -Xcc -I/Users/admin/builder/spi-builder-workspace/.derivedData/Build/Intermediates.noindex/DynamicNotchKit.build/Debug-watchos/DynamicNotchKit.build/swift-overrides.hmap -emit-const-values -Xfrontend -const-gather-protocols-file -Xfrontend /Users/admin/builder/spi-builder-workspace/.derivedData/Build/Intermediates.noindex/DynamicNotchKit.build/Debug-watchos/DynamicNotchKit.build/Objects-normal/armv7k/DynamicNotchKit_const_extract_protocols.json -Xcc -I/Users/admin/builder/spi-builder-workspace/.derivedData/Build/Products/Debug-watchos/include -Xcc -I/Users/admin/builder/spi-builder-workspace/.derivedData/Build/Intermediates.noindex/DynamicNotchKit.build/Debug-watchos/DynamicNotchKit.build/DerivedSources-normal/armv7k -Xcc -I/Users/admin/builder/spi-builder-workspace/.derivedData/Build/Intermediates.noindex/DynamicNotchKit.build/Debug-watchos/DynamicNotchKit.build/DerivedSources/armv7k -Xcc -I/Users/admin/builder/spi-builder-workspace/.derivedData/Build/Intermediates.noindex/DynamicNotchKit.build/Debug-watchos/DynamicNotchKit.build/DerivedSources -Xcc -DSWIFT_PACKAGE -Xcc -DDEBUG\=1 -emit-objc-header -emit-objc-header-path /Users/admin/builder/spi-builder-workspace/.derivedData/Build/Intermediates.noindex/DynamicNotchKit.build/Debug-watchos/DynamicNotchKit.build/Objects-normal/armv7k/DynamicNotchKit-Swift.h -working-directory /Users/admin/builder/spi-builder-workspace/.swiftpm/xcode -experimental-emit-module-separately -disable-cmo
/Users/admin/builder/spi-builder-workspace/Sources/DynamicNotchKit/Utility/DynamicNotchControllable.swift:8:8: error: Unable to find module dependency: 'AppKit'
import AppKit
^ (in target 'DynamicNotchKit' from project 'DynamicNotchKit')
/Users/admin/builder/spi-builder-workspace/Sources/DynamicNotchKit/Utility/DynamicNotchControllable.swift:8:8: note: A dependency of main module 'DynamicNotchKit'
import AppKit
^ (in target 'DynamicNotchKit' from project 'DynamicNotchKit')
/Users/admin/builder/spi-builder-workspace/Sources/DynamicNotchKit/Utility/DynamicNotchPanel.swift:8:8: note: Also imported here
import AppKit
^ (in target 'DynamicNotchKit' from project 'DynamicNotchKit')
SwiftDriver DynamicNotchKit normal arm64 com.apple.xcode.tools.swift.compiler (in target 'DynamicNotchKit' from project 'DynamicNotchKit')
cd /Users/admin/builder/spi-builder-workspace/.swiftpm/xcode
builtin-SwiftDriver -- /Applications/Xcode-26.3.0.app/Contents/Developer/Toolchains/XcodeDefault.xctoolchain/usr/bin/swiftc -module-name DynamicNotchKit -Onone -enforce-exclusivity\=checked @/Users/admin/builder/spi-builder-workspace/.derivedData/Build/Intermediates.noindex/DynamicNotchKit.build/Debug-watchos/DynamicNotchKit.build/Objects-normal/arm64/DynamicNotchKit.SwiftFileList -DSWIFT_PACKAGE -DDEBUG -DSWIFT_MODULE_RESOURCE_BUNDLE_UNAVAILABLE -DXcode -plugin-path /Applications/Xcode-26.3.0.app/Contents/Developer/Toolchains/XcodeDefault.xctoolchain/usr/lib/swift/host/plugins/testing -enable-experimental-feature DebugDescriptionMacro -sdk /Applications/Xcode-26.3.0.app/Contents/Developer/Platforms/WatchOS.platform/Developer/SDKs/WatchOS26.2.sdk -target arm64-apple-watchos5.0 -g -module-cache-path /Users/admin/builder/spi-builder-workspace/.derivedData/ModuleCache.noindex -Xfrontend -serialize-debugging-options -profile-coverage-mapping -profile-generate -enable-testing -index-store-path /Users/admin/builder/spi-builder-workspace/.derivedData/Index.noindex/DataStore -Xcc -D_LIBCPP_HARDENING_MODE\=_LIBCPP_HARDENING_MODE_DEBUG -swift-version 6 -I /Users/admin/builder/spi-builder-workspace/.derivedData/Build/Products/Debug-watchos -Isystem /Applications/Xcode-26.3.0.app/Contents/Developer/Platforms/WatchOS.platform/Developer/usr/lib -F /Users/admin/builder/spi-builder-workspace/.derivedData/Build/Products/Debug-watchos -F /Applications/Xcode-26.3.0.app/Contents/Developer/Platforms/WatchOS.platform/Developer/Library/Frameworks -F /Applications/Xcode-26.3.0.app/Contents/Developer/Platforms/WatchOS.platform/Developer/SDKs/WatchOS26.2.sdk/Developer/Library/Frameworks -c -j10 -enable-batch-mode -incremental -Xcc -ivfsstatcache -Xcc /Users/admin/builder/spi-builder-workspace/.derivedData/SDKStatCaches.noindex/watchos26.2-23S303-dc75598d0054f22ec865fa860f139d721753b489057de6bda919edfa1c59a62b.sdkstatcache -output-file-map /Users/admin/builder/spi-builder-workspace/.derivedData/Build/Intermediates.noindex/DynamicNotchKit.build/Debug-watchos/DynamicNotchKit.build/Objects-normal/arm64/DynamicNotchKit-OutputFileMap.json -use-frontend-parseable-output -save-temps -no-color-diagnostics -explicit-module-build -module-cache-path /Users/admin/builder/spi-builder-workspace/.derivedData/Build/Intermediates.noindex/SwiftExplicitPrecompiledModules -clang-scanner-module-cache-path /Users/admin/builder/spi-builder-workspace/.derivedData/ModuleCache.noindex -sdk-module-cache-path /Users/admin/builder/spi-builder-workspace/.derivedData/ModuleCache.noindex -serialize-diagnostics -emit-dependencies -emit-module -emit-module-path /Users/admin/builder/spi-builder-workspace/.derivedData/Build/Intermediates.noindex/DynamicNotchKit.build/Debug-watchos/DynamicNotchKit.build/Objects-normal/arm64/DynamicNotchKit.swiftmodule -validate-clang-modules-once -clang-build-session-file /Users/admin/builder/spi-builder-workspace/.derivedData/ModuleCache.noindex/Session.modulevalidation -package-name spi_builder_workspace -Xcc -I/Users/admin/builder/spi-builder-workspace/.derivedData/Build/Intermediates.noindex/DynamicNotchKit.build/Debug-watchos/DynamicNotchKit.build/swift-overrides.hmap -emit-const-values -Xfrontend -const-gather-protocols-file -Xfrontend /Users/admin/builder/spi-builder-workspace/.derivedData/Build/Intermediates.noindex/DynamicNotchKit.build/Debug-watchos/DynamicNotchKit.build/Objects-normal/arm64/DynamicNotchKit_const_extract_protocols.json -Xcc -I/Users/admin/builder/spi-builder-workspace/.derivedData/Build/Products/Debug-watchos/include -Xcc -I/Users/admin/builder/spi-builder-workspace/.derivedData/Build/Intermediates.noindex/DynamicNotchKit.build/Debug-watchos/DynamicNotchKit.build/DerivedSources-normal/arm64 -Xcc -I/Users/admin/builder/spi-builder-workspace/.derivedData/Build/Intermediates.noindex/DynamicNotchKit.build/Debug-watchos/DynamicNotchKit.build/DerivedSources/arm64 -Xcc -I/Users/admin/builder/spi-builder-workspace/.derivedData/Build/Intermediates.noindex/DynamicNotchKit.build/Debug-watchos/DynamicNotchKit.build/DerivedSources -Xcc -DSWIFT_PACKAGE -Xcc -DDEBUG\=1 -emit-objc-header -emit-objc-header-path /Users/admin/builder/spi-builder-workspace/.derivedData/Build/Intermediates.noindex/DynamicNotchKit.build/Debug-watchos/DynamicNotchKit.build/Objects-normal/arm64/DynamicNotchKit-Swift.h -working-directory /Users/admin/builder/spi-builder-workspace/.swiftpm/xcode -experimental-emit-module-separately -disable-cmo
/Users/admin/builder/spi-builder-workspace/Sources/DynamicNotchKit/Utility/DynamicNotchControllable.swift:8:8: error: Unable to find module dependency: 'AppKit'
import AppKit
^ (in target 'DynamicNotchKit' from project 'DynamicNotchKit')
/Users/admin/builder/spi-builder-workspace/Sources/DynamicNotchKit/Utility/DynamicNotchControllable.swift:8:8: note: A dependency of main module 'DynamicNotchKit'
import AppKit
^ (in target 'DynamicNotchKit' from project 'DynamicNotchKit')
/Users/admin/builder/spi-builder-workspace/Sources/DynamicNotchKit/Utility/DynamicNotchPanel.swift:8:8: note: Also imported here
import AppKit
^ (in target 'DynamicNotchKit' from project 'DynamicNotchKit')
SwiftDriver DynamicNotchKit normal arm64_32 com.apple.xcode.tools.swift.compiler (in target 'DynamicNotchKit' from project 'DynamicNotchKit')
cd /Users/admin/builder/spi-builder-workspace/.swiftpm/xcode
builtin-SwiftDriver -- /Applications/Xcode-26.3.0.app/Contents/Developer/Toolchains/XcodeDefault.xctoolchain/usr/bin/swiftc -module-name DynamicNotchKit -Onone -enforce-exclusivity\=checked @/Users/admin/builder/spi-builder-workspace/.derivedData/Build/Intermediates.noindex/DynamicNotchKit.build/Debug-watchos/DynamicNotchKit.build/Objects-normal/arm64_32/DynamicNotchKit.SwiftFileList -DSWIFT_PACKAGE -DDEBUG -DSWIFT_MODULE_RESOURCE_BUNDLE_UNAVAILABLE -DXcode -plugin-path /Applications/Xcode-26.3.0.app/Contents/Developer/Toolchains/XcodeDefault.xctoolchain/usr/lib/swift/host/plugins/testing -enable-experimental-feature DebugDescriptionMacro -sdk /Applications/Xcode-26.3.0.app/Contents/Developer/Platforms/WatchOS.platform/Developer/SDKs/WatchOS26.2.sdk -target arm64_32-apple-watchos5.0 -g -module-cache-path /Users/admin/builder/spi-builder-workspace/.derivedData/ModuleCache.noindex -Xfrontend -serialize-debugging-options -profile-coverage-mapping -profile-generate -enable-testing -index-store-path /Users/admin/builder/spi-builder-workspace/.derivedData/Index.noindex/DataStore -Xcc -D_LIBCPP_HARDENING_MODE\=_LIBCPP_HARDENING_MODE_DEBUG -swift-version 6 -I /Users/admin/builder/spi-builder-workspace/.derivedData/Build/Products/Debug-watchos -Isystem /Applications/Xcode-26.3.0.app/Contents/Developer/Platforms/WatchOS.platform/Developer/usr/lib -F /Users/admin/builder/spi-builder-workspace/.derivedData/Build/Products/Debug-watchos -F /Applications/Xcode-26.3.0.app/Contents/Developer/Platforms/WatchOS.platform/Developer/Library/Frameworks -F /Applications/Xcode-26.3.0.app/Contents/Developer/Platforms/WatchOS.platform/Developer/SDKs/WatchOS26.2.sdk/Developer/Library/Frameworks -c -j10 -enable-batch-mode -incremental -Xcc -ivfsstatcache -Xcc /Users/admin/builder/spi-builder-workspace/.derivedData/SDKStatCaches.noindex/watchos26.2-23S303-dc75598d0054f22ec865fa860f139d721753b489057de6bda919edfa1c59a62b.sdkstatcache -output-file-map /Users/admin/builder/spi-builder-workspace/.derivedData/Build/Intermediates.noindex/DynamicNotchKit.build/Debug-watchos/DynamicNotchKit.build/Objects-normal/arm64_32/DynamicNotchKit-OutputFileMap.json -use-frontend-parseable-output -save-temps -no-color-diagnostics -explicit-module-build -module-cache-path /Users/admin/builder/spi-builder-workspace/.derivedData/Build/Intermediates.noindex/SwiftExplicitPrecompiledModules -clang-scanner-module-cache-path /Users/admin/builder/spi-builder-workspace/.derivedData/ModuleCache.noindex -sdk-module-cache-path /Users/admin/builder/spi-builder-workspace/.derivedData/ModuleCache.noindex -serialize-diagnostics -emit-dependencies -emit-module -emit-module-path /Users/admin/builder/spi-builder-workspace/.derivedData/Build/Intermediates.noindex/DynamicNotchKit.build/Debug-watchos/DynamicNotchKit.build/Objects-normal/arm64_32/DynamicNotchKit.swiftmodule -validate-clang-modules-once -clang-build-session-file /Users/admin/builder/spi-builder-workspace/.derivedData/ModuleCache.noindex/Session.modulevalidation -package-name spi_builder_workspace -Xcc -I/Users/admin/builder/spi-builder-workspace/.derivedData/Build/Intermediates.noindex/DynamicNotchKit.build/Debug-watchos/DynamicNotchKit.build/swift-overrides.hmap -emit-const-values -Xfrontend -const-gather-protocols-file -Xfrontend /Users/admin/builder/spi-builder-workspace/.derivedData/Build/Intermediates.noindex/DynamicNotchKit.build/Debug-watchos/DynamicNotchKit.build/Objects-normal/arm64_32/DynamicNotchKit_const_extract_protocols.json -Xcc -I/Users/admin/builder/spi-builder-workspace/.derivedData/Build/Products/Debug-watchos/include -Xcc -I/Users/admin/builder/spi-builder-workspace/.derivedData/Build/Intermediates.noindex/DynamicNotchKit.build/Debug-watchos/DynamicNotchKit.build/DerivedSources-normal/arm64_32 -Xcc -I/Users/admin/builder/spi-builder-workspace/.derivedData/Build/Intermediates.noindex/DynamicNotchKit.build/Debug-watchos/DynamicNotchKit.build/DerivedSources/arm64_32 -Xcc -I/Users/admin/builder/spi-builder-workspace/.derivedData/Build/Intermediates.noindex/DynamicNotchKit.build/Debug-watchos/DynamicNotchKit.build/DerivedSources -Xcc -DSWIFT_PACKAGE -Xcc -DDEBUG\=1 -emit-objc-header -emit-objc-header-path /Users/admin/builder/spi-builder-workspace/.derivedData/Build/Intermediates.noindex/DynamicNotchKit.build/Debug-watchos/DynamicNotchKit.build/Objects-normal/arm64_32/DynamicNotchKit-Swift.h -working-directory /Users/admin/builder/spi-builder-workspace/.swiftpm/xcode -experimental-emit-module-separately -disable-cmo
/Users/admin/builder/spi-builder-workspace/Sources/DynamicNotchKit/Utility/DynamicNotchControllable.swift:8:8: error: Unable to find module dependency: 'AppKit'
import AppKit
^ (in target 'DynamicNotchKit' from project 'DynamicNotchKit')
/Users/admin/builder/spi-builder-workspace/Sources/DynamicNotchKit/Utility/DynamicNotchControllable.swift:8:8: note: A dependency of main module 'DynamicNotchKit'
import AppKit
^ (in target 'DynamicNotchKit' from project 'DynamicNotchKit')
/Users/admin/builder/spi-builder-workspace/Sources/DynamicNotchKit/Utility/DynamicNotchPanel.swift:8:8: note: Also imported here
import AppKit
^ (in target 'DynamicNotchKit' from project 'DynamicNotchKit')
2026-08-21 12:46:30.421 xcodebuild[1178:7468] [MT] IDERunDestination: Supported platforms for the buildables in the current scheme is empty.
/Users/admin/builder/spi-builder-workspace/Sources/DynamicNotchKit/Utility/DynamicNotchControllable.swift:8:8: error: Unable to find module dependency: 'AppKit'
import AppKit
^
/Users/admin/builder/spi-builder-workspace/Sources/DynamicNotchKit/Utility/DynamicNotchControllable.swift:8:8: note: a dependency of main module 'DynamicNotchKit'
import AppKit
^
/Users/admin/builder/spi-builder-workspace/Sources/DynamicNotchKit/Utility/DynamicNotchPanel.swift:8:8: note: also imported here
import AppKit
^
/Users/admin/builder/spi-builder-workspace/Sources/DynamicNotchKit/Utility/DynamicNotchControllable.swift:8:8: error: Unable to find module dependency: 'AppKit'
import AppKit
^
/Users/admin/builder/spi-builder-workspace/Sources/DynamicNotchKit/Utility/DynamicNotchControllable.swift:8:8: note: a dependency of main module 'DynamicNotchKit'
import AppKit
^
/Users/admin/builder/spi-builder-workspace/Sources/DynamicNotchKit/Utility/DynamicNotchPanel.swift:8:8: note: also imported here
import AppKit
^
/Users/admin/builder/spi-builder-workspace/Sources/DynamicNotchKit/Utility/DynamicNotchControllable.swift:8:8: error: Unable to find module dependency: 'AppKit'
import AppKit
^
/Users/admin/builder/spi-builder-workspace/Sources/DynamicNotchKit/Utility/DynamicNotchControllable.swift:8:8: note: a dependency of main module 'DynamicNotchKit'
import AppKit
^
/Users/admin/builder/spi-builder-workspace/Sources/DynamicNotchKit/Utility/DynamicNotchPanel.swift:8:8: note: also imported here
import AppKit
^
** BUILD FAILED **
The following build commands failed:
SwiftDriver DynamicNotchKit normal armv7k com.apple.xcode.tools.swift.compiler (in target 'DynamicNotchKit' from project 'DynamicNotchKit')
SwiftDriver DynamicNotchKit normal arm64 com.apple.xcode.tools.swift.compiler (in target 'DynamicNotchKit' from project 'DynamicNotchKit')
SwiftDriver DynamicNotchKit normal arm64_32 com.apple.xcode.tools.swift.compiler (in target 'DynamicNotchKit' from project 'DynamicNotchKit')
Building workspace spi-builder-workspace with scheme DynamicNotchKit
(4 failures)
BUILD FAILURE 6.2 watchOS